[INFO] fetching crate curlgenerator 0.4.1...
[INFO] testing curlgenerator-0.4.1 against 1.99.0-beta.8+cargoflags=--release for beta-release-1.100-2
[INFO] extracting crate curlgenerator 0.4.1 into /workspace/builds/worker-0-tc1/source
[INFO] started tweaking crates.io crate curlgenerator 0.4.1
[INFO] removed 0 missing examples
[INFO] removed 0 missing tests
[INFO] finished tweaking crates.io crate curlgenerator 0.4.1
[INFO] tweaked toml for crates.io crate curlgenerator 0.4.1 written to /workspace/builds/worker-0-tc1/source/Cargo.toml
[INFO] validating manifest of crates.io crate curlgenerator 0.4.1 on toolchain 1.99.0-beta.8
[INFO] running `Command { std: CARGO_HOME="/workspace/cargo-home" RUSTUP_HOME="/workspace/rustup-home" "/workspace/cargo-home/bin/cargo" "+1.99.0-beta.8" "metadata" "--manifest-path" "Cargo.toml" "--no-deps", kill_on_drop: false }`
[INFO] crate crates.io crate curlgenerator 0.4.1 already has a lockfile, it will not be regenerated
[INFO] running `Command { std: CARGO_HOME="/workspace/cargo-home" RUSTUP_HOME="/workspace/rustup-home" "/workspace/cargo-home/bin/cargo" "+1.99.0-beta.8" "fetch" "--manifest-path" "Cargo.toml", kill_on_drop: false }`
[INFO] [stderr]     Blocking waiting for file lock on package cache
[INFO] [stderr]     Updating crates.io index
[INFO] [stderr]     Blocking waiting for file lock on package cache
[INFO] [stderr]  Downloading crates ...
[INFO] [stderr]   Downloaded libyaml-rs v0.3.0
[INFO] [stderr]   Downloaded utf8-zero v0.8.1
[INFO] [stderr]   Downloaded yaml_serde v0.10.7
[INFO] [stderr]   Downloaded ureq-proto v0.6.2
[INFO] [stderr]   Downloaded base64 v0.23.1
[INFO] [stderr]   Downloaded ureq v3.4.1
[INFO] [stderr]   Downloaded indexmap v2.14.1
[INFO] [stderr]   Downloaded http v1.5.0
[INFO] [stderr]   Downloaded webpki-roots v1.0.9
[INFO] [stderr]   Downloaded syn v3.0.4
[INFO] [stderr]   Downloaded rustls v0.23.43
[INFO] running `Command { std: "docker" "create" "-v" "/var/lib/crater-agent-workspace/builds/worker-0-tc1/source:/opt/rustwide/workdir:ro,Z" "-v" "/var/lib/crater-agent-workspace/builds/worker-0-tc1/target:/opt/rustwide/target:rw,Z" "-v" "/var/lib/crater-agent-workspace/cargo-home:/opt/rustwide/cargo-home:ro,Z" "-v" "/var/lib/crater-agent-workspace/rustup-home:/opt/rustwide/rustup-home:ro,Z" "-m" "1610612736" "--network" "none" "ghcr.io/rust-lang/crates-build-env/linux@sha256:77db811e55d90add9212f6832c23229e3de5f1c1f9905e8cb07319ea15df73ac" "sleep" "infinity", kill_on_drop: false }`
[INFO] [stdout] ae0e0483093e1616dc626c70b8e47621f76077b6670f215f81f3b3e984219b85
[INFO] running `Command { std: "docker" "start" "ae0e0483093e1616dc626c70b8e47621f76077b6670f215f81f3b3e984219b85", kill_on_drop: false }`
[INFO] running `Command { std: "docker" "inspect" "ae0e0483093e1616dc626c70b8e47621f76077b6670f215f81f3b3e984219b85", kill_on_drop: false }`
[INFO] running `Command { std: "docker" "exec" "-e" "SOURCE_DIR=/opt/rustwide/workdir" "-e" "CARGO_HOME=/opt/rustwide/cargo-home" "-e" "RUSTUP_HOME=/opt/rustwide/rustup-home" "-e" "CARGO_TARGET_DIR=/opt/rustwide/target" "-w" "/opt/rustwide/workdir" "--user" "0:0" "ae0e0483093e1616dc626c70b8e47621f76077b6670f215f81f3b3e984219b85" "/opt/rustwide/cargo-home/bin/cargo" "+1.99.0-beta.8" "metadata" "--no-deps" "--format-version=1", kill_on_drop: false }`
[INFO] running `Command { std: "docker" "inspect" "ae0e0483093e1616dc626c70b8e47621f76077b6670f215f81f3b3e984219b85", kill_on_drop: false }`
[INFO] running `Command { std: "docker" "exec" "-e" "SOURCE_DIR=/opt/rustwide/workdir" "-e" "CARGO_HOME=/opt/rustwide/cargo-home" "-e" "RUSTUP_HOME=/opt/rustwide/rustup-home" "-e" "CARGO_TARGET_DIR=/opt/rustwide/target" "-e" "CARGO_INCREMENTAL=0" "-e" "RUST_BACKTRACE=full" "-e" "RUSTFLAGS=--cap-lints=warn" "-e" "RUSTDOCFLAGS=--cap-lints=warn" "-w" "/opt/rustwide/workdir" "--user" "0:0" "ae0e0483093e1616dc626c70b8e47621f76077b6670f215f81f3b3e984219b85" "/opt/rustwide/cargo-home/bin/cargo" "+1.99.0-beta.8" "build" "--frozen" "--message-format=json" "--release", kill_on_drop: false }`
[INFO] [stderr]    Compiling shlex v2.0.1
[INFO] [stderr]    Compiling find-msvc-tools v0.1.11
[INFO] [stderr]    Compiling libc v0.2.189
[INFO] [stderr]    Compiling itoa v1.0.18
[INFO] [stderr]    Compiling cfg-if v1.0.4
[INFO] [stderr]    Compiling zeroize v1.9.0
[INFO] [stderr]    Compiling serde_core v1.0.229
[INFO] [stderr]    Compiling untrusted v0.9.0
[INFO] [stderr]    Compiling httparse v1.10.1
[INFO] [stderr]    Compiling serde v1.0.229
[INFO] [stderr]    Compiling hashbrown v0.17.1
[INFO] [stderr]    Compiling equivalent v1.0.2
[INFO] [stderr]    Compiling zmij v1.0.23
[INFO] [stderr]    Compiling log v0.4.34
[INFO] [stderr]    Compiling rustls v0.23.43
[INFO] [stderr]    Compiling bytes v1.12.1
[INFO] [stderr]    Compiling base64 v0.23.1
[INFO] [stderr]    Compiling once_cell v1.21.4
[INFO] [stderr]    Compiling serde_json v1.0.151
[INFO] [stderr]    Compiling subtle v2.6.1
[INFO] [stderr]    Compiling ryu v1.0.23
[INFO] [stderr]    Compiling cc v1.4.4
[INFO] [stderr]    Compiling rustls-pki-types v1.15.1
[INFO] [stderr]    Compiling percent-encoding v2.3.2
[INFO] [stderr]    Compiling utf8-zero v0.8.1
[INFO] [stderr]    Compiling memchr v2.8.3
[INFO] [stderr]    Compiling libyaml-rs v0.3.0
[INFO] [stderr]    Compiling http v1.5.0
[INFO] [stderr]    Compiling indexmap v2.14.1
[INFO] [stderr]    Compiling webpki-roots v1.0.9
[INFO] [stderr]    Compiling getrandom v0.2.17
[INFO] [stderr]    Compiling ring v0.17.14
[INFO] [stderr]    Compiling ureq-proto v0.6.2
[INFO] [stderr]    Compiling yaml_serde v0.10.7
[INFO] [stderr]    Compiling rustls-webpki v0.103.15
[INFO] [stderr]    Compiling ureq v3.4.1
[INFO] [stderr]    Compiling curlgenerator v0.4.1 (/opt/rustwide/workdir)
[INFO] [stderr]     Finished `release` profile [optimized] target(s) in 49.91s
[INFO] running `Command { std: "docker" "inspect" "ae0e0483093e1616dc626c70b8e47621f76077b6670f215f81f3b3e984219b85", kill_on_drop: false }`
[INFO] running `Command { std: "docker" "exec" "-e" "SOURCE_DIR=/opt/rustwide/workdir" "-e" "CARGO_HOME=/opt/rustwide/cargo-home" "-e" "RUSTUP_HOME=/opt/rustwide/rustup-home" "-e" "CARGO_TARGET_DIR=/opt/rustwide/target" "-e" "CARGO_INCREMENTAL=0" "-e" "RUST_BACKTRACE=full" "-e" "RUSTFLAGS=--cap-lints=warn" "-e" "RUSTDOCFLAGS=--cap-lints=warn" "-w" "/opt/rustwide/workdir" "--user" "0:0" "ae0e0483093e1616dc626c70b8e47621f76077b6670f215f81f3b3e984219b85" "/opt/rustwide/cargo-home/bin/cargo" "+1.99.0-beta.8" "test" "--frozen" "--no-run" "--message-format=json" "--release", kill_on_drop: false }`
[INFO] [stderr]    Compiling curlgenerator v0.4.1 (/opt/rustwide/workdir)
[INFO] [stderr]     Finished `release` profile [optimized] target(s) in 7.41s
[INFO] running `Command { std: "docker" "inspect" "ae0e0483093e1616dc626c70b8e47621f76077b6670f215f81f3b3e984219b85", kill_on_drop: false }`
[INFO] running `Command { std: "docker" "exec" "-e" "SOURCE_DIR=/opt/rustwide/workdir" "-e" "CARGO_HOME=/opt/rustwide/cargo-home" "-e" "RUSTUP_HOME=/opt/rustwide/rustup-home" "-e" "CARGO_TARGET_DIR=/opt/rustwide/target" "-e" "CARGO_INCREMENTAL=0" "-e" "RUST_BACKTRACE=full" "-e" "RUSTFLAGS=--cap-lints=warn" "-e" "RUSTDOCFLAGS=--cap-lints=warn" "-w" "/opt/rustwide/workdir" "--user" "0:0" "ae0e0483093e1616dc626c70b8e47621f76077b6670f215f81f3b3e984219b85" "/opt/rustwide/cargo-home/bin/cargo" "+1.99.0-beta.8" "test" "--frozen" "--release", kill_on_drop: false }`
[INFO] [stderr]     Finished `release` profile [optimized] target(s) in 0.04s
[INFO] [stderr]      Running unittests src/rust/lib.rs (/opt/rustwide/target/release/deps/curlgenerator-7fa4630389cde1d0)
[INFO] [stdout] 
[INFO] [stdout] running 171 tests
[INFO] [stdout] test args::tests::accepts_the_short_output_option ... ok
[INFO] [stdout] test args::tests::combines_short_flags ... ok
[INFO] [stdout] test args::tests::asks_for_help_without_arguments_or_with_the_help_flag ... ok
[INFO] [stdout] test args::tests::rejects_invalid_invocations ... ok
[INFO] [stdout] test auth::tests::skips_the_token_without_any_azure_configuration ... ok
[INFO] [stdout] test args::tests::treats_everything_after_a_double_dash_as_the_input ... ok
[INFO] [stdout] test base_url::tests::falls_back_to_the_specification_authority_without_any_server ... ok
[INFO] [stdout] test base_url::tests::keeps_relative_server_urls_for_local_specifications ... ok
[INFO] [stdout] test base_url::tests::prepends_the_configured_base_url ... ok
[INFO] [stdout] test auth::tests::skips_the_token_when_an_authorization_header_was_supplied ... ok
[INFO] [stdout] test auth::tests::requests_a_token_when_a_scope_or_tenant_is_configured ... ok
[INFO] [stdout] test args::tests::accepts_attached_option_values ... ok
[INFO] [stdout] test generator::bash::tests::drops_the_line_continuation_when_there_is_no_payload ... ok
[INFO] [stdout] test args::tests::parses_every_option ... ok
[INFO] [stdout] test generator::bash::tests::escapes_command_substitution_in_a_query_parameter_name ... ok
[INFO] [stdout] test generator::bash::tests::declares_every_parameter_and_queries_only_query_parameters ... ok
[INFO] [stdout] test generator::bash::tests::escapes_literal_path_text_while_keeping_parameter_references_live ... ok
[INFO] [stdout] test generator::bash::tests::escapes_command_substitution_in_the_content_type ... ok
[INFO] [stdout] test generator::bash::tests::escapes_command_substitution_in_the_authorization_header ... ok
[INFO] [stdout] test base_url::tests::prepends_the_specification_authority_for_relative_remote_server_urls ... ok
[INFO] [stdout] test executor::tests::reports_that_a_successful_side_effect_completed ... ok
[INFO] [stdout] test base_url::tests::prepends_the_specification_authority_to_a_base_url_without_a_scheme ... ok
[INFO] [stdout] test base_url::tests::treats_a_base_url_with_any_scheme_as_absolute ... ok
[INFO] [stdout] test generator::bash::tests::splits_multiline_descriptions_into_comment_lines ... ok
[INFO] [stdout] test args::tests::applies_the_documented_defaults ... ok
[INFO] [stdout] test generator::bash::tests::renders_the_authorization_header_when_configured ... ok
[INFO] [stdout] test generator::pipeline::tests::applies_the_resolved_base_url_to_every_request ... ok
[INFO] [stdout] test generator::bash::tests::escapes_single_quotes_in_the_json_payload ... ok
[INFO] [stdout] test generator::bash::tests::renders_a_json_payload_for_other_bodies ... ok
[INFO] [stdout] test generator::powershell::tests::escapes_an_embedded_comment_terminator_in_the_summary_and_description ... ok
[INFO] [stdout] test generator::powershell::tests::escapes_single_quotes_in_the_json_payload ... ok
[INFO] [stdout] test generator::bash::tests::renders_a_binary_upload_for_octet_stream_bodies ... ok
[INFO] [stdout] test generator::powershell::tests::renders_a_blank_line_for_an_empty_parameter_list ... ok
[INFO] [stdout] test generator::bash::tests::sanitizes_embedded_line_breaks_in_comments ... ok
[INFO] [stdout] test generator::pipeline::tests::prefers_the_configured_base_url ... ok
[INFO] [stdout] test generator::powershell::tests::renders_a_request_without_parameters_or_a_body ... ok
[INFO] [stdout] test executor::tests::contains_a_panicking_side_effect ... ok
[INFO] [stdout] test generator::sample::tests::formats_payloads_with_two_space_indentation ... ok
[INFO] [stdout] test generator::pipeline::tests::reports_a_load_error_for_a_missing_specification ... ok
[INFO] [stdout] test args::tests::recognizes_the_version_flag ... ok
[INFO] [stdout] test generator::bash::tests::renders_a_blank_line_for_an_empty_parameter_list ... ok
[INFO] [stdout] test generator::powershell::tests::renders_path_and_query_parameters_into_a_param_block ... ok
[INFO] [stdout] test generator::powershell::tests::renders_the_authorization_header_when_configured ... ok
[INFO] [stdout] test generator::bash::tests::renders_form_fields_for_url_encoded_bodies ... ok
[INFO] [stdout] test generator::powershell::tests::skips_blank_summaries_and_descriptions ... ok
[INFO] [stdout] test generator::pipeline::tests::generates_bash_scripts_when_requested ... ok
[INFO] [stdout] test generator::powershell::tests::omits_the_request_body_when_no_content_type_matches ... ok
[INFO] [stdout] test base_url::tests::uses_the_first_server_url_when_it_is_absolute ... ok
[INFO] [stdout] test generator::pipeline::tests::generates_one_powershell_script_per_operation_in_document_order ... ok
[INFO] [stdout] test generator::bash::tests::escapes_command_substitution_in_the_base_url ... ok
[INFO] [stdout] test generator::powershell::tests::renders_a_request_body_for_the_configured_content_type ... ok
[INFO] [stdout] test generator::powershell::tests::renders_the_summary_and_description ... ok
[INFO] [stdout] test generator::sample::tests::renders_an_empty_object_without_a_schema ... ok
[INFO] [stdout] test generator::text::tests::treats_whitespace_only_values_as_blank ... ok
[INFO] [stdout] test help::tests::wraps_text_on_word_boundaries ... ok
[INFO] [stdout] test help::tests::aligns_the_default_column_across_rows ... ok
[INFO] [stdout] test help::tests::renders_the_spectre_section_order ... ok
[INFO] [stdout] test generator::sample::tests::renders_objects_and_arrays_recursively ... ok
[INFO] [stdout] test generator::sample::tests::prefers_a_declared_example_over_the_generated_sample ... ok
[INFO] [stdout] test normalized::tests::schema_type_parses_known_names ... ok
[INFO] [stdout] test help::tests::lists_every_option ... ok
[INFO] [stdout] test model::tests::script_files_carry_their_name_and_content ... ok
[INFO] [stdout] test generator::sample::tests::renders_scalar_defaults_per_type ... ok
[INFO] [stdout] test model::tests::bash_settings_use_the_shell_script_extension ... ok
[INFO] [stdout] test openapi::inspect::tests::counts_headers_links_and_callbacks ... ok
[INFO] [stdout] test openapi::inspect::tests::counts_nested_schemas_but_not_references ... ok
[INFO] [stdout] test generator::sample::tests::renders_known_string_formats ... ok
[INFO] [stdout] test generator::sample::tests::renders_the_placeholder_value_for_untyped_schemas ... ok
[INFO] [stdout] test help::tests::wraps_long_descriptions_within_the_terminal_width ... ok
[INFO] [stdout] test openapi::loader::tests::decode_document_reads_json_content ... ok
[INFO] [stdout] test openapi::loader::tests::decode_document_reads_yaml_content ... ok
[INFO] [stdout] test openapi::loader::tests::decode_document_recognizes_openapi_31 ... ok
[INFO] [stdout] test openapi::loader::tests::load_errors_describe_what_went_wrong ... ok
[INFO] [stdout] test openapi::loader::tests::decode_document_rejects_unsupported_versions ... ok
[INFO] [stdout] test openapi::loader::tests::decode_document_reports_malformed_payloads ... ok
[INFO] [stdout] test openapi::loader::tests::specification_versions_render_friendly_names ... ok
[INFO] [stdout] test openapi::normalize::tests::builds_swagger2_servers_from_schemes_host_and_base_path ... ok
[INFO] [stdout] test openapi::normalize::tests::defaults_swagger2_scheme_to_http_and_omits_servers_without_a_host ... ok
[INFO] [stdout] test openapi::normalize::tests::does_not_hang_on_a_reference_cycle ... ok
[INFO] [stdout] test openapi::normalize::tests::converts_swagger2_form_parameters_into_a_request_body_schema ... ok
[INFO] [stdout] test openapi::normalize::tests::follows_a_reference_that_points_to_another_reference ... ok
[INFO] [stdout] test openapi::normalize::tests::ignores_path_item_members_that_are_not_http_methods ... ok
[INFO] [stdout] test openapi::normalize::tests::defaults_swagger2_body_content_type_to_json ... ok
[INFO] [stdout] test generator::sample::tests::renders_an_empty_array_when_the_item_schema_is_missing ... ok
[INFO] [stdout] test openapi::normalize::tests::resolves_referenced_parameters_and_schemas ... ok
[INFO] [stdout] test openapi::normalize::tests::converts_swagger2_body_parameters_into_a_request_body ... ok
[INFO] [stdout] test openapi::normalize::tests::normalizes_servers_and_operations_in_document_order ... ok
[INFO] [stdout] test openapi::source::tests::authority_of_keeps_non_default_ports ... ok
[INFO] [stdout] test openapi::normalize::tests::distinguishes_absent_parameters_from_an_empty_list ... ok
[INFO] [stdout] test openapi::source::tests::authority_of_normalizes_the_scheme_host_and_port ... ok
[INFO] [stdout] test normalized::tests::request_body_looks_up_schemas_by_content_type ... ok
[INFO] [stdout] test openapi::source::tests::classify_source_rejects_empty_input ... ok
[INFO] [stdout] test model::tests::settings_default_to_json_powershell_output ... ok
[INFO] [stdout] test openapi::source::tests::is_http_detects_both_schemes_case_insensitively ... ok
[INFO] [stdout] test openapi::inspect::tests::counts_paths_operations_and_responses ... ok
[INFO] [stdout] test openapi::normalize::tests::reads_the_first_non_null_type_of_a_nullable_schema ... ok
[INFO] [stdout] test operation_name::tests::converts_spaces_and_routes_inside_operation_ids ... ok
[INFO] [stdout] test openapi::inspect::tests::counts_swagger2_body_and_form_parameters_as_request_bodies ... ok
[INFO] [stdout] test operation_name::tests::falls_back_to_the_method_and_path_without_an_operation_id ... ok
[INFO] [stdout] test openapi::source::tests::classify_source_rejects_malformed_urls ... ok
[INFO] [stdout] test openapi::source::tests::classify_source_returns_a_url_for_remote_inputs ... ok
[INFO] [stdout] test openapi::loader::tests::decode_document_rejects_documents_without_a_version ... ok
[INFO] [stdout] test privacy::tests::leaves_other_arguments_untouched ... ok
[INFO] [stdout] test openapi::loader::tests::load_document_reports_missing_files ... ok
[INFO] [stdout] test privacy::tests::redacts_every_documented_authorization_header_form ... ok
[INFO] [stdout] test operation_name::tests::detects_duplicate_operation_names ... ok
[INFO] [stdout] test openapi::normalize::tests::stops_at_self_referencing_schemas ... ok
[INFO] [stdout] test openapi::normalize::tests::returns_an_empty_document_when_paths_are_missing ... ok
[INFO] [stdout] test privacy::tests::matches_the_option_case_insensitively ... ok
[INFO] [stdout] test openapi::source::tests::classify_source_returns_a_path_for_local_inputs ... ok
[INFO] [stdout] test privacy::tests::applies_the_patterns_in_sequence_like_the_legacy_cli ... ok
[INFO] [stdout] test privacy::tests::is_idempotent ... ok
[INFO] [stdout] test privacy::tests::leaves_an_option_without_a_value_untouched ... ok
[INFO] [stdout] test operation_name::tests::does_not_repeat_a_method_prefix_that_is_already_present ... ok
[INFO] [stdout] test run::tests::generates_invalid_specifications_when_validation_is_skipped ... FAILED
[INFO] [stdout] test string_extensions::tests::convert_kebab_case_to_snake_case_converts_correctly ... ok
[INFO] [stdout] test string_extensions::tests::convert_route_to_camel_case_converts_correctly ... ok
[INFO] [stdout] test string_extensions::tests::convert_spaces_to_pascal_case_converts_correctly ... ok
[INFO] [stdout] test string_extensions::tests::prefix_adds_prefix_correctly ... ok
[INFO] [stdout] test support_information::tests::anonymous_identity_falls_back_to_localhost_when_machine_name_is_missing ... ok
[INFO] [stdout] test run::tests::reports_a_missing_specification ... ok
[INFO] [stdout] test string_extensions::tests::capitalize_first_character_capitalizes_correctly ... ok
[INFO] [stdout] test run::tests::generates_bash_scripts_when_asked ... FAILED
[INFO] [stdout] test string_extensions::tests::convert_kebab_case_to_pascal_case_converts_correctly ... ok
[INFO] [stdout] test telemetry::tests::records_nothing_when_logging_is_disabled ... ok
[INFO] [stdout] test operation_name::tests::derives_the_name_from_the_operation_id ... ok
[INFO] [stdout] test support_information::tests::anonymous_identity_hashes_the_utf8_bytes_of_the_user_name ... ok
[INFO] [stdout] test support_information::tests::anonymous_identity_hashes_values_across_sha256_block_boundaries ... ok
[INFO] [stdout] test support_information::tests::support_key_is_not_empty ... ok
[INFO] [stdout] test support_information::tests::support_key_uses_first_seven_characters_of_anonymous_identity ... ok
[INFO] [stdout] test ui::layout::tests::draws_a_panel_without_a_header ... ok
[INFO] [stdout] test ui::layout::tests::draws_a_panel_with_a_header_inside_the_top_border ... ok
[INFO] [stdout] test telemetry::tests::redacts_the_authorization_header_from_reported_settings ... ok
[INFO] [stdout] test run::tests::reports_validation_failures_and_skips_generation ... FAILED
[INFO] [stdout] test telemetry::tests::reports_every_optional_value_that_was_supplied ... ok
[INFO] [stdout] test support_information::tests::anonymous_identity_matches_dotnet_sha256_base64_lowercase ... ok
[INFO] [stdout] test ui::layout::tests::applies_ansi_codes_only_when_colors_are_enabled ... ok
[INFO] [stdout] test ui::layout::tests::hard_wraps_on_display_columns ... ok
[INFO] [stdout] test ui::layout::tests::measures_wide_zero_width_and_text_presentation_characters ... ok
[INFO] [stdout] test ui::layout::tests::measures_width_without_escape_sequences ... ok
[INFO] [stdout] test run::tests::creates_the_output_directory_when_it_does_not_exist ... FAILED
[INFO] [stdout] test ui::render::tests::formats_file_sizes_by_magnitude ... ok
[INFO] [stdout] test ui::layout::tests::renders_a_table_with_aligned_columns ... ok
[INFO] [stdout] test ui::render::tests::renders_errors_in_red ... ok
[INFO] [stdout] test ui::render::tests::hides_the_support_key_when_logging_is_disabled ... ok
[INFO] [stdout] test ui::render::tests::renders_azure_progress_messages ... ok
[INFO] [stdout] test ui::render::tests::renders_every_statistic_row ... ok
[INFO] [stdout] test telemetry::tests::never_reports_the_output_directory_or_the_logging_switch ... ok
[INFO] [stdout] test telemetry::tests::records_one_event_per_used_option ... ok
[INFO] [stdout] test ui::render::tests::renders_only_the_configured_settings ... ok
[INFO] [stdout] test ui::layout::tests::reports_the_rendered_table_width ... ok
[INFO] [stdout] test ui::layout::tests::measures_width_one_character_at_a_time ... ok
[INFO] [stdout] test ui::render::tests::renders_the_header_panel_and_support_key ... ok
[INFO] [stdout] test ui::layout::tests::shrinks_and_wraps_the_last_column_to_fit ... ok
[INFO] [stdout] test ui::render::tests::renders_the_optional_settings_when_present ... ok
[INFO] [stdout] test run::tests::generates_scripts_and_reports_success ... FAILED
[INFO] [stdout] test ui::render::tests::renders_generated_files_with_their_size ... ok
[INFO] [stdout] test ui::render::tests::reports_when_nothing_was_generated ... ok
[INFO] [stdout] test support_information::tests::anonymous_identity_uses_the_machine_name_the_hostname_command_reports ... ok
[INFO] [stdout] test telemetry::tests::submits_every_recorded_event_to_the_collector_in_one_request ... ok
[INFO] [stdout] test ui::render::tests::truncates_long_authorization_headers ... ok
[INFO] [stdout] test validation::tests::accepts_a_well_formed_document ... ok
[INFO] [stdout] test validation::tests::accepts_documents_without_paths ... ok
[INFO] [stdout] test validation::tests::collapses_templated_segments_into_a_signature ... ok
[INFO] [stdout] test validation::tests::escapes_json_pointer_segments ... ok
[INFO] [stdout] test validation::tests::rejects_operations_with_an_empty_responses_object ... ok
[INFO] [stdout] test validation::tests::ignores_path_item_members_that_are_not_operations ... ok
[INFO] [stdout] test validation::tests::rejects_operations_without_responses ... ok
[INFO] [stdout] test validation::tests::rejects_duplicate_path_signatures ... ok
[INFO] [stdout] test telemetry::tests::dates_submitted_events_in_utc ... ok
[INFO] [stdout] test generator::sample::tests::renders_dates_in_the_local_time_zone ... ok
[INFO] [stdout] 
[INFO] [stdout] failures:
[INFO] [stdout] 
[INFO] [stdout] ---- run::tests::generates_invalid_specifications_when_validation_is_skipped stdout ----
[INFO] [stdout] 
[INFO] [stdout] thread 'run::tests::generates_invalid_specifications_when_validation_is_skipped' (1311) panicked at src/rust/run.rs:359:9:
[INFO] [stdout] assertion `left == right` failed
[INFO] [stdout]   left: 1
[INFO] [stdout]  right: 0
[INFO] [stdout] stack backtrace:
[INFO] [stdout]    0:     0x63c27d7672e1 - <<std[70759c8f55707aa4]::sys::backtrace::BacktraceLock>::print::DisplayBacktrace as core[df12db4294e9bfd3]::fmt::Display>::fmt
[INFO] [stdout]    1:     0x63c27d77ee3a - core[df12db4294e9bfd3]::fmt::write
[INFO] [stdout]    2:     0x63c27d76bdbc - <alloc[2182bb758b4b3781]::vec::Vec<u8> as core[df12db4294e9bfd3]::io::write::Write>::write_fmt
[INFO] [stdout]    3:     0x63c27d740516 - std[70759c8f55707aa4]::panicking::default_hook::{closure#0}
[INFO] [stdout]    4:     0x63c27d75e5e9 - std[70759c8f55707aa4]::panicking::default_hook
[INFO] [stdout]    5:     0x63c27d6f0310 - test[9d35eded1c95d3be]::test_main_inner::<test[9d35eded1c95d3be]::test_main_static::{closure#0}>::{closure#0}
[INFO] [stdout]    6:     0x63c27d75e7a2 - std[70759c8f55707aa4]::panicking::panic_with_hook
[INFO] [stdout]    7:     0x63c27d7405c2 - std[70759c8f55707aa4]::panicking::panic_handler::{closure#0}
[INFO] [stdout]    8:     0x63c27d738fe9 - std[70759c8f55707aa4]::sys::backtrace::__rust_end_short_backtrace::<std[70759c8f55707aa4]::panicking::panic_handler::{closure#0}, !>
[INFO] [stdout]    9:     0x63c27d7413ad - __rustc[8fa7c3cbc660c2b3]::rust_begin_unwind
[INFO] [stdout]   10:     0x63c27d77f56c - core[df12db4294e9bfd3]::panicking::panic_fmt
[INFO] [stdout]   11:     0x63c27d77f483 - core[df12db4294e9bfd3]::panicking::assert_failed_inner
[INFO] [stdout]   12:     0x63c27d7387c5 - core[df12db4294e9bfd3]::panicking::assert_failed::<i32, i32>
[INFO] [stdout]   13:     0x63c27d4ea5ee - curlgenerator[4b0ee2240b646482]::run::tests::generates_invalid_specifications_when_validation_is_skipped
[INFO] [stdout]   14:     0x63c27d522399 - <curlgenerator[4b0ee2240b646482]::run::tests::generates_invalid_specifications_when_validation_is_skipped::{closure#0} as core[df12db4294e9bfd3]::ops::function::FnOnce<()>>::call_once
[INFO] [stdout]   15:     0x63c27d6e35fb - test[9d35eded1c95d3be]::__rust_begin_short_backtrace::<core[df12db4294e9bfd3]::result::Result<(), alloc[2182bb758b4b3781]::string::String>, fn() -> core[df12db4294e9bfd3]::result::Result<(), alloc[2182bb758b4b3781]::string::String>>
[INFO] [stdout]   16:     0x63c27d6f0c65 - test[9d35eded1c95d3be]::run_test::{closure#0}
[INFO] [stdout]   17:     0x63c27d6ea524 - std[70759c8f55707aa4]::sys::backtrace::__rust_begin_short_backtrace::<test[9d35eded1c95d3be]::run_test::{closure#1}, ()>
[INFO] [stdout]   18:     0x63c27d6f3dc2 - <std[70759c8f55707aa4]::thread::lifecycle::spawn_unchecked<test[9d35eded1c95d3be]::run_test::{closure#1}, ()>::{closure#1} as core[df12db4294e9bfd3]::ops::function::FnOnce<()>>::call_once::{shim:vtable#0}
[INFO] [stdout]   19:     0x63c27d765ee9 - <std[70759c8f55707aa4]::sys::thread::unix::Thread>::new::thread_start
[INFO] [stdout]   20:     0x781d97aaedfa - <unknown>
[INFO] [stdout]   21:     0x781d97b423d4 - clone
[INFO] [stdout]   22:                0x0 - <unknown>
[INFO] [stdout] 
[INFO] [stdout] ---- run::tests::generates_bash_scripts_when_asked stdout ----
[INFO] [stdout] 
[INFO] [stdout] thread 'run::tests::generates_bash_scripts_when_asked' (1310) panicked at src/rust/run.rs:309:9:
[INFO] [stdout] assertion `left == right` failed
[INFO] [stdout]   left: 1
[INFO] [stdout]  right: 0
[INFO] [stdout] stack backtrace:
[INFO] [stdout]    0:     0x63c27d7672e1 - <<std[70759c8f55707aa4]::sys::backtrace::BacktraceLock>::print::DisplayBacktrace as core[df12db4294e9bfd3]::fmt::Display>::fmt
[INFO] [stdout]    1:     0x63c27d77ee3a - core[df12db4294e9bfd3]::fmt::write
[INFO] [stdout]    2:     0x63c27d76bdbc - <alloc[2182bb758b4b3781]::vec::Vec<u8> as core[df12db4294e9bfd3]::io::write::Write>::write_fmt
[INFO] [stdout]    3:     0x63c27d740516 - std[70759c8f55707aa4]::panicking::default_hook::{closure#0}
[INFO] [stdout]    4:     0x63c27d75e5e9 - std[70759c8f55707aa4]::panicking::default_hook
[INFO] [stdout]    5:     0x63c27d6f0310 - test[9d35eded1c95d3be]::test_main_inner::<test[9d35eded1c95d3be]::test_main_static::{closure#0}>::{closure#0}
[INFO] [stdout]    6:     0x63c27d75e7a2 - std[70759c8f55707aa4]::panicking::panic_with_hook
[INFO] [stdout]    7:     0x63c27d7405c2 - std[70759c8f55707aa4]::panicking::panic_handler::{closure#0}
[INFO] [stdout]    8:     0x63c27d738fe9 - std[70759c8f55707aa4]::sys::backtrace::__rust_end_short_backtrace::<std[70759c8f55707aa4]::panicking::panic_handler::{closure#0}, !>
[INFO] [stdout]    9:     0x63c27d7413ad - __rustc[8fa7c3cbc660c2b3]::rust_begin_unwind
[INFO] [stdout]   10:     0x63c27d77f56c - core[df12db4294e9bfd3]::panicking::panic_fmt
[INFO] [stdout]   11:     0x63c27d77f483 - core[df12db4294e9bfd3]::panicking::assert_failed_inner
[INFO] [stdout]   12:     0x63c27d7387c5 - core[df12db4294e9bfd3]::panicking::assert_failed::<i32, i32>
[INFO] [stdout]   13:     0x63c27d4e94ea - curlgenerator[4b0ee2240b646482]::run::tests::generates_bash_scripts_when_asked
[INFO] [stdout]   14:     0x63c27d522319 - <curlgenerator[4b0ee2240b646482]::run::tests::generates_bash_scripts_when_asked::{closure#0} as core[df12db4294e9bfd3]::ops::function::FnOnce<()>>::call_once
[INFO] [stdout]   15:     0x63c27d6e35fb - test[9d35eded1c95d3be]::__rust_begin_short_backtrace::<core[df12db4294e9bfd3]::result::Result<(), alloc[2182bb758b4b3781]::string::String>, fn() -> core[df12db4294e9bfd3]::result::Result<(), alloc[2182bb758b4b3781]::string::String>>
[INFO] [stdout]   16:     0x63c27d6f0c65 - test[9d35eded1c95d3be]::run_test::{closure#0}
[INFO] [stdout]   17:     0x63c27d6ea524 - std[70759c8f55707aa4]::sys::backtrace::__rust_begin_short_backtrace::<test[9d35eded1c95d3be]::run_test::{closure#1}, ()>
[INFO] [stdout]   18:     0x63c27d6f3dc2 - <std[70759c8f55707aa4]::thread::lifecycle::spawn_unchecked<test[9d35eded1c95d3be]::run_test::{closure#1}, ()>::{closure#1} as core[df12db4294e9bfd3]::ops::function::FnOnce<()>>::call_once::{shim:vtable#0}
[INFO] [stdout]   19:     0x63c27d765ee9 - <std[70759c8f55707aa4]::sys::thread::unix::Thread>::new::thread_start
[INFO] [stdout]   20:     0x781d97aaedfa - <unknown>
[INFO] [stdout]   21:     0x781d97b423d4 - clone
[INFO] [stdout]   22:                0x0 - <unknown>
[INFO] [stdout] 
[INFO] [stdout] ---- run::tests::reports_validation_failures_and_skips_generation stdout ----
[INFO] [stdout] 
[INFO] [stdout] thread 'run::tests::reports_validation_failures_and_skips_generation' (1314) panicked at src/rust/run.rs:340:9:
[INFO] [stdout] assertion failed: printed.contains("OpenAPI validation failed")
[INFO] [stdout] stack backtrace:
[INFO] [stdout]    0:     0x63c27d7672e1 - <<std[70759c8f55707aa4]::sys::backtrace::BacktraceLock>::print::DisplayBacktrace as core[df12db4294e9bfd3]::fmt::Display>::fmt
[INFO] [stdout]    1:     0x63c27d77ee3a - core[df12db4294e9bfd3]::fmt::write
[INFO] [stdout]    2:     0x63c27d76bdbc - <alloc[2182bb758b4b3781]::vec::Vec<u8> as core[df12db4294e9bfd3]::io::write::Write>::write_fmt
[INFO] [stdout]    3:     0x63c27d740516 - std[70759c8f55707aa4]::panicking::default_hook::{closure#0}
[INFO] [stdout]    4:     0x63c27d75e5e9 - std[70759c8f55707aa4]::panicking::default_hook
[INFO] [stdout]    5:     0x63c27d6f0310 - test[9d35eded1c95d3be]::test_main_inner::<test[9d35eded1c95d3be]::test_main_static::{closure#0}>::{closure#0}
[INFO] [stdout]    6:     0x63c27d75e7a2 - std[70759c8f55707aa4]::panicking::panic_with_hook
[INFO] [stdout]    7:     0x63c27d7405f4 - std[70759c8f55707aa4]::panicking::panic_handler::{closure#0}
[INFO] [stdout]    8:     0x63c27d738fe9 - std[70759c8f55707aa4]::sys::backtrace::__rust_end_short_backtrace::<std[70759c8f55707aa4]::panicking::panic_handler::{closure#0}, !>
[INFO] [stdout]    9:     0x63c27d7413ad - __rustc[8fa7c3cbc660c2b3]::rust_begin_unwind
[INFO] [stdout]   10:     0x63c27d77f56c - core[df12db4294e9bfd3]::panicking::panic_fmt
[INFO] [stdout]   11:     0x63c27d77f532 - core[df12db4294e9bfd3]::panicking::panic
[INFO] [stdout]   12:     0x63c27d4e9f27 - curlgenerator[4b0ee2240b646482]::run::tests::reports_validation_failures_and_skips_generation
[INFO] [stdout]   13:     0x63c27d522359 - <curlgenerator[4b0ee2240b646482]::run::tests::reports_validation_failures_and_skips_generation::{closure#0} as core[df12db4294e9bfd3]::ops::function::FnOnce<()>>::call_once
[INFO] [stdout]   14:     0x63c27d6e35fb - test[9d35eded1c95d3be]::__rust_begin_short_backtrace::<core[df12db4294e9bfd3]::result::Result<(), alloc[2182bb758b4b3781]::string::String>, fn() -> core[df12db4294e9bfd3]::result::Result<(), alloc[2182bb758b4b3781]::string::String>>
[INFO] [stdout]   15:     0x63c27d6f0c65 - test[9d35eded1c95d3be]::run_test::{closure#0}
[INFO] [stdout]   16:     0x63c27d6ea524 - std[70759c8f55707aa4]::sys::backtrace::__rust_begin_short_backtrace::<test[9d35eded1c95d3be]::run_test::{closure#1}, ()>
[INFO] [stdout]   17:     0x63c27d6f3dc2 - <std[70759c8f55707aa4]::thread::lifecycle::spawn_unchecked<test[9d35eded1c95d3be]::run_test::{closure#1}, ()>::{closure#1} as core[df12db4294e9bfd3]::ops::function::FnOnce<()>>::call_once::{shim:vtable#0}
[INFO] [stdout]   18:     0x63c27d765ee9 - <std[70759c8f55707aa4]::sys::thread::unix::Thread>::new::thread_start
[INFO] [stdout]   19:     0x781d97aaedfa - <unknown>
[INFO] [stdout]   20:     0x781d97b423d4 - clone
[INFO] [stdout]   21:                0x0 - <unknown>
[INFO] [stdout] 
[INFO] [stdout] ---- run::tests::creates_the_output_directory_when_it_does_not_exist stdout ----
[INFO] [stdout] 
[INFO] [stdout] thread 'run::tests::creates_the_output_directory_when_it_does_not_exist' (1309) panicked at src/rust/run.rs:371:9:
[INFO] [stdout] assertion `left == right` failed
[INFO] [stdout]   left: 1
[INFO] [stdout]  right: 0
[INFO] [stdout] stack backtrace:
[INFO] [stdout]    0:     0x63c27d7672e1 - <<std[70759c8f55707aa4]::sys::backtrace::BacktraceLock>::print::DisplayBacktrace as core[df12db4294e9bfd3]::fmt::Display>::fmt
[INFO] [stdout]    1:     0x63c27d77ee3a - core[df12db4294e9bfd3]::fmt::write
[INFO] [stdout]    2:     0x63c27d76bdbc - <alloc[2182bb758b4b3781]::vec::Vec<u8> as core[df12db4294e9bfd3]::io::write::Write>::write_fmt
[INFO] [stdout]    3:     0x63c27d740516 - std[70759c8f55707aa4]::panicking::default_hook::{closure#0}
[INFO] [stdout]    4:     0x63c27d75e5e9 - std[70759c8f55707aa4]::panicking::default_hook
[INFO] [stdout]    5:     0x63c27d6f0310 - test[9d35eded1c95d3be]::test_main_inner::<test[9d35eded1c95d3be]::test_main_static::{closure#0}>::{closure#0}
[INFO] [stdout]    6:     0x63c27d75e7a2 - std[70759c8f55707aa4]::panicking::panic_with_hook
[INFO] [stdout]    7:     0x63c27d7405c2 - std[70759c8f55707aa4]::panicking::panic_handler::{closure#0}
[INFO] [stdout]    8:     0x63c27d738fe9 - std[70759c8f55707aa4]::sys::backtrace::__rust_end_short_backtrace::<std[70759c8f55707aa4]::panicking::panic_handler::{closure#0}, !>
[INFO] [stdout]    9:     0x63c27d7413ad - __rustc[8fa7c3cbc660c2b3]::rust_begin_unwind
[INFO] [stdout]   10:     0x63c27d77f56c - core[df12db4294e9bfd3]::panicking::panic_fmt
[INFO] [stdout]   11:     0x63c27d77f483 - core[df12db4294e9bfd3]::panicking::assert_failed_inner
[INFO] [stdout]   12:     0x63c27d7387c5 - core[df12db4294e9bfd3]::panicking::assert_failed::<i32, i32>
[INFO] [stdout]   13:     0x63c27d4ea241 - curlgenerator[4b0ee2240b646482]::run::tests::creates_the_output_directory_when_it_does_not_exist
[INFO] [stdout]   14:     0x63c27d522379 - <curlgenerator[4b0ee2240b646482]::run::tests::creates_the_output_directory_when_it_does_not_exist::{closure#0} as core[df12db4294e9bfd3]::ops::function::FnOnce<()>>::call_once
[INFO] [stdout]   15:     0x63c27d6e35fb - test[9d35eded1c95d3be]::__rust_begin_short_backtrace::<core[df12db4294e9bfd3]::result::Result<(), alloc[2182bb758b4b3781]::string::String>, fn() -> core[df12db4294e9bfd3]::result::Result<(), alloc[2182bb758b4b3781]::string::String>>
[INFO] [stdout]   16:     0x63c27d6f0c65 - test[9d35eded1c95d3be]::run_test::{closure#0}
[INFO] [stdout]   17:     0x63c27d6ea524 - std[70759c8f55707aa4]::sys::backtrace::__rust_begin_short_backtrace::<test[9d35eded1c95d3be]::run_test::{closure#1}, ()>
[INFO] [stdout]   18:     0x63c27d6f3dc2 - <std[70759c8f55707aa4]::thread::lifecycle::spawn_unchecked<test[9d35eded1c95d3be]::run_test::{closure#1}, ()>::{closure#1} as core[df12db4294e9bfd3]::ops::function::FnOnce<()>>::call_once::{shim:vtable#0}
[INFO] [stdout]   19:     0x63c27d765ee9 - <std[70759c8f55707aa4]::sys::thread::unix::Thread>::new::thread_start
[INFO] [stdout]   20:     0x781d97aaedfa - <unknown>
[INFO] [stdout]   21:     0x781d97b423d4 - clone
[INFO] [stdout]   22:                0x0 - <unknown>
[INFO] [stdout] 
[INFO] [stdout] ---- run::tests::generates_scripts_and_reports_success stdout ----
[INFO] [stdout] 
[INFO] [stdout] thread 'run::tests::generates_scripts_and_reports_success' (1312) panicked at src/rust/run.rs:290:9:
[INFO] [stdout] assertion `left == right` failed
[INFO] [stdout]   left: 1
[INFO] [stdout]  right: 0
[INFO] [stdout] stack backtrace:
[INFO] [stdout]    0:     0x63c27d7672e1 - <<std[70759c8f55707aa4]::sys::backtrace::BacktraceLock>::print::DisplayBacktrace as core[df12db4294e9bfd3]::fmt::Display>::fmt
[INFO] [stdout]    1:     0x63c27d77ee3a - core[df12db4294e9bfd3]::fmt::write
[INFO] [stdout]    2:     0x63c27d76bdbc - <alloc[2182bb758b4b3781]::vec::Vec<u8> as core[df12db4294e9bfd3]::io::write::Write>::write_fmt
[INFO] [stdout]    3:     0x63c27d740516 - std[70759c8f55707aa4]::panicking::default_hook::{closure#0}
[INFO] [stdout]    4:     0x63c27d75e5e9 - std[70759c8f55707aa4]::panicking::default_hook
[INFO] [stdout]    5:     0x63c27d6f0310 - test[9d35eded1c95d3be]::test_main_inner::<test[9d35eded1c95d3be]::test_main_static::{closure#0}>::{closure#0}
[INFO] [stdout]    6:     0x63c27d75e7a2 - std[70759c8f55707aa4]::panicking::panic_with_hook
[INFO] [stdout]    7:     0x63c27d7405c2 - std[70759c8f55707aa4]::panicking::panic_handler::{closure#0}
[INFO] [stdout]    8:     0x63c27d738fe9 - std[70759c8f55707aa4]::sys::backtrace::__rust_end_short_backtrace::<std[70759c8f55707aa4]::panicking::panic_handler::{closure#0}, !>
[INFO] [stdout]    9:     0x63c27d7413ad - __rustc[8fa7c3cbc660c2b3]::rust_begin_unwind
[INFO] [stdout]   10:     0x63c27d77f56c - core[df12db4294e9bfd3]::panicking::panic_fmt
[INFO] [stdout]   11:     0x63c27d77f483 - core[df12db4294e9bfd3]::panicking::assert_failed_inner
[INFO] [stdout]   12:     0x63c27d7387c5 - core[df12db4294e9bfd3]::panicking::assert_failed::<i32, i32>
[INFO] [stdout]   13:     0x63c27d4e9a08 - curlgenerator[4b0ee2240b646482]::run::tests::generates_scripts_and_reports_success
[INFO] [stdout]   14:     0x63c27d522339 - <curlgenerator[4b0ee2240b646482]::run::tests::generates_scripts_and_reports_success::{closure#0} as core[df12db4294e9bfd3]::ops::function::FnOnce<()>>::call_once
[INFO] [stdout]   15:     0x63c27d6e35fb - test[9d35eded1c95d3be]::__rust_begin_short_backtrace::<core[df12db4294e9bfd3]::result::Result<(), alloc[2182bb758b4b3781]::string::String>, fn() -> core[df12db4294e9bfd3]::result::Result<(), alloc[2182bb758b4b3781]::string::String>>
[INFO] [stdout]   16:     0x63c27d6f0c65 - test[9d35eded1c95d3be]::run_test::{closure#0}
[INFO] [stdout]   17:     0x63c27d6ea524 - std[70759c8f55707aa4]::sys::backtrace::__rust_begin_short_backtrace::<test[9d35eded1c95d3be]::run_test::{closure#1}, ()>
[INFO] [stdout]   18:     0x63c27d6f3dc2 - <std[70759c8f55707aa4]::thread::lifecycle::spawn_unchecked<test[9d35eded1c95d3be]::run_test::{closure#1}, ()>::{closure#1} as core[df12db4294e9bfd3]::ops::function::FnOnce<()>>::call_once::{shim:vtable#0}
[INFO] [stdout]   19:     0x63c27d765ee9 - <std[70759c8f55707aa4]::sys::thread::unix::Thread>::new::thread_start
[INFO] [stdout]   20:     0x781d97aaedfa - <unknown>
[INFO] [stdout]   21:     0x781d97b423d4 - clone
[INFO] [stdout]   22:                0x0 - <unknown>
[INFO] [stdout] 
[INFO] [stdout] 
[INFO] [stdout] failures:
[INFO] [stdout]     run::tests::creates_the_output_directory_when_it_does_not_exist
[INFO] [stdout]     run::tests::generates_bash_scripts_when_asked
[INFO] [stdout]     run::tests::generates_invalid_specifications_when_validation_is_skipped
[INFO] [stdout]     run::tests::generates_scripts_and_reports_success
[INFO] [stdout]     run::tests::reports_validation_failures_and_skips_generation
[INFO] [stdout] 
[INFO] [stdout] test result: FAILED. 166 passed; 5 failed; 0 ignored; 0 measured; 0 filtered out; finished in 0.04s
[INFO] [stdout] 
[INFO] [stderr] error: test failed, to rerun pass `--lib`
[INFO] running `Command { std: "docker" "inspect" "ae0e0483093e1616dc626c70b8e47621f76077b6670f215f81f3b3e984219b85", kill_on_drop: false }`
[INFO] running `Command { std: "docker" "rm" "-f" "ae0e0483093e1616dc626c70b8e47621f76077b6670f215f81f3b3e984219b85", kill_on_drop: false }`
[INFO] [stdout] ae0e0483093e1616dc626c70b8e47621f76077b6670f215f81f3b3e984219b85
