[INFO] fetching crate curlew-core 0.1.1...
[INFO] testing curlew-core-0.1.1 against 1.99.0-beta.8+cargoflags=--release for beta-release-1.100-2
[INFO] extracting crate curlew-core 0.1.1 into /workspace/builds/worker-4-tc1/source
[INFO] started tweaking crates.io crate curlew-core 0.1.1
[INFO] removed 0 missing tests
[INFO] finished tweaking crates.io crate curlew-core 0.1.1
[INFO] tweaked toml for crates.io crate curlew-core 0.1.1 written to /workspace/builds/worker-4-tc1/source/Cargo.toml
[INFO] validating manifest of crates.io crate curlew-core 0.1.1 on toolchain 1.99.0-beta.8
[INFO] running `Command { std: CARGO_HOME="/workspace/cargo-home" RUSTUP_HOME="/workspace/rustup-home" "/workspace/cargo-home/bin/cargo" "+1.99.0-beta.8" "metadata" "--manifest-path" "Cargo.toml" "--no-deps", kill_on_drop: false }`
[INFO] crate crates.io crate curlew-core 0.1.1 already has a lockfile, it will not be regenerated
[INFO] running `Command { std: CARGO_HOME="/workspace/cargo-home" RUSTUP_HOME="/workspace/rustup-home" "/workspace/cargo-home/bin/cargo" "+1.99.0-beta.8" "fetch" "--manifest-path" "Cargo.toml", kill_on_drop: false }`
[INFO] [stderr]     Blocking waiting for file lock on package cache
[INFO] [stderr]     Updating crates.io index
[INFO] [stderr]  Downloading crates ...
[INFO] [stderr]   Downloaded quote v1.0.46
[INFO] [stderr]   Downloaded wiremock v0.6.5
[INFO] [stderr]   Downloaded url v2.5.8
[INFO] [stderr]   Downloaded smallvec v1.15.2
[INFO] [stderr]   Downloaded yoke-derive v0.8.2
[INFO] [stderr]   Downloaded tinystr v0.8.3
[INFO] [stderr]   Downloaded wasm-bindgen-macro v0.2.125
[INFO] [stderr]   Downloaded native-tls v0.2.18
[INFO] [stderr]   Downloaded zerofrom v0.1.8
[INFO] [stderr]   Downloaded zerofrom-derive v0.1.7
[INFO] [stderr]   Downloaded tokio-macros v2.7.0
[INFO] [stderr]   Downloaded windows-registry v0.6.1
[INFO] [stderr]   Downloaded futures-sink v0.3.33
[INFO] [stderr]   Downloaded futures-core v0.3.33
[INFO] [stderr]   Downloaded futures-task v0.3.33
[INFO] [stderr]   Downloaded futures-macro v0.3.33
[INFO] [stderr]   Downloaded futures-io v0.3.33
[INFO] [stderr]   Downloaded assert-json-diff v2.0.2
[INFO] [stderr]   Downloaded wasm-bindgen-shared v0.2.125
[INFO] [stderr]   Downloaded wasm-bindgen-futures v0.4.75
[INFO] [stderr]   Downloaded dirs v5.0.1
[INFO] [stderr]   Downloaded libredox v0.1.17
[INFO] [stderr]   Downloaded potential_utf v0.1.5
[INFO] [stderr]   Downloaded futures-executor v0.3.33
[INFO] [stderr]   Downloaded deadpool-runtime v0.1.4
[INFO] [stderr]   Downloaded fastrand v2.4.1
[INFO] [stderr]   Downloaded idna_adapter v1.2.2
[INFO] [stderr]   Downloaded writeable v0.6.3
[INFO] [stderr]   Downloaded system-configuration v0.7.0
[INFO] [stderr]   Downloaded ipnet v2.12.0
[INFO] [stderr]   Downloaded futures-channel v0.3.33
[INFO] [stderr]   Downloaded deadpool v0.12.3
[INFO] [stderr]   Downloaded pkg-config v0.3.33
[INFO] [stderr]   Downloaded schannel v0.1.29
[INFO] [stderr]   Downloaded rustls-pki-types v1.14.1
[INFO] [stderr]   Downloaded zeroize v1.9.0
[INFO] [stderr]   Downloaded mime_guess v2.0.5
[INFO] [stderr]   Downloaded zerovec-derive v0.11.3
[INFO] [stderr]   Downloaded displaydoc v0.2.6
[INFO] [stderr]   Downloaded icu_locale_core v2.2.0
[INFO] [stderr]   Downloaded litemap v0.8.2
[INFO] [stderr]   Downloaded hyper-rustls v0.27.9
[INFO] [stderr]   Downloaded icu_properties v2.2.0
[INFO] [stderr]   Downloaded yoke v0.8.3
[INFO] [stderr]   Downloaded icu_provider v2.2.0
[INFO] [stderr]   Downloaded bitflags v2.13.0
[INFO] [stderr]   Downloaded futures v0.3.33
[INFO] [stderr]   Downloaded ryu v1.0.23
[INFO] [stderr]   Downloaded wasm-bindgen v0.2.125
[INFO] [stderr]   Downloaded icu_normalizer_data v2.2.0
[INFO] [stderr]   Downloaded socket2 v0.6.4
[INFO] [stderr]   Downloaded bytes v1.12.0
[INFO] [stderr]   Downloaded serde_norway v0.9.42
[INFO] [stderr]   Downloaded unsafe-libyaml-norway v0.2.15
[INFO] [stderr]   Downloaded cc v1.2.65
[INFO] [stderr]   Downloaded wasm-bindgen-macro-support v0.2.125
[INFO] [stderr]   Downloaded openssl-sys v0.9.117
[INFO] [stderr]   Downloaded zerovec v0.11.6
[INFO] [stderr]   Downloaded zerotrie v0.2.4
[INFO] [stderr]   Downloaded icu_collections v2.2.0
[INFO] [stderr]   Downloaded memchr v2.8.2
[INFO] [stderr]   Downloaded http v1.4.2
[INFO] [stderr]   Downloaded indexmap v2.14.0
[INFO] [stderr]   Downloaded zerocopy-derive v0.8.55
[INFO] [stderr]   Downloaded tower v0.5.3
[INFO] [stderr]   Downloaded icu_normalizer v2.2.0
[INFO] [stderr]   Downloaded mio v1.2.1
[INFO] [stderr]   Downloaded js-sys v0.3.102
[INFO] [stderr]   Downloaded rustls-webpki v0.103.13
[INFO] [stderr]   Downloaded hyper-util v0.1.20
[INFO] [stderr]   Downloaded hyper v1.10.1
[INFO] [stderr]   Downloaded tokio-util v0.7.18
[INFO] [stderr]   Downloaded reqwest v0.12.28
[INFO] [stderr]   Downloaded icu_properties_data v2.2.0
[INFO] [stderr]   Downloaded regex v1.12.4
[INFO] [stderr]   Downloaded tower-http v0.6.11
[INFO] [stderr]   Downloaded syn v2.0.118
[INFO] [stderr]   Downloaded h2 v0.4.15
[INFO] [stderr]   Downloaded futures-util v0.3.33
[INFO] [stderr]   Downloaded zerocopy v0.8.55
[INFO] [stderr]   Downloaded openssl v0.10.81
[INFO] [stderr]   Downloaded rustls v0.23.41
[INFO] [stderr]   Downloaded web-sys v0.3.102
[INFO] [stderr]   Downloaded libc v0.2.186
[INFO] [stderr]   Downloaded tokio v1.52.3
[INFO] running `Command { std: "docker" "create" "-v" "/var/lib/crater-agent-workspace/builds/worker-4-tc1/source:/opt/rustwide/workdir:ro,Z" "-v" "/var/lib/crater-agent-workspace/builds/worker-4-tc1/target:/opt/rustwide/target:rw,Z" "-v" "/var/lib/crater-agent-workspace/cargo-home:/opt/rustwide/cargo-home:ro,Z" "-v" "/var/lib/crater-agent-workspace/rustup-home:/opt/rustwide/rustup-home:ro,Z" "-m" "1610612736" "--network" "none" "ghcr.io/rust-lang/crates-build-env/linux@sha256:77db811e55d90add9212f6832c23229e3de5f1c1f9905e8cb07319ea15df73ac" "sleep" "infinity", kill_on_drop: false }`
[INFO] [stdout] b63a1ff26380e210d6081d301573df7dcba29fe94f2ec108009979838e44b5fd
[INFO] running `Command { std: "docker" "start" "b63a1ff26380e210d6081d301573df7dcba29fe94f2ec108009979838e44b5fd", kill_on_drop: false }`
[INFO] running `Command { std: "docker" "inspect" "b63a1ff26380e210d6081d301573df7dcba29fe94f2ec108009979838e44b5fd", kill_on_drop: false }`
[INFO] running `Command { std: "docker" "exec" "-e" "SOURCE_DIR=/opt/rustwide/workdir" "-e" "CARGO_HOME=/opt/rustwide/cargo-home" "-e" "RUSTUP_HOME=/opt/rustwide/rustup-home" "-e" "CARGO_TARGET_DIR=/opt/rustwide/target" "-w" "/opt/rustwide/workdir" "--user" "0:0" "b63a1ff26380e210d6081d301573df7dcba29fe94f2ec108009979838e44b5fd" "/opt/rustwide/cargo-home/bin/cargo" "+1.99.0-beta.8" "metadata" "--no-deps" "--format-version=1", kill_on_drop: false }`
[INFO] running `Command { std: "docker" "inspect" "b63a1ff26380e210d6081d301573df7dcba29fe94f2ec108009979838e44b5fd", kill_on_drop: false }`
[INFO] running `Command { std: "docker" "exec" "-e" "SOURCE_DIR=/opt/rustwide/workdir" "-e" "CARGO_HOME=/opt/rustwide/cargo-home" "-e" "RUSTUP_HOME=/opt/rustwide/rustup-home" "-e" "CARGO_TARGET_DIR=/opt/rustwide/target" "-e" "CARGO_INCREMENTAL=0" "-e" "RUST_BACKTRACE=full" "-e" "RUSTFLAGS=--cap-lints=warn" "-e" "RUSTDOCFLAGS=--cap-lints=warn" "-w" "/opt/rustwide/workdir" "--user" "0:0" "b63a1ff26380e210d6081d301573df7dcba29fe94f2ec108009979838e44b5fd" "/opt/rustwide/cargo-home/bin/cargo" "+1.99.0-beta.8" "build" "--frozen" "--message-format=json" "--release", kill_on_drop: false }`
[INFO] [stderr]    Compiling proc-macro2 v1.0.106
[INFO] [stderr]    Compiling quote v1.0.46
[INFO] [stderr]    Compiling unicode-ident v1.0.24
[INFO] [stderr]    Compiling libc v0.2.186
[INFO] [stderr]    Compiling stable_deref_trait v1.2.1
[INFO] [stderr]    Compiling find-msvc-tools v0.1.9
[INFO] [stderr]    Compiling shlex v2.0.1
[INFO] [stderr]    Compiling vcpkg v0.2.15
[INFO] [stderr]    Compiling pkg-config v0.3.33
[INFO] [stderr]    Compiling bytes v1.12.0
[INFO] [stderr]    Compiling itoa v1.0.18
[INFO] [stderr]    Compiling futures-core v0.3.33
[INFO] [stderr]    Compiling cfg-if v1.0.4
[INFO] [stderr]    Compiling smallvec v1.15.2
[INFO] [stderr]    Compiling litemap v0.8.2
[INFO] [stderr]    Compiling writeable v0.6.3
[INFO] [stderr]    Compiling icu_properties_data v2.2.0
[INFO] [stderr]    Compiling utf8_iter v1.0.4
[INFO] [stderr]    Compiling icu_normalizer_data v2.2.0
[INFO] [stderr]    Compiling hashbrown v0.17.1
[INFO] [stderr]    Compiling percent-encoding v2.3.2
[INFO] [stderr]    Compiling equivalent v1.0.2
[INFO] [stderr]    Compiling serde_core v1.0.228
[INFO] [stderr]    Compiling bitflags v2.13.0
[INFO] [stderr]    Compiling cc v1.2.65
[INFO] [stderr]    Compiling httparse v1.10.1
[INFO] [stderr]    Compiling version_check v0.9.5
[INFO] [stderr]    Compiling openssl v0.10.81
[INFO] [stderr]    Compiling futures-sink v0.3.33
[INFO] [stderr]    Compiling zerocopy v0.8.55
[INFO] [stderr]    Compiling foreign-types-shared v0.1.1
[INFO] [stderr]    Compiling futures-task v0.3.33
[INFO] [stderr]    Compiling foreign-types v0.3.2
[INFO] [stderr]    Compiling tracing v0.1.44
[INFO] [stderr]    Compiling fnv v1.0.7
[INFO] [stderr]    Compiling try-lock v0.2.5
[INFO] [stderr]    Compiling tower-service v0.3.3
[INFO] [stderr]    Compiling futures-util v0.3.33
[INFO] [stderr]    Compiling native-tls v0.2.18
[INFO] [stderr]    Compiling serde v1.0.228
[INFO] [stderr]    Compiling want v0.3.1
[INFO] [stderr]    Compiling form_urlencoded v1.2.2
[INFO] [stderr]    Compiling futures-channel v0.3.33
[INFO] [stderr]    Compiling log v0.4.33
[INFO] [stderr]    Compiling openssl-probe v0.2.1
[INFO] [stderr]    Compiling unicase v2.9.0
[INFO] [stderr]    Compiling ahash v0.8.12
[INFO] [stderr]    Compiling zmij v1.0.21
[INFO] [stderr]    Compiling sync_wrapper v1.0.2
[INFO] [stderr]    Compiling serde_json v1.0.150
[INFO] [stderr]    Compiling mime_guess v2.0.5
[INFO] [stderr]    Compiling base64 v0.22.1
[INFO] [stderr]    Compiling ipnet v2.12.0
[INFO] [stderr]    Compiling tower-layer v0.3.3
[INFO] [stderr]    Compiling ryu v1.0.23
[INFO] [stderr]    Compiling http v1.4.2
[INFO] [stderr]    Compiling memchr v2.8.2
[INFO] [stderr]    Compiling option-ext v0.2.0
[INFO] [stderr]    Compiling mime v0.3.17
[INFO] [stderr]    Compiling zeroize v1.9.0
[INFO] [stderr]    Compiling thiserror v1.0.69
[INFO] [stderr]    Compiling encoding_rs v0.8.35
[INFO] [stderr]    Compiling syn v2.0.118
[INFO] [stderr]    Compiling rustls-pki-types v1.14.1
[INFO] [stderr]    Compiling fallible-iterator v0.3.0
[INFO] [stderr]    Compiling indexmap v2.14.0
[INFO] [stderr]    Compiling unsafe-libyaml-norway v0.2.15
[INFO] [stderr]    Compiling fallible-streaming-iterator v0.1.9
[INFO] [stderr]    Compiling openssl-sys v0.9.117
[INFO] [stderr]    Compiling libsqlite3-sys v0.30.1
[INFO] [stderr]    Compiling socket2 v0.6.4
[INFO] [stderr]    Compiling mio v1.2.1
[INFO] [stderr]    Compiling dirs-sys v0.4.1
[INFO] [stderr]    Compiling http-body v1.0.1
[INFO] [stderr]    Compiling dirs v5.0.1
[INFO] [stderr]    Compiling tokio v1.52.3
[INFO] [stderr]    Compiling http-body-util v0.1.3
[INFO] [stderr]    Compiling synstructure v0.13.2
[INFO] [stderr]    Compiling hashbrown v0.14.5
[INFO] [stderr]    Compiling zerofrom-derive v0.1.7
[INFO] [stderr]    Compiling yoke-derive v0.8.2
[INFO] [stderr]    Compiling zerovec-derive v0.11.3
[INFO] [stderr]    Compiling displaydoc v0.2.6
[INFO] [stderr]    Compiling openssl-macros v0.1.1
[INFO] [stderr]    Compiling serde_derive v1.0.228
[INFO] [stderr]    Compiling thiserror-impl v1.0.69
[INFO] [stderr]    Compiling hashlink v0.9.1
[INFO] [stderr]    Compiling zerofrom v0.1.8
[INFO] [stderr]    Compiling yoke v0.8.3
[INFO] [stderr]    Compiling zerovec v0.11.6
[INFO] [stderr]    Compiling zerotrie v0.2.4
[INFO] [stderr]    Compiling tokio-util v0.7.18
[INFO] [stderr]    Compiling tower v0.5.3
[INFO] [stderr]    Compiling tinystr v0.8.3
[INFO] [stderr]    Compiling potential_utf v0.1.5
[INFO] [stderr]    Compiling icu_locale_core v2.2.0
[INFO] [stderr]    Compiling icu_collections v2.2.0
[INFO] [stderr]    Compiling h2 v0.4.15
[INFO] [stderr]    Compiling icu_provider v2.2.0
[INFO] [stderr]    Compiling icu_normalizer v2.2.0
[INFO] [stderr]    Compiling icu_properties v2.2.0
[INFO] [stderr]    Compiling serde_urlencoded v0.7.1
[INFO] [stderr]    Compiling serde_norway v0.9.42
[INFO] [stderr]    Compiling tokio-native-tls v0.3.1
[INFO] [stderr]    Compiling idna_adapter v1.2.2
[INFO] [stderr]    Compiling idna v1.1.0
[INFO] [stderr]    Compiling hyper v1.10.1
[INFO] [stderr]    Compiling url v2.5.8
[INFO] [stderr]    Compiling tower-http v0.6.11
[INFO] [stderr]    Compiling hyper-util v0.1.20
[INFO] [stderr]    Compiling hyper-tls v0.6.0
[INFO] [stderr]    Compiling reqwest v0.12.28
[INFO] [stderr]    Compiling rusqlite v0.32.1
[INFO] [stderr]    Compiling curlew-core v0.1.1 (/opt/rustwide/workdir)
[INFO] [stderr]     Finished `release` profile [optimized] target(s) in 2m 12s
[INFO] running `Command { std: "docker" "inspect" "b63a1ff26380e210d6081d301573df7dcba29fe94f2ec108009979838e44b5fd", kill_on_drop: false }`
[INFO] running `Command { std: "docker" "exec" "-e" "SOURCE_DIR=/opt/rustwide/workdir" "-e" "CARGO_HOME=/opt/rustwide/cargo-home" "-e" "RUSTUP_HOME=/opt/rustwide/rustup-home" "-e" "CARGO_TARGET_DIR=/opt/rustwide/target" "-e" "CARGO_INCREMENTAL=0" "-e" "RUST_BACKTRACE=full" "-e" "RUSTFLAGS=--cap-lints=warn" "-e" "RUSTDOCFLAGS=--cap-lints=warn" "-w" "/opt/rustwide/workdir" "--user" "0:0" "b63a1ff26380e210d6081d301573df7dcba29fe94f2ec108009979838e44b5fd" "/opt/rustwide/cargo-home/bin/cargo" "+1.99.0-beta.8" "test" "--frozen" "--no-run" "--message-format=json" "--release", kill_on_drop: false }`
[INFO] [stderr]    Compiling memchr v2.8.2
[INFO] [stderr]    Compiling errno v0.3.14
[INFO] [stderr]    Compiling tokio-macros v2.7.0
[INFO] [stderr]    Compiling parking_lot_core v0.9.12
[INFO] [stderr]    Compiling futures-channel v0.3.33
[INFO] [stderr]    Compiling futures-macro v0.3.33
[INFO] [stderr]    Compiling futures-io v0.3.33
[INFO] [stderr]    Compiling futures-task v0.3.33
[INFO] [stderr]    Compiling bitflags v2.13.0
[INFO] [stderr]    Compiling httpdate v1.0.3
[INFO] [stderr]    Compiling rustix v1.1.4
[INFO] [stderr]    Compiling regex-syntax v0.8.11
[INFO] [stderr]    Compiling getrandom v0.4.3
[INFO] [stderr]    Compiling num_cpus v1.17.0
[INFO] [stderr]    Compiling linux-raw-sys v0.12.1
[INFO] [stderr]    Compiling lazy_static v1.5.0
[INFO] [stderr]    Compiling signal-hook-registry v1.4.8
[INFO] [stderr]    Compiling openssl v0.10.81
[INFO] [stderr]    Compiling deadpool-runtime v0.1.4
[INFO] [stderr]    Compiling rusqlite v0.32.1
[INFO] [stderr]    Compiling fastrand v2.4.1
[INFO] [stderr]    Compiling parking_lot v0.12.5
[INFO] [stderr]    Compiling tokio v1.52.3
[INFO] [stderr]    Compiling serde_json v1.0.150
[INFO] [stderr]    Compiling aho-corasick v1.1.4
[INFO] [stderr]    Compiling futures-util v0.3.33
[INFO] [stderr]    Compiling assert-json-diff v2.0.2
[INFO] [stderr]    Compiling tempfile v3.27.0
[INFO] [stderr]    Compiling regex-automata v0.4.14
[INFO] [stderr]    Compiling futures-executor v0.3.33
[INFO] [stderr]    Compiling futures v0.3.33
[INFO] [stderr]    Compiling native-tls v0.2.18
[INFO] [stderr]    Compiling regex v1.12.4
[INFO] [stderr]    Compiling tokio-util v0.7.18
[INFO] [stderr]    Compiling tokio-native-tls v0.3.1
[INFO] [stderr]    Compiling tower v0.5.3
[INFO] [stderr]    Compiling deadpool v0.12.3
[INFO] [stderr]    Compiling h2 v0.4.15
[INFO] [stderr]    Compiling tower-http v0.6.11
[INFO] [stderr]    Compiling hyper v1.10.1
[INFO] [stderr]    Compiling hyper-util v0.1.20
[INFO] [stderr]    Compiling hyper-tls v0.6.0
[INFO] [stderr]    Compiling wiremock v0.6.5
[INFO] [stderr]    Compiling reqwest v0.12.28
[INFO] [stderr]    Compiling curlew-core v0.1.1 (/opt/rustwide/workdir)
[INFO] [stderr]     Finished `release` profile [optimized] target(s) in 1m 18s
[INFO] running `Command { std: "docker" "inspect" "b63a1ff26380e210d6081d301573df7dcba29fe94f2ec108009979838e44b5fd", kill_on_drop: false }`
[INFO] running `Command { std: "docker" "exec" "-e" "SOURCE_DIR=/opt/rustwide/workdir" "-e" "CARGO_HOME=/opt/rustwide/cargo-home" "-e" "RUSTUP_HOME=/opt/rustwide/rustup-home" "-e" "CARGO_TARGET_DIR=/opt/rustwide/target" "-e" "CARGO_INCREMENTAL=0" "-e" "RUST_BACKTRACE=full" "-e" "RUSTFLAGS=--cap-lints=warn" "-e" "RUSTDOCFLAGS=--cap-lints=warn" "-w" "/opt/rustwide/workdir" "--user" "0:0" "b63a1ff26380e210d6081d301573df7dcba29fe94f2ec108009979838e44b5fd" "/opt/rustwide/cargo-home/bin/cargo" "+1.99.0-beta.8" "test" "--frozen" "--release", kill_on_drop: false }`
[INFO] [stderr]     Finished `release` profile [optimized] target(s) in 0.18s
[INFO] [stderr]      Running unittests src/lib.rs (/opt/rustwide/target/release/deps/curlew_core-a71116f7be5befae)
[INFO] [stdout] 
[INFO] [stdout] running 202 tests
[INFO] [stdout] test assert::tests::exists_missing_and_empty_check ... ok
[INFO] [stdout] test assert::tests::status_time_header_body_and_json_sources_resolve ... ok
[INFO] [stdout] test assert::tests::ordering_on_non_numbers_fails_instead_of_panicking ... ok
[INFO] [stdout] test assert::tests::disabled_and_blank_rows_are_skipped ... ok
[INFO] [stdout] test assert::tests::numeric_equality_bridges_json_float_formatting ... ok
[INFO] [stdout] test auth::tests::basic_base64_encodes_the_credentials ... ok
[INFO] [stdout] test assert::tests::failures_report_the_actual_value ... ok
[INFO] [stdout] test auth::tests::blank_credentials_produce_no_header ... ok
[INFO] [stdout] test auth::tests::credentials_are_interpolated ... ok
[INFO] [stdout] test config::tests::config_round_trips_through_yaml ... ok
[INFO] [stdout] test auth::tests::bearer_sets_an_authorization_header ... ok
[INFO] [stdout] test auth::tests::an_existing_header_is_not_overwritten ... ok
[INFO] [stdout] test auth::tests::api_key_goes_in_a_header_or_the_query ... ok
[INFO] [stdout] test config::tests::config_without_license_key_still_loads ... ok
[INFO] [stdout] test auth::tests::every_variant_round_trips ... ok
[INFO] [stdout] test auth::tests::api_key_location_defaults_to_header ... ok
[INFO] [stdout] test auth::tests::yaml_reads_plainly ... ok
[INFO] [stdout] test engine::tests::execute_get_against_httpbin ... ignored, requires internet access
[INFO] [stdout] test config::tests::default_workspace_is_under_app_dir ... ok
[INFO] [stdout] test auth::tests::none_applies_nothing ... ok
[INFO] [stdout] test auth::tests::variable_references_are_not_flagged ... ok
[INFO] [stdout] test config::tests::empty_config_deserialises_to_default ... ok
[INFO] [stdout] test engine::tests::interpolate_leaves_unknown_placeholders_intact ... ok
[INFO] [stdout] test engine::tests::interpolate_passes_through_plain_strings ... ok
[INFO] [stdout] test auth::tests::an_existing_api_key_header_is_not_overwritten ... ok
[INFO] [stdout] test engine::tests::interpolate_replaces_multiple_variables_in_one_pass ... ok
[INFO] [stdout] test engine::tests::interpolate_substitutes_known_variable ... ok
[INFO] [stdout] test config::tests::override_takes_precedence ... ok
[INFO] [stdout] test auth::tests::literal_credentials_are_flagged ... ok
[INFO] [stdout] test export::tests::a_plain_get_has_no_method_flag ... ok
[INFO] [stdout] test export::tests::api_key_in_query_lands_in_the_url ... ok
[INFO] [stdout] test export::tests::disabled_rows_are_omitted ... ok
[INFO] [stdout] test export::tests::form_uses_data_urlencode_and_multipart_uses_dash_f ... ok
[INFO] [stdout] test export::tests::json_body_adds_the_content_type ... ok
[INFO] [stdout] test export::tests::method_headers_and_query_are_rendered ... ok
[INFO] [stdout] test export::tests::single_quotes_in_values_are_escaped ... ok
[INFO] [stdout] test export::tests::variables_and_auth_are_resolved ... ok
[INFO] [stdout] test extract::tests::a_captured_value_is_available_for_interpolation ... ok
[INFO] [stdout] test extract::tests::an_unresolved_rule_is_skipped ... ok
[INFO] [stdout] test extract::tests::captures_a_header_case_insensitively ... ok
[INFO] [stdout] test extract::tests::captures_a_json_field_into_secrets ... ok
[INFO] [stdout] test extract::tests::captures_the_status_code ... ok
[INFO] [stdout] test extract::tests::disabled_rules_do_not_run ... ok
[INFO] [stdout] test extract::tests::non_string_values_stringify_sensibly ... ok
[INFO] [stdout] test extract::tests::parses_the_three_source_forms ... ok
[INFO] [stdout] test extract::tests::resolves_nested_json_paths ... ok
[INFO] [stdout] test fuzzy::tests::an_empty_query_matches_everything ... ok
[INFO] [stdout] test fuzzy::tests::contiguous_and_boundary_matches_score_higher ... ok
[INFO] [stdout] test fuzzy::tests::matches_a_subsequence_case_insensitively ... ok
[INFO] [stdout] test fuzzy::tests::matches_across_word_separators ... ok
[INFO] [stdout] test fuzzy::tests::order_matters ... ok
[INFO] [stdout] test fuzzy::tests::rank_orders_best_first_and_drops_non_matches ... ok
[INFO] [stdout] test fuzzy::tests::rank_with_an_empty_query_returns_everything_in_order ... ok
[INFO] [stdout] test fuzzy::tests::word_boundary_matches_are_preferred ... ok
[INFO] [stdout] test history::tests::a_large_body_is_truncated_for_storage ... ok
[INFO] [stdout] test history::tests::clear_empties_everything ... ok
[INFO] [stdout] test history::tests::clearing_a_request_leaves_the_rest ... ok
[INFO] [stdout] test history::tests::empty_headers_round_trip ... ok
[INFO] [stdout] test history::tests::history_is_filtered_by_request ... ok
[INFO] [stdout] test history::tests::recent_is_newest_first ... ok
[INFO] [stdout] test engine::tests::api_key_auth_joins_the_query_string ... ok
[INFO] [stdout] test engine::tests::execute_sends_duplicate_headers ... ok
[INFO] [stdout] test engine::tests::execute_reports_error_status_without_failing ... ok
[INFO] [stdout] test history::tests::records_and_reads_back_a_response ... ok
[INFO] [stdout] test history::tests::stores_the_unresolved_url ... ok
[INFO] [stdout] test history::tests::records_a_failure_without_a_status ... ok
[INFO] [stdout] test import::curl::tests::basic_auth_becomes_an_authorization_header ... ok
[INFO] [stdout] test import::curl::tests::attached_short_flag_values_are_understood ... ok
[INFO] [stdout] test import::curl::tests::dash_g_moves_data_into_the_query ... ok
[INFO] [stdout] test import::curl::tests::cookie_and_user_agent_flags_become_headers ... ok
[INFO] [stdout] test import::curl::tests::detects_curl_commands ... ok
[INFO] [stdout] test engine::tests::execute_rejects_invalid_header_name ... ok
[INFO] [stdout] test engine::tests::form_body_is_urlencoded ... ok
[INFO] [stdout] test engine::tests::execute_sends_method_headers_params_and_reads_body ... ok
[INFO] [stdout] test import::curl::tests::data_without_explicit_method_implies_post ... ok
[INFO] [stdout] test engine::tests::auth_resolves_a_secret_and_reaches_the_wire ... ok
[INFO] [stdout] test import::curl::tests::ignored_value_flags_do_not_shadow_the_url ... ok
[INFO] [stdout] test import::curl::tests::empty_quoted_string_is_still_a_token ... ok
[INFO] [stdout] test import::curl::tests::long_flags_with_equals_are_supported ... ok
[INFO] [stdout] test import::curl::tests::parses_post_with_json_body ... ok
[INFO] [stdout] test import::curl::tests::parses_a_browser_copy_as_curl ... ok
[INFO] [stdout] test import::curl::tests::repeated_data_flags_are_joined ... ok
[INFO] [stdout] test import::curl::tests::single_quotes_are_literal ... ok
[INFO] [stdout] test import::curl::tests::tokenizes_escaped_quotes_inside_double_quotes ... ok
[INFO] [stdout] test import::curl::tests::tokenizes_quotes_and_continuations ... ok
[INFO] [stdout] test import::openapi::tests::a_spec_with_no_operations_is_an_error ... ok
[INFO] [stdout] test import::openapi::tests::already_doubled_braces_are_left_alone ... ok
[INFO] [stdout] test import::openapi::tests::imports_operations_in_stable_order ... ok
[INFO] [stdout] test import::openapi::tests::json_documents_work_as_well_as_yaml ... ok
[INFO] [stdout] test import::openapi::tests::missing_servers_yields_relative_urls ... ok
[INFO] [stdout] test import::openapi::tests::optional_parameters_import_disabled ... ok
[INFO] [stdout] test import::openapi::tests::path_level_parameters_apply_to_each_operation ... ok
[INFO] [stdout] test import::openapi::tests::path_templates_become_variables ... ok
[INFO] [stdout] test import::curl::tests::handles_windows_caret_continuations ... ok
[INFO] [stdout] test import::curl::tests::missing_url_is_an_error ... ok
[INFO] [stdout] test import::postman::tests::a_collection_with_no_requests_is_an_error ... ok
[INFO] [stdout] test import::openapi::tests::prefixes_paths_with_the_first_server ... ok
[INFO] [stdout] test import::postman::tests::detection_rejects_other_json ... ok
[INFO] [stdout] test import::openapi::tests::swagger_2_is_refused_clearly ... ok
[INFO] [stdout] test import::openapi::tests::request_bodies_are_generated_from_the_schema ... ok
[INFO] [stdout] test import::postman::tests::preserves_nested_folder_structure ... ok
[INFO] [stdout] test import::postman::tests::disabled_rows_map_onto_disabled_rows ... ok
[INFO] [stdout] test import::postman::tests::raw_and_urlencoded_bodies_are_carried_over ... ok
[INFO] [stdout] test import::postman::tests::string_urls_are_split_into_params ... ok
[INFO] [stdout] test engine::tests::execute_flags_binary_response_bodies ... ok
[INFO] [stdout] test import::tests::bad_percent_escape_is_left_alone ... ok
[INFO] [stdout] test import::tests::names_come_from_the_last_path_segment ... ok
[INFO] [stdout] test import::tests::plain_prose_is_not_structured ... ok
[INFO] [stdout] test import::postman::tests::imports_a_v21_collection ... ok
[INFO] [stdout] test import::postman::tests::postman_variables_pass_through_unchanged ... ok
[INFO] [stdout] test import::tests::splits_query_string_and_decodes_escapes ... ok
[INFO] [stdout] test import::tests::read_source_passes_through_pasted_text ... ok
[INFO] [stdout] test import::tests::read_source_rejects_blank_input ... ok
[INFO] [stdout] test import::tests::splits_query_handles_plus_and_valueless_keys ... ok
[INFO] [stdout] test import::tests::empty_input_is_rejected ... ok
[INFO] [stdout] test import::tests::unrecognised_json_is_rejected ... ok
[INFO] [stdout] test import::tests::url_without_query_is_untouched ... ok
[INFO] [stdout] test kv::tests::coerces_scalars_in_the_sequence_form_too ... ok
[INFO] [stdout] test kv::tests::disabled_rows_are_excluded_from_the_wire_view ... ok
[INFO] [stdout] test kv::tests::accepts_the_legacy_mapping_form ... ok
[INFO] [stdout] test kv::tests::empty_and_null_inputs_produce_no_rows ... ok
[INFO] [stdout] test kv::tests::coerces_non_string_scalars ... ok
[INFO] [stdout] test kv::tests::lookup_is_case_insensitive ... ok
[INFO] [stdout] test kv::tests::enabled_flag_only_appears_when_false ... ok
[INFO] [stdout] test kv::tests::preserves_duplicate_keys ... ok
[INFO] [stdout] test kv::tests::round_trips_as_a_sequence ... ok
[INFO] [stdout] test history::tests::survives_a_reopen ... ok
[INFO] [stdout] test kv::tests::set_replaces_every_matching_row ... ok
[INFO] [stdout] test engine::tests::auth_does_not_mutate_the_stored_request ... ok
[INFO] [stdout] test storage::tests::a_damaged_collection_file_is_still_an_error ... ok
[INFO] [stdout] test runner::tests::selectors_match_id_exactly_and_name_case_insensitively ... ok
[INFO] [stdout] test storage::tests::a_gitignore_that_already_covers_secrets_is_left_alone ... ok
[INFO] [stdout] test storage::tests::a_workspace_without_a_secrets_file_loads_fine ... ok
[INFO] [stdout] test storage::tests::a_second_save_with_no_edits_is_byte_identical ... ok
[INFO] [stdout] test storage::tests::bad_yaml_error_includes_filename ... ok
[INFO] [stdout] test storage::tests::collection_round_trip ... ok
[INFO] [stdout] test storage::tests::collection_yaml_format_is_stable ... ok
[INFO] [stdout] test storage::tests::an_existing_gitignore_is_preserved ... ok
[INFO] [stdout] test storage::tests::delete_missing_collection_is_ok ... ok
[INFO] [stdout] test storage::tests::delete_collection_removes_the_file ... ok
[INFO] [stdout] test storage::tests::environments_file_not_loaded_as_collection ... ok
[INFO] [stdout] test storage::tests::legacy_mapping_format_still_loads ... ok
[INFO] [stdout] test storage::tests::load_environments_bootstraps_default_when_file_absent ... ok
[INFO] [stdout] test storage::tests::missing_workspace_created_on_load ... ok
[INFO] [stdout] test import::tests::read_source_reads_an_existing_file ... ok
[INFO] [stdout] test storage::tests::multiple_collections_loaded_in_name_order ... ok
[INFO] [stdout] test storage::tests::non_collection_yaml_files_are_skipped ... ok
[INFO] [stdout] test storage::tests::non_yaml_files_are_ignored ... ok
[INFO] [stdout] test storage::tests::environment_round_trip ... ok
[INFO] [stdout] test storage::tests::multiple_environments_round_trip ... ok
[INFO] [stdout] test import::curl::tests::duplicate_headers_are_all_kept ... ok
[INFO] [stdout] test storage::tests::re_saving_environments_is_byte_identical ... ok
[INFO] [stdout] test storage::tests::save_collection_upserts_by_id ... ok
[INFO] [stdout] test engine::tests::form_fields_are_interpolated ... ok
[INFO] [stdout] test storage::tests::saving_migrates_legacy_format_in_place ... ok
[INFO] [stdout] test storage::tests::rename_does_not_orphan_the_file ... ok
[INFO] [stdout] test storage::tests::removing_every_secret_deletes_the_file ... ok
[INFO] [stdout] test engine::tests::multipart_body_uses_a_multipart_content_type ... ok
[INFO] [stdout] test engine::tests::execute_skips_disabled_and_blank_rows ... ok
[INFO] [stdout] test storage::tests::opening_history_gitignores_the_database ... ok
[INFO] [stdout] test engine::tests::json_body_sets_the_content_type ... ok
[INFO] [stdout] test tests::a_request_can_opt_out_of_inherited_auth ... ok
[INFO] [stdout] test tests::a_requests_own_auth_wins ... ok
[INFO] [stdout] test tests::a_request_inherits_the_collections_auth ... ok
[INFO] [stdout] test storage::tests::secrets_never_appear_in_environments_yaml ... ok
[INFO] [stdout] test storage::tests::storing_a_secret_writes_a_gitignore ... ok
[INFO] [stdout] test storage::tests::to_filename_sanitises_special_chars ... ok
[INFO] [stdout] test storage::tests::secrets_are_merged_back_on_load ... ok
[INFO] [stdout] test storage::tests::secrets_are_keyed_by_environment ... ok
[INFO] [stdout] test tests::environment_serialisation_omits_secrets_entirely ... ok
[INFO] [stdout] test tests::request_def_parses_without_optional_fields ... ok
[INFO] [stdout] test tests::request_def_yaml_round_trip ... ok
[INFO] [stdout] test tests::method_parses_case_insensitively_and_defaults_to_get ... ok
[INFO] [stdout] test tests::no_auth_anywhere_resolves_to_nothing ... ok
[INFO] [stdout] test tests::editing_one_field_changes_exactly_one_line ... ok
[INFO] [stdout] test tests::method_cycles_forwards_and_backwards ... ok
[INFO] [stdout] test tests::only_payload_methods_allow_a_body ... ok
[INFO] [stdout] test engine::tests::json_body_does_not_override_an_explicit_content_type ... ok
[INFO] [stdout] test tests::collection_serialisation_is_idempotent ... ok
[INFO] [stdout] test tree::tests::finds_a_request_by_id_at_any_depth ... ok
[INFO] [stdout] test tests::response_payload_duration_round_trip ... ok
[INFO] [stdout] test tree::tests::removes_a_request_by_id_from_a_nested_folder ... ok
[INFO] [stdout] test runner::tests::runs_in_tree_order_and_counts_outcomes ... ok
[INFO] [stdout] test tests::secrets_shadow_variables_of_the_same_name ... ok
[INFO] [stdout] test tests::unique_id_falls_back_for_empty_names ... ok
[INFO] [stdout] test tree::tests::resolves_requests_inside_nested_folders ... ok
[INFO] [stdout] test tests::unique_id_is_unique_within_a_millisecond ... ok
[INFO] [stdout] test tree::tests::walk_reports_recursive_request_counts_on_folders ... ok
[INFO] [stdout] test tests::unique_id_slugifies_the_name ... ok
[INFO] [stdout] test tree::tests::walk_yields_folders_before_their_contents_in_render_order ... ok
[INFO] [stdout] test tree::tests::requests_at_mut_can_push_into_a_folder ... ok
[INFO] [stdout] test tree::tests::resolves_a_top_level_request ... ok
[INFO] [stdout] test tree::tests::mutating_through_a_path_reaches_the_right_request ... ok
[INFO] [stdout] test tests::http_method_serialises_as_uppercase ... ok
[INFO] [stdout] test tree::tests::folder_at_addresses_folders_not_the_collection ... ok
[INFO] [stdout] test tree::tests::total_counts_every_request_at_any_depth ... ok
[INFO] [stdout] test runner::tests::the_filter_selects_one_request ... ok
[INFO] [stdout] test engine::tests::execute_times_out ... ok
[INFO] [stdout] test runner::tests::a_capture_feeds_the_next_request_in_memory ... ok
[INFO] [stdout] test runner::tests::a_transport_error_is_a_failure_not_a_panic ... ok
[INFO] [stdout] test runner::tests::assert_rules_replace_the_default_status_rule ... ok
[INFO] [stdout] test history::tests::record_prunes_to_the_cap ... ok
[INFO] [stdout] 
[INFO] [stdout] test result: ok. 201 passed; 0 failed; 1 ignored; 0 measured; 0 filtered out; finished in 0.89s
[INFO] [stdout] 
[INFO] [stderr]      Running tests/sample_workspace.rs (/opt/rustwide/target/release/deps/sample_workspace-bdc8d2d58245b6b1)
[INFO] [stdout] 
[INFO] [stdout] running 3 tests
[INFO] [stdout] test sample_environments_parse ... ok
[INFO] [stdout] test sample_workspace_is_canonical ... ok
[INFO] [stdout] test sample_collections_parse ... FAILED
[INFO] [stdout] 
[INFO] [stdout] failures:
[INFO] [stdout] 
[INFO] [stdout] ---- sample_collections_parse stdout ----
[INFO] [stdout] 
[INFO] [stdout] thread 'sample_collections_parse' (3383) panicked at tests/sample_workspace.rs:67:5:
[INFO] [stdout] the sample workspace should ship at least one collection
[INFO] [stdout] stack backtrace:
[INFO] [stdout]    0:     0x5679076be3c1 - <<std[70759c8f55707aa4]::sys::backtrace::BacktraceLock>::print::DisplayBacktrace as core[df12db4294e9bfd3]::fmt::Display>::fmt
[INFO] [stdout]    1:     0x5679076d424a - core[df12db4294e9bfd3]::fmt::write
[INFO] [stdout]    2:     0x5679076c2b4c - <alloc[2182bb758b4b3781]::vec::Vec<u8> as core[df12db4294e9bfd3]::io::write::Write>::write_fmt
[INFO] [stdout]    3:     0x567907697e36 - std[70759c8f55707aa4]::panicking::default_hook::{closure#0}
[INFO] [stdout]    4:     0x5679076b4ec9 - std[70759c8f55707aa4]::panicking::default_hook
[INFO] [stdout]    5:     0x5679075fb590 - test[9d35eded1c95d3be]::test_main_inner::<test[9d35eded1c95d3be]::test_main_static::{closure#0}>::{closure#0}
[INFO] [stdout]    6:     0x5679076b5082 - std[70759c8f55707aa4]::panicking::panic_with_hook
[INFO] [stdout]    7:     0x567907697f14 - std[70759c8f55707aa4]::panicking::panic_handler::{closure#0}
[INFO] [stdout]    8:     0x567907690919 - std[70759c8f55707aa4]::sys::backtrace::__rust_end_short_backtrace::<std[70759c8f55707aa4]::panicking::panic_handler::{closure#0}, !>
[INFO] [stdout]    9:     0x567907698add - __rustc[8fa7c3cbc660c2b3]::rust_begin_unwind
[INFO] [stdout]   10:     0x5679076d497c - core[df12db4294e9bfd3]::panicking::panic_fmt
[INFO] [stdout]   11:     0x5679075ec03b - <sample_workspace[2f45fff660fa3a95]::sample_collections_parse::{closure#0} as core[df12db4294e9bfd3]::ops::function::FnOnce<()>>::call_once
[INFO] [stdout]   12:     0x5679075ee87b - test[9d35eded1c95d3be]::__rust_begin_short_backtrace::<core[df12db4294e9bfd3]::result::Result<(), alloc[2182bb758b4b3781]::string::String>, fn() -> core[df12db4294e9bfd3]::result::Result<(), alloc[2182bb758b4b3781]::string::String>>
[INFO] [stdout]   13:     0x5679075fbee5 - test[9d35eded1c95d3be]::run_test::{closure#0}
[INFO] [stdout]   14:     0x5679075f57a4 - std[70759c8f55707aa4]::sys::backtrace::__rust_begin_short_backtrace::<test[9d35eded1c95d3be]::run_test::{closure#1}, ()>
[INFO] [stdout]   15:     0x5679075ff042 - <std[70759c8f55707aa4]::thread::lifecycle::spawn_unchecked<test[9d35eded1c95d3be]::run_test::{closure#1}, ()>::{closure#1} as core[df12db4294e9bfd3]::ops::function::FnOnce<()>>::call_once::{shim:vtable#0}
[INFO] [stdout]   16:     0x5679076bd679 - <std[70759c8f55707aa4]::sys::thread::unix::Thread>::new::thread_start
[INFO] [stdout]   17:     0x7e6b766d4dfa - <unknown>
[INFO] [stdout]   18:     0x7e6b767683d4 - clone
[INFO] [stdout]   19:                0x0 - <unknown>
[INFO] [stdout] 
[INFO] [stdout] 
[INFO] [stdout] failures:
[INFO] [stdout]     sample_collections_parse
[INFO] [stdout] 
[INFO] [stdout] test result: FAILED. 2 passed; 1 failed; 0 ignored; 0 measured; 0 filtered out; finished in 0.00s
[INFO] [stdout] 
[INFO] [stderr] error: test failed, to rerun pass `--test sample_workspace`
[INFO] running `Command { std: "docker" "inspect" "b63a1ff26380e210d6081d301573df7dcba29fe94f2ec108009979838e44b5fd", kill_on_drop: false }`
[INFO] running `Command { std: "docker" "rm" "-f" "b63a1ff26380e210d6081d301573df7dcba29fe94f2ec108009979838e44b5fd", kill_on_drop: false }`
[INFO] [stdout] b63a1ff26380e210d6081d301573df7dcba29fe94f2ec108009979838e44b5fd
