[INFO] fetching crate curl-http-client 2.9.0...
[INFO] testing curl-http-client-2.9.0 against 1.100.0-beta.1+cargoflags=--release for beta-release-1.100-2
[INFO] extracting crate curl-http-client 2.9.0 into /workspace/builds/worker-5-tc2/source
[INFO] started tweaking crates.io crate curl-http-client 2.9.0
[INFO] removed 0 missing examples
[INFO] finished tweaking crates.io crate curl-http-client 2.9.0
[INFO] tweaked toml for crates.io crate curl-http-client 2.9.0 written to /workspace/builds/worker-5-tc2/source/Cargo.toml
[INFO] validating manifest of crates.io crate curl-http-client 2.9.0 on toolchain 1.100.0-beta.1
[INFO] running `Command { std: CARGO_HOME="/workspace/cargo-home" RUSTUP_HOME="/workspace/rustup-home" "/workspace/cargo-home/bin/cargo" "+1.100.0-beta.1" "metadata" "--manifest-path" "Cargo.toml" "--no-deps", kill_on_drop: false }`
[INFO] crate crates.io crate curl-http-client 2.9.0 already has a lockfile, it will not be regenerated
[INFO] running `Command { std: CARGO_HOME="/workspace/cargo-home" RUSTUP_HOME="/workspace/rustup-home" "/workspace/cargo-home/bin/cargo" "+1.100.0-beta.1" "fetch" "--manifest-path" "Cargo.toml", kill_on_drop: false }`
[INFO] [stderr] warning: `package.homepage` is redundant with `package.repository`
[INFO] [stderr]   --> Cargo.toml:76:12
[INFO] [stderr]    |
[INFO] [stderr] 76 | homepage = "https://github.com/LorenzoLeonardo/curl-http-client"
[INFO] [stderr]    |            ^^^^^^^^^^^^^^^^^^^^^^^^^^^^^^^^^^^^^^^^^^^^^^^^^^^^^
[INFO] [stderr] ...
[INFO] [stderr] 80 | repository = "https://github.com/LorenzoLeonardo/curl-http-client"
[INFO] [stderr]    |              -----------------------------------------------------
[INFO] [stderr]    |
[INFO] [stderr]    = note: `cargo::redundant_homepage` is set to `warn` by default
[INFO] [stderr] help: consider removing `package.homepage`
[INFO] [stderr] warning: `curl-http-client` (manifest) generated 1 warning
[INFO] running `Command { std: "docker" "create" "-v" "/var/lib/crater-agent-workspace/builds/worker-5-tc2/source:/opt/rustwide/workdir:ro,Z" "-v" "/var/lib/crater-agent-workspace/builds/worker-5-tc2/target:/opt/rustwide/target:rw,Z" "-v" "/var/lib/crater-agent-workspace/cargo-home:/opt/rustwide/cargo-home:ro,Z" "-v" "/var/lib/crater-agent-workspace/rustup-home:/opt/rustwide/rustup-home:ro,Z" "-m" "1610612736" "--network" "none" "ghcr.io/rust-lang/crates-build-env/linux@sha256:77db811e55d90add9212f6832c23229e3de5f1c1f9905e8cb07319ea15df73ac" "sleep" "infinity", kill_on_drop: false }`
[INFO] [stdout] 30fc49b5a929176b28add11578d1b76edc3c7f30884a880cd3d0520c2289f23e
[INFO] running `Command { std: "docker" "start" "30fc49b5a929176b28add11578d1b76edc3c7f30884a880cd3d0520c2289f23e", kill_on_drop: false }`
[INFO] running `Command { std: "docker" "inspect" "30fc49b5a929176b28add11578d1b76edc3c7f30884a880cd3d0520c2289f23e", kill_on_drop: false }`
[INFO] running `Command { std: "docker" "exec" "-e" "SOURCE_DIR=/opt/rustwide/workdir" "-e" "CARGO_HOME=/opt/rustwide/cargo-home" "-e" "RUSTUP_HOME=/opt/rustwide/rustup-home" "-e" "CARGO_TARGET_DIR=/opt/rustwide/target" "-w" "/opt/rustwide/workdir" "--user" "0:0" "30fc49b5a929176b28add11578d1b76edc3c7f30884a880cd3d0520c2289f23e" "/opt/rustwide/cargo-home/bin/cargo" "+1.100.0-beta.1" "metadata" "--no-deps" "--format-version=1", kill_on_drop: false }`
[INFO] running `Command { std: "docker" "inspect" "30fc49b5a929176b28add11578d1b76edc3c7f30884a880cd3d0520c2289f23e", kill_on_drop: false }`
[INFO] running `Command { std: "docker" "exec" "-e" "SOURCE_DIR=/opt/rustwide/workdir" "-e" "CARGO_HOME=/opt/rustwide/cargo-home" "-e" "RUSTUP_HOME=/opt/rustwide/rustup-home" "-e" "CARGO_TARGET_DIR=/opt/rustwide/target" "-e" "CARGO_INCREMENTAL=0" "-e" "RUST_BACKTRACE=full" "-e" "RUSTFLAGS=--cap-lints=warn" "-e" "RUSTDOCFLAGS=--cap-lints=warn" "-w" "/opt/rustwide/workdir" "--user" "0:0" "30fc49b5a929176b28add11578d1b76edc3c7f30884a880cd3d0520c2289f23e" "/opt/rustwide/cargo-home/bin/cargo" "+1.100.0-beta.1" "build" "--frozen" "--message-format=json" "--release", kill_on_drop: false }`
[INFO] [stderr] warning: `package.homepage` is redundant with `package.repository`
[INFO] [stderr]   --> Cargo.toml:76:12
[INFO] [stderr]    |
[INFO] [stderr] 76 | homepage = "https://github.com/LorenzoLeonardo/curl-http-client"
[INFO] [stderr]    |            ^^^^^^^^^^^^^^^^^^^^^^^^^^^^^^^^^^^^^^^^^^^^^^^^^^^^^
[INFO] [stderr] ...
[INFO] [stderr] 80 | repository = "https://github.com/LorenzoLeonardo/curl-http-client"
[INFO] [stderr]    |              -----------------------------------------------------
[INFO] [stderr]    |
[INFO] [stderr]    = note: `cargo::redundant_homepage` is set to `warn` by default
[INFO] [stderr] help: consider removing `package.homepage`
[INFO] [stderr] warning: `curl-http-client` (manifest) generated 1 warning
[INFO] [stderr]    Compiling quote v1.0.46
[INFO] [stderr]    Compiling writeable v0.6.3
[INFO] [stderr]    Compiling litemap v0.8.2
[INFO] [stderr]    Compiling icu_normalizer_data v2.2.0
[INFO] [stderr]    Compiling icu_properties_data v2.2.0
[INFO] [stderr]    Compiling smallvec v1.15.2
[INFO] [stderr]    Compiling curl v0.4.50
[INFO] [stderr]    Compiling syn v1.0.109
[INFO] [stderr]    Compiling cc v1.2.65
[INFO] [stderr]    Compiling openssl-probe v0.1.6
[INFO] [stderr]    Compiling percent-encoding v2.3.2
[INFO] [stderr]    Compiling bytes v1.12.0
[INFO] [stderr]    Compiling log v0.4.33
[INFO] [stderr]    Compiling socket2 v0.6.4
[INFO] [stderr]    Compiling form_urlencoded v1.2.2
[INFO] [stderr]    Compiling syn v2.0.118
[INFO] [stderr]    Compiling http v1.4.2
[INFO] [stderr]    Compiling libz-sys v1.1.29
[INFO] [stderr]    Compiling openssl-sys v0.9.117
[INFO] [stderr]    Compiling curl-sys v0.4.89+curl-8.20.0
[INFO] [stderr]    Compiling derive-deref-rs v0.1.1
[INFO] [stderr]    Compiling synstructure v0.13.2
[INFO] [stderr]    Compiling zerofrom-derive v0.1.7
[INFO] [stderr]    Compiling yoke-derive v0.8.2
[INFO] [stderr]    Compiling zerovec-derive v0.11.3
[INFO] [stderr]    Compiling displaydoc v0.2.6
[INFO] [stderr]    Compiling tokio-macros v2.7.0
[INFO] [stderr]    Compiling async-trait v0.1.89
[INFO] [stderr]    Compiling tokio v1.52.3
[INFO] [stderr]    Compiling zerofrom v0.1.8
[INFO] [stderr]    Compiling yoke v0.8.3
[INFO] [stderr]    Compiling zerovec v0.11.6
[INFO] [stderr]    Compiling zerotrie v0.2.4
[INFO] [stderr]    Compiling tinystr v0.8.3
[INFO] [stderr]    Compiling potential_utf v0.1.5
[INFO] [stderr]    Compiling icu_collections v2.2.0
[INFO] [stderr]    Compiling icu_locale_core v2.2.0
[INFO] [stderr]    Compiling icu_provider v2.2.0
[INFO] [stderr]    Compiling icu_properties v2.2.0
[INFO] [stderr]    Compiling icu_normalizer v2.2.0
[INFO] [stderr]    Compiling async-curl v0.9.0
[INFO] [stderr]    Compiling idna_adapter v1.2.2
[INFO] [stderr]    Compiling idna v1.1.0
[INFO] [stderr]    Compiling url v2.5.8
[INFO] [stderr]    Compiling curl-http-client v2.9.0 (/opt/rustwide/workdir)
[INFO] [stderr]     Finished `release` profile [optimized] target(s) in 20.36s
[INFO] running `Command { std: "docker" "inspect" "30fc49b5a929176b28add11578d1b76edc3c7f30884a880cd3d0520c2289f23e", kill_on_drop: false }`
[INFO] running `Command { std: "docker" "exec" "-e" "SOURCE_DIR=/opt/rustwide/workdir" "-e" "CARGO_HOME=/opt/rustwide/cargo-home" "-e" "RUSTUP_HOME=/opt/rustwide/rustup-home" "-e" "CARGO_TARGET_DIR=/opt/rustwide/target" "-e" "CARGO_INCREMENTAL=0" "-e" "RUST_BACKTRACE=full" "-e" "RUSTFLAGS=--cap-lints=warn" "-e" "RUSTDOCFLAGS=--cap-lints=warn" "-w" "/opt/rustwide/workdir" "--user" "0:0" "30fc49b5a929176b28add11578d1b76edc3c7f30884a880cd3d0520c2289f23e" "/opt/rustwide/cargo-home/bin/cargo" "+1.100.0-beta.1" "test" "--frozen" "--no-run" "--message-format=json" "--release", kill_on_drop: false }`
[INFO] [stderr] warning: `package.homepage` is redundant with `package.repository`
[INFO] [stderr]   --> Cargo.toml:76:12
[INFO] [stderr]    |
[INFO] [stderr] 76 | homepage = "https://github.com/LorenzoLeonardo/curl-http-client"
[INFO] [stderr]    |            ^^^^^^^^^^^^^^^^^^^^^^^^^^^^^^^^^^^^^^^^^^^^^^^^^^^^^
[INFO] [stderr] ...
[INFO] [stderr] 80 | repository = "https://github.com/LorenzoLeonardo/curl-http-client"
[INFO] [stderr]    |              -----------------------------------------------------
[INFO] [stderr]    |
[INFO] [stderr]    = note: `cargo::redundant_homepage` is set to `warn` by default
[INFO] [stderr] help: consider removing `package.homepage`
[INFO] [stderr] warning: `curl-http-client` (manifest) generated 1 warning
[INFO] [stderr]    Compiling futures-core v0.3.32
[INFO] [stderr]    Compiling futures-sink v0.3.32
[INFO] [stderr]    Compiling memchr v2.8.2
[INFO] [stderr]    Compiling smallvec v1.15.2
[INFO] [stderr]    Compiling socket2 v0.6.4
[INFO] [stderr]    Compiling mio v1.2.1
[INFO] [stderr]    Compiling hashbrown v0.17.1
[INFO] [stderr]    Compiling tracing v0.1.44
[INFO] [stderr]    Compiling http-body v1.0.1
[INFO] [stderr]    Compiling futures-macro v0.3.32
[INFO] [stderr]    Compiling serde_json v1.0.150
[INFO] [stderr]    Compiling futures-io v0.3.32
[INFO] [stderr]    Compiling httparse v1.10.1
[INFO] [stderr]    Compiling regex-syntax v0.8.11
[INFO] [stderr]    Compiling cfg-if v1.0.4
[INFO] [stderr]    Compiling serde v1.0.228
[INFO] [stderr]    Compiling test-case-core v3.3.1
[INFO] [stderr]    Compiling futures-channel v0.3.32
[INFO] [stderr]    Compiling num_cpus v1.17.0
[INFO] [stderr]    Compiling bitflags v2.13.0
[INFO] [stderr]    Compiling deadpool-runtime v0.1.4
[INFO] [stderr]    Compiling getrandom v0.4.3
[INFO] [stderr]    Compiling http-body-util v0.1.3
[INFO] [stderr]    Compiling icu_normalizer v2.2.0
[INFO] [stderr]    Compiling rustix v1.1.4
[INFO] [stderr]    Compiling idna_adapter v1.2.2
[INFO] [stderr]    Compiling tokio v1.52.3
[INFO] [stderr]    Compiling curl v0.4.50
[INFO] [stderr]    Compiling idna v1.1.0
[INFO] [stderr]    Compiling aho-corasick v1.1.4
[INFO] [stderr]    Compiling futures-util v0.3.32
[INFO] [stderr]    Compiling indexmap v2.14.0
[INFO] [stderr]    Compiling url v2.5.8
[INFO] [stderr]    Compiling test-case-macros v3.3.1
[INFO] [stderr]    Compiling test-case v3.3.1
[INFO] [stderr]    Compiling assert-json-diff v2.0.2
[INFO] [stderr]    Compiling tempfile v3.27.0
[INFO] [stderr]    Compiling regex-automata v0.4.14
[INFO] [stderr]    Compiling futures-executor v0.3.32
[INFO] [stderr]    Compiling futures v0.3.32
[INFO] [stderr]    Compiling tokio-util v0.7.18
[INFO] [stderr]    Compiling deadpool v0.12.3
[INFO] [stderr]    Compiling async-curl v0.9.0
[INFO] [stderr]    Compiling regex v1.12.4
[INFO] [stderr]    Compiling curl-http-client v2.9.0 (/opt/rustwide/workdir)
[INFO] [stderr]    Compiling h2 v0.4.15
[INFO] [stderr]    Compiling hyper v1.10.1
[INFO] [stderr]    Compiling hyper-util v0.1.20
[INFO] [stderr]    Compiling wiremock v0.6.5
[INFO] [stderr]     Finished `release` profile [optimized] target(s) in 1m 18s
[INFO] running `Command { std: "docker" "inspect" "30fc49b5a929176b28add11578d1b76edc3c7f30884a880cd3d0520c2289f23e", kill_on_drop: false }`
[INFO] running `Command { std: "docker" "exec" "-e" "SOURCE_DIR=/opt/rustwide/workdir" "-e" "CARGO_HOME=/opt/rustwide/cargo-home" "-e" "RUSTUP_HOME=/opt/rustwide/rustup-home" "-e" "CARGO_TARGET_DIR=/opt/rustwide/target" "-e" "CARGO_INCREMENTAL=0" "-e" "RUST_BACKTRACE=full" "-e" "RUSTFLAGS=--cap-lints=warn" "-e" "RUSTDOCFLAGS=--cap-lints=warn" "-w" "/opt/rustwide/workdir" "--user" "0:0" "30fc49b5a929176b28add11578d1b76edc3c7f30884a880cd3d0520c2289f23e" "/opt/rustwide/cargo-home/bin/cargo" "+1.100.0-beta.1" "test" "--frozen" "--release", kill_on_drop: false }`
[INFO] [stderr] warning: `package.homepage` is redundant with `package.repository`
[INFO] [stderr]   --> Cargo.toml:76:12
[INFO] [stderr]    |
[INFO] [stderr] 76 | homepage = "https://github.com/LorenzoLeonardo/curl-http-client"
[INFO] [stderr]    |            ^^^^^^^^^^^^^^^^^^^^^^^^^^^^^^^^^^^^^^^^^^^^^^^^^^^^^
[INFO] [stderr] ...
[INFO] [stderr] 80 | repository = "https://github.com/LorenzoLeonardo/curl-http-client"
[INFO] [stderr]    |              -----------------------------------------------------
[INFO] [stderr]    |
[INFO] [stderr]    = note: `cargo::redundant_homepage` is set to `warn` by default
[INFO] [stderr] help: consider removing `package.homepage`
[INFO] [stderr] warning: `curl-http-client` (manifest) generated 1 warning
[INFO] [stderr]     Finished `release` profile [optimized] target(s) in 0.23s
[INFO] [stderr]      Running unittests src/lib.rs (/opt/rustwide/target/release/build/curl-http-client/47041256d7625cb0/out/curl_http_client-47041256d7625cb0)
[INFO] [stdout] 
[INFO] [stdout] running 34 tests
[INFO] [stdout] test test::cancel::test_download_was_not_cancelled ... FAILED
[INFO] [stdout] test test::get::test_get_with_headers ... FAILED
[INFO] [stdout] test test::download::test_resume_download::offset_max_bytes ... FAILED
[INFO] [stdout] test test::get::test_get_sync ... FAILED
[INFO] [stdout] test test::headers::test_with_complete_headers_ram_and_header_sync ... FAILED
[INFO] [stdout] test test::download::test_resume_download::offset_0_bytes ... FAILED
[INFO] [stdout] test test::headers::test_with_complete_headers_file ... FAILED
[INFO] [stdout] test test::post::test_post_async_not_option_empty_string ... FAILED
[INFO] [stdout] test test::post::test_post_none ... FAILED
[INFO] [stdout] test test::download::test_download_with_transfer_speed_sender ... FAILED
[INFO] [stdout] test test::download::test_download ... FAILED
[INFO] [stdout] test test::download::test_download_with_speed_control ... FAILED
[INFO] [stdout] test test::post::test_post_sync_not_option_empty_string ... FAILED
[INFO] [stdout] test test::asynchronous::test_across_multiple_threads_using_easy2 ... FAILED
[INFO] [stdout] test test::post::test_post_with_headers ... FAILED
[INFO] [stdout] test test::download::test_download_with_headers ... FAILED
[INFO] [stdout] test test::upload::test_upload_sync ... FAILED
[INFO] [stdout] test test::asynchronous::test_across_multiple_threads_using_multi ... FAILED
[INFO] [stdout] test test::headers::test_with_complete_headers_file_and_headers ... FAILED
[INFO] [stdout] test test::upload::test_upload_with_transfer_speed_sender ... FAILED
[INFO] [stdout] test test::download::test_resume_download::offset_4500_bytes ... FAILED
[INFO] [stdout] test test::post::test_post ... FAILED
[INFO] [stdout] test test::headers::test_with_complete_headers_ram ... FAILED
[INFO] [stdout] test test::get::test_get ... FAILED
[INFO] [stdout] test test::post::test_post_sync ... FAILED
[INFO] [stdout] test test::post::test_post_async_not_option ... FAILED
[INFO] [stdout] test test::post::test_post_sync_not_option ... FAILED
[INFO] [stdout] test test::cancel::test_download_was_cancelled ... FAILED
[INFO] [stdout] test test::upload::test_upload ... FAILED
[INFO] [stdout] test test::headers::test_with_complete_headers_ram_and_header ... FAILED
[INFO] [stdout] test test::streaming::test_streaming ... FAILED
[INFO] [stdout] test test::upload::test_upload_with_headers ... FAILED
[INFO] [stdout] test test::upload::test_upload_with_speed_control ... FAILED
[INFO] [stdout] test test::post::test_post_none_no_option ... FAILED
[INFO] [stdout] 
[INFO] [stdout] failures:
[INFO] [stdout] 
[INFO] [stdout] ---- test::cancel::test_download_was_not_cancelled stdout ----
[INFO] [stdout] 
[INFO] [stdout] thread 'test::cancel::test_download_was_not_cancelled' (2304) panicked at src/test/test_setup.rs:124:57:
[INFO] [stdout] called `Result::unwrap()` on an `Err` value: Custom { kind: ReadOnlyFilesystem, error: PathError { path: "/opt/rustwide/workdir/./testwAsGzX", err: Os { code: 30, kind: ReadOnlyFilesystem, message: "Read-only file system" } } }
[INFO] [stdout] stack backtrace:
[INFO] [stdout]    0:     0x61fc40cffa21 - <<std[617be2ca0a6fd877]::sys::backtrace::BacktraceLock>::print::DisplayBacktrace as core[a373ad73a504971]::fmt::Display>::fmt
[INFO] [stdout]    1:     0x61fc40d1656a - core[a373ad73a504971]::fmt::write
[INFO] [stdout]    2:     0x61fc40d0474c - <alloc[2e1b2a31b91974c5]::vec::Vec<u8> as core[a373ad73a504971]::io::write::Write>::write_fmt
[INFO] [stdout]    3:     0x61fc40cd8fd6 - std[617be2ca0a6fd877]::panicking::default_hook::{closure#0}
[INFO] [stdout]    4:     0x61fc40cf6c19 - std[617be2ca0a6fd877]::panicking::default_hook
[INFO] [stdout]    5:     0x61fc40bf2790 - test[aada8e7e76ba119b]::test_main_inner::{closure#0}
[INFO] [stdout]    6:     0x61fc40cf6f42 - std[617be2ca0a6fd877]::panicking::panic_with_hook
[INFO] [stdout]    7:     0x61fc40cd9082 - std[617be2ca0a6fd877]::panicking::panic_handler::{closure#0}
[INFO] [stdout]    8:     0x61fc40cd1a09 - std[617be2ca0a6fd877]::sys::backtrace::__rust_end_short_backtrace::<std[617be2ca0a6fd877]::panicking::panic_handler::{closure#0}, !>
[INFO] [stdout]    9:     0x61fc40cd9e7d - __rustc[ea4f61d10b84890b]::rust_begin_unwind
[INFO] [stdout]   10:     0x61fc40d16ccc - core[a373ad73a504971]::panicking::panic_fmt
[INFO] [stdout]   11:     0x61fc40d16aa2 - core[a373ad73a504971]::result::unwrap_failed
[INFO] [stdout]   12:     0x61fc40b54dfa - curl_http_client[2e335a6b10cf46fb]::test::test_setup::setup_test_environment::{closure#0}
[INFO] [stdout]   13:     0x61fc40b5652e - curl_http_client[2e335a6b10cf46fb]::test::cancel::test_download_was_not_cancelled::{closure#0}
[INFO] [stdout]   14:     0x61fc40bbbd43 - <tokio[37ebd56d747bfb5c]::runtime::scheduler::current_thread::Context>::enter::<core[a373ad73a504971]::task::poll::Poll<()>, <tokio[37ebd56d747bfb5c]::runtime::scheduler::current_thread::CoreGuard>::block_on<core[a373ad73a504971]::pin::Pin<&mut core[a373ad73a504971]::pin::Pin<&mut dyn core[a373ad73a504971]::future::future::Future<Output = ()>>>>::{closure#0}::{closure#0}>
[INFO] [stdout]   15:     0x61fc40b5abac - <tokio[37ebd56d747bfb5c]::runtime::context::scoped::Scoped<tokio[37ebd56d747bfb5c]::runtime::scheduler::Context>>::set::<<tokio[37ebd56d747bfb5c]::runtime::scheduler::current_thread::CoreGuard>::enter<<tokio[37ebd56d747bfb5c]::runtime::scheduler::current_thread::CoreGuard>::block_on<core[a373ad73a504971]::pin::Pin<&mut core[a373ad73a504971]::pin::Pin<&mut dyn core[a373ad73a504971]::future::future::Future<Output = ()>>>>::{closure#0}, core[a373ad73a504971]::option::Option<()>>::{closure#0}, (alloc[2e1b2a31b91974c5]::boxed::Box<tokio[37ebd56d747bfb5c]::runtime::scheduler::current_thread::Core>, core[a373ad73a504971]::option::Option<()>)>
[INFO] [stdout]   16:     0x61fc40bbaa45 - <tokio[37ebd56d747bfb5c]::runtime::scheduler::current_thread::CurrentThread>::block_on::<core[a373ad73a504971]::pin::Pin<&mut dyn core[a373ad73a504971]::future::future::Future<Output = ()>>>
[INFO] [stdout]   17:     0x61fc40ba8322 - <tokio[37ebd56d747bfb5c]::runtime::runtime::Runtime>::block_on::<core[a373ad73a504971]::pin::Pin<&mut dyn core[a373ad73a504971]::future::future::Future<Output = ()>>>
[INFO] [stdout]   18:     0x61fc40b5a9ae - <curl_http_client[2e335a6b10cf46fb]::test::cancel::test_download_was_not_cancelled::{closure#0} as core[a373ad73a504971]::ops::function::FnOnce<()>>::call_once
[INFO] [stdout]   19:     0x61fc40be5bdb - test[aada8e7e76ba119b]::__rust_begin_short_backtrace::<core[a373ad73a504971]::result::Result<(), alloc[2e1b2a31b91974c5]::string::String>, fn() -> core[a373ad73a504971]::result::Result<(), alloc[2e1b2a31b91974c5]::string::String>>
[INFO] [stdout]   20:     0x61fc40bf2db5 - test[aada8e7e76ba119b]::run_test::{closure#0}
[INFO] [stdout]   21:     0x61fc40bec6a4 - std[617be2ca0a6fd877]::sys::backtrace::__rust_begin_short_backtrace::<test[aada8e7e76ba119b]::run_test::{closure#1}, ()>
[INFO] [stdout]   22:     0x61fc40bf5e42 - <std[617be2ca0a6fd877]::thread::lifecycle::spawn_unchecked<test[aada8e7e76ba119b]::run_test::{closure#1}, ()>::{closure#1} as core[a373ad73a504971]::ops::function::FnOnce<()>>::call_once::{shim:vtable#0}
[INFO] [stdout]   23:     0x61fc40cfe78f - <std[617be2ca0a6fd877]::sys::thread::unix::Thread>::new::thread_start
[INFO] [stdout]   24:     0x72a33ce84dfa - <unknown>
[INFO] [stdout]   25:     0x72a33cf183d4 - clone
[INFO] [stdout]   26:                0x0 - <unknown>
[INFO] [stdout] 
[INFO] [stdout] ---- test::get::test_get_with_headers stdout ----
[INFO] [stdout] 
[INFO] [stdout] thread 'test::get::test_get_with_headers' (2316) panicked at src/test/test_setup.rs:124:57:
[INFO] [stdout] called `Result::unwrap()` on an `Err` value: Custom { kind: ReadOnlyFilesystem, error: PathError { path: "/opt/rustwide/workdir/./test5HP9Wd", err: Os { code: 30, kind: ReadOnlyFilesystem, message: "Read-only file system" } } }
[INFO] [stdout] stack backtrace:
[INFO] [stdout]    0:     0x61fc40cffa21 - <<std[617be2ca0a6fd877]::sys::backtrace::BacktraceLock>::print::DisplayBacktrace as core[a373ad73a504971]::fmt::Display>::fmt
[INFO] [stdout]    1:     0x61fc40d1656a - core[a373ad73a504971]::fmt::write
[INFO] [stdout]    2:     0x61fc40d0474c - <alloc[2e1b2a31b91974c5]::vec::Vec<u8> as core[a373ad73a504971]::io::write::Write>::write_fmt
[INFO] [stdout]    3:     0x61fc40cd8fd6 - std[617be2ca0a6fd877]::panicking::default_hook::{closure#0}
[INFO] [stdout]    4:     0x61fc40cf6c19 - std[617be2ca0a6fd877]::panicking::default_hook
[INFO] [stdout]    5:     0x61fc40bf2790 - test[aada8e7e76ba119b]::test_main_inner::{closure#0}
[INFO] [stdout]    6:     0x61fc40cf6f42 - std[617be2ca0a6fd877]::panicking::panic_with_hook
[INFO] [stdout]    7:     0x61fc40cd9082 - std[617be2ca0a6fd877]::panicking::panic_handler::{closure#0}
[INFO] [stdout]    8:     0x61fc40cd1a09 - std[617be2ca0a6fd877]::sys::backtrace::__rust_end_short_backtrace::<std[617be2ca0a6fd877]::panicking::panic_handler::{closure#0}, !>
[INFO] [stdout]    9:     0x61fc40cd9e7d - __rustc[ea4f61d10b84890b]::rust_begin_unwind
[INFO] [stdout]   10:     0x61fc40d16ccc - core[a373ad73a504971]::panicking::panic_fmt
[INFO] [stdout]   11:     0x61fc40d16aa2 - core[a373ad73a504971]::result::unwrap_failed
[INFO] [stdout]   12:     0x61fc40bcc8cf - curl_http_client[2e335a6b10cf46fb]::test::test_setup::setup_test_environment::{closure#0}
[INFO] [stdout]   13:     0x61fc40bce133 - curl_http_client[2e335a6b10cf46fb]::test::get::test_get_with_headers::{closure#0}
[INFO] [stdout]   14:     0x61fc40bbbd43 - <tokio[37ebd56d747bfb5c]::runtime::scheduler::current_thread::Context>::enter::<core[a373ad73a504971]::task::poll::Poll<()>, <tokio[37ebd56d747bfb5c]::runtime::scheduler::current_thread::CoreGuard>::block_on<core[a373ad73a504971]::pin::Pin<&mut core[a373ad73a504971]::pin::Pin<&mut dyn core[a373ad73a504971]::future::future::Future<Output = ()>>>>::{closure#0}::{closure#0}>
[INFO] [stdout]   15:     0x61fc40b5abac - <tokio[37ebd56d747bfb5c]::runtime::context::scoped::Scoped<tokio[37ebd56d747bfb5c]::runtime::scheduler::Context>>::set::<<tokio[37ebd56d747bfb5c]::runtime::scheduler::current_thread::CoreGuard>::enter<<tokio[37ebd56d747bfb5c]::runtime::scheduler::current_thread::CoreGuard>::block_on<core[a373ad73a504971]::pin::Pin<&mut core[a373ad73a504971]::pin::Pin<&mut dyn core[a373ad73a504971]::future::future::Future<Output = ()>>>>::{closure#0}, core[a373ad73a504971]::option::Option<()>>::{closure#0}, (alloc[2e1b2a31b91974c5]::boxed::Box<tokio[37ebd56d747bfb5c]::runtime::scheduler::current_thread::Core>, core[a373ad73a504971]::option::Option<()>)>
[INFO] [stdout]   16:     0x61fc40bbaa45 - <tokio[37ebd56d747bfb5c]::runtime::scheduler::current_thread::CurrentThread>::block_on::<core[a373ad73a504971]::pin::Pin<&mut dyn core[a373ad73a504971]::future::future::Future<Output = ()>>>
[INFO] [stdout]   17:     0x61fc40ba8322 - <tokio[37ebd56d747bfb5c]::runtime::runtime::Runtime>::block_on::<core[a373ad73a504971]::pin::Pin<&mut dyn core[a373ad73a504971]::future::future::Future<Output = ()>>>
[INFO] [stdout]   18:     0x61fc40bd2bae - <curl_http_client[2e335a6b10cf46fb]::test::get::test_get_with_headers::{closure#0} as core[a373ad73a504971]::ops::function::FnOnce<()>>::call_once
[INFO] [stdout]   19:     0x61fc40be5bdb - test[aada8e7e76ba119b]::__rust_begin_short_backtrace::<core[a373ad73a504971]::result::Result<(), alloc[2e1b2a31b91974c5]::string::String>, fn() -> core[a373ad73a504971]::result::Result<(), alloc[2e1b2a31b91974c5]::string::String>>
[INFO] [stdout]   20:     0x61fc40bf2db5 - test[aada8e7e76ba119b]::run_test::{closure#0}
[INFO] [stdout]   21:     0x61fc40bec6a4 - std[617be2ca0a6fd877]::sys::backtrace::__rust_begin_short_backtrace::<test[aada8e7e76ba119b]::run_test::{closure#1}, ()>
[INFO] [stdout]   22:     0x61fc40bf5e42 - <std[617be2ca0a6fd877]::thread::lifecycle::spawn_unchecked<test[aada8e7e76ba119b]::run_test::{closure#1}, ()>::{closure#1} as core[a373ad73a504971]::ops::function::FnOnce<()>>::call_once::{shim:vtable#0}
[INFO] [stdout]   23:     0x61fc40cfe78f - <std[617be2ca0a6fd877]::sys::thread::unix::Thread>::new::thread_start
[INFO] [stdout]   24:     0x72a33ce84dfa - <unknown>
[INFO] [stdout]   25:     0x72a33cf183d4 - clone
[INFO] [stdout]   26:                0x0 - <unknown>
[INFO] [stdout] 
[INFO] [stdout] ---- test::download::test_resume_download::offset_max_bytes stdout ----
[INFO] [stdout] 
[INFO] [stdout] thread 'test::download::test_resume_download::offset_max_bytes' (2313) panicked at src/test/test_setup.rs:124:57:
[INFO] [stdout] called `Result::unwrap()` on an `Err` value: Custom { kind: ReadOnlyFilesystem, error: PathError { path: "/opt/rustwide/workdir/./testOTf0oC", err: Os { code: 30, kind: ReadOnlyFilesystem, message: "Read-only file system" } } }
[INFO] [stdout] stack backtrace:
[INFO] [stdout]    0:     0x61fc40cffa21 - <<std[617be2ca0a6fd877]::sys::backtrace::BacktraceLock>::print::DisplayBacktrace as core[a373ad73a504971]::fmt::Display>::fmt
[INFO] [stdout]    1:     0x61fc40d1656a - core[a373ad73a504971]::fmt::write
[INFO] [stdout]    2:     0x61fc40d0474c - <alloc[2e1b2a31b91974c5]::vec::Vec<u8> as core[a373ad73a504971]::io::write::Write>::write_fmt
[INFO] [stdout]    3:     0x61fc40cd8fd6 - std[617be2ca0a6fd877]::panicking::default_hook::{closure#0}
[INFO] [stdout]    4:     0x61fc40cf6c19 - std[617be2ca0a6fd877]::panicking::default_hook
[INFO] [stdout]    5:     0x61fc40bf2790 - test[aada8e7e76ba119b]::test_main_inner::{closure#0}
[INFO] [stdout]    6:     0x61fc40cf6f42 - std[617be2ca0a6fd877]::panicking::panic_with_hook
[INFO] [stdout]    7:     0x61fc40cd9082 - std[617be2ca0a6fd877]::panicking::panic_handler::{closure#0}
[INFO] [stdout]    8:     0x61fc40cd1a09 - std[617be2ca0a6fd877]::sys::backtrace::__rust_end_short_backtrace::<std[617be2ca0a6fd877]::panicking::panic_handler::{closure#0}, !>
[INFO] [stdout]    9:     0x61fc40cd9e7d - __rustc[ea4f61d10b84890b]::rust_begin_unwind
[INFO] [stdout]   10:     0x61fc40d16ccc - core[a373ad73a504971]::panicking::panic_fmt
[INFO] [stdout]   11:     0x61fc40d16aa2 - core[a373ad73a504971]::result::unwrap_failed
[INFO] [stdout]   12:     0x61fc40b241e8 - curl_http_client[2e335a6b10cf46fb]::test::test_setup::setup_test_environment::{closure#0}
[INFO] [stdout]   13:     0x61fc40b2507d - curl_http_client[2e335a6b10cf46fb]::test::download::test_resume_download::{closure#0}
[INFO] [stdout]   14:     0x61fc40b27227 - curl_http_client[2e335a6b10cf46fb]::test::download::test_resume_download::offset_max_bytes::{closure#0}
[INFO] [stdout]   15:     0x61fc40bbbd43 - <tokio[37ebd56d747bfb5c]::runtime::scheduler::current_thread::Context>::enter::<core[a373ad73a504971]::task::poll::Poll<()>, <tokio[37ebd56d747bfb5c]::runtime::scheduler::current_thread::CoreGuard>::block_on<core[a373ad73a504971]::pin::Pin<&mut core[a373ad73a504971]::pin::Pin<&mut dyn core[a373ad73a504971]::future::future::Future<Output = ()>>>>::{closure#0}::{closure#0}>
[INFO] [stdout]   16:     0x61fc40b5abac - <tokio[37ebd56d747bfb5c]::runtime::context::scoped::Scoped<tokio[37ebd56d747bfb5c]::runtime::scheduler::Context>>::set::<<tokio[37ebd56d747bfb5c]::runtime::scheduler::current_thread::CoreGuard>::enter<<tokio[37ebd56d747bfb5c]::runtime::scheduler::current_thread::CoreGuard>::block_on<core[a373ad73a504971]::pin::Pin<&mut core[a373ad73a504971]::pin::Pin<&mut dyn core[a373ad73a504971]::future::future::Future<Output = ()>>>>::{closure#0}, core[a373ad73a504971]::option::Option<()>>::{closure#0}, (alloc[2e1b2a31b91974c5]::boxed::Box<tokio[37ebd56d747bfb5c]::runtime::scheduler::current_thread::Core>, core[a373ad73a504971]::option::Option<()>)>
[INFO] [stdout]   17:     0x61fc40bbaa45 - <tokio[37ebd56d747bfb5c]::runtime::scheduler::current_thread::CurrentThread>::block_on::<core[a373ad73a504971]::pin::Pin<&mut dyn core[a373ad73a504971]::future::future::Future<Output = ()>>>
[INFO] [stdout]   18:     0x61fc40ba8322 - <tokio[37ebd56d747bfb5c]::runtime::runtime::Runtime>::block_on::<core[a373ad73a504971]::pin::Pin<&mut dyn core[a373ad73a504971]::future::future::Future<Output = ()>>>
[INFO] [stdout]   19:     0x61fc40b2afee - <curl_http_client[2e335a6b10cf46fb]::test::download::test_resume_download::offset_max_bytes::{closure#0} as core[a373ad73a504971]::ops::function::FnOnce<()>>::call_once
[INFO] [stdout]   20:     0x61fc40be5bdb - test[aada8e7e76ba119b]::__rust_begin_short_backtrace::<core[a373ad73a504971]::result::Result<(), alloc[2e1b2a31b91974c5]::string::String>, fn() -> core[a373ad73a504971]::result::Result<(), alloc[2e1b2a31b91974c5]::string::String>>
[INFO] [stdout]   21:     0x61fc40bf2db5 - test[aada8e7e76ba119b]::run_test::{closure#0}
[INFO] [stdout]   22:     0x61fc40bec6a4 - std[617be2ca0a6fd877]::sys::backtrace::__rust_begin_short_backtrace::<test[aada8e7e76ba119b]::run_test::{closure#1}, ()>
[INFO] [stdout]   23:     0x61fc40bf5e42 - <std[617be2ca0a6fd877]::thread::lifecycle::spawn_unchecked<test[aada8e7e76ba119b]::run_test::{closure#1}, ()>::{closure#1} as core[a373ad73a504971]::ops::function::FnOnce<()>>::call_once::{shim:vtable#0}
[INFO] [stdout]   24:     0x61fc40cfe78f - <std[617be2ca0a6fd877]::sys::thread::unix::Thread>::new::thread_start
[INFO] [stdout]   25:     0x72a33ce84dfa - <unknown>
[INFO] [stdout]   26:     0x72a33cf183d4 - clone
[INFO] [stdout]   27:                0x0 - <unknown>
[INFO] [stdout] 
[INFO] [stdout] ---- test::get::test_get_sync stdout ----
[INFO] [stdout] 
[INFO] [stdout] thread 'test::get::test_get_sync' (2315) panicked at src/test/test_setup.rs:124:57:
[INFO] [stdout] called `Result::unwrap()` on an `Err` value: Custom { kind: ReadOnlyFilesystem, error: PathError { path: "/opt/rustwide/workdir/./testUBXe6q", err: Os { code: 30, kind: ReadOnlyFilesystem, message: "Read-only file system" } } }
[INFO] [stdout] stack backtrace:
[INFO] [stdout]    0:     0x61fc40cffa21 - <<std[617be2ca0a6fd877]::sys::backtrace::BacktraceLock>::print::DisplayBacktrace as core[a373ad73a504971]::fmt::Display>::fmt
[INFO] [stdout]    1:     0x61fc40d1656a - core[a373ad73a504971]::fmt::write
[INFO] [stdout]    2:     0x61fc40d0474c - <alloc[2e1b2a31b91974c5]::vec::Vec<u8> as core[a373ad73a504971]::io::write::Write>::write_fmt
[INFO] [stdout]    3:     0x61fc40cd8fd6 - std[617be2ca0a6fd877]::panicking::default_hook::{closure#0}
[INFO] [stdout]    4:     0x61fc40cf6c19 - std[617be2ca0a6fd877]::panicking::default_hook
[INFO] [stdout]    5:     0x61fc40bf2790 - test[aada8e7e76ba119b]::test_main_inner::{closure#0}
[INFO] [stdout]    6:     0x61fc40cf6f42 - std[617be2ca0a6fd877]::panicking::panic_with_hook
[INFO] [stdout]    7:     0x61fc40cd9082 - std[617be2ca0a6fd877]::panicking::panic_handler::{closure#0}
[INFO] [stdout]    8:     0x61fc40cd1a09 - std[617be2ca0a6fd877]::sys::backtrace::__rust_end_short_backtrace::<std[617be2ca0a6fd877]::panicking::panic_handler::{closure#0}, !>
[INFO] [stdout]    9:     0x61fc40cd9e7d - __rustc[ea4f61d10b84890b]::rust_begin_unwind
[INFO] [stdout]   10:     0x61fc40d16ccc - core[a373ad73a504971]::panicking::panic_fmt
[INFO] [stdout]   11:     0x61fc40d16aa2 - core[a373ad73a504971]::result::unwrap_failed
[INFO] [stdout]   12:     0x61fc40bcc8cf - curl_http_client[2e335a6b10cf46fb]::test::test_setup::setup_test_environment::{closure#0}
[INFO] [stdout]   13:     0x61fc40bcd778 - curl_http_client[2e335a6b10cf46fb]::test::get::test_get_sync::{closure#0}
[INFO] [stdout]   14:     0x61fc40bbbd43 - <tokio[37ebd56d747bfb5c]::runtime::scheduler::current_thread::Context>::enter::<core[a373ad73a504971]::task::poll::Poll<()>, <tokio[37ebd56d747bfb5c]::runtime::scheduler::current_thread::CoreGuard>::block_on<core[a373ad73a504971]::pin::Pin<&mut core[a373ad73a504971]::pin::Pin<&mut dyn core[a373ad73a504971]::future::future::Future<Output = ()>>>>::{closure#0}::{closure#0}>
[INFO] [stdout]   15:     0x61fc40b5abac - <tokio[37ebd56d747bfb5c]::runtime::context::scoped::Scoped<tokio[37ebd56d747bfb5c]::runtime::scheduler::Context>>::set::<<tokio[37ebd56d747bfb5c]::runtime::scheduler::current_thread::CoreGuard>::enter<<tokio[37ebd56d747bfb5c]::runtime::scheduler::current_thread::CoreGuard>::block_on<core[a373ad73a504971]::pin::Pin<&mut core[a373ad73a504971]::pin::Pin<&mut dyn core[a373ad73a504971]::future::future::Future<Output = ()>>>>::{closure#0}, core[a373ad73a504971]::option::Option<()>>::{closure#0}, (alloc[2e1b2a31b91974c5]::boxed::Box<tokio[37ebd56d747bfb5c]::runtime::scheduler::current_thread::Core>, core[a373ad73a504971]::option::Option<()>)>
[INFO] [stdout]   16:     0x61fc40bbaa45 - <tokio[37ebd56d747bfb5c]::runtime::scheduler::current_thread::CurrentThread>::block_on::<core[a373ad73a504971]::pin::Pin<&mut dyn core[a373ad73a504971]::future::future::Future<Output = ()>>>
[INFO] [stdout]   17:     0x61fc40ba8322 - <tokio[37ebd56d747bfb5c]::runtime::runtime::Runtime>::block_on::<core[a373ad73a504971]::pin::Pin<&mut dyn core[a373ad73a504971]::future::future::Future<Output = ()>>>
[INFO] [stdout]   18:     0x61fc40bd2a3e - <curl_http_client[2e335a6b10cf46fb]::test::get::test_get_sync::{closure#0} as core[a373ad73a504971]::ops::function::FnOnce<()>>::call_once
[INFO] [stdout]   19:     0x61fc40be5bdb - test[aada8e7e76ba119b]::__rust_begin_short_backtrace::<core[a373ad73a504971]::result::Result<(), alloc[2e1b2a31b91974c5]::string::String>, fn() -> core[a373ad73a504971]::result::Result<(), alloc[2e1b2a31b91974c5]::string::String>>
[INFO] [stdout]   20:     0x61fc40bf2db5 - test[aada8e7e76ba119b]::run_test::{closure#0}
[INFO] [stdout]   21:     0x61fc40bec6a4 - std[617be2ca0a6fd877]::sys::backtrace::__rust_begin_short_backtrace::<test[aada8e7e76ba119b]::run_test::{closure#1}, ()>
[INFO] [stdout]   22:     0x61fc40bf5e42 - <std[617be2ca0a6fd877]::thread::lifecycle::spawn_unchecked<test[aada8e7e76ba119b]::run_test::{closure#1}, ()>::{closure#1} as core[a373ad73a504971]::ops::function::FnOnce<()>>::call_once::{shim:vtable#0}
[INFO] [stdout]   23:     0x61fc40cfe78f - <std[617be2ca0a6fd877]::sys::thread::unix::Thread>::new::thread_start
[INFO] [stdout]   24:     0x72a33ce84dfa - <unknown>
[INFO] [stdout]   25:     0x72a33cf183d4 - clone
[INFO] [stdout]   26:                0x0 - <unknown>
[INFO] [stdout] 
[INFO] [stdout] ---- test::headers::test_with_complete_headers_ram_and_header_sync stdout ----
[INFO] [stdout] 
[INFO] [stdout] thread 'test::headers::test_with_complete_headers_ram_and_header_sync' (2333) panicked at src/test/test_setup.rs:124:57:
[INFO] [stdout] called `Result::unwrap()` on an `Err` value: Custom { kind: ReadOnlyFilesystem, error: PathError { path: "/opt/rustwide/workdir/./testIei6Ql", err: Os { code: 30, kind: ReadOnlyFilesystem, message: "Read-only file system" } } }
[INFO] [stdout] stack backtrace:
[INFO] [stdout]    0:     0x61fc40cffa21 - <<std[617be2ca0a6fd877]::sys::backtrace::BacktraceLock>::print::DisplayBacktrace as core[a373ad73a504971]::fmt::Display>::fmt
[INFO] [stdout]    1:     0x61fc40d1656a - core[a373ad73a504971]::fmt::write
[INFO] [stdout]    2:     0x61fc40d0474c - <alloc[2e1b2a31b91974c5]::vec::Vec<u8> as core[a373ad73a504971]::io::write::Write>::write_fmt
[INFO] [stdout]    3:     0x61fc40cd8fd6 - std[617be2ca0a6fd877]::panicking::default_hook::{closure#0}
[INFO] [stdout]    4:     0x61fc40cf6c19 - std[617be2ca0a6fd877]::panicking::default_hook
[INFO] [stdout]    5:     0x61fc40bf2790 - test[aada8e7e76ba119b]::test_main_inner::{closure#0}
[INFO] [stdout]    6:     0x61fc40cf6f42 - std[617be2ca0a6fd877]::panicking::panic_with_hook
[INFO] [stdout]    7:     0x61fc40cd9082 - std[617be2ca0a6fd877]::panicking::panic_handler::{closure#0}
[INFO] [stdout]    8:     0x61fc40cd1a09 - std[617be2ca0a6fd877]::sys::backtrace::__rust_end_short_backtrace::<std[617be2ca0a6fd877]::panicking::panic_handler::{closure#0}, !>
[INFO] [stdout]    9:     0x61fc40cd9e7d - __rustc[ea4f61d10b84890b]::rust_begin_unwind
[INFO] [stdout]   10:     0x61fc40d16ccc - core[a373ad73a504971]::panicking::panic_fmt
[INFO] [stdout]   11:     0x61fc40d16aa2 - core[a373ad73a504971]::result::unwrap_failed
[INFO] [stdout]   12:     0x61fc40bb3ebf - curl_http_client[2e335a6b10cf46fb]::test::test_setup::setup_test_environment::{closure#0}
[INFO] [stdout]   13:     0x61fc40bb8579 - curl_http_client[2e335a6b10cf46fb]::test::headers::test_with_complete_headers_ram_and_header_sync::{closure#0}
[INFO] [stdout]   14:     0x61fc40bbbd43 - <tokio[37ebd56d747bfb5c]::runtime::scheduler::current_thread::Context>::enter::<core[a373ad73a504971]::task::poll::Poll<()>, <tokio[37ebd56d747bfb5c]::runtime::scheduler::current_thread::CoreGuard>::block_on<core[a373ad73a504971]::pin::Pin<&mut core[a373ad73a504971]::pin::Pin<&mut dyn core[a373ad73a504971]::future::future::Future<Output = ()>>>>::{closure#0}::{closure#0}>
[INFO] [stdout]   15:     0x61fc40b5abac - <tokio[37ebd56d747bfb5c]::runtime::context::scoped::Scoped<tokio[37ebd56d747bfb5c]::runtime::scheduler::Context>>::set::<<tokio[37ebd56d747bfb5c]::runtime::scheduler::current_thread::CoreGuard>::enter<<tokio[37ebd56d747bfb5c]::runtime::scheduler::current_thread::CoreGuard>::block_on<core[a373ad73a504971]::pin::Pin<&mut core[a373ad73a504971]::pin::Pin<&mut dyn core[a373ad73a504971]::future::future::Future<Output = ()>>>>::{closure#0}, core[a373ad73a504971]::option::Option<()>>::{closure#0}, (alloc[2e1b2a31b91974c5]::boxed::Box<tokio[37ebd56d747bfb5c]::runtime::scheduler::current_thread::Core>, core[a373ad73a504971]::option::Option<()>)>
[INFO] [stdout]   16:     0x61fc40bbaa45 - <tokio[37ebd56d747bfb5c]::runtime::scheduler::current_thread::CurrentThread>::block_on::<core[a373ad73a504971]::pin::Pin<&mut dyn core[a373ad73a504971]::future::future::Future<Output = ()>>>
[INFO] [stdout]   17:     0x61fc40ba8322 - <tokio[37ebd56d747bfb5c]::runtime::runtime::Runtime>::block_on::<core[a373ad73a504971]::pin::Pin<&mut dyn core[a373ad73a504971]::future::future::Future<Output = ()>>>
[INFO] [stdout]   18:     0x61fc40bba4de - <curl_http_client[2e335a6b10cf46fb]::test::headers::test_with_complete_headers_ram_and_header_sync::{closure#0} as core[a373ad73a504971]::ops::function::FnOnce<()>>::call_once
[INFO] [stdout]   19:     0x61fc40be5bdb - test[aada8e7e76ba119b]::__rust_begin_short_backtrace::<core[a373ad73a504971]::result::Result<(), alloc[2e1b2a31b91974c5]::string::String>, fn() -> core[a373ad73a504971]::result::Result<(), alloc[2e1b2a31b91974c5]::string::String>>
[INFO] [stdout]   20:     0x61fc40bf2db5 - test[aada8e7e76ba119b]::run_test::{closure#0}
[INFO] [stdout]   21:     0x61fc40bec6a4 - std[617be2ca0a6fd877]::sys::backtrace::__rust_begin_short_backtrace::<test[aada8e7e76ba119b]::run_test::{closure#1}, ()>
[INFO] [stdout]   22:     0x61fc40bf5e42 - <std[617be2ca0a6fd877]::thread::lifecycle::spawn_unchecked<test[aada8e7e76ba119b]::run_test::{closure#1}, ()>::{closure#1} as core[a373ad73a504971]::ops::function::FnOnce<()>>::call_once::{shim:vtable#0}
[INFO] [stdout]   23:     0x61fc40cfe78f - <std[617be2ca0a6fd877]::sys::thread::unix::Thread>::new::thread_start
[INFO] [stdout]   24:     0x72a33ce84dfa - <unknown>
[INFO] [stdout]   25:     0x72a33cf183d4 - clone
[INFO] [stdout]   26:                0x0 - <unknown>
[INFO] [stdout] 
[INFO] [stdout] ---- test::download::test_resume_download::offset_0_bytes stdout ----
[INFO] [stdout] 
[INFO] [stdout] thread 'test::download::test_resume_download::offset_0_bytes' (2311) panicked at src/test/test_setup.rs:124:57:
[INFO] [stdout] called `Result::unwrap()` on an `Err` value: Custom { kind: ReadOnlyFilesystem, error: PathError { path: "/opt/rustwide/workdir/./testgWxifD", err: Os { code: 30, kind: ReadOnlyFilesystem, message: "Read-only file system" } } }
[INFO] [stdout] stack backtrace:
[INFO] [stdout]    0:     0x61fc40cffa21 - <<std[617be2ca0a6fd877]::sys::backtrace::BacktraceLock>::print::DisplayBacktrace as core[a373ad73a504971]::fmt::Display>::fmt
[INFO] [stdout]    1:     0x61fc40d1656a - core[a373ad73a504971]::fmt::write
[INFO] [stdout]    2:     0x61fc40d0474c - <alloc[2e1b2a31b91974c5]::vec::Vec<u8> as core[a373ad73a504971]::io::write::Write>::write_fmt
[INFO] [stdout]    3:     0x61fc40cd8fd6 - std[617be2ca0a6fd877]::panicking::default_hook::{closure#0}
[INFO] [stdout]    4:     0x61fc40cf6c19 - std[617be2ca0a6fd877]::panicking::default_hook
[INFO] [stdout]    5:     0x61fc40bf2790 - test[aada8e7e76ba119b]::test_main_inner::{closure#0}
[INFO] [stdout]    6:     0x61fc40cf6f42 - std[617be2ca0a6fd877]::panicking::panic_with_hook
[INFO] [stdout]    7:     0x61fc40cd9082 - std[617be2ca0a6fd877]::panicking::panic_handler::{closure#0}
[INFO] [stdout]    8:     0x61fc40cd1a09 - std[617be2ca0a6fd877]::sys::backtrace::__rust_end_short_backtrace::<std[617be2ca0a6fd877]::panicking::panic_handler::{closure#0}, !>
[INFO] [stdout]    9:     0x61fc40cd9e7d - __rustc[ea4f61d10b84890b]::rust_begin_unwind
[INFO] [stdout]   10:     0x61fc40d16ccc - core[a373ad73a504971]::panicking::panic_fmt
[INFO] [stdout]   11:     0x61fc40d16aa2 - core[a373ad73a504971]::result::unwrap_failed
[INFO] [stdout]   12:     0x61fc40b241e8 - curl_http_client[2e335a6b10cf46fb]::test::test_setup::setup_test_environment::{closure#0}
[INFO] [stdout]   13:     0x61fc40b2507d - curl_http_client[2e335a6b10cf46fb]::test::download::test_resume_download::{closure#0}
[INFO] [stdout]   14:     0x61fc40b27177 - curl_http_client[2e335a6b10cf46fb]::test::download::test_resume_download::offset_0_bytes::{closure#0}
[INFO] [stdout]   15:     0x61fc40bbbd43 - <tokio[37ebd56d747bfb5c]::runtime::scheduler::current_thread::Context>::enter::<core[a373ad73a504971]::task::poll::Poll<()>, <tokio[37ebd56d747bfb5c]::runtime::scheduler::current_thread::CoreGuard>::block_on<core[a373ad73a504971]::pin::Pin<&mut core[a373ad73a504971]::pin::Pin<&mut dyn core[a373ad73a504971]::future::future::Future<Output = ()>>>>::{closure#0}::{closure#0}>
[INFO] [stdout]   16:     0x61fc40b5abac - <tokio[37ebd56d747bfb5c]::runtime::context::scoped::Scoped<tokio[37ebd56d747bfb5c]::runtime::scheduler::Context>>::set::<<tokio[37ebd56d747bfb5c]::runtime::scheduler::current_thread::CoreGuard>::enter<<tokio[37ebd56d747bfb5c]::runtime::scheduler::current_thread::CoreGuard>::block_on<core[a373ad73a504971]::pin::Pin<&mut core[a373ad73a504971]::pin::Pin<&mut dyn core[a373ad73a504971]::future::future::Future<Output = ()>>>>::{closure#0}, core[a373ad73a504971]::option::Option<()>>::{closure#0}, (alloc[2e1b2a31b91974c5]::boxed::Box<tokio[37ebd56d747bfb5c]::runtime::scheduler::current_thread::Core>, core[a373ad73a504971]::option::Option<()>)>
[INFO] [stdout]   17:     0x61fc40bbaa45 - <tokio[37ebd56d747bfb5c]::runtime::scheduler::current_thread::CurrentThread>::block_on::<core[a373ad73a504971]::pin::Pin<&mut dyn core[a373ad73a504971]::future::future::Future<Output = ()>>>
[INFO] [stdout]   18:     0x61fc40ba8322 - <tokio[37ebd56d747bfb5c]::runtime::runtime::Runtime>::block_on::<core[a373ad73a504971]::pin::Pin<&mut dyn core[a373ad73a504971]::future::future::Future<Output = ()>>>
[INFO] [stdout]   19:     0x61fc40b2ae7e - <curl_http_client[2e335a6b10cf46fb]::test::download::test_resume_download::offset_0_bytes::{closure#0} as core[a373ad73a504971]::ops::function::FnOnce<()>>::call_once
[INFO] [stdout]   20:     0x61fc40be5bdb - test[aada8e7e76ba119b]::__rust_begin_short_backtrace::<core[a373ad73a504971]::result::Result<(), alloc[2e1b2a31b91974c5]::string::String>, fn() -> core[a373ad73a504971]::result::Result<(), alloc[2e1b2a31b91974c5]::string::String>>
[INFO] [stdout]   21:     0x61fc40bf2db5 - test[aada8e7e76ba119b]::run_test::{closure#0}
[INFO] [stdout]   22:     0x61fc40bec6a4 - std[617be2ca0a6fd877]::sys::backtrace::__rust_begin_short_backtrace::<test[aada8e7e76ba119b]::run_test::{closure#1}, ()>
[INFO] [stdout]   23:     0x61fc40bf5e42 - <std[617be2ca0a6fd877]::thread::lifecycle::spawn_unchecked<test[aada8e7e76ba119b]::run_test::{closure#1}, ()>::{closure#1} as core[a373ad73a504971]::ops::function::FnOnce<()>>::call_once::{shim:vtable#0}
[INFO] [stdout]   24:     0x61fc40cfe78f - <std[617be2ca0a6fd877]::sys::thread::unix::Thread>::new::thread_start
[INFO] [stdout]   25:     0x72a33ce84dfa - <unknown>
[INFO] [stdout]   26:     0x72a33cf183d4 - clone
[INFO] [stdout]   27:                0x0 - <unknown>
[INFO] [stdout] 
[INFO] [stdout] ---- test::headers::test_with_complete_headers_file stdout ----
[INFO] [stdout] 
[INFO] [stdout] thread 'test::headers::test_with_complete_headers_file' (2317) panicked at src/test/test_setup.rs:124:57:
[INFO] [stdout] called `Result::unwrap()` on an `Err` value: Custom { kind: ReadOnlyFilesystem, error: PathError { path: "/opt/rustwide/workdir/./testv4o0y1", err: Os { code: 30, kind: ReadOnlyFilesystem, message: "Read-only file system" } } }
[INFO] [stdout] stack backtrace:
[INFO] [stdout]    0:     0x61fc40cffa21 - <<std[617be2ca0a6fd877]::sys::backtrace::BacktraceLock>::print::DisplayBacktrace as core[a373ad73a504971]::fmt::Display>::fmt
[INFO] [stdout]    1:     0x61fc40d1656a - core[a373ad73a504971]::fmt::write
[INFO] [stdout]    2:     0x61fc40d0474c - <alloc[2e1b2a31b91974c5]::vec::Vec<u8> as core[a373ad73a504971]::io::write::Write>::write_fmt
[INFO] [stdout]    3:     0x61fc40cd8fd6 - std[617be2ca0a6fd877]::panicking::default_hook::{closure#0}
[INFO] [stdout]    4:     0x61fc40cf6c19 - std[617be2ca0a6fd877]::panicking::default_hook
[INFO] [stdout]    5:     0x61fc40bf2790 - test[aada8e7e76ba119b]::test_main_inner::{closure#0}
[INFO] [stdout]    6:     0x61fc40cf6f42 - std[617be2ca0a6fd877]::panicking::panic_with_hook
[INFO] [stdout]    7:     0x61fc40cd9082 - std[617be2ca0a6fd877]::panicking::panic_handler::{closure#0}
[INFO] [stdout]    8:     0x61fc40cd1a09 - std[617be2ca0a6fd877]::sys::backtrace::__rust_end_short_backtrace::<std[617be2ca0a6fd877]::panicking::panic_handler::{closure#0}, !>
[INFO] [stdout]    9:     0x61fc40cd9e7d - __rustc[ea4f61d10b84890b]::rust_begin_unwind
[INFO] [stdout]   10:     0x61fc40d16ccc - core[a373ad73a504971]::panicking::panic_fmt
[INFO] [stdout]   11:     0x61fc40d16aa2 - core[a373ad73a504971]::result::unwrap_failed
[INFO] [stdout]   12:     0x61fc40bb3ebf - curl_http_client[2e335a6b10cf46fb]::test::test_setup::setup_test_environment::{closure#0}
[INFO] [stdout]   13:     0x61fc40bb5aca - curl_http_client[2e335a6b10cf46fb]::test::headers::test_with_complete_headers_file::{closure#0}
[INFO] [stdout]   14:     0x61fc40bbbd43 - <tokio[37ebd56d747bfb5c]::runtime::scheduler::current_thread::Context>::enter::<core[a373ad73a504971]::task::poll::Poll<()>, <tokio[37ebd56d747bfb5c]::runtime::scheduler::current_thread::CoreGuard>::block_on<core[a373ad73a504971]::pin::Pin<&mut core[a373ad73a504971]::pin::Pin<&mut dyn core[a373ad73a504971]::future::future::Future<Output = ()>>>>::{closure#0}::{closure#0}>
[INFO] [stdout]   15:     0x61fc40b5abac - <tokio[37ebd56d747bfb5c]::runtime::context::scoped::Scoped<tokio[37ebd56d747bfb5c]::runtime::scheduler::Context>>::set::<<tokio[37ebd56d747bfb5c]::runtime::scheduler::current_thread::CoreGuard>::enter<<tokio[37ebd56d747bfb5c]::runtime::scheduler::current_thread::CoreGuard>::block_on<core[a373ad73a504971]::pin::Pin<&mut core[a373ad73a504971]::pin::Pin<&mut dyn core[a373ad73a504971]::future::future::Future<Output = ()>>>>::{closure#0}, core[a373ad73a504971]::option::Option<()>>::{closure#0}, (alloc[2e1b2a31b91974c5]::boxed::Box<tokio[37ebd56d747bfb5c]::runtime::scheduler::current_thread::Core>, core[a373ad73a504971]::option::Option<()>)>
[INFO] [stdout]   16:     0x61fc40bbaa45 - <tokio[37ebd56d747bfb5c]::runtime::scheduler::current_thread::CurrentThread>::block_on::<core[a373ad73a504971]::pin::Pin<&mut dyn core[a373ad73a504971]::future::future::Future<Output = ()>>>
[INFO] [stdout]   17:     0x61fc40ba8322 - <tokio[37ebd56d747bfb5c]::runtime::runtime::Runtime>::block_on::<core[a373ad73a504971]::pin::Pin<&mut dyn core[a373ad73a504971]::future::future::Future<Output = ()>>>
[INFO] [stdout]   18:     0x61fc40bba0be - <curl_http_client[2e335a6b10cf46fb]::test::headers::test_with_complete_headers_file::{closure#0} as core[a373ad73a504971]::ops::function::FnOnce<()>>::call_once
[INFO] [stdout]   19:     0x61fc40be5bdb - test[aada8e7e76ba119b]::__rust_begin_short_backtrace::<core[a373ad73a504971]::result::Result<(), alloc[2e1b2a31b91974c5]::string::String>, fn() -> core[a373ad73a504971]::result::Result<(), alloc[2e1b2a31b91974c5]::string::String>>
[INFO] [stdout]   20:     0x61fc40bf2db5 - test[aada8e7e76ba119b]::run_test::{closure#0}
[INFO] [stdout]   21:     0x61fc40bec6a4 - std[617be2ca0a6fd877]::sys::backtrace::__rust_begin_short_backtrace::<test[aada8e7e76ba119b]::run_test::{closure#1}, ()>
[INFO] [stdout]   22:     0x61fc40bf5e42 - <std[617be2ca0a6fd877]::thread::lifecycle::spawn_unchecked<test[aada8e7e76ba119b]::run_test::{closure#1}, ()>::{closure#1} as core[a373ad73a504971]::ops::function::FnOnce<()>>::call_once::{shim:vtable#0}
[INFO] [stdout]   23:     0x61fc40cfe78f - <std[617be2ca0a6fd877]::sys::thread::unix::Thread>::new::thread_start
[INFO] [stdout]   24:     0x72a33ce84dfa - <unknown>
[INFO] [stdout]   25:     0x72a33cf183d4 - clone
[INFO] [stdout]   26:                0x0 - <unknown>
[INFO] [stdout] 
[INFO] [stdout] ---- test::post::test_post_async_not_option_empty_string stdout ----
[INFO] [stdout] 
[INFO] [stdout] thread 'test::post::test_post_async_not_option_empty_string' (2337) panicked at src/test/test_setup.rs:124:57:
[INFO] [stdout] called `Result::unwrap()` on an `Err` value: Custom { kind: ReadOnlyFilesystem, error: PathError { path: "/opt/rustwide/workdir/./testzdpAHY", err: Os { code: 30, kind: ReadOnlyFilesystem, message: "Read-only file system" } } }
[INFO] [stdout] stack backtrace:
[INFO] [stdout]    0:     0x61fc40cffa21 - <<std[617be2ca0a6fd877]::sys::backtrace::BacktraceLock>::print::DisplayBacktrace as core[a373ad73a504971]::fmt::Display>::fmt
[INFO] [stdout]    1:     0x61fc40d1656a - core[a373ad73a504971]::fmt::write
[INFO] [stdout]    2:     0x61fc40d0474c - <alloc[2e1b2a31b91974c5]::vec::Vec<u8> as core[a373ad73a504971]::io::write::Write>::write_fmt
[INFO] [stdout]    3:     0x61fc40cd8fd6 - std[617be2ca0a6fd877]::panicking::default_hook::{closure#0}
[INFO] [stdout]    4:     0x61fc40cf6c19 - std[617be2ca0a6fd877]::panicking::default_hook
[INFO] [stdout]    5:     0x61fc40bf2790 - test[aada8e7e76ba119b]::test_main_inner::{closure#0}
[INFO] [stdout]    6:     0x61fc40cf6f42 - std[617be2ca0a6fd877]::panicking::panic_with_hook
[INFO] [stdout]    7:     0x61fc40cd9082 - std[617be2ca0a6fd877]::panicking::panic_handler::{closure#0}
[INFO] [stdout]    8:     0x61fc40cd1a09 - std[617be2ca0a6fd877]::sys::backtrace::__rust_end_short_backtrace::<std[617be2ca0a6fd877]::panicking::panic_handler::{closure#0}, !>
[INFO] [stdout]    9:     0x61fc40cd9e7d - __rustc[ea4f61d10b84890b]::rust_begin_unwind
[INFO] [stdout]   10:     0x61fc40d16ccc - core[a373ad73a504971]::panicking::panic_fmt
[INFO] [stdout]   11:     0x61fc40d16aa2 - core[a373ad73a504971]::result::unwrap_failed
[INFO] [stdout]   12:     0x61fc40b9fe1f - curl_http_client[2e335a6b10cf46fb]::test::test_setup::setup_test_environment::{closure#0}
[INFO] [stdout]   13:     0x61fc40ba55e7 - curl_http_client[2e335a6b10cf46fb]::test::post::test_post_async_not_option_empty_string::{closure#0}
[INFO] [stdout]   14:     0x61fc40bbbd43 - <tokio[37ebd56d747bfb5c]::runtime::scheduler::current_thread::Context>::enter::<core[a373ad73a504971]::task::poll::Poll<()>, <tokio[37ebd56d747bfb5c]::runtime::scheduler::current_thread::CoreGuard>::block_on<core[a373ad73a504971]::pin::Pin<&mut core[a373ad73a504971]::pin::Pin<&mut dyn core[a373ad73a504971]::future::future::Future<Output = ()>>>>::{closure#0}::{closure#0}>
[INFO] [stdout]   15:     0x61fc40b5abac - <tokio[37ebd56d747bfb5c]::runtime::context::scoped::Scoped<tokio[37ebd56d747bfb5c]::runtime::scheduler::Context>>::set::<<tokio[37ebd56d747bfb5c]::runtime::scheduler::current_thread::CoreGuard>::enter<<tokio[37ebd56d747bfb5c]::runtime::scheduler::current_thread::CoreGuard>::block_on<core[a373ad73a504971]::pin::Pin<&mut core[a373ad73a504971]::pin::Pin<&mut dyn core[a373ad73a504971]::future::future::Future<Output = ()>>>>::{closure#0}, core[a373ad73a504971]::option::Option<()>>::{closure#0}, (alloc[2e1b2a31b91974c5]::boxed::Box<tokio[37ebd56d747bfb5c]::runtime::scheduler::current_thread::Core>, core[a373ad73a504971]::option::Option<()>)>
[INFO] [stdout]   16:     0x61fc40bbaa45 - <tokio[37ebd56d747bfb5c]::runtime::scheduler::current_thread::CurrentThread>::block_on::<core[a373ad73a504971]::pin::Pin<&mut dyn core[a373ad73a504971]::future::future::Future<Output = ()>>>
[INFO] [stdout]   17:     0x61fc40ba8322 - <tokio[37ebd56d747bfb5c]::runtime::runtime::Runtime>::block_on::<core[a373ad73a504971]::pin::Pin<&mut dyn core[a373ad73a504971]::future::future::Future<Output = ()>>>
[INFO] [stdout]   18:     0x61fc40ba7fae - <curl_http_client[2e335a6b10cf46fb]::test::post::test_post_async_not_option_empty_string::{closure#0} as core[a373ad73a504971]::ops::function::FnOnce<()>>::call_once
[INFO] [stdout]   19:     0x61fc40be5bdb - test[aada8e7e76ba119b]::__rust_begin_short_backtrace::<core[a373ad73a504971]::result::Result<(), alloc[2e1b2a31b91974c5]::string::String>, fn() -> core[a373ad73a504971]::result::Result<(), alloc[2e1b2a31b91974c5]::string::String>>
[INFO] [stdout]   20:     0x61fc40bf2db5 - test[aada8e7e76ba119b]::run_test::{closure#0}
[INFO] [stdout]   21:     0x61fc40bec6a4 - std[617be2ca0a6fd877]::sys::backtrace::__rust_begin_short_backtrace::<test[aada8e7e76ba119b]::run_test::{closure#1}, ()>
[INFO] [stdout]   22:     0x61fc40bf5e42 - <std[617be2ca0a6fd877]::thread::lifecycle::spawn_unchecked<test[aada8e7e76ba119b]::run_test::{closure#1}, ()>::{closure#1} as core[a373ad73a504971]::ops::function::FnOnce<()>>::call_once::{shim:vtable#0}
[INFO] [stdout]   23:     0x61fc40cfe78f - <std[617be2ca0a6fd877]::sys::thread::unix::Thread>::new::thread_start
[INFO] [stdout]   24:     0x72a33ce84dfa - <unknown>
[INFO] [stdout]   25:     0x72a33cf183d4 - clone
[INFO] [stdout]   26:                0x0 - <unknown>
[INFO] [stdout] 
[INFO] [stdout] ---- test::post::test_post_none stdout ----
[INFO] [stdout] 
[INFO] [stdout] thread 'test::post::test_post_none' (2338) panicked at src/test/test_setup.rs:124:57:
[INFO] [stdout] called `Result::unwrap()` on an `Err` value: Custom { kind: ReadOnlyFilesystem, error: PathError { path: "/opt/rustwide/workdir/./testUDmZZ1", err: Os { code: 30, kind: ReadOnlyFilesystem, message: "Read-only file system" } } }
[INFO] [stdout] stack backtrace:
[INFO] [stdout]    0:     0x61fc40cffa21 - <<std[617be2ca0a6fd877]::sys::backtrace::BacktraceLock>::print::DisplayBacktrace as core[a373ad73a504971]::fmt::Display>::fmt
[INFO] [stdout]    1:     0x61fc40d1656a - core[a373ad73a504971]::fmt::write
[INFO] [stdout]    2:     0x61fc40d0474c - <alloc[2e1b2a31b91974c5]::vec::Vec<u8> as core[a373ad73a504971]::io::write::Write>::write_fmt
[INFO] [stdout]    3:     0x61fc40cd8fd6 - std[617be2ca0a6fd877]::panicking::default_hook::{closure#0}
[INFO] [stdout]    4:     0x61fc40cf6c19 - std[617be2ca0a6fd877]::panicking::default_hook
[INFO] [stdout]    5:     0x61fc40bf2790 - test[aada8e7e76ba119b]::test_main_inner::{closure#0}
[INFO] [stdout]    6:     0x61fc40cf6f42 - std[617be2ca0a6fd877]::panicking::panic_with_hook
[INFO] [stdout]    7:     0x61fc40cd9082 - std[617be2ca0a6fd877]::panicking::panic_handler::{closure#0}
[INFO] [stdout]    8:     0x61fc40cd1a09 - std[617be2ca0a6fd877]::sys::backtrace::__rust_end_short_backtrace::<std[617be2ca0a6fd877]::panicking::panic_handler::{closure#0}, !>
[INFO] [stdout]    9:     0x61fc40cd9e7d - __rustc[ea4f61d10b84890b]::rust_begin_unwind
[INFO] [stdout]   10:     0x61fc40d16ccc - core[a373ad73a504971]::panicking::panic_fmt
[INFO] [stdout]   11:     0x61fc40d16aa2 - core[a373ad73a504971]::result::unwrap_failed
[INFO] [stdout]   12:     0x61fc40b9fe1f - curl_http_client[2e335a6b10cf46fb]::test::test_setup::setup_test_environment::{closure#0}
[INFO] [stdout]   13:     0x61fc40ba0ca7 - curl_http_client[2e335a6b10cf46fb]::test::post::test_post_none::{closure#0}
[INFO] [stdout]   14:     0x61fc40bbbd43 - <tokio[37ebd56d747bfb5c]::runtime::scheduler::current_thread::Context>::enter::<core[a373ad73a504971]::task::poll::Poll<()>, <tokio[37ebd56d747bfb5c]::runtime::scheduler::current_thread::CoreGuard>::block_on<core[a373ad73a504971]::pin::Pin<&mut core[a373ad73a504971]::pin::Pin<&mut dyn core[a373ad73a504971]::future::future::Future<Output = ()>>>>::{closure#0}::{closure#0}>
[INFO] [stdout]   15:     0x61fc40b5abac - <tokio[37ebd56d747bfb5c]::runtime::context::scoped::Scoped<tokio[37ebd56d747bfb5c]::runtime::scheduler::Context>>::set::<<tokio[37ebd56d747bfb5c]::runtime::scheduler::current_thread::CoreGuard>::enter<<tokio[37ebd56d747bfb5c]::runtime::scheduler::current_thread::CoreGuard>::block_on<core[a373ad73a504971]::pin::Pin<&mut core[a373ad73a504971]::pin::Pin<&mut dyn core[a373ad73a504971]::future::future::Future<Output = ()>>>>::{closure#0}, core[a373ad73a504971]::option::Option<()>>::{closure#0}, (alloc[2e1b2a31b91974c5]::boxed::Box<tokio[37ebd56d747bfb5c]::runtime::scheduler::current_thread::Core>, core[a373ad73a504971]::option::Option<()>)>
[INFO] [stdout]   16:     0x61fc40bbaa45 - <tokio[37ebd56d747bfb5c]::runtime::scheduler::current_thread::CurrentThread>::block_on::<core[a373ad73a504971]::pin::Pin<&mut dyn core[a373ad73a504971]::future::future::Future<Output = ()>>>
[INFO] [stdout]   17:     0x61fc40ba8322 - <tokio[37ebd56d747bfb5c]::runtime::runtime::Runtime>::block_on::<core[a373ad73a504971]::pin::Pin<&mut dyn core[a373ad73a504971]::future::future::Future<Output = ()>>>
[INFO] [stdout]   18:     0x61fc40ba75de - <curl_http_client[2e335a6b10cf46fb]::test::post::test_post_none::{closure#0} as core[a373ad73a504971]::ops::function::FnOnce<()>>::call_once
[INFO] [stdout]   19:     0x61fc40be5bdb - test[aada8e7e76ba119b]::__rust_begin_short_backtrace::<core[a373ad73a504971]::result::Result<(), alloc[2e1b2a31b91974c5]::string::String>, fn() -> core[a373ad73a504971]::result::Result<(), alloc[2e1b2a31b91974c5]::string::String>>
[INFO] [stdout]   20:     0x61fc40bf2db5 - test[aada8e7e76ba119b]::run_test::{closure#0}
[INFO] [stdout]   21:     0x61fc40bec6a4 - std[617be2ca0a6fd877]::sys::backtrace::__rust_begin_short_backtrace::<test[aada8e7e76ba119b]::run_test::{closure#1}, ()>
[INFO] [stdout]   22:     0x61fc40bf5e42 - <std[617be2ca0a6fd877]::thread::lifecycle::spawn_unchecked<test[aada8e7e76ba119b]::run_test::{closure#1}, ()>::{closure#1} as core[a373ad73a504971]::ops::function::FnOnce<()>>::call_once::{shim:vtable#0}
[INFO] [stdout]   23:     0x61fc40cfe78f - <std[617be2ca0a6fd877]::sys::thread::unix::Thread>::new::thread_start
[INFO] [stdout]   24:     0x72a33ce84dfa - <unknown>
[INFO] [stdout]   25:     0x72a33cf183d4 - clone
[INFO] [stdout]   26:                0x0 - <unknown>
[INFO] [stdout] 
[INFO] [stdout] ---- test::download::test_download_with_transfer_speed_sender stdout ----
[INFO] [stdout] 
[INFO] [stdout] thread 'test::download::test_download_with_transfer_speed_sender' (2308) panicked at src/test/test_setup.rs:124:57:
[INFO] [stdout] called `Result::unwrap()` on an `Err` value: Custom { kind: ReadOnlyFilesystem, error: PathError { path: "/opt/rustwide/workdir/./test4AbKUf", err: Os { code: 30, kind: ReadOnlyFilesystem, message: "Read-only file system" } } }
[INFO] [stdout] stack backtrace:
[INFO] [stdout]    0:     0x61fc40cffa21 - <<std[617be2ca0a6fd877]::sys::backtrace::BacktraceLock>::print::DisplayBacktrace as core[a373ad73a504971]::fmt::Display>::fmt
[INFO] [stdout]    1:     0x61fc40d1656a - core[a373ad73a504971]::fmt::write
[INFO] [stdout]    2:     0x61fc40d0474c - <alloc[2e1b2a31b91974c5]::vec::Vec<u8> as core[a373ad73a504971]::io::write::Write>::write_fmt
[INFO] [stdout]    3:     0x61fc40cd8fd6 - std[617be2ca0a6fd877]::panicking::default_hook::{closure#0}
[INFO] [stdout]    4:     0x61fc40cf6c19 - std[617be2ca0a6fd877]::panicking::default_hook
[INFO] [stdout]    5:     0x61fc40bf2790 - test[aada8e7e76ba119b]::test_main_inner::{closure#0}
[INFO] [stdout]    6:     0x61fc40cf6f42 - std[617be2ca0a6fd877]::panicking::panic_with_hook
[INFO] [stdout]    7:     0x61fc40cd9082 - std[617be2ca0a6fd877]::panicking::panic_handler::{closure#0}
[INFO] [stdout]    8:     0x61fc40cd1a09 - std[617be2ca0a6fd877]::sys::backtrace::__rust_end_short_backtrace::<std[617be2ca0a6fd877]::panicking::panic_handler::{closure#0}, !>
[INFO] [stdout]    9:     0x61fc40cd9e7d - __rustc[ea4f61d10b84890b]::rust_begin_unwind
[INFO] [stdout]   10:     0x61fc40d16ccc - core[a373ad73a504971]::panicking::panic_fmt
[INFO] [stdout]   11:     0x61fc40d16aa2 - core[a373ad73a504971]::result::unwrap_failed
[INFO] [stdout]   12:     0x61fc40b44c3f - curl_http_client[2e335a6b10cf46fb]::test::test_setup::setup_test_environment::{closure#0}
[INFO] [stdout]   13:     0x61fc40b481f0 - curl_http_client[2e335a6b10cf46fb]::test::download::test_download_with_transfer_speed_sender::{closure#0}
[INFO] [stdout]   14:     0x61fc40bbbd43 - <tokio[37ebd56d747bfb5c]::runtime::scheduler::current_thread::Context>::enter::<core[a373ad73a504971]::task::poll::Poll<()>, <tokio[37ebd56d747bfb5c]::runtime::scheduler::current_thread::CoreGuard>::block_on<core[a373ad73a504971]::pin::Pin<&mut core[a373ad73a504971]::pin::Pin<&mut dyn core[a373ad73a504971]::future::future::Future<Output = ()>>>>::{closure#0}::{closure#0}>
[INFO] [stdout]   15:     0x61fc40b5abac - <tokio[37ebd56d747bfb5c]::runtime::context::scoped::Scoped<tokio[37ebd56d747bfb5c]::runtime::scheduler::Context>>::set::<<tokio[37ebd56d747bfb5c]::runtime::scheduler::current_thread::CoreGuard>::enter<<tokio[37ebd56d747bfb5c]::runtime::scheduler::current_thread::CoreGuard>::block_on<core[a373ad73a504971]::pin::Pin<&mut core[a373ad73a504971]::pin::Pin<&mut dyn core[a373ad73a504971]::future::future::Future<Output = ()>>>>::{closure#0}, core[a373ad73a504971]::option::Option<()>>::{closure#0}, (alloc[2e1b2a31b91974c5]::boxed::Box<tokio[37ebd56d747bfb5c]::runtime::scheduler::current_thread::Core>, core[a373ad73a504971]::option::Option<()>)>
[INFO] [stdout]   16:     0x61fc40bbaa45 - <tokio[37ebd56d747bfb5c]::runtime::scheduler::current_thread::CurrentThread>::block_on::<core[a373ad73a504971]::pin::Pin<&mut dyn core[a373ad73a504971]::future::future::Future<Output = ()>>>
[INFO] [stdout]   17:     0x61fc40ba8322 - <tokio[37ebd56d747bfb5c]::runtime::runtime::Runtime>::block_on::<core[a373ad73a504971]::pin::Pin<&mut dyn core[a373ad73a504971]::future::future::Future<Output = ()>>>
[INFO] [stdout]   18:     0x61fc40b4c23e - <curl_http_client[2e335a6b10cf46fb]::test::download::test_download_with_transfer_speed_sender::{closure#0} as core[a373ad73a504971]::ops::function::FnOnce<()>>::call_once
[INFO] [stdout]   19:     0x61fc40be5bdb - test[aada8e7e76ba119b]::__rust_begin_short_backtrace::<core[a373ad73a504971]::result::Result<(), alloc[2e1b2a31b91974c5]::string::String>, fn() -> core[a373ad73a504971]::result::Result<(), alloc[2e1b2a31b91974c5]::string::String>>
[INFO] [stdout]   20:     0x61fc40bf2db5 - test[aada8e7e76ba119b]::run_test::{closure#0}
[INFO] [stdout]   21:     0x61fc40bec6a4 - std[617be2ca0a6fd877]::sys::backtrace::__rust_begin_short_backtrace::<test[aada8e7e76ba119b]::run_test::{closure#1}, ()>
[INFO] [stdout]   22:     0x61fc40bf5e42 - <std[617be2ca0a6fd877]::thread::lifecycle::spawn_unchecked<test[aada8e7e76ba119b]::run_test::{closure#1}, ()>::{closure#1} as core[a373ad73a504971]::ops::function::FnOnce<()>>::call_once::{shim:vtable#0}
[INFO] [stdout]   23:     0x61fc40cfe78f - <std[617be2ca0a6fd877]::sys::thread::unix::Thread>::new::thread_start
[INFO] [stdout]   24:     0x72a33ce84dfa - <unknown>
[INFO] [stdout]   25:     0x72a33cf183d4 - clone
[INFO] [stdout]   26:                0x0 - <unknown>
[INFO] [stdout] 
[INFO] [stdout] ---- test::download::test_download stdout ----
[INFO] [stdout] 
[INFO] [stdout] thread 'test::download::test_download' (2305) panicked at src/test/test_setup.rs:124:57:
[INFO] [stdout] called `Result::unwrap()` on an `Err` value: Custom { kind: ReadOnlyFilesystem, error: PathError { path: "/opt/rustwide/workdir/./test9OR5be", err: Os { code: 30, kind: ReadOnlyFilesystem, message: "Read-only file system" } } }
[INFO] [stdout] stack backtrace:
[INFO] [stdout]    0:     0x61fc40cffa21 - <<std[617be2ca0a6fd877]::sys::backtrace::BacktraceLock>::print::DisplayBacktrace as core[a373ad73a504971]::fmt::Display>::fmt
[INFO] [stdout]    1:     0x61fc40d1656a - core[a373ad73a504971]::fmt::write
[INFO] [stdout]    2:     0x61fc40d0474c - <alloc[2e1b2a31b91974c5]::vec::Vec<u8> as core[a373ad73a504971]::io::write::Write>::write_fmt
[INFO] [stdout]    3:     0x61fc40cd8fd6 - std[617be2ca0a6fd877]::panicking::default_hook::{closure#0}
[INFO] [stdout]    4:     0x61fc40cf6c19 - std[617be2ca0a6fd877]::panicking::default_hook
[INFO] [stdout]    5:     0x61fc40bf2790 - test[aada8e7e76ba119b]::test_main_inner::{closure#0}
[INFO] [stdout]    6:     0x61fc40cf6f42 - std[617be2ca0a6fd877]::panicking::panic_with_hook
[INFO] [stdout]    7:     0x61fc40cd9082 - std[617be2ca0a6fd877]::panicking::panic_handler::{closure#0}
[INFO] [stdout]    8:     0x61fc40cd1a09 - std[617be2ca0a6fd877]::sys::backtrace::__rust_end_short_backtrace::<std[617be2ca0a6fd877]::panicking::panic_handler::{closure#0}, !>
[INFO] [stdout]    9:     0x61fc40cd9e7d - __rustc[ea4f61d10b84890b]::rust_begin_unwind
[INFO] [stdout]   10:     0x61fc40d16ccc - core[a373ad73a504971]::panicking::panic_fmt
[INFO] [stdout]   11:     0x61fc40d16aa2 - core[a373ad73a504971]::result::unwrap_failed
[INFO] [stdout]   12:     0x61fc40b44c3f - curl_http_client[2e335a6b10cf46fb]::test::test_setup::setup_test_environment::{closure#0}
[INFO] [stdout]   13:     0x61fc40b45aba - curl_http_client[2e335a6b10cf46fb]::test::download::test_download::{closure#0}
[INFO] [stdout]   14:     0x61fc40bbbd43 - <tokio[37ebd56d747bfb5c]::runtime::scheduler::current_thread::Context>::enter::<core[a373ad73a504971]::task::poll::Poll<()>, <tokio[37ebd56d747bfb5c]::runtime::scheduler::current_thread::CoreGuard>::block_on<core[a373ad73a504971]::pin::Pin<&mut core[a373ad73a504971]::pin::Pin<&mut dyn core[a373ad73a504971]::future::future::Future<Output = ()>>>>::{closure#0}::{closure#0}>
[INFO] [stdout]   15:     0x61fc40b5abac - <tokio[37ebd56d747bfb5c]::runtime::context::scoped::Scoped<tokio[37ebd56d747bfb5c]::runtime::scheduler::Context>>::set::<<tokio[37ebd56d747bfb5c]::runtime::scheduler::current_thread::CoreGuard>::enter<<tokio[37ebd56d747bfb5c]::runtime::scheduler::current_thread::CoreGuard>::block_on<core[a373ad73a504971]::pin::Pin<&mut core[a373ad73a504971]::pin::Pin<&mut dyn core[a373ad73a504971]::future::future::Future<Output = ()>>>>::{closure#0}, core[a373ad73a504971]::option::Option<()>>::{closure#0}, (alloc[2e1b2a31b91974c5]::boxed::Box<tokio[37ebd56d747bfb5c]::runtime::scheduler::current_thread::Core>, core[a373ad73a504971]::option::Option<()>)>
[INFO] [stdout]   16:     0x61fc40bbaa45 - <tokio[37ebd56d747bfb5c]::runtime::scheduler::current_thread::CurrentThread>::block_on::<core[a373ad73a504971]::pin::Pin<&mut dyn core[a373ad73a504971]::future::future::Future<Output = ()>>>
[INFO] [stdout]   17:     0x61fc40ba8322 - <tokio[37ebd56d747bfb5c]::runtime::runtime::Runtime>::block_on::<core[a373ad73a504971]::pin::Pin<&mut dyn core[a373ad73a504971]::future::future::Future<Output = ()>>>
[INFO] [stdout]   18:     0x61fc40b4be1e - <curl_http_client[2e335a6b10cf46fb]::test::download::test_download::{closure#0} as core[a373ad73a504971]::ops::function::FnOnce<()>>::call_once
[INFO] [stdout]   19:     0x61fc40be5bdb - test[aada8e7e76ba119b]::__rust_begin_short_backtrace::<core[a373ad73a504971]::result::Result<(), alloc[2e1b2a31b91974c5]::string::String>, fn() -> core[a373ad73a504971]::result::Result<(), alloc[2e1b2a31b91974c5]::string::String>>
[INFO] [stdout]   20:     0x61fc40bf2db5 - test[aada8e7e76ba119b]::run_test::{closure#0}
[INFO] [stdout]   21:     0x61fc40bec6a4 - std[617be2ca0a6fd877]::sys::backtrace::__rust_begin_short_backtrace::<test[aada8e7e76ba119b]::run_test::{closure#1}, ()>
[INFO] [stdout]   22:     0x61fc40bf5e42 - <std[617be2ca0a6fd877]::thread::lifecycle::spawn_unchecked<test[aada8e7e76ba119b]::run_test::{closure#1}, ()>::{closure#1} as core[a373ad73a504971]::ops::function::FnOnce<()>>::call_once::{shim:vtable#0}
[INFO] [stdout]   23:     0x61fc40cfe78f - <std[617be2ca0a6fd877]::sys::thread::unix::Thread>::new::thread_start
[INFO] [stdout]   24:     0x72a33ce84dfa - <unknown>
[INFO] [stdout]   25:     0x72a33cf183d4 - clone
[INFO] [stdout]   26:                0x0 - <unknown>
[INFO] [stdout] 
[INFO] [stdout] ---- test::download::test_download_with_speed_control stdout ----
[INFO] [stdout] 
[INFO] [stdout] thread 'test::download::test_download_with_speed_control' (2307) panicked at src/test/test_setup.rs:124:57:
[INFO] [stdout] called `Result::unwrap()` on an `Err` value: Custom { kind: ReadOnlyFilesystem, error: PathError { path: "/opt/rustwide/workdir/./testtxlWqP", err: Os { code: 30, kind: ReadOnlyFilesystem, message: "Read-only file system" } } }
[INFO] [stdout] stack backtrace:
[INFO] [stdout]    0:     0x61fc40cffa21 - <<std[617be2ca0a6fd877]::sys::backtrace::BacktraceLock>::print::DisplayBacktrace as core[a373ad73a504971]::fmt::Display>::fmt
[INFO] [stdout]    1:     0x61fc40d1656a - core[a373ad73a504971]::fmt::write
[INFO] [stdout]    2:     0x61fc40d0474c - <alloc[2e1b2a31b91974c5]::vec::Vec<u8> as core[a373ad73a504971]::io::write::Write>::write_fmt
[INFO] [stdout]    3:     0x61fc40cd8fd6 - std[617be2ca0a6fd877]::panicking::default_hook::{closure#0}
[INFO] [stdout]    4:     0x61fc40cf6c19 - std[617be2ca0a6fd877]::panicking::default_hook
[INFO] [stdout]    5:     0x61fc40bf2790 - test[aada8e7e76ba119b]::test_main_inner::{closure#0}
[INFO] [stdout]    6:     0x61fc40cf6f42 - std[617be2ca0a6fd877]::panicking::panic_with_hook
[INFO] [stdout]    7:     0x61fc40cd9082 - std[617be2ca0a6fd877]::panicking::panic_handler::{closure#0}
[INFO] [stdout]    8:     0x61fc40cd1a09 - std[617be2ca0a6fd877]::sys::backtrace::__rust_end_short_backtrace::<std[617be2ca0a6fd877]::panicking::panic_handler::{closure#0}, !>
[INFO] [stdout]    9:     0x61fc40cd9e7d - __rustc[ea4f61d10b84890b]::rust_begin_unwind
[INFO] [stdout]   10:     0x61fc40d16ccc - core[a373ad73a504971]::panicking::panic_fmt
[INFO] [stdout]   11:     0x61fc40d16aa2 - core[a373ad73a504971]::result::unwrap_failed
[INFO] [stdout]   12:     0x61fc40b44c3f - curl_http_client[2e335a6b10cf46fb]::test::test_setup::setup_test_environment::{closure#0}
[INFO] [stdout]   13:     0x61fc40b4748a - curl_http_client[2e335a6b10cf46fb]::test::download::test_download_with_speed_control::{closure#0}
[INFO] [stdout]   14:     0x61fc40bbbd43 - <tokio[37ebd56d747bfb5c]::runtime::scheduler::current_thread::Context>::enter::<core[a373ad73a504971]::task::poll::Poll<()>, <tokio[37ebd56d747bfb5c]::runtime::scheduler::current_thread::CoreGuard>::block_on<core[a373ad73a504971]::pin::Pin<&mut core[a373ad73a504971]::pin::Pin<&mut dyn core[a373ad73a504971]::future::future::Future<Output = ()>>>>::{closure#0}::{closure#0}>
[INFO] [stdout]   15:     0x61fc40b5abac - <tokio[37ebd56d747bfb5c]::runtime::context::scoped::Scoped<tokio[37ebd56d747bfb5c]::runtime::scheduler::Context>>::set::<<tokio[37ebd56d747bfb5c]::runtime::scheduler::current_thread::CoreGuard>::enter<<tokio[37ebd56d747bfb5c]::runtime::scheduler::current_thread::CoreGuard>::block_on<core[a373ad73a504971]::pin::Pin<&mut core[a373ad73a504971]::pin::Pin<&mut dyn core[a373ad73a504971]::future::future::Future<Output = ()>>>>::{closure#0}, core[a373ad73a504971]::option::Option<()>>::{closure#0}, (alloc[2e1b2a31b91974c5]::boxed::Box<tokio[37ebd56d747bfb5c]::runtime::scheduler::current_thread::Core>, core[a373ad73a504971]::option::Option<()>)>
[INFO] [stdout]   16:     0x61fc40bbaa45 - <tokio[37ebd56d747bfb5c]::runtime::scheduler::current_thread::CurrentThread>::block_on::<core[a373ad73a504971]::pin::Pin<&mut dyn core[a373ad73a504971]::future::future::Future<Output = ()>>>
[INFO] [stdout]   17:     0x61fc40ba8322 - <tokio[37ebd56d747bfb5c]::runtime::runtime::Runtime>::block_on::<core[a373ad73a504971]::pin::Pin<&mut dyn core[a373ad73a504971]::future::future::Future<Output = ()>>>
[INFO] [stdout]   18:     0x61fc40b4c0de - <curl_http_client[2e335a6b10cf46fb]::test::download::test_download_with_speed_control::{closure#0} as core[a373ad73a504971]::ops::function::FnOnce<()>>::call_once
[INFO] [stdout]   19:     0x61fc40be5bdb - test[aada8e7e76ba119b]::__rust_begin_short_backtrace::<core[a373ad73a504971]::result::Result<(), alloc[2e1b2a31b91974c5]::string::String>, fn() -> core[a373ad73a504971]::result::Result<(), alloc[2e1b2a31b91974c5]::string::String>>
[INFO] [stdout]   20:     0x61fc40bf2db5 - test[aada8e7e76ba119b]::run_test::{closure#0}
[INFO] [stdout]   21:     0x61fc40bec6a4 - std[617be2ca0a6fd877]::sys::backtrace::__rust_begin_short_backtrace::<test[aada8e7e76ba119b]::run_test::{closure#1}, ()>
[INFO] [stdout]   22:     0x61fc40bf5e42 - <std[617be2ca0a6fd877]::thread::lifecycle::spawn_unchecked<test[aada8e7e76ba119b]::run_test::{closure#1}, ()>::{closure#1} as core[a373ad73a504971]::ops::function::FnOnce<()>>::call_once::{shim:vtable#0}
[INFO] [stdout]   23:     0x61fc40cfe78f - <std[617be2ca0a6fd877]::sys::thread::unix::Thread>::new::thread_start
[INFO] [stdout]   24:     0x72a33ce84dfa - <unknown>
[INFO] [stdout]   25:     0x72a33cf183d4 - clone
[INFO] [stdout]   26:                0x0 - <unknown>
[INFO] [stdout] 
[INFO] [stdout] ---- test::post::test_post_sync_not_option_empty_string stdout ----
[INFO] [stdout] 
[INFO] [stdout] thread 'test::post::test_post_sync_not_option_empty_string' (2342) panicked at src/test/test_setup.rs:124:57:
[INFO] [stdout] called `Result::unwrap()` on an `Err` value: Custom { kind: ReadOnlyFilesystem, error: PathError { path: "/opt/rustwide/workdir/./testGBSFIp", err: Os { code: 30, kind: ReadOnlyFilesystem, message: "Read-only file system" } } }
[INFO] [stdout] stack backtrace:
[INFO] [stdout]    0:     0x61fc40cffa21 - <<std[617be2ca0a6fd877]::sys::backtrace::BacktraceLock>::print::DisplayBacktrace as core[a373ad73a504971]::fmt::Display>::fmt
[INFO] [stdout]    1:     0x61fc40d1656a - core[a373ad73a504971]::fmt::write
[INFO] [stdout]    2:     0x61fc40d0474c - <alloc[2e1b2a31b91974c5]::vec::Vec<u8> as core[a373ad73a504971]::io::write::Write>::write_fmt
[INFO] [stdout]    3:     0x61fc40cd8fd6 - std[617be2ca0a6fd877]::panicking::default_hook::{closure#0}
[INFO] [stdout]    4:     0x61fc40cf6c19 - std[617be2ca0a6fd877]::panicking::default_hook
[INFO] [stdout]    5:     0x61fc40bf2790 - test[aada8e7e76ba119b]::test_main_inner::{closure#0}
[INFO] [stdout]    6:     0x61fc40cf6f42 - std[617be2ca0a6fd877]::panicking::panic_with_hook
[INFO] [stdout]    7:     0x61fc40cd9082 - std[617be2ca0a6fd877]::panicking::panic_handler::{closure#0}
[INFO] [stdout]    8:     0x61fc40cd1a09 - std[617be2ca0a6fd877]::sys::backtrace::__rust_end_short_backtrace::<std[617be2ca0a6fd877]::panicking::panic_handler::{closure#0}, !>
[INFO] [stdout]    9:     0x61fc40cd9e7d - __rustc[ea4f61d10b84890b]::rust_begin_unwind
[INFO] [stdout]   10:     0x61fc40d16ccc - core[a373ad73a504971]::panicking::panic_fmt
[INFO] [stdout]   11:     0x61fc40d16aa2 - core[a373ad73a504971]::result::unwrap_failed
[INFO] [stdout]   12:     0x61fc40b9fe1f - curl_http_client[2e335a6b10cf46fb]::test::test_setup::setup_test_environment::{closure#0}
[INFO] [stdout]   13:     0x61fc40ba4d39 - curl_http_client[2e335a6b10cf46fb]::test::post::test_post_sync_not_option_empty_string::{closure#0}
[INFO] [stdout]   14:     0x61fc40bbbd43 - <tokio[37ebd56d747bfb5c]::runtime::scheduler::current_thread::Context>::enter::<core[a373ad73a504971]::task::poll::Poll<()>, <tokio[37ebd56d747bfb5c]::runtime::scheduler::current_thread::CoreGuard>::block_on<core[a373ad73a504971]::pin::Pin<&mut core[a373ad73a504971]::pin::Pin<&mut dyn core[a373ad73a504971]::future::future::Future<Output = ()>>>>::{closure#0}::{closure#0}>
[INFO] [stdout]   15:     0x61fc40b5abac - <tokio[37ebd56d747bfb5c]::runtime::context::scoped::Scoped<tokio[37ebd56d747bfb5c]::runtime::scheduler::Context>>::set::<<tokio[37ebd56d747bfb5c]::runtime::scheduler::current_thread::CoreGuard>::enter<<tokio[37ebd56d747bfb5c]::runtime::scheduler::current_thread::CoreGuard>::block_on<core[a373ad73a504971]::pin::Pin<&mut core[a373ad73a504971]::pin::Pin<&mut dyn core[a373ad73a504971]::future::future::Future<Output = ()>>>>::{closure#0}, core[a373ad73a504971]::option::Option<()>>::{closure#0}, (alloc[2e1b2a31b91974c5]::boxed::Box<tokio[37ebd56d747bfb5c]::runtime::scheduler::current_thread::Core>, core[a373ad73a504971]::option::Option<()>)>
[INFO] [stdout]   16:     0x61fc40bbaa45 - <tokio[37ebd56d747bfb5c]::runtime::scheduler::current_thread::CurrentThread>::block_on::<core[a373ad73a504971]::pin::Pin<&mut dyn core[a373ad73a504971]::future::future::Future<Output = ()>>>
[INFO] [stdout]   17:     0x61fc40ba8322 - <tokio[37ebd56d747bfb5c]::runtime::runtime::Runtime>::block_on::<core[a373ad73a504971]::pin::Pin<&mut dyn core[a373ad73a504971]::future::future::Future<Output = ()>>>
[INFO] [stdout]   18:     0x61fc40ba7e3e - <curl_http_client[2e335a6b10cf46fb]::test::post::test_post_sync_not_option_empty_string::{closure#0} as core[a373ad73a504971]::ops::function::FnOnce<()>>::call_once
[INFO] [stdout]   19:     0x61fc40be5bdb - test[aada8e7e76ba119b]::__rust_begin_short_backtrace::<core[a373ad73a504971]::result::Result<(), alloc[2e1b2a31b91974c5]::string::String>, fn() -> core[a373ad73a504971]::result::Result<(), alloc[2e1b2a31b91974c5]::string::String>>
[INFO] [stdout]   20:     0x61fc40bf2db5 - test[aada8e7e76ba119b]::run_test::{closure#0}
[INFO] [stdout]   21:     0x61fc40bec6a4 - std[617be2ca0a6fd877]::sys::backtrace::__rust_begin_short_backtrace::<test[aada8e7e76ba119b]::run_test::{closure#1}, ()>
[INFO] [stdout]   22:     0x61fc40bf5e42 - <std[617be2ca0a6fd877]::thread::lifecycle::spawn_unchecked<test[aada8e7e76ba119b]::run_test::{closure#1}, ()>::{closure#1} as core[a373ad73a504971]::ops::function::FnOnce<()>>::call_once::{shim:vtable#0}
[INFO] [stdout]   23:     0x61fc40cfe78f - <std[617be2ca0a6fd877]::sys::thread::unix::Thread>::new::thread_start
[INFO] [stdout]   24:     0x72a33ce84dfa - <unknown>
[INFO] [stdout]   25:     0x72a33cf183d4 - clone
[INFO] [stdout]   26:                0x0 - <unknown>
[INFO] [stdout] 
[INFO] [stdout] ---- test::asynchronous::test_across_multiple_threads_using_easy2 stdout ----
[INFO] [stdout] 
[INFO] [stdout] thread 'test::asynchronous::test_across_multiple_threads_using_easy2' (2301) panicked at src/test/test_setup.rs:124:57:
[INFO] [stdout] called `Result::unwrap()` on an `Err` value: Custom { kind: ReadOnlyFilesystem, error: PathError { path: "/opt/rustwide/workdir/./testbT02oW", err: Os { code: 30, kind: ReadOnlyFilesystem, message: "Read-only file system" } } }
[INFO] [stdout] stack backtrace:
[INFO] [stdout]    0:     0x61fc40cffa21 - <<std[617be2ca0a6fd877]::sys::backtrace::BacktraceLock>::print::DisplayBacktrace as core[a373ad73a504971]::fmt::Display>::fmt
[INFO] [stdout]    1:     0x61fc40d1656a - core[a373ad73a504971]::fmt::write
[INFO] [stdout]    2:     0x61fc40d0474c - <alloc[2e1b2a31b91974c5]::vec::Vec<u8> as core[a373ad73a504971]::io::write::Write>::write_fmt
[INFO] [stdout]    3:     0x61fc40cd8fd6 - std[617be2ca0a6fd877]::panicking::default_hook::{closure#0}
[INFO] [stdout]    4:     0x61fc40cf6c19 - std[617be2ca0a6fd877]::panicking::default_hook
[INFO] [stdout]    5:     0x61fc40bf2790 - test[aada8e7e76ba119b]::test_main_inner::{closure#0}
[INFO] [stdout]    6:     0x61fc40cf6f42 - std[617be2ca0a6fd877]::panicking::panic_with_hook
[INFO] [stdout]    7:     0x61fc40cd9082 - std[617be2ca0a6fd877]::panicking::panic_handler::{closure#0}
[INFO] [stdout]    8:     0x61fc40cd1a09 - std[617be2ca0a6fd877]::sys::backtrace::__rust_end_short_backtrace::<std[617be2ca0a6fd877]::panicking::panic_handler::{closure#0}, !>
[INFO] [stdout]    9:     0x61fc40cd9e7d - __rustc[ea4f61d10b84890b]::rust_begin_unwind
[INFO] [stdout]   10:     0x61fc40d16ccc - core[a373ad73a504971]::panicking::panic_fmt
[INFO] [stdout]   11:     0x61fc40d16aa2 - core[a373ad73a504971]::result::unwrap_failed
[INFO] [stdout]   12:     0x61fc40bdb94f - curl_http_client[2e335a6b10cf46fb]::test::test_setup::setup_test_environment::{closure#0}
[INFO] [stdout]   13:     0x61fc40bdc804 - curl_http_client[2e335a6b10cf46fb]::test::asynchronous::test_across_multiple_threads_using_easy2::{closure#0}
[INFO] [stdout]   14:     0x61fc40bbbd43 - <tokio[37ebd56d747bfb5c]::runtime::scheduler::current_thread::Context>::enter::<core[a373ad73a504971]::task::poll::Poll<()>, <tokio[37ebd56d747bfb5c]::runtime::scheduler::current_thread::CoreGuard>::block_on<core[a373ad73a504971]::pin::Pin<&mut core[a373ad73a504971]::pin::Pin<&mut dyn core[a373ad73a504971]::future::future::Future<Output = ()>>>>::{closure#0}::{closure#0}>
[INFO] [stdout]   15:     0x61fc40b5abac - <tokio[37ebd56d747bfb5c]::runtime::context::scoped::Scoped<tokio[37ebd56d747bfb5c]::runtime::scheduler::Context>>::set::<<tokio[37ebd56d747bfb5c]::runtime::scheduler::current_thread::CoreGuard>::enter<<tokio[37ebd56d747bfb5c]::runtime::scheduler::current_thread::CoreGuard>::block_on<core[a373ad73a504971]::pin::Pin<&mut core[a373ad73a504971]::pin::Pin<&mut dyn core[a373ad73a504971]::future::future::Future<Output = ()>>>>::{closure#0}, core[a373ad73a504971]::option::Option<()>>::{closure#0}, (alloc[2e1b2a31b91974c5]::boxed::Box<tokio[37ebd56d747bfb5c]::runtime::scheduler::current_thread::Core>, core[a373ad73a504971]::option::Option<()>)>
[INFO] [stdout]   16:     0x61fc40bbaa45 - <tokio[37ebd56d747bfb5c]::runtime::scheduler::current_thread::CurrentThread>::block_on::<core[a373ad73a504971]::pin::Pin<&mut dyn core[a373ad73a504971]::future::future::Future<Output = ()>>>
[INFO] [stdout]   17:     0x61fc40ba8322 - <tokio[37ebd56d747bfb5c]::runtime::runtime::Runtime>::block_on::<core[a373ad73a504971]::pin::Pin<&mut dyn core[a373ad73a504971]::future::future::Future<Output = ()>>>
[INFO] [stdout]   18:     0x61fc40be593e - <curl_http_client[2e335a6b10cf46fb]::test::asynchronous::test_across_multiple_threads_using_easy2::{closure#0} as core[a373ad73a504971]::ops::function::FnOnce<()>>::call_once
[INFO] [stdout]   19:     0x61fc40be5bdb - test[aada8e7e76ba119b]::__rust_begin_short_backtrace::<core[a373ad73a504971]::result::Result<(), alloc[2e1b2a31b91974c5]::string::String>, fn() -> core[a373ad73a504971]::result::Result<(), alloc[2e1b2a31b91974c5]::string::String>>
[INFO] [stdout]   20:     0x61fc40bf2db5 - test[aada8e7e76ba119b]::run_test::{closure#0}
[INFO] [stdout]   21:     0x61fc40bec6a4 - std[617be2ca0a6fd877]::sys::backtrace::__rust_begin_short_backtrace::<test[aada8e7e76ba119b]::run_test::{closure#1}, ()>
[INFO] [stdout]   22:     0x61fc40bf5e42 - <std[617be2ca0a6fd877]::thread::lifecycle::spawn_unchecked<test[aada8e7e76ba119b]::run_test::{closure#1}, ()>::{closure#1} as core[a373ad73a504971]::ops::function::FnOnce<()>>::call_once::{shim:vtable#0}
[INFO] [stdout]   23:     0x61fc40cfe78f - <std[617be2ca0a6fd877]::sys::thread::unix::Thread>::new::thread_start
[INFO] [stdout]   24:     0x72a33ce84dfa - <unknown>
[INFO] [stdout]   25:     0x72a33cf183d4 - clone
[INFO] [stdout]   26:                0x0 - <unknown>
[INFO] [stdout] 
[INFO] [stdout] ---- test::post::test_post_with_headers stdout ----
[INFO] [stdout] 
[INFO] [stdout] thread 'test::post::test_post_with_headers' (2343) panicked at src/test/test_setup.rs:124:57:
[INFO] [stdout] called `Result::unwrap()` on an `Err` value: Custom { kind: ReadOnlyFilesystem, error: PathError { path: "/opt/rustwide/workdir/./testc6z0If", err: Os { code: 30, kind: ReadOnlyFilesystem, message: "Read-only file system" } } }
[INFO] [stdout] stack backtrace:
[INFO] [stdout]    0:     0x61fc40cffa21 - <<std[617be2ca0a6fd877]::sys::backtrace::BacktraceLock>::print::DisplayBacktrace as core[a373ad73a504971]::fmt::Display>::fmt
[INFO] [stdout]    1:     0x61fc40d1656a - core[a373ad73a504971]::fmt::write
[INFO] [stdout]    2:     0x61fc40d0474c - <alloc[2e1b2a31b91974c5]::vec::Vec<u8> as core[a373ad73a504971]::io::write::Write>::write_fmt
[INFO] [stdout]    3:     0x61fc40cd8fd6 - std[617be2ca0a6fd877]::panicking::default_hook::{closure#0}
[INFO] [stdout]    4:     0x61fc40cf6c19 - std[617be2ca0a6fd877]::panicking::default_hook
[INFO] [stdout]    5:     0x61fc40bf2790 - test[aada8e7e76ba119b]::test_main_inner::{closure#0}
[INFO] [stdout]    6:     0x61fc40cf6f42 - std[617be2ca0a6fd877]::panicking::panic_with_hook
[INFO] [stdout]    7:     0x61fc40cd9082 - std[617be2ca0a6fd877]::panicking::panic_handler::{closure#0}
[INFO] [stdout]    8:     0x61fc40cd1a09 - std[617be2ca0a6fd877]::sys::backtrace::__rust_end_short_backtrace::<std[617be2ca0a6fd877]::panicking::panic_handler::{closure#0}, !>
[INFO] [stdout]    9:     0x61fc40cd9e7d - __rustc[ea4f61d10b84890b]::rust_begin_unwind
[INFO] [stdout]   10:     0x61fc40d16ccc - core[a373ad73a504971]::panicking::panic_fmt
[INFO] [stdout]   11:     0x61fc40d16aa2 - core[a373ad73a504971]::result::unwrap_failed
[INFO] [stdout]   12:     0x61fc40b9fe1f - curl_http_client[2e335a6b10cf46fb]::test::test_setup::setup_test_environment::{closure#0}
[INFO] [stdout]   13:     0x61fc40ba2123 - curl_http_client[2e335a6b10cf46fb]::test::post::test_post_with_headers::{closure#0}
[INFO] [stdout]   14:     0x61fc40bbbd43 - <tokio[37ebd56d747bfb5c]::runtime::scheduler::current_thread::Context>::enter::<core[a373ad73a504971]::task::poll::Poll<()>, <tokio[37ebd56d747bfb5c]::runtime::scheduler::current_thread::CoreGuard>::block_on<core[a373ad73a504971]::pin::Pin<&mut core[a373ad73a504971]::pin::Pin<&mut dyn core[a373ad73a504971]::future::future::Future<Output = ()>>>>::{closure#0}::{closure#0}>
[INFO] [stdout]   15:     0x61fc40b5abac - <tokio[37ebd56d747bfb5c]::runtime::context::scoped::Scoped<tokio[37ebd56d747bfb5c]::runtime::scheduler::Context>>::set::<<tokio[37ebd56d747bfb5c]::runtime::scheduler::current_thread::CoreGuard>::enter<<tokio[37ebd56d747bfb5c]::runtime::scheduler::current_thread::CoreGuard>::block_on<core[a373ad73a504971]::pin::Pin<&mut core[a373ad73a504971]::pin::Pin<&mut dyn core[a373ad73a504971]::future::future::Future<Output = ()>>>>::{closure#0}, core[a373ad73a504971]::option::Option<()>>::{closure#0}, (alloc[2e1b2a31b91974c5]::boxed::Box<tokio[37ebd56d747bfb5c]::runtime::scheduler::current_thread::Core>, core[a373ad73a504971]::option::Option<()>)>
[INFO] [stdout]   16:     0x61fc40bbaa45 - <tokio[37ebd56d747bfb5c]::runtime::scheduler::current_thread::CurrentThread>::block_on::<core[a373ad73a504971]::pin::Pin<&mut dyn core[a373ad73a504971]::future::future::Future<Output = ()>>>
[INFO] [stdout]   17:     0x61fc40ba8322 - <tokio[37ebd56d747bfb5c]::runtime::runtime::Runtime>::block_on::<core[a373ad73a504971]::pin::Pin<&mut dyn core[a373ad73a504971]::future::future::Future<Output = ()>>>
[INFO] [stdout]   18:     0x61fc40ba78ae - <curl_http_client[2e335a6b10cf46fb]::test::post::test_post_with_headers::{closure#0} as core[a373ad73a504971]::ops::function::FnOnce<()>>::call_once
[INFO] [stdout]   19:     0x61fc40be5bdb - test[aada8e7e76ba119b]::__rust_begin_short_backtrace::<core[a373ad73a504971]::result::Result<(), alloc[2e1b2a31b91974c5]::string::String>, fn() -> core[a373ad73a504971]::result::Result<(), alloc[2e1b2a31b91974c5]::string::String>>
[INFO] [stdout]   20:     0x61fc40bf2db5 - test[aada8e7e76ba119b]::run_test::{closure#0}
[INFO] [stdout]   21:     0x61fc40bec6a4 - std[617be2ca0a6fd877]::sys::backtrace::__rust_begin_short_backtrace::<test[aada8e7e76ba119b]::run_test::{closure#1}, ()>
[INFO] [stdout]   22:     0x61fc40bf5e42 - <std[617be2ca0a6fd877]::thread::lifecycle::spawn_unchecked<test[aada8e7e76ba119b]::run_test::{closure#1}, ()>::{closure#1} as core[a373ad73a504971]::ops::function::FnOnce<()>>::call_once::{shim:vtable#0}
[INFO] [stdout]   23:     0x61fc40cfe78f - <std[617be2ca0a6fd877]::sys::thread::unix::Thread>::new::thread_start
[INFO] [stdout]   24:     0x72a33ce84dfa - <unknown>
[INFO] [stdout]   25:     0x72a33cf183d4 - clone
[INFO] [stdout]   26:                0x0 - <unknown>
[INFO] [stdout] 
[INFO] [stdout] ---- test::download::test_download_with_headers stdout ----
[INFO] [stdout] 
[INFO] [stdout] thread 'test::download::test_download_with_headers' (2306) panicked at src/test/test_setup.rs:124:57:
[INFO] [stdout] called `Result::unwrap()` on an `Err` value: Custom { kind: ReadOnlyFilesystem, error: PathError { path: "/opt/rustwide/workdir/./testJGrYKW", err: Os { code: 30, kind: ReadOnlyFilesystem, message: "Read-only file system" } } }
[INFO] [stdout] stack backtrace:
[INFO] [stdout]    0:     0x61fc40cffa21 - <<std[617be2ca0a6fd877]::sys::backtrace::BacktraceLock>::print::DisplayBacktrace as core[a373ad73a504971]::fmt::Display>::fmt
[INFO] [stdout]    1:     0x61fc40d1656a - core[a373ad73a504971]::fmt::write
[INFO] [stdout]    2:     0x61fc40d0474c - <alloc[2e1b2a31b91974c5]::vec::Vec<u8> as core[a373ad73a504971]::io::write::Write>::write_fmt
[INFO] [stdout]    3:     0x61fc40cd8fd6 - std[617be2ca0a6fd877]::panicking::default_hook::{closure#0}
[INFO] [stdout]    4:     0x61fc40cf6c19 - std[617be2ca0a6fd877]::panicking::default_hook
[INFO] [stdout]    5:     0x61fc40bf2790 - test[aada8e7e76ba119b]::test_main_inner::{closure#0}
[INFO] [stdout]    6:     0x61fc40cf6f42 - std[617be2ca0a6fd877]::panicking::panic_with_hook
[INFO] [stdout]    7:     0x61fc40cd9082 - std[617be2ca0a6fd877]::panicking::panic_handler::{closure#0}
[INFO] [stdout]    8:     0x61fc40cd1a09 - std[617be2ca0a6fd877]::sys::backtrace::__rust_end_short_backtrace::<std[617be2ca0a6fd877]::panicking::panic_handler::{closure#0}, !>
[INFO] [stdout]    9:     0x61fc40cd9e7d - __rustc[ea4f61d10b84890b]::rust_begin_unwind
[INFO] [stdout]   10:     0x61fc40d16ccc - core[a373ad73a504971]::panicking::panic_fmt
[INFO] [stdout]   11:     0x61fc40d16aa2 - core[a373ad73a504971]::result::unwrap_failed
[INFO] [stdout]   12:     0x61fc40b44c3f - curl_http_client[2e335a6b10cf46fb]::test::test_setup::setup_test_environment::{closure#0}
[INFO] [stdout]   13:     0x61fc40b4679a - curl_http_client[2e335a6b10cf46fb]::test::download::test_download_with_headers::{closure#0}
[INFO] [stdout]   14:     0x61fc40bbbd43 - <tokio[37ebd56d747bfb5c]::runtime::scheduler::current_thread::Context>::enter::<core[a373ad73a504971]::task::poll::Poll<()>, <tokio[37ebd56d747bfb5c]::runtime::scheduler::current_thread::CoreGuard>::block_on<core[a373ad73a504971]::pin::Pin<&mut core[a373ad73a504971]::pin::Pin<&mut dyn core[a373ad73a504971]::future::future::Future<Output = ()>>>>::{closure#0}::{closure#0}>
[INFO] [stdout]   15:     0x61fc40b5abac - <tokio[37ebd56d747bfb5c]::runtime::context::scoped::Scoped<tokio[37ebd56d747bfb5c]::runtime::scheduler::Context>>::set::<<tokio[37ebd56d747bfb5c]::runtime::scheduler::current_thread::CoreGuard>::enter<<tokio[37ebd56d747bfb5c]::runtime::scheduler::current_thread::CoreGuard>::block_on<core[a373ad73a504971]::pin::Pin<&mut core[a373ad73a504971]::pin::Pin<&mut dyn core[a373ad73a504971]::future::future::Future<Output = ()>>>>::{closure#0}, core[a373ad73a504971]::option::Option<()>>::{closure#0}, (alloc[2e1b2a31b91974c5]::boxed::Box<tokio[37ebd56d747bfb5c]::runtime::scheduler::current_thread::Core>, core[a373ad73a504971]::option::Option<()>)>
[INFO] [stdout]   16:     0x61fc40bbaa45 - <tokio[37ebd56d747bfb5c]::runtime::scheduler::current_thread::CurrentThread>::block_on::<core[a373ad73a504971]::pin::Pin<&mut dyn core[a373ad73a504971]::future::future::Future<Output = ()>>>
[INFO] [stdout]   17:     0x61fc40ba8322 - <tokio[37ebd56d747bfb5c]::runtime::runtime::Runtime>::block_on::<core[a373ad73a504971]::pin::Pin<&mut dyn core[a373ad73a504971]::future::future::Future<Output = ()>>>
[INFO] [stdout]   18:     0x61fc40b4bf7e - <curl_http_client[2e335a6b10cf46fb]::test::download::test_download_with_headers::{closure#0} as core[a373ad73a504971]::ops::function::FnOnce<()>>::call_once
[INFO] [stdout]   19:     0x61fc40be5bdb - test[aada8e7e76ba119b]::__rust_begin_short_backtrace::<core[a373ad73a504971]::result::Result<(), alloc[2e1b2a31b91974c5]::string::String>, fn() -> core[a373ad73a504971]::result::Result<(), alloc[2e1b2a31b91974c5]::string::String>>
[INFO] [stdout]   20:     0x61fc40bf2db5 - test[aada8e7e76ba119b]::run_test::{closure#0}
[INFO] [stdout]   21:     0x61fc40bec6a4 - std[617be2ca0a6fd877]::sys::backtrace::__rust_begin_short_backtrace::<test[aada8e7e76ba119b]::run_test::{closure#1}, ()>
[INFO] [stdout]   22:     0x61fc40bf5e42 - <std[617be2ca0a6fd877]::thread::lifecycle::spawn_unchecked<test[aada8e7e76ba119b]::run_test::{closure#1}, ()>::{closure#1} as core[a373ad73a504971]::ops::function::FnOnce<()>>::call_once::{shim:vtable#0}
[INFO] [stdout]   23:     0x61fc40cfe78f - <std[617be2ca0a6fd877]::sys::thread::unix::Thread>::new::thread_start
[INFO] [stdout]   24:     0x72a33ce84dfa - <unknown>
[INFO] [stdout]   25:     0x72a33cf183d4 - clone
[INFO] [stdout]   26:                0x0 - <unknown>
[INFO] [stdout] 
[INFO] [stdout] ---- test::upload::test_upload_sync stdout ----
[INFO] [stdout] 
[INFO] [stdout] thread 'test::upload::test_upload_sync' (2346) panicked at src/test/test_setup.rs:124:57:
[INFO] [stdout] called `Result::unwrap()` on an `Err` value: Custom { kind: ReadOnlyFilesystem, error: PathError { path: "/opt/rustwide/workdir/./testtf3oCD", err: Os { code: 30, kind: ReadOnlyFilesystem, message: "Read-only file system" } } }
[INFO] [stdout] stack backtrace:
[INFO] [stdout]    0:     0x61fc40cffa21 - <<std[617be2ca0a6fd877]::sys::backtrace::BacktraceLock>::print::DisplayBacktrace as core[a373ad73a504971]::fmt::Display>::fmt
[INFO] [stdout]    1:     0x61fc40d1656a - core[a373ad73a504971]::fmt::write
[INFO] [stdout]    2:     0x61fc40d0474c - <alloc[2e1b2a31b91974c5]::vec::Vec<u8> as core[a373ad73a504971]::io::write::Write>::write_fmt
[INFO] [stdout]    3:     0x61fc40cd8fd6 - std[617be2ca0a6fd877]::panicking::default_hook::{closure#0}
[INFO] [stdout]    4:     0x61fc40cf6c19 - std[617be2ca0a6fd877]::panicking::default_hook
[INFO] [stdout]    5:     0x61fc40bf2790 - test[aada8e7e76ba119b]::test_main_inner::{closure#0}
[INFO] [stdout]    6:     0x61fc40cf6f42 - std[617be2ca0a6fd877]::panicking::panic_with_hook
[INFO] [stdout]    7:     0x61fc40cd9082 - std[617be2ca0a6fd877]::panicking::panic_handler::{closure#0}
[INFO] [stdout]    8:     0x61fc40cd1a09 - std[617be2ca0a6fd877]::sys::backtrace::__rust_end_short_backtrace::<std[617be2ca0a6fd877]::panicking::panic_handler::{closure#0}, !>
[INFO] [stdout]    9:     0x61fc40cd9e7d - __rustc[ea4f61d10b84890b]::rust_begin_unwind
[INFO] [stdout]   10:     0x61fc40d16ccc - core[a373ad73a504971]::panicking::panic_fmt
[INFO] [stdout]   11:     0x61fc40d16aa2 - core[a373ad73a504971]::result::unwrap_failed
[INFO] [stdout]   12:     0x61fc40b90533 - curl_http_client[2e335a6b10cf46fb]::test::test_setup::setup_test_environment::{closure#0}
[INFO] [stdout]   13:     0x61fc40b9159f - curl_http_client[2e335a6b10cf46fb]::test::upload::test_upload_sync::{closure#0}
[INFO] [stdout]   14:     0x61fc40bbbd43 - <tokio[37ebd56d747bfb5c]::runtime::scheduler::current_thread::Context>::enter::<core[a373ad73a504971]::task::poll::Poll<()>, <tokio[37ebd56d747bfb5c]::runtime::scheduler::current_thread::CoreGuard>::block_on<core[a373ad73a504971]::pin::Pin<&mut core[a373ad73a504971]::pin::Pin<&mut dyn core[a373ad73a504971]::future::future::Future<Output = ()>>>>::{closure#0}::{closure#0}>
[INFO] [stdout]   15:     0x61fc40b5abac - <tokio[37ebd56d747bfb5c]::runtime::context::scoped::Scoped<tokio[37ebd56d747bfb5c]::runtime::scheduler::Context>>::set::<<tokio[37ebd56d747bfb5c]::runtime::scheduler::current_thread::CoreGuard>::enter<<tokio[37ebd56d747bfb5c]::runtime::scheduler::current_thread::CoreGuard>::block_on<core[a373ad73a504971]::pin::Pin<&mut core[a373ad73a504971]::pin::Pin<&mut dyn core[a373ad73a504971]::future::future::Future<Output = ()>>>>::{closure#0}, core[a373ad73a504971]::option::Option<()>>::{closure#0}, (alloc[2e1b2a31b91974c5]::boxed::Box<tokio[37ebd56d747bfb5c]::runtime::scheduler::current_thread::Core>, core[a373ad73a504971]::option::Option<()>)>
[INFO] [stdout]   16:     0x61fc40bbaa45 - <tokio[37ebd56d747bfb5c]::runtime::scheduler::current_thread::CurrentThread>::block_on::<core[a373ad73a504971]::pin::Pin<&mut dyn core[a373ad73a504971]::future::future::Future<Output = ()>>>
[INFO] [stdout]   17:     0x61fc40ba8322 - <tokio[37ebd56d747bfb5c]::runtime::runtime::Runtime>::block_on::<core[a373ad73a504971]::pin::Pin<&mut dyn core[a373ad73a504971]::future::future::Future<Output = ()>>>
[INFO] [stdout]   18:     0x61fc40b96d4e - <curl_http_client[2e335a6b10cf46fb]::test::upload::test_upload_sync::{closure#0} as core[a373ad73a504971]::ops::function::FnOnce<()>>::call_once
[INFO] [stdout]   19:     0x61fc40be5bdb - test[aada8e7e76ba119b]::__rust_begin_short_backtrace::<core[a373ad73a504971]::result::Result<(), alloc[2e1b2a31b91974c5]::string::String>, fn() -> core[a373ad73a504971]::result::Result<(), alloc[2e1b2a31b91974c5]::string::String>>
[INFO] [stdout]   20:     0x61fc40bf2db5 - test[aada8e7e76ba119b]::run_test::{closure#0}
[INFO] [stdout]   21:     0x61fc40bec6a4 - std[617be2ca0a6fd877]::sys::backtrace::__rust_begin_short_backtrace::<test[aada8e7e76ba119b]::run_test::{closure#1}, ()>
[INFO] [stdout]   22:     0x61fc40bf5e42 - <std[617be2ca0a6fd877]::thread::lifecycle::spawn_unchecked<test[aada8e7e76ba119b]::run_test::{closure#1}, ()>::{closure#1} as core[a373ad73a504971]::ops::function::FnOnce<()>>::call_once::{shim:vtable#0}
[INFO] [stdout]   23:     0x61fc40cfe78f - <std[617be2ca0a6fd877]::sys::thread::unix::Thread>::new::thread_start
[INFO] [stdout]   24:     0x72a33ce84dfa - <unknown>
[INFO] [stdout]   25:     0x72a33cf183d4 - clone
[INFO] [stdout]   26:                0x0 - <unknown>
[INFO] [stdout] 
[INFO] [stdout] ---- test::asynchronous::test_across_multiple_threads_using_multi stdout ----
[INFO] [stdout] 
[INFO] [stdout] thread 'test::asynchronous::test_across_multiple_threads_using_multi' (2302) panicked at src/test/test_setup.rs:124:57:
[INFO] [stdout] called `Result::unwrap()` on an `Err` value: Custom { kind: ReadOnlyFilesystem, error: PathError { path: "/opt/rustwide/workdir/./testtW9KCD", err: Os { code: 30, kind: ReadOnlyFilesystem, message: "Read-only file system" } } }
[INFO] [stdout] stack backtrace:
[INFO] [stdout]    0:     0x61fc40cffa21 - <<std[617be2ca0a6fd877]::sys::backtrace::BacktraceLock>::print::DisplayBacktrace as core[a373ad73a504971]::fmt::Display>::fmt
[INFO] [stdout]    1:     0x61fc40d1656a - core[a373ad73a504971]::fmt::write
[INFO] [stdout]    2:     0x61fc40d0474c - <alloc[2e1b2a31b91974c5]::vec::Vec<u8> as core[a373ad73a504971]::io::write::Write>::write_fmt
[INFO] [stdout]    3:     0x61fc40cd8fd6 - std[617be2ca0a6fd877]::panicking::default_hook::{closure#0}
[INFO] [stdout]    4:     0x61fc40cf6c19 - std[617be2ca0a6fd877]::panicking::default_hook
[INFO] [stdout]    5:     0x61fc40bf2790 - test[aada8e7e76ba119b]::test_main_inner::{closure#0}
[INFO] [stdout]    6:     0x61fc40cf6f42 - std[617be2ca0a6fd877]::panicking::panic_with_hook
[INFO] [stdout]    7:     0x61fc40cd9082 - std[617be2ca0a6fd877]::panicking::panic_handler::{closure#0}
[INFO] [stdout]    8:     0x61fc40cd1a09 - std[617be2ca0a6fd877]::sys::backtrace::__rust_end_short_backtrace::<std[617be2ca0a6fd877]::panicking::panic_handler::{closure#0}, !>
[INFO] [stdout]    9:     0x61fc40cd9e7d - __rustc[ea4f61d10b84890b]::rust_begin_unwind
[INFO] [stdout]   10:     0x61fc40d16ccc - core[a373ad73a504971]::panicking::panic_fmt
[INFO] [stdout]   11:     0x61fc40d16aa2 - core[a373ad73a504971]::result::unwrap_failed
[INFO] [stdout]   12:     0x61fc40bdb94f - curl_http_client[2e335a6b10cf46fb]::test::test_setup::setup_test_environment::{closure#0}
[INFO] [stdout]   13:     0x61fc40bdd404 - curl_http_client[2e335a6b10cf46fb]::test::asynchronous::test_across_multiple_threads_using_multi::{closure#0}
[INFO] [stdout]   14:     0x61fc40bbbd43 - <tokio[37ebd56d747bfb5c]::runtime::scheduler::current_thread::Context>::enter::<core[a373ad73a504971]::task::poll::Poll<()>, <tokio[37ebd56d747bfb5c]::runtime::scheduler::current_thread::CoreGuard>::block_on<core[a373ad73a504971]::pin::Pin<&mut core[a373ad73a504971]::pin::Pin<&mut dyn core[a373ad73a504971]::future::future::Future<Output = ()>>>>::{closure#0}::{closure#0}>
[INFO] [stdout]   15:     0x61fc40b5abac - <tokio[37ebd56d747bfb5c]::runtime::context::scoped::Scoped<tokio[37ebd56d747bfb5c]::runtime::scheduler::Context>>::set::<<tokio[37ebd56d747bfb5c]::runtime::scheduler::current_thread::CoreGuard>::enter<<tokio[37ebd56d747bfb5c]::runtime::scheduler::current_thread::CoreGuard>::block_on<core[a373ad73a504971]::pin::Pin<&mut core[a373ad73a504971]::pin::Pin<&mut dyn core[a373ad73a504971]::future::future::Future<Output = ()>>>>::{closure#0}, core[a373ad73a504971]::option::Option<()>>::{closure#0}, (alloc[2e1b2a31b91974c5]::boxed::Box<tokio[37ebd56d747bfb5c]::runtime::scheduler::current_thread::Core>, core[a373ad73a504971]::option::Option<()>)>
[INFO] [stdout]   16:     0x61fc40bbaa45 - <tokio[37ebd56d747bfb5c]::runtime::scheduler::current_thread::CurrentThread>::block_on::<core[a373ad73a504971]::pin::Pin<&mut dyn core[a373ad73a504971]::future::future::Future<Output = ()>>>
[INFO] [stdout]   17:     0x61fc40ba8322 - <tokio[37ebd56d747bfb5c]::runtime::runtime::Runtime>::block_on::<core[a373ad73a504971]::pin::Pin<&mut dyn core[a373ad73a504971]::future::future::Future<Output = ()>>>
[INFO] [stdout]   18:     0x61fc40be5a9e - <curl_http_client[2e335a6b10cf46fb]::test::asynchronous::test_across_multiple_threads_using_multi::{closure#0} as core[a373ad73a504971]::ops::function::FnOnce<()>>::call_once
[INFO] [stdout]   19:     0x61fc40be5bdb - test[aada8e7e76ba119b]::__rust_begin_short_backtrace::<core[a373ad73a504971]::result::Result<(), alloc[2e1b2a31b91974c5]::string::String>, fn() -> core[a373ad73a504971]::result::Result<(), alloc[2e1b2a31b91974c5]::string::String>>
[INFO] [stdout]   20:     0x61fc40bf2db5 - test[aada8e7e76ba119b]::run_test::{closure#0}
[INFO] [stdout]   21:     0x61fc40bec6a4 - std[617be2ca0a6fd877]::sys::backtrace::__rust_begin_short_backtrace::<test[aada8e7e76ba119b]::run_test::{closure#1}, ()>
[INFO] [stdout]   22:     0x61fc40bf5e42 - <std[617be2ca0a6fd877]::thread::lifecycle::spawn_unchecked<test[aada8e7e76ba119b]::run_test::{closure#1}, ()>::{closure#1} as core[a373ad73a504971]::ops::function::FnOnce<()>>::call_once::{shim:vtable#0}
[INFO] [stdout]   23:     0x61fc40cfe78f - <std[617be2ca0a6fd877]::sys::thread::unix::Thread>::new::thread_start
[INFO] [stdout]   24:     0x72a33ce84dfa - <unknown>
[INFO] [stdout]   25:     0x72a33cf183d4 - clone
[INFO] [stdout]   26:                0x0 - <unknown>
[INFO] [stdout] 
[INFO] [stdout] ---- test::headers::test_with_complete_headers_file_and_headers stdout ----
[INFO] [stdout] 
[INFO] [stdout] thread 'test::headers::test_with_complete_headers_file_and_headers' (2318) panicked at src/test/test_setup.rs:124:57:
[INFO] [stdout] called `Result::unwrap()` on an `Err` value: Custom { kind: ReadOnlyFilesystem, error: PathError { path: "/opt/rustwide/workdir/./testeGsVqH", err: Os { code: 30, kind: ReadOnlyFilesystem, message: "Read-only file system" } } }
[INFO] [stdout] stack backtrace:
[INFO] [stdout]    0:     0x61fc40cffa21 - <<std[617be2ca0a6fd877]::sys::backtrace::BacktraceLock>::print::DisplayBacktrace as core[a373ad73a504971]::fmt::Display>::fmt
[INFO] [stdout]    1:     0x61fc40d1656a - core[a373ad73a504971]::fmt::write
[INFO] [stdout]    2:     0x61fc40d0474c - <alloc[2e1b2a31b91974c5]::vec::Vec<u8> as core[a373ad73a504971]::io::write::Write>::write_fmt
[INFO] [stdout]    3:     0x61fc40cd8fd6 - std[617be2ca0a6fd877]::panicking::default_hook::{closure#0}
[INFO] [stdout]    4:     0x61fc40cf6c19 - std[617be2ca0a6fd877]::panicking::default_hook
[INFO] [stdout]    5:     0x61fc40bf2790 - test[aada8e7e76ba119b]::test_main_inner::{closure#0}
[INFO] [stdout]    6:     0x61fc40cf6f42 - std[617be2ca0a6fd877]::panicking::panic_with_hook
[INFO] [stdout]    7:     0x61fc40cd9082 - std[617be2ca0a6fd877]::panicking::panic_handler::{closure#0}
[INFO] [stdout]    8:     0x61fc40cd1a09 - std[617be2ca0a6fd877]::sys::backtrace::__rust_end_short_backtrace::<std[617be2ca0a6fd877]::panicking::panic_handler::{closure#0}, !>
[INFO] [stdout]    9:     0x61fc40cd9e7d - __rustc[ea4f61d10b84890b]::rust_begin_unwind
[INFO] [stdout]   10:     0x61fc40d16ccc - core[a373ad73a504971]::panicking::panic_fmt
[INFO] [stdout]   11:     0x61fc40d16aa2 - core[a373ad73a504971]::result::unwrap_failed
[INFO] [stdout]   12:     0x61fc40bb3ebf - curl_http_client[2e335a6b10cf46fb]::test::test_setup::setup_test_environment::{closure#0}
[INFO] [stdout]   13:     0x61fc40bb76da - curl_http_client[2e335a6b10cf46fb]::test::headers::test_with_complete_headers_file_and_headers::{closure#0}
[INFO] [stdout]   14:     0x61fc40bbbd43 - <tokio[37ebd56d747bfb5c]::runtime::scheduler::current_thread::Context>::enter::<core[a373ad73a504971]::task::poll::Poll<()>, <tokio[37ebd56d747bfb5c]::runtime::scheduler::current_thread::CoreGuard>::block_on<core[a373ad73a504971]::pin::Pin<&mut core[a373ad73a504971]::pin::Pin<&mut dyn core[a373ad73a504971]::future::future::Future<Output = ()>>>>::{closure#0}::{closure#0}>
[INFO] [stdout]   15:     0x61fc40b5abac - <tokio[37ebd56d747bfb5c]::runtime::context::scoped::Scoped<tokio[37ebd56d747bfb5c]::runtime::scheduler::Context>>::set::<<tokio[37ebd56d747bfb5c]::runtime::scheduler::current_thread::CoreGuard>::enter<<tokio[37ebd56d747bfb5c]::runtime::scheduler::current_thread::CoreGuard>::block_on<core[a373ad73a504971]::pin::Pin<&mut core[a373ad73a504971]::pin::Pin<&mut dyn core[a373ad73a504971]::future::future::Future<Output = ()>>>>::{closure#0}, core[a373ad73a504971]::option::Option<()>>::{closure#0}, (alloc[2e1b2a31b91974c5]::boxed::Box<tokio[37ebd56d747bfb5c]::runtime::scheduler::current_thread::Core>, core[a373ad73a504971]::option::Option<()>)>
[INFO] [stdout]   16:     0x61fc40bbaa45 - <tokio[37ebd56d747bfb5c]::runtime::scheduler::current_thread::CurrentThread>::block_on::<core[a373ad73a504971]::pin::Pin<&mut dyn core[a373ad73a504971]::future::future::Future<Output = ()>>>
[INFO] [stdout]   17:     0x61fc40ba8322 - <tokio[37ebd56d747bfb5c]::runtime::runtime::Runtime>::block_on::<core[a373ad73a504971]::pin::Pin<&mut dyn core[a373ad73a504971]::future::future::Future<Output = ()>>>
[INFO] [stdout]   18:     0x61fc40bba37e - <curl_http_client[2e335a6b10cf46fb]::test::headers::test_with_complete_headers_file_and_headers::{closure#0} as core[a373ad73a504971]::ops::function::FnOnce<()>>::call_once
[INFO] [stdout]   19:     0x61fc40be5bdb - test[aada8e7e76ba119b]::__rust_begin_short_backtrace::<core[a373ad73a504971]::result::Result<(), alloc[2e1b2a31b91974c5]::string::String>, fn() -> core[a373ad73a504971]::result::Result<(), alloc[2e1b2a31b91974c5]::string::String>>
[INFO] [stdout]   20:     0x61fc40bf2db5 - test[aada8e7e76ba119b]::run_test::{closure#0}
[INFO] [stdout]   21:     0x61fc40bec6a4 - std[617be2ca0a6fd877]::sys::backtrace::__rust_begin_short_backtrace::<test[aada8e7e76ba119b]::run_test::{closure#1}, ()>
[INFO] [stdout]   22:     0x61fc40bf5e42 - <std[617be2ca0a6fd877]::thread::lifecycle::spawn_unchecked<test[aada8e7e76ba119b]::run_test::{closure#1}, ()>::{closure#1} as core[a373ad73a504971]::ops::function::FnOnce<()>>::call_once::{shim:vtable#0}
[INFO] [stdout]   23:     0x61fc40cfe78f - <std[617be2ca0a6fd877]::sys::thread::unix::Thread>::new::thread_start
[INFO] [stdout]   24:     0x72a33ce84dfa - <unknown>
[INFO] [stdout]   25:     0x72a33cf183d4 - clone
[INFO] [stdout]   26:                0x0 - <unknown>
[INFO] [stdout] 
[INFO] [stdout] ---- test::upload::test_upload_with_transfer_speed_sender stdout ----
[INFO] [stdout] 
[INFO] [stdout] thread 'test::upload::test_upload_with_transfer_speed_sender' (2349) panicked at src/test/test_setup.rs:124:57:
[INFO] [stdout] called `Result::unwrap()` on an `Err` value: Custom { kind: ReadOnlyFilesystem, error: PathError { path: "/opt/rustwide/workdir/./testuFuw8f", err: Os { code: 30, kind: ReadOnlyFilesystem, message: "Read-only file system" } } }
[INFO] [stdout] stack backtrace:
[INFO] [stdout]    0:     0x61fc40cffa21 - <<std[617be2ca0a6fd877]::sys::backtrace::BacktraceLock>::print::DisplayBacktrace as core[a373ad73a504971]::fmt::Display>::fmt
[INFO] [stdout]    1:     0x61fc40d1656a - core[a373ad73a504971]::fmt::write
[INFO] [stdout]    2:     0x61fc40d0474c - <alloc[2e1b2a31b91974c5]::vec::Vec<u8> as core[a373ad73a504971]::io::write::Write>::write_fmt
[INFO] [stdout]    3:     0x61fc40cd8fd6 - std[617be2ca0a6fd877]::panicking::default_hook::{closure#0}
[INFO] [stdout]    4:     0x61fc40cf6c19 - std[617be2ca0a6fd877]::panicking::default_hook
[INFO] [stdout]    5:     0x61fc40bf2790 - test[aada8e7e76ba119b]::test_main_inner::{closure#0}
[INFO] [stdout]    6:     0x61fc40cf6f42 - std[617be2ca0a6fd877]::panicking::panic_with_hook
[INFO] [stdout]    7:     0x61fc40cd9082 - std[617be2ca0a6fd877]::panicking::panic_handler::{closure#0}
[INFO] [stdout]    8:     0x61fc40cd1a09 - std[617be2ca0a6fd877]::sys::backtrace::__rust_end_short_backtrace::<std[617be2ca0a6fd877]::panicking::panic_handler::{closure#0}, !>
[INFO] [stdout]    9:     0x61fc40cd9e7d - __rustc[ea4f61d10b84890b]::rust_begin_unwind
[INFO] [stdout]   10:     0x61fc40d16ccc - core[a373ad73a504971]::panicking::panic_fmt
[INFO] [stdout]   11:     0x61fc40d16aa2 - core[a373ad73a504971]::result::unwrap_failed
[INFO] [stdout]   12:     0x61fc40b90533 - curl_http_client[2e335a6b10cf46fb]::test::test_setup::setup_test_environment::{closure#0}
[INFO] [stdout]   13:     0x61fc40b93a70 - curl_http_client[2e335a6b10cf46fb]::test::upload::test_upload_with_transfer_speed_sender::{closure#0}
[INFO] [stdout]   14:     0x61fc40bbbd43 - <tokio[37ebd56d747bfb5c]::runtime::scheduler::current_thread::Context>::enter::<core[a373ad73a504971]::task::poll::Poll<()>, <tokio[37ebd56d747bfb5c]::runtime::scheduler::current_thread::CoreGuard>::block_on<core[a373ad73a504971]::pin::Pin<&mut core[a373ad73a504971]::pin::Pin<&mut dyn core[a373ad73a504971]::future::future::Future<Output = ()>>>>::{closure#0}::{closure#0}>
[INFO] [stdout]   15:     0x61fc40b5abac - <tokio[37ebd56d747bfb5c]::runtime::context::scoped::Scoped<tokio[37ebd56d747bfb5c]::runtime::scheduler::Context>>::set::<<tokio[37ebd56d747bfb5c]::runtime::scheduler::current_thread::CoreGuard>::enter<<tokio[37ebd56d747bfb5c]::runtime::scheduler::current_thread::CoreGuard>::block_on<core[a373ad73a504971]::pin::Pin<&mut core[a373ad73a504971]::pin::Pin<&mut dyn core[a373ad73a504971]::future::future::Future<Output = ()>>>>::{closure#0}, core[a373ad73a504971]::option::Option<()>>::{closure#0}, (alloc[2e1b2a31b91974c5]::boxed::Box<tokio[37ebd56d747bfb5c]::runtime::scheduler::current_thread::Core>, core[a373ad73a504971]::option::Option<()>)>
[INFO] [stdout]   16:     0x61fc40bbaa45 - <tokio[37ebd56d747bfb5c]::runtime::scheduler::current_thread::CurrentThread>::block_on::<core[a373ad73a504971]::pin::Pin<&mut dyn core[a373ad73a504971]::future::future::Future<Output = ()>>>
[INFO] [stdout]   17:     0x61fc40ba8322 - <tokio[37ebd56d747bfb5c]::runtime::runtime::Runtime>::block_on::<core[a373ad73a504971]::pin::Pin<&mut dyn core[a373ad73a504971]::future::future::Future<Output = ()>>>
[INFO] [stdout]   18:     0x61fc40b9717e - <curl_http_client[2e335a6b10cf46fb]::test::upload::test_upload_with_transfer_speed_sender::{closure#0} as core[a373ad73a504971]::ops::function::FnOnce<()>>::call_once
[INFO] [stdout]   19:     0x61fc40be5bdb - test[aada8e7e76ba119b]::__rust_begin_short_backtrace::<core[a373ad73a504971]::result::Result<(), alloc[2e1b2a31b91974c5]::string::String>, fn() -> core[a373ad73a504971]::result::Result<(), alloc[2e1b2a31b91974c5]::string::String>>
[INFO] [stdout]   20:     0x61fc40bf2db5 - test[aada8e7e76ba119b]::run_test::{closure#0}
[INFO] [stdout]   21:     0x61fc40bec6a4 - std[617be2ca0a6fd877]::sys::backtrace::__rust_begin_short_backtrace::<test[aada8e7e76ba119b]::run_test::{closure#1}, ()>
[INFO] [stdout]   22:     0x61fc40bf5e42 - <std[617be2ca0a6fd877]::thread::lifecycle::spawn_unchecked<test[aada8e7e76ba119b]::run_test::{closure#1}, ()>::{closure#1} as core[a373ad73a504971]::ops::function::FnOnce<()>>::call_once::{shim:vtable#0}
[INFO] [stdout]   23:     0x61fc40cfe78f - <std[617be2ca0a6fd877]::sys::thread::unix::Thread>::new::thread_start
[INFO] [stdout]   24:     0x72a33ce84dfa - <unknown>
[INFO] [stdout]   25:     0x72a33cf183d4 - clone
[INFO] [stdout]   26:                0x0 - <unknown>
[INFO] [stdout] 
[INFO] [stdout] ---- test::download::test_resume_download::offset_4500_bytes stdout ----
[INFO] [stdout] 
[INFO] [stdout] thread 'test::download::test_resume_download::offset_4500_bytes' (2312) panicked at src/test/test_setup.rs:124:57:
[INFO] [stdout] called `Result::unwrap()` on an `Err` value: Custom { kind: ReadOnlyFilesystem, error: PathError { path: "/opt/rustwide/workdir/./test8RxbVb", err: Os { code: 30, kind: ReadOnlyFilesystem, message: "Read-only file system" } } }
[INFO] [stdout] stack backtrace:
[INFO] [stdout]    0:     0x61fc40cffa21 - <<std[617be2ca0a6fd877]::sys::backtrace::BacktraceLock>::print::DisplayBacktrace as core[a373ad73a504971]::fmt::Display>::fmt
[INFO] [stdout]    1:     0x61fc40d1656a - core[a373ad73a504971]::fmt::write
[INFO] [stdout]    2:     0x61fc40d0474c - <alloc[2e1b2a31b91974c5]::vec::Vec<u8> as core[a373ad73a504971]::io::write::Write>::write_fmt
[INFO] [stdout]    3:     0x61fc40cd8fd6 - std[617be2ca0a6fd877]::panicking::default_hook::{closure#0}
[INFO] [stdout]    4:     0x61fc40cf6c19 - std[617be2ca0a6fd877]::panicking::default_hook
[INFO] [stdout]    5:     0x61fc40bf2790 - test[aada8e7e76ba119b]::test_main_inner::{closure#0}
[INFO] [stdout]    6:     0x61fc40cf6f42 - std[617be2ca0a6fd877]::panicking::panic_with_hook
[INFO] [stdout]    7:     0x61fc40cd9082 - std[617be2ca0a6fd877]::panicking::panic_handler::{closure#0}
[INFO] [stdout]    8:     0x61fc40cd1a09 - std[617be2ca0a6fd877]::sys::backtrace::__rust_end_short_backtrace::<std[617be2ca0a6fd877]::panicking::panic_handler::{closure#0}, !>
[INFO] [stdout]    9:     0x61fc40cd9e7d - __rustc[ea4f61d10b84890b]::rust_begin_unwind
[INFO] [stdout]   10:     0x61fc40d16ccc - core[a373ad73a504971]::panicking::panic_fmt
[INFO] [stdout]   11:     0x61fc40d16aa2 - core[a373ad73a504971]::result::unwrap_failed
[INFO] [stdout]   12:     0x61fc40b241e8 - curl_http_client[2e335a6b10cf46fb]::test::test_setup::setup_test_environment::{closure#0}
[INFO] [stdout]   13:     0x61fc40b2507d - curl_http_client[2e335a6b10cf46fb]::test::download::test_resume_download::{closure#0}
[INFO] [stdout]   14:     0x61fc40b272d7 - curl_http_client[2e335a6b10cf46fb]::test::download::test_resume_download::offset_4500_bytes::{closure#0}
[INFO] [stdout]   15:     0x61fc40bbbd43 - <tokio[37ebd56d747bfb5c]::runtime::scheduler::current_thread::Context>::enter::<core[a373ad73a504971]::task::poll::Poll<()>, <tokio[37ebd56d747bfb5c]::runtime::scheduler::current_thread::CoreGuard>::block_on<core[a373ad73a504971]::pin::Pin<&mut core[a373ad73a504971]::pin::Pin<&mut dyn core[a373ad73a504971]::future::future::Future<Output = ()>>>>::{closure#0}::{closure#0}>
[INFO] [stdout]   16:     0x61fc40b5abac - <tokio[37ebd56d747bfb5c]::runtime::context::scoped::Scoped<tokio[37ebd56d747bfb5c]::runtime::scheduler::Context>>::set::<<tokio[37ebd56d747bfb5c]::runtime::scheduler::current_thread::CoreGuard>::enter<<tokio[37ebd56d747bfb5c]::runtime::scheduler::current_thread::CoreGuard>::block_on<core[a373ad73a504971]::pin::Pin<&mut core[a373ad73a504971]::pin::Pin<&mut dyn core[a373ad73a504971]::future::future::Future<Output = ()>>>>::{closure#0}, core[a373ad73a504971]::option::Option<()>>::{closure#0}, (alloc[2e1b2a31b91974c5]::boxed::Box<tokio[37ebd56d747bfb5c]::runtime::scheduler::current_thread::Core>, core[a373ad73a504971]::option::Option<()>)>
[INFO] [stdout]   17:     0x61fc40bbaa45 - <tokio[37ebd56d747bfb5c]::runtime::scheduler::current_thread::CurrentThread>::block_on::<core[a373ad73a504971]::pin::Pin<&mut dyn core[a373ad73a504971]::future::future::Future<Output = ()>>>
[INFO] [stdout]   18:     0x61fc40ba8322 - <tokio[37ebd56d747bfb5c]::runtime::runtime::Runtime>::block_on::<core[a373ad73a504971]::pin::Pin<&mut dyn core[a373ad73a504971]::future::future::Future<Output = ()>>>
[INFO] [stdout]   19:     0x61fc40b2b15e - <curl_http_client[2e335a6b10cf46fb]::test::download::test_resume_download::offset_4500_bytes::{closure#0} as core[a373ad73a504971]::ops::function::FnOnce<()>>::call_once
[INFO] [stdout]   20:     0x61fc40be5bdb - test[aada8e7e76ba119b]::__rust_begin_short_backtrace::<core[a373ad73a504971]::result::Result<(), alloc[2e1b2a31b91974c5]::string::String>, fn() -> core[a373ad73a504971]::result::Result<(), alloc[2e1b2a31b91974c5]::string::String>>
[INFO] [stdout]   21:     0x61fc40bf2db5 - test[aada8e7e76ba119b]::run_test::{closure#0}
[INFO] [stdout]   22:     0x61fc40bec6a4 - std[617be2ca0a6fd877]::sys::backtrace::__rust_begin_short_backtrace::<test[aada8e7e76ba119b]::run_test::{closure#1}, ()>
[INFO] [stdout]   23:     0x61fc40bf5e42 - <std[617be2ca0a6fd877]::thread::lifecycle::spawn_unchecked<test[aada8e7e76ba119b]::run_test::{closure#1}, ()>::{closure#1} as core[a373ad73a504971]::ops::function::FnOnce<()>>::call_once::{shim:vtable#0}
[INFO] [stdout]   24:     0x61fc40cfe78f - <std[617be2ca0a6fd877]::sys::thread::unix::Thread>::new::thread_start
[INFO] [stdout]   25:     0x72a33ce84dfa - <unknown>
[INFO] [stdout]   26:     0x72a33cf183d4 - clone
[INFO] [stdout]   27:                0x0 - <unknown>
[INFO] [stdout] 
[INFO] [stdout] ---- test::post::test_post stdout ----
[INFO] [stdout] 
[INFO] [stdout] thread 'test::post::test_post' (2334) panicked at src/test/test_setup.rs:124:57:
[INFO] [stdout] called `Result::unwrap()` on an `Err` value: Custom { kind: ReadOnlyFilesystem, error: PathError { path: "/opt/rustwide/workdir/./testJOSjDx", err: Os { code: 30, kind: ReadOnlyFilesystem, message: "Read-only file system" } } }
[INFO] [stdout] stack backtrace:
[INFO] [stdout]    0:     0x61fc40cffa21 - <<std[617be2ca0a6fd877]::sys::backtrace::BacktraceLock>::print::DisplayBacktrace as core[a373ad73a504971]::fmt::Display>::fmt
[INFO] [stdout]    1:     0x61fc40d1656a - core[a373ad73a504971]::fmt::write
[INFO] [stdout]    2:     0x61fc40d0474c - <alloc[2e1b2a31b91974c5]::vec::Vec<u8> as core[a373ad73a504971]::io::write::Write>::write_fmt
[INFO] [stdout]    3:     0x61fc40cd8fd6 - std[617be2ca0a6fd877]::panicking::default_hook::{closure#0}
[INFO] [stdout]    4:     0x61fc40cf6c19 - std[617be2ca0a6fd877]::panicking::default_hook
[INFO] [stdout]    5:     0x61fc40bf2790 - test[aada8e7e76ba119b]::test_main_inner::{closure#0}
[INFO] [stdout]    6:     0x61fc40cf6f42 - std[617be2ca0a6fd877]::panicking::panic_with_hook
[INFO] [stdout]    7:     0x61fc40cd9082 - std[617be2ca0a6fd877]::panicking::panic_handler::{closure#0}
[INFO] [stdout]    8:     0x61fc40cd1a09 - std[617be2ca0a6fd877]::sys::backtrace::__rust_end_short_backtrace::<std[617be2ca0a6fd877]::panicking::panic_handler::{closure#0}, !>
[INFO] [stdout]    9:     0x61fc40cd9e7d - __rustc[ea4f61d10b84890b]::rust_begin_unwind
[INFO] [stdout]   10:     0x61fc40d16ccc - core[a373ad73a504971]::panicking::panic_fmt
[INFO] [stdout]   11:     0x61fc40d16aa2 - core[a373ad73a504971]::result::unwrap_failed
[INFO] [stdout]   12:     0x61fc40b9fe1f - curl_http_client[2e335a6b10cf46fb]::test::test_setup::setup_test_environment::{closure#0}
[INFO] [stdout]   13:     0x61fc40ba60c3 - curl_http_client[2e335a6b10cf46fb]::test::post::test_post::{closure#0}
[INFO] [stdout]   14:     0x61fc40bbbd43 - <tokio[37ebd56d747bfb5c]::runtime::scheduler::current_thread::Context>::enter::<core[a373ad73a504971]::task::poll::Poll<()>, <tokio[37ebd56d747bfb5c]::runtime::scheduler::current_thread::CoreGuard>::block_on<core[a373ad73a504971]::pin::Pin<&mut core[a373ad73a504971]::pin::Pin<&mut dyn core[a373ad73a504971]::future::future::Future<Output = ()>>>>::{closure#0}::{closure#0}>
[INFO] [stdout]   15:     0x61fc40b5abac - <tokio[37ebd56d747bfb5c]::runtime::context::scoped::Scoped<tokio[37ebd56d747bfb5c]::runtime::scheduler::Context>>::set::<<tokio[37ebd56d747bfb5c]::runtime::scheduler::current_thread::CoreGuard>::enter<<tokio[37ebd56d747bfb5c]::runtime::scheduler::current_thread::CoreGuard>::block_on<core[a373ad73a504971]::pin::Pin<&mut core[a373ad73a504971]::pin::Pin<&mut dyn core[a373ad73a504971]::future::future::Future<Output = ()>>>>::{closure#0}, core[a373ad73a504971]::option::Option<()>>::{closure#0}, (alloc[2e1b2a31b91974c5]::boxed::Box<tokio[37ebd56d747bfb5c]::runtime::scheduler::current_thread::Core>, core[a373ad73a504971]::option::Option<()>)>
[INFO] [stdout]   16:     0x61fc40bbaa45 - <tokio[37ebd56d747bfb5c]::runtime::scheduler::current_thread::CurrentThread>::block_on::<core[a373ad73a504971]::pin::Pin<&mut dyn core[a373ad73a504971]::future::future::Future<Output = ()>>>
[INFO] [stdout]   17:     0x61fc40ba8322 - <tokio[37ebd56d747bfb5c]::runtime::runtime::Runtime>::block_on::<core[a373ad73a504971]::pin::Pin<&mut dyn core[a373ad73a504971]::future::future::Future<Output = ()>>>
[INFO] [stdout]   18:     0x61fc40ba810e - <curl_http_client[2e335a6b10cf46fb]::test::post::test_post::{closure#0} as core[a373ad73a504971]::ops::function::FnOnce<()>>::call_once
[INFO] [stdout]   19:     0x61fc40be5bdb - test[aada8e7e76ba119b]::__rust_begin_short_backtrace::<core[a373ad73a504971]::result::Result<(), alloc[2e1b2a31b91974c5]::string::String>, fn() -> core[a373ad73a504971]::result::Result<(), alloc[2e1b2a31b91974c5]::string::String>>
[INFO] [stdout]   20:     0x61fc40bf2db5 - test[aada8e7e76ba119b]::run_test::{closure#0}
[INFO] [stdout]   21:     0x61fc40bec6a4 - std[617be2ca0a6fd877]::sys::backtrace::__rust_begin_short_backtrace::<test[aada8e7e76ba119b]::run_test::{closure#1}, ()>
[INFO] [stdout]   22:     0x61fc40bf5e42 - <std[617be2ca0a6fd877]::thread::lifecycle::spawn_unchecked<test[aada8e7e76ba119b]::run_test::{closure#1}, ()>::{closure#1} as core[a373ad73a504971]::ops::function::FnOnce<()>>::call_once::{shim:vtable#0}
[INFO] [stdout]   23:     0x61fc40cfe78f - <std[617be2ca0a6fd877]::sys::thread::unix::Thread>::new::thread_start
[INFO] [stdout]   24:     0x72a33ce84dfa - <unknown>
[INFO] [stdout]   25:     0x72a33cf183d4 - clone
[INFO] [stdout]   26:                0x0 - <unknown>
[INFO] [stdout] 
[INFO] [stdout] ---- test::headers::test_with_complete_headers_ram stdout ----
[INFO] [stdout] 
[INFO] [stdout] thread 'test::headers::test_with_complete_headers_ram' (2330) panicked at src/test/test_setup.rs:124:57:
[INFO] [stdout] called `Result::unwrap()` on an `Err` value: Custom { kind: ReadOnlyFilesystem, error: PathError { path: "/opt/rustwide/workdir/./testFU7VTF", err: Os { code: 30, kind: ReadOnlyFilesystem, message: "Read-only file system" } } }
[INFO] [stdout] stack backtrace:
[INFO] [stdout]    0:     0x61fc40cffa21 - <<std[617be2ca0a6fd877]::sys::backtrace::BacktraceLock>::print::DisplayBacktrace as core[a373ad73a504971]::fmt::Display>::fmt
[INFO] [stdout]    1:     0x61fc40d1656a - core[a373ad73a504971]::fmt::write
[INFO] [stdout]    2:     0x61fc40d0474c - <alloc[2e1b2a31b91974c5]::vec::Vec<u8> as core[a373ad73a504971]::io::write::Write>::write_fmt
[INFO] [stdout]    3:     0x61fc40cd8fd6 - std[617be2ca0a6fd877]::panicking::default_hook::{closure#0}
[INFO] [stdout]    4:     0x61fc40cf6c19 - std[617be2ca0a6fd877]::panicking::default_hook
[INFO] [stdout]    5:     0x61fc40bf2790 - test[aada8e7e76ba119b]::test_main_inner::{closure#0}
[INFO] [stdout]    6:     0x61fc40cf6f42 - std[617be2ca0a6fd877]::panicking::panic_with_hook
[INFO] [stdout]    7:     0x61fc40cd9082 - std[617be2ca0a6fd877]::panicking::panic_handler::{closure#0}
[INFO] [stdout]    8:     0x61fc40cd1a09 - std[617be2ca0a6fd877]::sys::backtrace::__rust_end_short_backtrace::<std[617be2ca0a6fd877]::panicking::panic_handler::{closure#0}, !>
[INFO] [stdout]    9:     0x61fc40cd9e7d - __rustc[ea4f61d10b84890b]::rust_begin_unwind
[INFO] [stdout]   10:     0x61fc40d16ccc - core[a373ad73a504971]::panicking::panic_fmt
[INFO] [stdout]   11:     0x61fc40d16aa2 - core[a373ad73a504971]::result::unwrap_failed
[INFO] [stdout]   12:     0x61fc40bb3ebf - curl_http_client[2e335a6b10cf46fb]::test::test_setup::setup_test_environment::{closure#0}
[INFO] [stdout]   13:     0x61fc40bb4d73 - curl_http_client[2e335a6b10cf46fb]::test::headers::test_with_complete_headers_ram::{closure#0}
[INFO] [stdout]   14:     0x61fc40bbbd43 - <tokio[37ebd56d747bfb5c]::runtime::scheduler::current_thread::Context>::enter::<core[a373ad73a504971]::task::poll::Poll<()>, <tokio[37ebd56d747bfb5c]::runtime::scheduler::current_thread::CoreGuard>::block_on<core[a373ad73a504971]::pin::Pin<&mut core[a373ad73a504971]::pin::Pin<&mut dyn core[a373ad73a504971]::future::future::Future<Output = ()>>>>::{closure#0}::{closure#0}>
[INFO] [stdout]   15:     0x61fc40b5abac - <tokio[37ebd56d747bfb5c]::runtime::context::scoped::Scoped<tokio[37ebd56d747bfb5c]::runtime::scheduler::Context>>::set::<<tokio[37ebd56d747bfb5c]::runtime::scheduler::current_thread::CoreGuard>::enter<<tokio[37ebd56d747bfb5c]::runtime::scheduler::current_thread::CoreGuard>::block_on<core[a373ad73a504971]::pin::Pin<&mut core[a373ad73a504971]::pin::Pin<&mut dyn core[a373ad73a504971]::future::future::Future<Output = ()>>>>::{closure#0}, core[a373ad73a504971]::option::Option<()>>::{closure#0}, (alloc[2e1b2a31b91974c5]::boxed::Box<tokio[37ebd56d747bfb5c]::runtime::scheduler::current_thread::Core>, core[a373ad73a504971]::option::Option<()>)>
[INFO] [stdout]   16:     0x61fc40bbaa45 - <tokio[37ebd56d747bfb5c]::runtime::scheduler::current_thread::CurrentThread>::block_on::<core[a373ad73a504971]::pin::Pin<&mut dyn core[a373ad73a504971]::future::future::Future<Output = ()>>>
[INFO] [stdout]   17:     0x61fc40ba8322 - <tokio[37ebd56d747bfb5c]::runtime::runtime::Runtime>::block_on::<core[a373ad73a504971]::pin::Pin<&mut dyn core[a373ad73a504971]::future::future::Future<Output = ()>>>
[INFO] [stdout]   18:     0x61fc40bb9f5e - <curl_http_client[2e335a6b10cf46fb]::test::headers::test_with_complete_headers_ram::{closure#0} as core[a373ad73a504971]::ops::function::FnOnce<()>>::call_once
[INFO] [stdout]   19:     0x61fc40be5bdb - test[aada8e7e76ba119b]::__rust_begin_short_backtrace::<core[a373ad73a504971]::result::Result<(), alloc[2e1b2a31b91974c5]::string::String>, fn() -> core[a373ad73a504971]::result::Result<(), alloc[2e1b2a31b91974c5]::string::String>>
[INFO] [stdout]   20:     0x61fc40bf2db5 - test[aada8e7e76ba119b]::run_test::{closure#0}
[INFO] [stdout]   21:     0x61fc40bec6a4 - std[617be2ca0a6fd877]::sys::backtrace::__rust_begin_short_backtrace::<test[aada8e7e76ba119b]::run_test::{closure#1}, ()>
[INFO] [stdout]   22:     0x61fc40bf5e42 - <std[617be2ca0a6fd877]::thread::lifecycle::spawn_unchecked<test[aada8e7e76ba119b]::run_test::{closure#1}, ()>::{closure#1} as core[a373ad73a504971]::ops::function::FnOnce<()>>::call_once::{shim:vtable#0}
[INFO] [stdout]   23:     0x61fc40cfe78f - <std[617be2ca0a6fd877]::sys::thread::unix::Thread>::new::thread_start
[INFO] [stdout]   24:     0x72a33ce84dfa - <unknown>
[INFO] [stdout]   25:     0x72a33cf183d4 - clone
[INFO] [stdout]   26:                0x0 - <unknown>
[INFO] [stdout] 
[INFO] [stdout] ---- test::get::test_get stdout ----
[INFO] [stdout] 
[INFO] [stdout] thread 'test::get::test_get' (2314) panicked at src/test/test_setup.rs:124:57:
[INFO] [stdout] called `Result::unwrap()` on an `Err` value: Custom { kind: ReadOnlyFilesystem, error: PathError { path: "/opt/rustwide/workdir/./testBS9o5R", err: Os { code: 30, kind: ReadOnlyFilesystem, message: "Read-only file system" } } }
[INFO] [stdout] stack backtrace:
[INFO] [stdout]    0:     0x61fc40cffa21 - <<std[617be2ca0a6fd877]::sys::backtrace::BacktraceLock>::print::DisplayBacktrace as core[a373ad73a504971]::fmt::Display>::fmt
[INFO] [stdout]    1:     0x61fc40d1656a - core[a373ad73a504971]::fmt::write
[INFO] [stdout]    2:     0x61fc40d0474c - <alloc[2e1b2a31b91974c5]::vec::Vec<u8> as core[a373ad73a504971]::io::write::Write>::write_fmt
[INFO] [stdout]    3:     0x61fc40cd8fd6 - std[617be2ca0a6fd877]::panicking::default_hook::{closure#0}
[INFO] [stdout]    4:     0x61fc40cf6c19 - std[617be2ca0a6fd877]::panicking::default_hook
[INFO] [stdout]    5:     0x61fc40bf2790 - test[aada8e7e76ba119b]::test_main_inner::{closure#0}
[INFO] [stdout]    6:     0x61fc40cf6f42 - std[617be2ca0a6fd877]::panicking::panic_with_hook
[INFO] [stdout]    7:     0x61fc40cd9082 - std[617be2ca0a6fd877]::panicking::panic_handler::{closure#0}
[INFO] [stdout]    8:     0x61fc40cd1a09 - std[617be2ca0a6fd877]::sys::backtrace::__rust_end_short_backtrace::<std[617be2ca0a6fd877]::panicking::panic_handler::{closure#0}, !>
[INFO] [stdout]    9:     0x61fc40cd9e7d - __rustc[ea4f61d10b84890b]::rust_begin_unwind
[INFO] [stdout]   10:     0x61fc40d16ccc - core[a373ad73a504971]::panicking::panic_fmt
[INFO] [stdout]   11:     0x61fc40d16aa2 - core[a373ad73a504971]::result::unwrap_failed
[INFO] [stdout]   12:     0x61fc40bcc8cf - curl_http_client[2e335a6b10cf46fb]::test::test_setup::setup_test_environment::{closure#0}
[INFO] [stdout]   13:     0x61fc40bcece3 - curl_http_client[2e335a6b10cf46fb]::test::get::test_get::{closure#0}
[INFO] [stdout]   14:     0x61fc40bbbd43 - <tokio[37ebd56d747bfb5c]::runtime::scheduler::current_thread::Context>::enter::<core[a373ad73a504971]::task::poll::Poll<()>, <tokio[37ebd56d747bfb5c]::runtime::scheduler::current_thread::CoreGuard>::block_on<core[a373ad73a504971]::pin::Pin<&mut core[a373ad73a504971]::pin::Pin<&mut dyn core[a373ad73a504971]::future::future::Future<Output = ()>>>>::{closure#0}::{closure#0}>
[INFO] [stdout]   15:     0x61fc40b5abac - <tokio[37ebd56d747bfb5c]::runtime::context::scoped::Scoped<tokio[37ebd56d747bfb5c]::runtime::scheduler::Context>>::set::<<tokio[37ebd56d747bfb5c]::runtime::scheduler::current_thread::CoreGuard>::enter<<tokio[37ebd56d747bfb5c]::runtime::scheduler::current_thread::CoreGuard>::block_on<core[a373ad73a504971]::pin::Pin<&mut core[a373ad73a504971]::pin::Pin<&mut dyn core[a373ad73a504971]::future::future::Future<Output = ()>>>>::{closure#0}, core[a373ad73a504971]::option::Option<()>>::{closure#0}, (alloc[2e1b2a31b91974c5]::boxed::Box<tokio[37ebd56d747bfb5c]::runtime::scheduler::current_thread::Core>, core[a373ad73a504971]::option::Option<()>)>
[INFO] [stdout]   16:     0x61fc40bbaa45 - <tokio[37ebd56d747bfb5c]::runtime::scheduler::current_thread::CurrentThread>::block_on::<core[a373ad73a504971]::pin::Pin<&mut dyn core[a373ad73a504971]::future::future::Future<Output = ()>>>
[INFO] [stdout]   17:     0x61fc40ba8322 - <tokio[37ebd56d747bfb5c]::runtime::runtime::Runtime>::block_on::<core[a373ad73a504971]::pin::Pin<&mut dyn core[a373ad73a504971]::future::future::Future<Output = ()>>>
[INFO] [stdout]   18:     0x61fc40bd2d0e - <curl_http_client[2e335a6b10cf46fb]::test::get::test_get::{closure#0} as core[a373ad73a504971]::ops::function::FnOnce<()>>::call_once
[INFO] [stdout]   19:     0x61fc40be5bdb - test[aada8e7e76ba119b]::__rust_begin_short_backtrace::<core[a373ad73a504971]::result::Result<(), alloc[2e1b2a31b91974c5]::string::String>, fn() -> core[a373ad73a504971]::result::Result<(), alloc[2e1b2a31b91974c5]::string::String>>
[INFO] [stdout]   20:     0x61fc40bf2db5 - test[aada8e7e76ba119b]::run_test::{closure#0}
[INFO] [stdout]   21:     0x61fc40bec6a4 - std[617be2ca0a6fd877]::sys::backtrace::__rust_begin_short_backtrace::<test[aada8e7e76ba119b]::run_test::{closure#1}, ()>
[INFO] [stdout]   22:     0x61fc40bf5e42 - <std[617be2ca0a6fd877]::thread::lifecycle::spawn_unchecked<test[aada8e7e76ba119b]::run_test::{closure#1}, ()>::{closure#1} as core[a373ad73a504971]::ops::function::FnOnce<()>>::call_once::{shim:vtable#0}
[INFO] [stdout]   23:     0x61fc40cfe78f - <std[617be2ca0a6fd877]::sys::thread::unix::Thread>::new::thread_start
[INFO] [stdout]   24:     0x72a33ce84dfa - <unknown>
[INFO] [stdout]   25:     0x72a33cf183d4 - clone
[INFO] [stdout]   26:                0x0 - <unknown>
[INFO] [stdout] 
[INFO] [stdout] ---- test::post::test_post_sync stdout ----
[INFO] [stdout] 
[INFO] [stdout] thread 'test::post::test_post_sync' (2340) panicked at src/test/test_setup.rs:124:57:
[INFO] [stdout] called `Result::unwrap()` on an `Err` value: Custom { kind: ReadOnlyFilesystem, error: PathError { path: "/opt/rustwide/workdir/./testuIgpwh", err: Os { code: 30, kind: ReadOnlyFilesystem, message: "Read-only file system" } } }
[INFO] [stdout] stack backtrace:
[INFO] [stdout]    0:     0x61fc40cffa21 - <<std[617be2ca0a6fd877]::sys::backtrace::BacktraceLock>::print::DisplayBacktrace as core[a373ad73a504971]::fmt::Display>::fmt
[INFO] [stdout]    1:     0x61fc40d1656a - core[a373ad73a504971]::fmt::write
[INFO] [stdout]    2:     0x61fc40d0474c - <alloc[2e1b2a31b91974c5]::vec::Vec<u8> as core[a373ad73a504971]::io::write::Write>::write_fmt
[INFO] [stdout]    3:     0x61fc40cd8fd6 - std[617be2ca0a6fd877]::panicking::default_hook::{closure#0}
[INFO] [stdout]    4:     0x61fc40cf6c19 - std[617be2ca0a6fd877]::panicking::default_hook
[INFO] [stdout]    5:     0x61fc40bf2790 - test[aada8e7e76ba119b]::test_main_inner::{closure#0}
[INFO] [stdout]    6:     0x61fc40cf6f42 - std[617be2ca0a6fd877]::panicking::panic_with_hook
[INFO] [stdout]    7:     0x61fc40cd9082 - std[617be2ca0a6fd877]::panicking::panic_handler::{closure#0}
[INFO] [stdout]    8:     0x61fc40cd1a09 - std[617be2ca0a6fd877]::sys::backtrace::__rust_end_short_backtrace::<std[617be2ca0a6fd877]::panicking::panic_handler::{closure#0}, !>
[INFO] [stdout]    9:     0x61fc40cd9e7d - __rustc[ea4f61d10b84890b]::rust_begin_unwind
[INFO] [stdout]   10:     0x61fc40d16ccc - core[a373ad73a504971]::panicking::panic_fmt
[INFO] [stdout]   11:     0x61fc40d16aa2 - core[a373ad73a504971]::result::unwrap_failed
[INFO] [stdout]   12:     0x61fc40b9fe1f - curl_http_client[2e335a6b10cf46fb]::test::test_setup::setup_test_environment::{closure#0}
[INFO] [stdout]   13:     0x61fc40ba1758 - curl_http_client[2e335a6b10cf46fb]::test::post::test_post_sync::{closure#0}
[INFO] [stdout]   14:     0x61fc40bbbd43 - <tokio[37ebd56d747bfb5c]::runtime::scheduler::current_thread::Context>::enter::<core[a373ad73a504971]::task::poll::Poll<()>, <tokio[37ebd56d747bfb5c]::runtime::scheduler::current_thread::CoreGuard>::block_on<core[a373ad73a504971]::pin::Pin<&mut core[a373ad73a504971]::pin::Pin<&mut dyn core[a373ad73a504971]::future::future::Future<Output = ()>>>>::{closure#0}::{closure#0}>
[INFO] [stdout]   15:     0x61fc40b5abac - <tokio[37ebd56d747bfb5c]::runtime::context::scoped::Scoped<tokio[37ebd56d747bfb5c]::runtime::scheduler::Context>>::set::<<tokio[37ebd56d747bfb5c]::runtime::scheduler::current_thread::CoreGuard>::enter<<tokio[37ebd56d747bfb5c]::runtime::scheduler::current_thread::CoreGuard>::block_on<core[a373ad73a504971]::pin::Pin<&mut core[a373ad73a504971]::pin::Pin<&mut dyn core[a373ad73a504971]::future::future::Future<Output = ()>>>>::{closure#0}, core[a373ad73a504971]::option::Option<()>>::{closure#0}, (alloc[2e1b2a31b91974c5]::boxed::Box<tokio[37ebd56d747bfb5c]::runtime::scheduler::current_thread::Core>, core[a373ad73a504971]::option::Option<()>)>
[INFO] [stdout]   16:     0x61fc40bbaa45 - <tokio[37ebd56d747bfb5c]::runtime::scheduler::current_thread::CurrentThread>::block_on::<core[a373ad73a504971]::pin::Pin<&mut dyn core[a373ad73a504971]::future::future::Future<Output = ()>>>
[INFO] [stdout]   17:     0x61fc40ba8322 - <tokio[37ebd56d747bfb5c]::runtime::runtime::Runtime>::block_on::<core[a373ad73a504971]::pin::Pin<&mut dyn core[a373ad73a504971]::future::future::Future<Output = ()>>>
[INFO] [stdout]   18:     0x61fc40ba773e - <curl_http_client[2e335a6b10cf46fb]::test::post::test_post_sync::{closure#0} as core[a373ad73a504971]::ops::function::FnOnce<()>>::call_once
[INFO] [stdout]   19:     0x61fc40be5bdb - test[aada8e7e76ba119b]::__rust_begin_short_backtrace::<core[a373ad73a504971]::result::Result<(), alloc[2e1b2a31b91974c5]::string::String>, fn() -> core[a373ad73a504971]::result::Result<(), alloc[2e1b2a31b91974c5]::string::String>>
[INFO] [stdout]   20:     0x61fc40bf2db5 - test[aada8e7e76ba119b]::run_test::{closure#0}
[INFO] [stdout]   21:     0x61fc40bec6a4 - std[617be2ca0a6fd877]::sys::backtrace::__rust_begin_short_backtrace::<test[aada8e7e76ba119b]::run_test::{closure#1}, ()>
[INFO] [stdout]   22:     0x61fc40bf5e42 - <std[617be2ca0a6fd877]::thread::lifecycle::spawn_unchecked<test[aada8e7e76ba119b]::run_test::{closure#1}, ()>::{closure#1} as core[a373ad73a504971]::ops::function::FnOnce<()>>::call_once::{shim:vtable#0}
[INFO] [stdout]   23:     0x61fc40cfe78f - <std[617be2ca0a6fd877]::sys::thread::unix::Thread>::new::thread_start
[INFO] [stdout]   24:     0x72a33ce84dfa - <unknown>
[INFO] [stdout]   25:     0x72a33cf183d4 - clone
[INFO] [stdout]   26:                0x0 - <unknown>
[INFO] [stdout] 
[INFO] [stdout] ---- test::post::test_post_async_not_option stdout ----
[INFO] [stdout] 
[INFO] [stdout] thread 'test::post::test_post_async_not_option' (2336) panicked at src/test/test_setup.rs:124:57:
[INFO] [stdout] called `Result::unwrap()` on an `Err` value: Custom { kind: ReadOnlyFilesystem, error: PathError { path: "/opt/rustwide/workdir/./testCG3ss9", err: Os { code: 30, kind: ReadOnlyFilesystem, message: "Read-only file system" } } }
[INFO] [stdout] stack backtrace:
[INFO] [stdout]    0:     0x61fc40cffa21 - <<std[617be2ca0a6fd877]::sys::backtrace::BacktraceLock>::print::DisplayBacktrace as core[a373ad73a504971]::fmt::Display>::fmt
[INFO] [stdout]    1:     0x61fc40d1656a - core[a373ad73a504971]::fmt::write
[INFO] [stdout]    2:     0x61fc40d0474c - <alloc[2e1b2a31b91974c5]::vec::Vec<u8> as core[a373ad73a504971]::io::write::Write>::write_fmt
[INFO] [stdout]    3:     0x61fc40cd8fd6 - std[617be2ca0a6fd877]::panicking::default_hook::{closure#0}
[INFO] [stdout]    4:     0x61fc40cf6c19 - std[617be2ca0a6fd877]::panicking::default_hook
[INFO] [stdout]    5:     0x61fc40bf2790 - test[aada8e7e76ba119b]::test_main_inner::{closure#0}
[INFO] [stdout]    6:     0x61fc40cf6f42 - std[617be2ca0a6fd877]::panicking::panic_with_hook
[INFO] [stdout]    7:     0x61fc40cd9082 - std[617be2ca0a6fd877]::panicking::panic_handler::{closure#0}
[INFO] [stdout]    8:     0x61fc40cd1a09 - std[617be2ca0a6fd877]::sys::backtrace::__rust_end_short_backtrace::<std[617be2ca0a6fd877]::panicking::panic_handler::{closure#0}, !>
[INFO] [stdout]    9:     0x61fc40cd9e7d - __rustc[ea4f61d10b84890b]::rust_begin_unwind
[INFO] [stdout]   10:     0x61fc40d16ccc - core[a373ad73a504971]::panicking::panic_fmt
[INFO] [stdout]   11:     0x61fc40d16aa2 - core[a373ad73a504971]::result::unwrap_failed
[INFO] [stdout]   12:     0x61fc40b9fe1f - curl_http_client[2e335a6b10cf46fb]::test::test_setup::setup_test_environment::{closure#0}
[INFO] [stdout]   13:     0x61fc40ba4193 - curl_http_client[2e335a6b10cf46fb]::test::post::test_post_async_not_option::{closure#0}
[INFO] [stdout]   14:     0x61fc40bbbd43 - <tokio[37ebd56d747bfb5c]::runtime::scheduler::current_thread::Context>::enter::<core[a373ad73a504971]::task::poll::Poll<()>, <tokio[37ebd56d747bfb5c]::runtime::scheduler::current_thread::CoreGuard>::block_on<core[a373ad73a504971]::pin::Pin<&mut core[a373ad73a504971]::pin::Pin<&mut dyn core[a373ad73a504971]::future::future::Future<Output = ()>>>>::{closure#0}::{closure#0}>
[INFO] [stdout]   15:     0x61fc40b5abac - <tokio[37ebd56d747bfb5c]::runtime::context::scoped::Scoped<tokio[37ebd56d747bfb5c]::runtime::scheduler::Context>>::set::<<tokio[37ebd56d747bfb5c]::runtime::scheduler::current_thread::CoreGuard>::enter<<tokio[37ebd56d747bfb5c]::runtime::scheduler::current_thread::CoreGuard>::block_on<core[a373ad73a504971]::pin::Pin<&mut core[a373ad73a504971]::pin::Pin<&mut dyn core[a373ad73a504971]::future::future::Future<Output = ()>>>>::{closure#0}, core[a373ad73a504971]::option::Option<()>>::{closure#0}, (alloc[2e1b2a31b91974c5]::boxed::Box<tokio[37ebd56d747bfb5c]::runtime::scheduler::current_thread::Core>, core[a373ad73a504971]::option::Option<()>)>
[INFO] [stdout]   16:     0x61fc40bbaa45 - <tokio[37ebd56d747bfb5c]::runtime::scheduler::current_thread::CurrentThread>::block_on::<core[a373ad73a504971]::pin::Pin<&mut dyn core[a373ad73a504971]::future::future::Future<Output = ()>>>
[INFO] [stdout]   17:     0x61fc40ba8322 - <tokio[37ebd56d747bfb5c]::runtime::runtime::Runtime>::block_on::<core[a373ad73a504971]::pin::Pin<&mut dyn core[a373ad73a504971]::future::future::Future<Output = ()>>>
[INFO] [stdout]   18:     0x61fc40ba7cde - <curl_http_client[2e335a6b10cf46fb]::test::post::test_post_async_not_option::{closure#0} as core[a373ad73a504971]::ops::function::FnOnce<()>>::call_once
[INFO] [stdout]   19:     0x61fc40be5bdb - test[aada8e7e76ba119b]::__rust_begin_short_backtrace::<core[a373ad73a504971]::result::Result<(), alloc[2e1b2a31b91974c5]::string::String>, fn() -> core[a373ad73a504971]::result::Result<(), alloc[2e1b2a31b91974c5]::string::String>>
[INFO] [stdout]   20:     0x61fc40bf2db5 - test[aada8e7e76ba119b]::run_test::{closure#0}
[INFO] [stdout]   21:     0x61fc40bec6a4 - std[617be2ca0a6fd877]::sys::backtrace::__rust_begin_short_backtrace::<test[aada8e7e76ba119b]::run_test::{closure#1}, ()>
[INFO] [stdout]   22:     0x61fc40bf5e42 - <std[617be2ca0a6fd877]::thread::lifecycle::spawn_unchecked<test[aada8e7e76ba119b]::run_test::{closure#1}, ()>::{closure#1} as core[a373ad73a504971]::ops::function::FnOnce<()>>::call_once::{shim:vtable#0}
[INFO] [stdout]   23:     0x61fc40cfe78f - <std[617be2ca0a6fd877]::sys::thread::unix::Thread>::new::thread_start
[INFO] [stdout]   24:     0x72a33ce84dfa - <unknown>
[INFO] [stdout]   25:     0x72a33cf183d4 - clone
[INFO] [stdout]   26:                0x0 - <unknown>
[INFO] [stdout] 
[INFO] [stdout] ---- test::post::test_post_sync_not_option stdout ----
[INFO] [stdout] 
[INFO] [stdout] thread 'test::post::test_post_sync_not_option' (2341) panicked at src/test/test_setup.rs:124:57:
[INFO] [stdout] called `Result::unwrap()` on an `Err` value: Custom { kind: ReadOnlyFilesystem, error: PathError { path: "/opt/rustwide/workdir/./testr2MQL6", err: Os { code: 30, kind: ReadOnlyFilesystem, message: "Read-only file system" } } }
[INFO] [stdout] stack backtrace:
[INFO] [stdout]    0:     0x61fc40cffa21 - <<std[617be2ca0a6fd877]::sys::backtrace::BacktraceLock>::print::DisplayBacktrace as core[a373ad73a504971]::fmt::Display>::fmt
[INFO] [stdout]    1:     0x61fc40d1656a - core[a373ad73a504971]::fmt::write
[INFO] [stdout]    2:     0x61fc40d0474c - <alloc[2e1b2a31b91974c5]::vec::Vec<u8> as core[a373ad73a504971]::io::write::Write>::write_fmt
[INFO] [stdout]    3:     0x61fc40cd8fd6 - std[617be2ca0a6fd877]::panicking::default_hook::{closure#0}
[INFO] [stdout]    4:     0x61fc40cf6c19 - std[617be2ca0a6fd877]::panicking::default_hook
[INFO] [stdout]    5:     0x61fc40bf2790 - test[aada8e7e76ba119b]::test_main_inner::{closure#0}
[INFO] [stdout]    6:     0x61fc40cf6f42 - std[617be2ca0a6fd877]::panicking::panic_with_hook
[INFO] [stdout]    7:     0x61fc40cd9082 - std[617be2ca0a6fd877]::panicking::panic_handler::{closure#0}
[INFO] [stdout]    8:     0x61fc40cd1a09 - std[617be2ca0a6fd877]::sys::backtrace::__rust_end_short_backtrace::<std[617be2ca0a6fd877]::panicking::panic_handler::{closure#0}, !>
[INFO] [stdout]    9:     0x61fc40cd9e7d - __rustc[ea4f61d10b84890b]::rust_begin_unwind
[INFO] [stdout]   10:     0x61fc40d16ccc - core[a373ad73a504971]::panicking::panic_fmt
[INFO] [stdout]   11:     0x61fc40d16aa2 - core[a373ad73a504971]::result::unwrap_failed
[INFO] [stdout]   12:     0x61fc40b9fe1f - curl_http_client[2e335a6b10cf46fb]::test::test_setup::setup_test_environment::{closure#0}
[INFO] [stdout]   13:     0x61fc40ba37c8 - curl_http_client[2e335a6b10cf46fb]::test::post::test_post_sync_not_option::{closure#0}
[INFO] [stdout]   14:     0x61fc40bbbd43 - <tokio[37ebd56d747bfb5c]::runtime::scheduler::current_thread::Context>::enter::<core[a373ad73a504971]::task::poll::Poll<()>, <tokio[37ebd56d747bfb5c]::runtime::scheduler::current_thread::CoreGuard>::block_on<core[a373ad73a504971]::pin::Pin<&mut core[a373ad73a504971]::pin::Pin<&mut dyn core[a373ad73a504971]::future::future::Future<Output = ()>>>>::{closure#0}::{closure#0}>
[INFO] [stdout]   15:     0x61fc40b5abac - <tokio[37ebd56d747bfb5c]::runtime::context::scoped::Scoped<tokio[37ebd56d747bfb5c]::runtime::scheduler::Context>>::set::<<tokio[37ebd56d747bfb5c]::runtime::scheduler::current_thread::CoreGuard>::enter<<tokio[37ebd56d747bfb5c]::runtime::scheduler::current_thread::CoreGuard>::block_on<core[a373ad73a504971]::pin::Pin<&mut core[a373ad73a504971]::pin::Pin<&mut dyn core[a373ad73a504971]::future::future::Future<Output = ()>>>>::{closure#0}, core[a373ad73a504971]::option::Option<()>>::{closure#0}, (alloc[2e1b2a31b91974c5]::boxed::Box<tokio[37ebd56d747bfb5c]::runtime::scheduler::current_thread::Core>, core[a373ad73a504971]::option::Option<()>)>
[INFO] [stdout]   16:     0x61fc40bbaa45 - <tokio[37ebd56d747bfb5c]::runtime::scheduler::current_thread::CurrentThread>::block_on::<core[a373ad73a504971]::pin::Pin<&mut dyn core[a373ad73a504971]::future::future::Future<Output = ()>>>
[INFO] [stdout]   17:     0x61fc40ba8322 - <tokio[37ebd56d747bfb5c]::runtime::runtime::Runtime>::block_on::<core[a373ad73a504971]::pin::Pin<&mut dyn core[a373ad73a504971]::future::future::Future<Output = ()>>>
[INFO] [stdout]   18:     0x61fc40ba7b6e - <curl_http_client[2e335a6b10cf46fb]::test::post::test_post_sync_not_option::{closure#0} as core[a373ad73a504971]::ops::function::FnOnce<()>>::call_once
[INFO] [stdout]   19:     0x61fc40be5bdb - test[aada8e7e76ba119b]::__rust_begin_short_backtrace::<core[a373ad73a504971]::result::Result<(), alloc[2e1b2a31b91974c5]::string::String>, fn() -> core[a373ad73a504971]::result::Result<(), alloc[2e1b2a31b91974c5]::string::String>>
[INFO] [stdout]   20:     0x61fc40bf2db5 - test[aada8e7e76ba119b]::run_test::{closure#0}
[INFO] [stdout]   21:     0x61fc40bec6a4 - std[617be2ca0a6fd877]::sys::backtrace::__rust_begin_short_backtrace::<test[aada8e7e76ba119b]::run_test::{closure#1}, ()>
[INFO] [stdout]   22:     0x61fc40bf5e42 - <std[617be2ca0a6fd877]::thread::lifecycle::spawn_unchecked<test[aada8e7e76ba119b]::run_test::{closure#1}, ()>::{closure#1} as core[a373ad73a504971]::ops::function::FnOnce<()>>::call_once::{shim:vtable#0}
[INFO] [stdout]   23:     0x61fc40cfe78f - <std[617be2ca0a6fd877]::sys::thread::unix::Thread>::new::thread_start
[INFO] [stdout]   24:     0x72a33ce84dfa - <unknown>
[INFO] [stdout]   25:     0x72a33cf183d4 - clone
[INFO] [stdout]   26:                0x0 - <unknown>
[INFO] [stdout] 
[INFO] [stdout] ---- test::cancel::test_download_was_cancelled stdout ----
[INFO] [stdout] 
[INFO] [stdout] thread 'test::cancel::test_download_was_cancelled' (2303) panicked at src/test/test_setup.rs:124:57:
[INFO] [stdout] called `Result::unwrap()` on an `Err` value: Custom { kind: ReadOnlyFilesystem, error: PathError { path: "/opt/rustwide/workdir/./testu3DIeC", err: Os { code: 30, kind: ReadOnlyFilesystem, message: "Read-only file system" } } }
[INFO] [stdout] stack backtrace:
[INFO] [stdout]    0:     0x61fc40cffa21 - <<std[617be2ca0a6fd877]::sys::backtrace::BacktraceLock>::print::DisplayBacktrace as core[a373ad73a504971]::fmt::Display>::fmt
[INFO] [stdout]    1:     0x61fc40d1656a - core[a373ad73a504971]::fmt::write
[INFO] [stdout]    2:     0x61fc40d0474c - <alloc[2e1b2a31b91974c5]::vec::Vec<u8> as core[a373ad73a504971]::io::write::Write>::write_fmt
[INFO] [stdout]    3:     0x61fc40cd8fd6 - std[617be2ca0a6fd877]::panicking::default_hook::{closure#0}
[INFO] [stdout]    4:     0x61fc40cf6c19 - std[617be2ca0a6fd877]::panicking::default_hook
[INFO] [stdout]    5:     0x61fc40bf2790 - test[aada8e7e76ba119b]::test_main_inner::{closure#0}
[INFO] [stdout]    6:     0x61fc40cf6f42 - std[617be2ca0a6fd877]::panicking::panic_with_hook
[INFO] [stdout]    7:     0x61fc40cd9082 - std[617be2ca0a6fd877]::panicking::panic_handler::{closure#0}
[INFO] [stdout]    8:     0x61fc40cd1a09 - std[617be2ca0a6fd877]::sys::backtrace::__rust_end_short_backtrace::<std[617be2ca0a6fd877]::panicking::panic_handler::{closure#0}, !>
[INFO] [stdout]    9:     0x61fc40cd9e7d - __rustc[ea4f61d10b84890b]::rust_begin_unwind
[INFO] [stdout]   10:     0x61fc40d16ccc - core[a373ad73a504971]::panicking::panic_fmt
[INFO] [stdout]   11:     0x61fc40d16aa2 - core[a373ad73a504971]::result::unwrap_failed
[INFO] [stdout]   12:     0x61fc40b54dfa - curl_http_client[2e335a6b10cf46fb]::test::test_setup::setup_test_environment::{closure#0}
[INFO] [stdout]   13:     0x61fc40b55c7e - curl_http_client[2e335a6b10cf46fb]::test::cancel::test_download_was_cancelled::{closure#0}
[INFO] [stdout]   14:     0x61fc40bbbd43 - <tokio[37ebd56d747bfb5c]::runtime::scheduler::current_thread::Context>::enter::<core[a373ad73a504971]::task::poll::Poll<()>, <tokio[37ebd56d747bfb5c]::runtime::scheduler::current_thread::CoreGuard>::block_on<core[a373ad73a504971]::pin::Pin<&mut core[a373ad73a504971]::pin::Pin<&mut dyn core[a373ad73a504971]::future::future::Future<Output = ()>>>>::{closure#0}::{closure#0}>
[INFO] [stdout]   15:     0x61fc40b5abac - <tokio[37ebd56d747bfb5c]::runtime::context::scoped::Scoped<tokio[37ebd56d747bfb5c]::runtime::scheduler::Context>>::set::<<tokio[37ebd56d747bfb5c]::runtime::scheduler::current_thread::CoreGuard>::enter<<tokio[37ebd56d747bfb5c]::runtime::scheduler::current_thread::CoreGuard>::block_on<core[a373ad73a504971]::pin::Pin<&mut core[a373ad73a504971]::pin::Pin<&mut dyn core[a373ad73a504971]::future::future::Future<Output = ()>>>>::{closure#0}, core[a373ad73a504971]::option::Option<()>>::{closure#0}, (alloc[2e1b2a31b91974c5]::boxed::Box<tokio[37ebd56d747bfb5c]::runtime::scheduler::current_thread::Core>, core[a373ad73a504971]::option::Option<()>)>
[INFO] [stdout]   16:     0x61fc40bbaa45 - <tokio[37ebd56d747bfb5c]::runtime::scheduler::current_thread::CurrentThread>::block_on::<core[a373ad73a504971]::pin::Pin<&mut dyn core[a373ad73a504971]::future::future::Future<Output = ()>>>
[INFO] [stdout]   17:     0x61fc40ba8322 - <tokio[37ebd56d747bfb5c]::runtime::runtime::Runtime>::block_on::<core[a373ad73a504971]::pin::Pin<&mut dyn core[a373ad73a504971]::future::future::Future<Output = ()>>>
[INFO] [stdout]   18:     0x61fc40b5a84e - <curl_http_client[2e335a6b10cf46fb]::test::cancel::test_download_was_cancelled::{closure#0} as core[a373ad73a504971]::ops::function::FnOnce<()>>::call_once
[INFO] [stdout]   19:     0x61fc40be5bdb - test[aada8e7e76ba119b]::__rust_begin_short_backtrace::<core[a373ad73a504971]::result::Result<(), alloc[2e1b2a31b91974c5]::string::String>, fn() -> core[a373ad73a504971]::result::Result<(), alloc[2e1b2a31b91974c5]::string::String>>
[INFO] [stdout]   20:     0x61fc40bf2db5 - test[aada8e7e76ba119b]::run_test::{closure#0}
[INFO] [stdout]   21:     0x61fc40bec6a4 - std[617be2ca0a6fd877]::sys::backtrace::__rust_begin_short_backtrace::<test[aada8e7e76ba119b]::run_test::{closure#1}, ()>
[INFO] [stdout]   22:     0x61fc40bf5e42 - <std[617be2ca0a6fd877]::thread::lifecycle::spawn_unchecked<test[aada8e7e76ba119b]::run_test::{closure#1}, ()>::{closure#1} as core[a373ad73a504971]::ops::function::FnOnce<()>>::call_once::{shim:vtable#0}
[INFO] [stdout]   23:     0x61fc40cfe78f - <std[617be2ca0a6fd877]::sys::thread::unix::Thread>::new::thread_start
[INFO] [stdout]   24:     0x72a33ce84dfa - <unknown>
[INFO] [stdout]   25:     0x72a33cf183d4 - clone
[INFO] [stdout]   26:                0x0 - <unknown>
[INFO] [stdout] 
[INFO] [stdout] ---- test::upload::test_upload stdout ----
[INFO] [stdout] 
[INFO] [stdout] thread 'test::upload::test_upload' (2345) panicked at src/test/test_setup.rs:124:57:
[INFO] [stdout] called `Result::unwrap()` on an `Err` value: Custom { kind: ReadOnlyFilesystem, error: PathError { path: "/opt/rustwide/workdir/./testDWaz9i", err: Os { code: 30, kind: ReadOnlyFilesystem, message: "Read-only file system" } } }
[INFO] [stdout] stack backtrace:
[INFO] [stdout]    0:     0x61fc40cffa21 - <<std[617be2ca0a6fd877]::sys::backtrace::BacktraceLock>::print::DisplayBacktrace as core[a373ad73a504971]::fmt::Display>::fmt
[INFO] [stdout]    1:     0x61fc40d1656a - core[a373ad73a504971]::fmt::write
[INFO] [stdout]    2:     0x61fc40d0474c - <alloc[2e1b2a31b91974c5]::vec::Vec<u8> as core[a373ad73a504971]::io::write::Write>::write_fmt
[INFO] [stdout]    3:     0x61fc40cd8fd6 - std[617be2ca0a6fd877]::panicking::default_hook::{closure#0}
[INFO] [stdout]    4:     0x61fc40cf6c19 - std[617be2ca0a6fd877]::panicking::default_hook
[INFO] [stdout]    5:     0x61fc40bf2790 - test[aada8e7e76ba119b]::test_main_inner::{closure#0}
[INFO] [stdout]    6:     0x61fc40cf6f42 - std[617be2ca0a6fd877]::panicking::panic_with_hook
[INFO] [stdout]    7:     0x61fc40cd9082 - std[617be2ca0a6fd877]::panicking::panic_handler::{closure#0}
[INFO] [stdout]    8:     0x61fc40cd1a09 - std[617be2ca0a6fd877]::sys::backtrace::__rust_end_short_backtrace::<std[617be2ca0a6fd877]::panicking::panic_handler::{closure#0}, !>
[INFO] [stdout]    9:     0x61fc40cd9e7d - __rustc[ea4f61d10b84890b]::rust_begin_unwind
[INFO] [stdout]   10:     0x61fc40d16ccc - core[a373ad73a504971]::panicking::panic_fmt
[INFO] [stdout]   11:     0x61fc40d16aa2 - core[a373ad73a504971]::result::unwrap_failed
[INFO] [stdout]   12:     0x61fc40b90533 - curl_http_client[2e335a6b10cf46fb]::test::test_setup::setup_test_environment::{closure#0}
[INFO] [stdout]   13:     0x61fc40b9091a - curl_http_client[2e335a6b10cf46fb]::test::upload::test_upload::{closure#0}
[INFO] [stdout]   14:     0x61fc40bbbd43 - <tokio[37ebd56d747bfb5c]::runtime::scheduler::current_thread::Context>::enter::<core[a373ad73a504971]::task::poll::Poll<()>, <tokio[37ebd56d747bfb5c]::runtime::scheduler::current_thread::CoreGuard>::block_on<core[a373ad73a504971]::pin::Pin<&mut core[a373ad73a504971]::pin::Pin<&mut dyn core[a373ad73a504971]::future::future::Future<Output = ()>>>>::{closure#0}::{closure#0}>
[INFO] [stdout]   15:     0x61fc40b5abac - <tokio[37ebd56d747bfb5c]::runtime::context::scoped::Scoped<tokio[37ebd56d747bfb5c]::runtime::scheduler::Context>>::set::<<tokio[37ebd56d747bfb5c]::runtime::scheduler::current_thread::CoreGuard>::enter<<tokio[37ebd56d747bfb5c]::runtime::scheduler::current_thread::CoreGuard>::block_on<core[a373ad73a504971]::pin::Pin<&mut core[a373ad73a504971]::pin::Pin<&mut dyn core[a373ad73a504971]::future::future::Future<Output = ()>>>>::{closure#0}, core[a373ad73a504971]::option::Option<()>>::{closure#0}, (alloc[2e1b2a31b91974c5]::boxed::Box<tokio[37ebd56d747bfb5c]::runtime::scheduler::current_thread::Core>, core[a373ad73a504971]::option::Option<()>)>
[INFO] [stdout]   16:     0x61fc40bbaa45 - <tokio[37ebd56d747bfb5c]::runtime::scheduler::current_thread::CurrentThread>::block_on::<core[a373ad73a504971]::pin::Pin<&mut dyn core[a373ad73a504971]::future::future::Future<Output = ()>>>
[INFO] [stdout]   17:     0x61fc40ba8322 - <tokio[37ebd56d747bfb5c]::runtime::runtime::Runtime>::block_on::<core[a373ad73a504971]::pin::Pin<&mut dyn core[a373ad73a504971]::future::future::Future<Output = ()>>>
[INFO] [stdout]   18:     0x61fc40b96bee - <curl_http_client[2e335a6b10cf46fb]::test::upload::test_upload::{closure#0} as core[a373ad73a504971]::ops::function::FnOnce<()>>::call_once
[INFO] [stdout]   19:     0x61fc40be5bdb - test[aada8e7e76ba119b]::__rust_begin_short_backtrace::<core[a373ad73a504971]::result::Result<(), alloc[2e1b2a31b91974c5]::string::String>, fn() -> core[a373ad73a504971]::result::Result<(), alloc[2e1b2a31b91974c5]::string::String>>
[INFO] [stdout]   20:     0x61fc40bf2db5 - test[aada8e7e76ba119b]::run_test::{closure#0}
[INFO] [stdout]   21:     0x61fc40bec6a4 - std[617be2ca0a6fd877]::sys::backtrace::__rust_begin_short_backtrace::<test[aada8e7e76ba119b]::run_test::{closure#1}, ()>
[INFO] [stdout]   22:     0x61fc40bf5e42 - <std[617be2ca0a6fd877]::thread::lifecycle::spawn_unchecked<test[aada8e7e76ba119b]::run_test::{closure#1}, ()>::{closure#1} as core[a373ad73a504971]::ops::function::FnOnce<()>>::call_once::{shim:vtable#0}
[INFO] [stdout]   23:     0x61fc40cfe78f - <std[617be2ca0a6fd877]::sys::thread::unix::Thread>::new::thread_start
[INFO] [stdout]   24:     0x72a33ce84dfa - <unknown>
[INFO] [stdout]   25:     0x72a33cf183d4 - clone
[INFO] [stdout]   26:                0x0 - <unknown>
[INFO] [stdout] 
[INFO] [stdout] ---- test::headers::test_with_complete_headers_ram_and_header stdout ----
[INFO] [stdout] 
[INFO] [stdout] thread 'test::headers::test_with_complete_headers_ram_and_header' (2332) panicked at src/test/test_setup.rs:124:57:
[INFO] [stdout] called `Result::unwrap()` on an `Err` value: Custom { kind: ReadOnlyFilesystem, error: PathError { path: "/opt/rustwide/workdir/./testEzORmE", err: Os { code: 30, kind: ReadOnlyFilesystem, message: "Read-only file system" } } }
[INFO] [stdout] stack backtrace:
[INFO] [stdout]    0:     0x61fc40cffa21 - <<std[617be2ca0a6fd877]::sys::backtrace::BacktraceLock>::print::DisplayBacktrace as core[a373ad73a504971]::fmt::Display>::fmt
[INFO] [stdout]    1:     0x61fc40d1656a - core[a373ad73a504971]::fmt::write
[INFO] [stdout]    2:     0x61fc40d0474c - <alloc[2e1b2a31b91974c5]::vec::Vec<u8> as core[a373ad73a504971]::io::write::Write>::write_fmt
[INFO] [stdout]    3:     0x61fc40cd8fd6 - std[617be2ca0a6fd877]::panicking::default_hook::{closure#0}
[INFO] [stdout]    4:     0x61fc40cf6c19 - std[617be2ca0a6fd877]::panicking::default_hook
[INFO] [stdout]    5:     0x61fc40bf2790 - test[aada8e7e76ba119b]::test_main_inner::{closure#0}
[INFO] [stdout]    6:     0x61fc40cf6f42 - std[617be2ca0a6fd877]::panicking::panic_with_hook
[INFO] [stdout]    7:     0x61fc40cd9082 - std[617be2ca0a6fd877]::panicking::panic_handler::{closure#0}
[INFO] [stdout]    8:     0x61fc40cd1a09 - std[617be2ca0a6fd877]::sys::backtrace::__rust_end_short_backtrace::<std[617be2ca0a6fd877]::panicking::panic_handler::{closure#0}, !>
[INFO] [stdout]    9:     0x61fc40cd9e7d - __rustc[ea4f61d10b84890b]::rust_begin_unwind
[INFO] [stdout]   10:     0x61fc40d16ccc - core[a373ad73a504971]::panicking::panic_fmt
[INFO] [stdout]   11:     0x61fc40d16aa2 - core[a373ad73a504971]::result::unwrap_failed
[INFO] [stdout]   12:     0x61fc40bb3ebf - curl_http_client[2e335a6b10cf46fb]::test::test_setup::setup_test_environment::{closure#0}
[INFO] [stdout]   13:     0x61fc40bb6963 - curl_http_client[2e335a6b10cf46fb]::test::headers::test_with_complete_headers_ram_and_header::{closure#0}
[INFO] [stdout]   14:     0x61fc40bbbd43 - <tokio[37ebd56d747bfb5c]::runtime::scheduler::current_thread::Context>::enter::<core[a373ad73a504971]::task::poll::Poll<()>, <tokio[37ebd56d747bfb5c]::runtime::scheduler::current_thread::CoreGuard>::block_on<core[a373ad73a504971]::pin::Pin<&mut core[a373ad73a504971]::pin::Pin<&mut dyn core[a373ad73a504971]::future::future::Future<Output = ()>>>>::{closure#0}::{closure#0}>
[INFO] [stdout]   15:     0x61fc40b5abac - <tokio[37ebd56d747bfb5c]::runtime::context::scoped::Scoped<tokio[37ebd56d747bfb5c]::runtime::scheduler::Context>>::set::<<tokio[37ebd56d747bfb5c]::runtime::scheduler::current_thread::CoreGuard>::enter<<tokio[37ebd56d747bfb5c]::runtime::scheduler::current_thread::CoreGuard>::block_on<core[a373ad73a504971]::pin::Pin<&mut core[a373ad73a504971]::pin::Pin<&mut dyn core[a373ad73a504971]::future::future::Future<Output = ()>>>>::{closure#0}, core[a373ad73a504971]::option::Option<()>>::{closure#0}, (alloc[2e1b2a31b91974c5]::boxed::Box<tokio[37ebd56d747bfb5c]::runtime::scheduler::current_thread::Core>, core[a373ad73a504971]::option::Option<()>)>
[INFO] [stdout]   16:     0x61fc40bbaa45 - <tokio[37ebd56d747bfb5c]::runtime::scheduler::current_thread::CurrentThread>::block_on::<core[a373ad73a504971]::pin::Pin<&mut dyn core[a373ad73a504971]::future::future::Future<Output = ()>>>
[INFO] [stdout]   17:     0x61fc40ba8322 - <tokio[37ebd56d747bfb5c]::runtime::runtime::Runtime>::block_on::<core[a373ad73a504971]::pin::Pin<&mut dyn core[a373ad73a504971]::future::future::Future<Output = ()>>>
[INFO] [stdout]   18:     0x61fc40bba21e - <curl_http_client[2e335a6b10cf46fb]::test::headers::test_with_complete_headers_ram_and_header::{closure#0} as core[a373ad73a504971]::ops::function::FnOnce<()>>::call_once
[INFO] [stdout]   19:     0x61fc40be5bdb - test[aada8e7e76ba119b]::__rust_begin_short_backtrace::<core[a373ad73a504971]::result::Result<(), alloc[2e1b2a31b91974c5]::string::String>, fn() -> core[a373ad73a504971]::result::Result<(), alloc[2e1b2a31b91974c5]::string::String>>
[INFO] [stdout]   20:     0x61fc40bf2db5 - test[aada8e7e76ba119b]::run_test::{closure#0}
[INFO] [stdout]   21:     0x61fc40bec6a4 - std[617be2ca0a6fd877]::sys::backtrace::__rust_begin_short_backtrace::<test[aada8e7e76ba119b]::run_test::{closure#1}, ()>
[INFO] [stdout]   22:     0x61fc40bf5e42 - <std[617be2ca0a6fd877]::thread::lifecycle::spawn_unchecked<test[aada8e7e76ba119b]::run_test::{closure#1}, ()>::{closure#1} as core[a373ad73a504971]::ops::function::FnOnce<()>>::call_once::{shim:vtable#0}
[INFO] [stdout]   23:     0x61fc40cfe78f - <std[617be2ca0a6fd877]::sys::thread::unix::Thread>::new::thread_start
[INFO] [stdout]   24:     0x72a33ce84dfa - <unknown>
[INFO] [stdout]   25:     0x72a33cf183d4 - clone
[INFO] [stdout]   26:                0x0 - <unknown>
[INFO] [stdout] 
[INFO] [stdout] ---- test::streaming::test_streaming stdout ----
[INFO] [stdout] 
[INFO] [stdout] thread 'test::streaming::test_streaming' (2344) panicked at src/test/test_setup.rs:124:57:
[INFO] [stdout] called `Result::unwrap()` on an `Err` value: Custom { kind: ReadOnlyFilesystem, error: PathError { path: "/opt/rustwide/workdir/./testKJUSZR", err: Os { code: 30, kind: ReadOnlyFilesystem, message: "Read-only file system" } } }
[INFO] [stdout] stack backtrace:
[INFO] [stdout]    0:     0x61fc40cffa21 - <<std[617be2ca0a6fd877]::sys::backtrace::BacktraceLock>::print::DisplayBacktrace as core[a373ad73a504971]::fmt::Display>::fmt
[INFO] [stdout]    1:     0x61fc40d1656a - core[a373ad73a504971]::fmt::write
[INFO] [stdout]    2:     0x61fc40d0474c - <alloc[2e1b2a31b91974c5]::vec::Vec<u8> as core[a373ad73a504971]::io::write::Write>::write_fmt
[INFO] [stdout]    3:     0x61fc40cd8fd6 - std[617be2ca0a6fd877]::panicking::default_hook::{closure#0}
[INFO] [stdout]    4:     0x61fc40cf6c19 - std[617be2ca0a6fd877]::panicking::default_hook
[INFO] [stdout]    5:     0x61fc40bf2790 - test[aada8e7e76ba119b]::test_main_inner::{closure#0}
[INFO] [stdout]    6:     0x61fc40cf6f42 - std[617be2ca0a6fd877]::panicking::panic_with_hook
[INFO] [stdout]    7:     0x61fc40cd9082 - std[617be2ca0a6fd877]::panicking::panic_handler::{closure#0}
[INFO] [stdout]    8:     0x61fc40cd1a09 - std[617be2ca0a6fd877]::sys::backtrace::__rust_end_short_backtrace::<std[617be2ca0a6fd877]::panicking::panic_handler::{closure#0}, !>
[INFO] [stdout]    9:     0x61fc40cd9e7d - __rustc[ea4f61d10b84890b]::rust_begin_unwind
[INFO] [stdout]   10:     0x61fc40d16ccc - core[a373ad73a504971]::panicking::panic_fmt
[INFO] [stdout]   11:     0x61fc40d16aa2 - core[a373ad73a504971]::result::unwrap_failed
[INFO] [stdout]   12:     0x61fc40b372e0 - curl_http_client[2e335a6b10cf46fb]::test::streaming::test_streaming::{closure#0}
[INFO] [stdout]   13:     0x61fc40bbbd43 - <tokio[37ebd56d747bfb5c]::runtime::scheduler::current_thread::Context>::enter::<core[a373ad73a504971]::task::poll::Poll<()>, <tokio[37ebd56d747bfb5c]::runtime::scheduler::current_thread::CoreGuard>::block_on<core[a373ad73a504971]::pin::Pin<&mut core[a373ad73a504971]::pin::Pin<&mut dyn core[a373ad73a504971]::future::future::Future<Output = ()>>>>::{closure#0}::{closure#0}>
[INFO] [stdout]   14:     0x61fc40b5abac - <tokio[37ebd56d747bfb5c]::runtime::context::scoped::Scoped<tokio[37ebd56d747bfb5c]::runtime::scheduler::Context>>::set::<<tokio[37ebd56d747bfb5c]::runtime::scheduler::current_thread::CoreGuard>::enter<<tokio[37ebd56d747bfb5c]::runtime::scheduler::current_thread::CoreGuard>::block_on<core[a373ad73a504971]::pin::Pin<&mut core[a373ad73a504971]::pin::Pin<&mut dyn core[a373ad73a504971]::future::future::Future<Output = ()>>>>::{closure#0}, core[a373ad73a504971]::option::Option<()>>::{closure#0}, (alloc[2e1b2a31b91974c5]::boxed::Box<tokio[37ebd56d747bfb5c]::runtime::scheduler::current_thread::Core>, core[a373ad73a504971]::option::Option<()>)>
[INFO] [stdout]   15:     0x61fc40bbaa45 - <tokio[37ebd56d747bfb5c]::runtime::scheduler::current_thread::CurrentThread>::block_on::<core[a373ad73a504971]::pin::Pin<&mut dyn core[a373ad73a504971]::future::future::Future<Output = ()>>>
[INFO] [stdout]   16:     0x61fc40ba8322 - <tokio[37ebd56d747bfb5c]::runtime::runtime::Runtime>::block_on::<core[a373ad73a504971]::pin::Pin<&mut dyn core[a373ad73a504971]::future::future::Future<Output = ()>>>
[INFO] [stdout]   17:     0x61fc40b3a49e - <curl_http_client[2e335a6b10cf46fb]::test::streaming::test_streaming::{closure#0} as core[a373ad73a504971]::ops::function::FnOnce<()>>::call_once
[INFO] [stdout]   18:     0x61fc40be5bdb - test[aada8e7e76ba119b]::__rust_begin_short_backtrace::<core[a373ad73a504971]::result::Result<(), alloc[2e1b2a31b91974c5]::string::String>, fn() -> core[a373ad73a504971]::result::Result<(), alloc[2e1b2a31b91974c5]::string::String>>
[INFO] [stdout]   19:     0x61fc40bf2db5 - test[aada8e7e76ba119b]::run_test::{closure#0}
[INFO] [stdout]   20:     0x61fc40bec6a4 - std[617be2ca0a6fd877]::sys::backtrace::__rust_begin_short_backtrace::<test[aada8e7e76ba119b]::run_test::{closure#1}, ()>
[INFO] [stdout]   21:     0x61fc40bf5e42 - <std[617be2ca0a6fd877]::thread::lifecycle::spawn_unchecked<test[aada8e7e76ba119b]::run_test::{closure#1}, ()>::{closure#1} as core[a373ad73a504971]::ops::function::FnOnce<()>>::call_once::{shim:vtable#0}
[INFO] [stdout]   22:     0x61fc40cfe78f - <std[617be2ca0a6fd877]::sys::thread::unix::Thread>::new::thread_start
[INFO] [stdout]   23:     0x72a33ce84dfa - <unknown>
[INFO] [stdout]   24:     0x72a33cf183d4 - clone
[INFO] [stdout]   25:                0x0 - <unknown>
[INFO] [stdout] 
[INFO] [stdout] ---- test::upload::test_upload_with_headers stdout ----
[INFO] [stdout] 
[INFO] [stdout] thread 'test::upload::test_upload_with_headers' (2347) panicked at src/test/test_setup.rs:124:57:
[INFO] [stdout] called `Result::unwrap()` on an `Err` value: Custom { kind: ReadOnlyFilesystem, error: PathError { path: "/opt/rustwide/workdir/./test19AJ4K", err: Os { code: 30, kind: ReadOnlyFilesystem, message: "Read-only file system" } } }
[INFO] [stdout] stack backtrace:
[INFO] [stdout]    0:     0x61fc40cffa21 - <<std[617be2ca0a6fd877]::sys::backtrace::BacktraceLock>::print::DisplayBacktrace as core[a373ad73a504971]::fmt::Display>::fmt
[INFO] [stdout]    1:     0x61fc40d1656a - core[a373ad73a504971]::fmt::write
[INFO] [stdout]    2:     0x61fc40d0474c - <alloc[2e1b2a31b91974c5]::vec::Vec<u8> as core[a373ad73a504971]::io::write::Write>::write_fmt
[INFO] [stdout]    3:     0x61fc40cd8fd6 - std[617be2ca0a6fd877]::panicking::default_hook::{closure#0}
[INFO] [stdout]    4:     0x61fc40cf6c19 - std[617be2ca0a6fd877]::panicking::default_hook
[INFO] [stdout]    5:     0x61fc40bf2790 - test[aada8e7e76ba119b]::test_main_inner::{closure#0}
[INFO] [stdout]    6:     0x61fc40cf6f42 - std[617be2ca0a6fd877]::panicking::panic_with_hook
[INFO] [stdout]    7:     0x61fc40cd9082 - std[617be2ca0a6fd877]::panicking::panic_handler::{closure#0}
[INFO] [stdout]    8:     0x61fc40cd1a09 - std[617be2ca0a6fd877]::sys::backtrace::__rust_end_short_backtrace::<std[617be2ca0a6fd877]::panicking::panic_handler::{closure#0}, !>
[INFO] [stdout]    9:     0x61fc40cd9e7d - __rustc[ea4f61d10b84890b]::rust_begin_unwind
[INFO] [stdout]   10:     0x61fc40d16ccc - core[a373ad73a504971]::panicking::panic_fmt
[INFO] [stdout]   11:     0x61fc40d16aa2 - core[a373ad73a504971]::result::unwrap_failed
[INFO] [stdout]   12:     0x61fc40b90533 - curl_http_client[2e335a6b10cf46fb]::test::test_setup::setup_test_environment::{closure#0}
[INFO] [stdout]   13:     0x61fc40b9202a - curl_http_client[2e335a6b10cf46fb]::test::upload::test_upload_with_headers::{closure#0}
[INFO] [stdout]   14:     0x61fc40bbbd43 - <tokio[37ebd56d747bfb5c]::runtime::scheduler::current_thread::Context>::enter::<core[a373ad73a504971]::task::poll::Poll<()>, <tokio[37ebd56d747bfb5c]::runtime::scheduler::current_thread::CoreGuard>::block_on<core[a373ad73a504971]::pin::Pin<&mut core[a373ad73a504971]::pin::Pin<&mut dyn core[a373ad73a504971]::future::future::Future<Output = ()>>>>::{closure#0}::{closure#0}>
[INFO] [stdout]   15:     0x61fc40b5abac - <tokio[37ebd56d747bfb5c]::runtime::context::scoped::Scoped<tokio[37ebd56d747bfb5c]::runtime::scheduler::Context>>::set::<<tokio[37ebd56d747bfb5c]::runtime::scheduler::current_thread::CoreGuard>::enter<<tokio[37ebd56d747bfb5c]::runtime::scheduler::current_thread::CoreGuard>::block_on<core[a373ad73a504971]::pin::Pin<&mut core[a373ad73a504971]::pin::Pin<&mut dyn core[a373ad73a504971]::future::future::Future<Output = ()>>>>::{closure#0}, core[a373ad73a504971]::option::Option<()>>::{closure#0}, (alloc[2e1b2a31b91974c5]::boxed::Box<tokio[37ebd56d747bfb5c]::runtime::scheduler::current_thread::Core>, core[a373ad73a504971]::option::Option<()>)>
[INFO] [stdout]   16:     0x61fc40bbaa45 - <tokio[37ebd56d747bfb5c]::runtime::scheduler::current_thread::CurrentThread>::block_on::<core[a373ad73a504971]::pin::Pin<&mut dyn core[a373ad73a504971]::future::future::Future<Output = ()>>>
[INFO] [stdout]   17:     0x61fc40ba8322 - <tokio[37ebd56d747bfb5c]::runtime::runtime::Runtime>::block_on::<core[a373ad73a504971]::pin::Pin<&mut dyn core[a373ad73a504971]::future::future::Future<Output = ()>>>
[INFO] [stdout]   18:     0x61fc40b96ebe - <curl_http_client[2e335a6b10cf46fb]::test::upload::test_upload_with_headers::{closure#0} as core[a373ad73a504971]::ops::function::FnOnce<()>>::call_once
[INFO] [stdout]   19:     0x61fc40be5bdb - test[aada8e7e76ba119b]::__rust_begin_short_backtrace::<core[a373ad73a504971]::result::Result<(), alloc[2e1b2a31b91974c5]::string::String>, fn() -> core[a373ad73a504971]::result::Result<(), alloc[2e1b2a31b91974c5]::string::String>>
[INFO] [stdout]   20:     0x61fc40bf2db5 - test[aada8e7e76ba119b]::run_test::{closure#0}
[INFO] [stdout]   21:     0x61fc40bec6a4 - std[617be2ca0a6fd877]::sys::backtrace::__rust_begin_short_backtrace::<test[aada8e7e76ba119b]::run_test::{closure#1}, ()>
[INFO] [stdout]   22:     0x61fc40bf5e42 - <std[617be2ca0a6fd877]::thread::lifecycle::spawn_unchecked<test[aada8e7e76ba119b]::run_test::{closure#1}, ()>::{closure#1} as core[a373ad73a504971]::ops::function::FnOnce<()>>::call_once::{shim:vtable#0}
[INFO] [stdout]   23:     0x61fc40cfe78f - <std[617be2ca0a6fd877]::sys::thread::unix::Thread>::new::thread_start
[INFO] [stdout]   24:     0x72a33ce84dfa - <unknown>
[INFO] [stdout]   25:     0x72a33cf183d4 - clone
[INFO] [stdout]   26:                0x0 - <unknown>
[INFO] [stdout] 
[INFO] [stdout] ---- test::upload::test_upload_with_speed_control stdout ----
[INFO] [stdout] 
[INFO] [stdout] thread 'test::upload::test_upload_with_speed_control' (2348) panicked at src/test/test_setup.rs:124:57:
[INFO] [stdout] called `Result::unwrap()` on an `Err` value: Custom { kind: ReadOnlyFilesystem, error: PathError { path: "/opt/rustwide/workdir/./test171Ylk", err: Os { code: 30, kind: ReadOnlyFilesystem, message: "Read-only file system" } } }
[INFO] [stdout] stack backtrace:
[INFO] [stdout]    0:     0x61fc40cffa21 - <<std[617be2ca0a6fd877]::sys::backtrace::BacktraceLock>::print::DisplayBacktrace as core[a373ad73a504971]::fmt::Display>::fmt
[INFO] [stdout]    1:     0x61fc40d1656a - core[a373ad73a504971]::fmt::write
[INFO] [stdout]    2:     0x61fc40d0474c - <alloc[2e1b2a31b91974c5]::vec::Vec<u8> as core[a373ad73a504971]::io::write::Write>::write_fmt
[INFO] [stdout]    3:     0x61fc40cd8fd6 - std[617be2ca0a6fd877]::panicking::default_hook::{closure#0}
[INFO] [stdout]    4:     0x61fc40cf6c19 - std[617be2ca0a6fd877]::panicking::default_hook
[INFO] [stdout]    5:     0x61fc40bf2790 - test[aada8e7e76ba119b]::test_main_inner::{closure#0}
[INFO] [stdout]    6:     0x61fc40cf6f42 - std[617be2ca0a6fd877]::panicking::panic_with_hook
[INFO] [stdout]    7:     0x61fc40cd9082 - std[617be2ca0a6fd877]::panicking::panic_handler::{closure#0}
[INFO] [stdout]    8:     0x61fc40cd1a09 - std[617be2ca0a6fd877]::sys::backtrace::__rust_end_short_backtrace::<std[617be2ca0a6fd877]::panicking::panic_handler::{closure#0}, !>
[INFO] [stdout]    9:     0x61fc40cd9e7d - __rustc[ea4f61d10b84890b]::rust_begin_unwind
[INFO] [stdout]   10:     0x61fc40d16ccc - core[a373ad73a504971]::panicking::panic_fmt
[INFO] [stdout]   11:     0x61fc40d16aa2 - core[a373ad73a504971]::result::unwrap_failed
[INFO] [stdout]   12:     0x61fc40b90533 - curl_http_client[2e335a6b10cf46fb]::test::test_setup::setup_test_environment::{closure#0}
[INFO] [stdout]   13:     0x61fc40b92cca - curl_http_client[2e335a6b10cf46fb]::test::upload::test_upload_with_speed_control::{closure#0}
[INFO] [stdout]   14:     0x61fc40bbbd43 - <tokio[37ebd56d747bfb5c]::runtime::scheduler::current_thread::Context>::enter::<core[a373ad73a504971]::task::poll::Poll<()>, <tokio[37ebd56d747bfb5c]::runtime::scheduler::current_thread::CoreGuard>::block_on<core[a373ad73a504971]::pin::Pin<&mut core[a373ad73a504971]::pin::Pin<&mut dyn core[a373ad73a504971]::future::future::Future<Output = ()>>>>::{closure#0}::{closure#0}>
[INFO] [stdout]   15:     0x61fc40b5abac - <tokio[37ebd56d747bfb5c]::runtime::context::scoped::Scoped<tokio[37ebd56d747bfb5c]::runtime::scheduler::Context>>::set::<<tokio[37ebd56d747bfb5c]::runtime::scheduler::current_thread::CoreGuard>::enter<<tokio[37ebd56d747bfb5c]::runtime::scheduler::current_thread::CoreGuard>::block_on<core[a373ad73a504971]::pin::Pin<&mut core[a373ad73a504971]::pin::Pin<&mut dyn core[a373ad73a504971]::future::future::Future<Output = ()>>>>::{closure#0}, core[a373ad73a504971]::option::Option<()>>::{closure#0}, (alloc[2e1b2a31b91974c5]::boxed::Box<tokio[37ebd56d747bfb5c]::runtime::scheduler::current_thread::Core>, core[a373ad73a504971]::option::Option<()>)>
[INFO] [stdout]   16:     0x61fc40bbaa45 - <tokio[37ebd56d747bfb5c]::runtime::scheduler::current_thread::CurrentThread>::block_on::<core[a373ad73a504971]::pin::Pin<&mut dyn core[a373ad73a504971]::future::future::Future<Output = ()>>>
[INFO] [stdout]   17:     0x61fc40ba8322 - <tokio[37ebd56d747bfb5c]::runtime::runtime::Runtime>::block_on::<core[a373ad73a504971]::pin::Pin<&mut dyn core[a373ad73a504971]::future::future::Future<Output = ()>>>
[INFO] [stdout]   18:     0x61fc40b9701e - <curl_http_client[2e335a6b10cf46fb]::test::upload::test_upload_with_speed_control::{closure#0} as core[a373ad73a504971]::ops::function::FnOnce<()>>::call_once
[INFO] [stdout]   19:     0x61fc40be5bdb - test[aada8e7e76ba119b]::__rust_begin_short_backtrace::<core[a373ad73a504971]::result::Result<(), alloc[2e1b2a31b91974c5]::string::String>, fn() -> core[a373ad73a504971]::result::Result<(), alloc[2e1b2a31b91974c5]::string::String>>
[INFO] [stdout]   20:     0x61fc40bf2db5 - test[aada8e7e76ba119b]::run_test::{closure#0}
[INFO] [stdout]   21:     0x61fc40bec6a4 - std[617be2ca0a6fd877]::sys::backtrace::__rust_begin_short_backtrace::<test[aada8e7e76ba119b]::run_test::{closure#1}, ()>
[INFO] [stdout]   22:     0x61fc40bf5e42 - <std[617be2ca0a6fd877]::thread::lifecycle::spawn_unchecked<test[aada8e7e76ba119b]::run_test::{closure#1}, ()>::{closure#1} as core[a373ad73a504971]::ops::function::FnOnce<()>>::call_once::{shim:vtable#0}
[INFO] [stdout]   23:     0x61fc40cfe78f - <std[617be2ca0a6fd877]::sys::thread::unix::Thread>::new::thread_start
[INFO] [stdout]   24:     0x72a33ce84dfa - <unknown>
[INFO] [stdout]   25:     0x72a33cf183d4 - clone
[INFO] [stdout]   26:                0x0 - <unknown>
[INFO] [stdout] 
[INFO] [stdout] ---- test::post::test_post_none_no_option stdout ----
[INFO] [stdout] 
[INFO] [stdout] thread 'test::post::test_post_none_no_option' (2339) panicked at src/test/test_setup.rs:124:57:
[INFO] [stdout] called `Result::unwrap()` on an `Err` value: Custom { kind: ReadOnlyFilesystem, error: PathError { path: "/opt/rustwide/workdir/./testkJeFmx", err: Os { code: 30, kind: ReadOnlyFilesystem, message: "Read-only file system" } } }
[INFO] [stdout] stack backtrace:
[INFO] [stdout]    0:     0x61fc40cffa21 - <<std[617be2ca0a6fd877]::sys::backtrace::BacktraceLock>::print::DisplayBacktrace as core[a373ad73a504971]::fmt::Display>::fmt
[INFO] [stdout]    1:     0x61fc40d1656a - core[a373ad73a504971]::fmt::write
[INFO] [stdout]    2:     0x61fc40d0474c - <alloc[2e1b2a31b91974c5]::vec::Vec<u8> as core[a373ad73a504971]::io::write::Write>::write_fmt
[INFO] [stdout]    3:     0x61fc40cd8fd6 - std[617be2ca0a6fd877]::panicking::default_hook::{closure#0}
[INFO] [stdout]    4:     0x61fc40cf6c19 - std[617be2ca0a6fd877]::panicking::default_hook
[INFO] [stdout]    5:     0x61fc40bf2790 - test[aada8e7e76ba119b]::test_main_inner::{closure#0}
[INFO] [stdout]    6:     0x61fc40cf6f42 - std[617be2ca0a6fd877]::panicking::panic_with_hook
[INFO] [stdout]    7:     0x61fc40cd9082 - std[617be2ca0a6fd877]::panicking::panic_handler::{closure#0}
[INFO] [stdout]    8:     0x61fc40cd1a09 - std[617be2ca0a6fd877]::sys::backtrace::__rust_end_short_backtrace::<std[617be2ca0a6fd877]::panicking::panic_handler::{closure#0}, !>
[INFO] [stdout]    9:     0x61fc40cd9e7d - __rustc[ea4f61d10b84890b]::rust_begin_unwind
[INFO] [stdout]   10:     0x61fc40d16ccc - core[a373ad73a504971]::panicking::panic_fmt
[INFO] [stdout]   11:     0x61fc40d16aa2 - core[a373ad73a504971]::result::unwrap_failed
[INFO] [stdout]   12:     0x61fc40b9fe1f - curl_http_client[2e335a6b10cf46fb]::test::test_setup::setup_test_environment::{closure#0}
[INFO] [stdout]   13:     0x61fc40ba2cf7 - curl_http_client[2e335a6b10cf46fb]::test::post::test_post_none_no_option::{closure#0}
[INFO] [stdout]   14:     0x61fc40bbbd43 - <tokio[37ebd56d747bfb5c]::runtime::scheduler::current_thread::Context>::enter::<core[a373ad73a504971]::task::poll::Poll<()>, <tokio[37ebd56d747bfb5c]::runtime::scheduler::current_thread::CoreGuard>::block_on<core[a373ad73a504971]::pin::Pin<&mut core[a373ad73a504971]::pin::Pin<&mut dyn core[a373ad73a504971]::future::future::Future<Output = ()>>>>::{closure#0}::{closure#0}>
[INFO] [stdout]   15:     0x61fc40b5abac - <tokio[37ebd56d747bfb5c]::runtime::context::scoped::Scoped<tokio[37ebd56d747bfb5c]::runtime::scheduler::Context>>::set::<<tokio[37ebd56d747bfb5c]::runtime::scheduler::current_thread::CoreGuard>::enter<<tokio[37ebd56d747bfb5c]::runtime::scheduler::current_thread::CoreGuard>::block_on<core[a373ad73a504971]::pin::Pin<&mut core[a373ad73a504971]::pin::Pin<&mut dyn core[a373ad73a504971]::future::future::Future<Output = ()>>>>::{closure#0}, core[a373ad73a504971]::option::Option<()>>::{closure#0}, (alloc[2e1b2a31b91974c5]::boxed::Box<tokio[37ebd56d747bfb5c]::runtime::scheduler::current_thread::Core>, core[a373ad73a504971]::option::Option<()>)>
[INFO] [stdout]   16:     0x61fc40bbaa45 - <tokio[37ebd56d747bfb5c]::runtime::scheduler::current_thread::CurrentThread>::block_on::<core[a373ad73a504971]::pin::Pin<&mut dyn core[a373ad73a504971]::future::future::Future<Output = ()>>>
[INFO] [stdout]   17:     0x61fc40ba8322 - <tokio[37ebd56d747bfb5c]::runtime::runtime::Runtime>::block_on::<core[a373ad73a504971]::pin::Pin<&mut dyn core[a373ad73a504971]::future::future::Future<Output = ()>>>
[INFO] [stdout]   18:     0x61fc40ba7a0e - <curl_http_client[2e335a6b10cf46fb]::test::post::test_post_none_no_option::{closure#0} as core[a373ad73a504971]::ops::function::FnOnce<()>>::call_once
[INFO] [stdout]   19:     0x61fc40be5bdb - test[aada8e7e76ba119b]::__rust_begin_short_backtrace::<core[a373ad73a504971]::result::Result<(), alloc[2e1b2a31b91974c5]::string::String>, fn() -> core[a373ad73a504971]::result::Result<(), alloc[2e1b2a31b91974c5]::string::String>>
[INFO] [stdout]   20:     0x61fc40bf2db5 - test[aada8e7e76ba119b]::run_test::{closure#0}
[INFO] [stdout]   21:     0x61fc40bec6a4 - std[617be2ca0a6fd877]::sys::backtrace::__rust_begin_short_backtrace::<test[aada8e7e76ba119b]::run_test::{closure#1}, ()>
[INFO] [stdout]   22:     0x61fc40bf5e42 - <std[617be2ca0a6fd877]::thread::lifecycle::spawn_unchecked<test[aada8e7e76ba119b]::run_test::{closure#1}, ()>::{closure#1} as core[a373ad73a504971]::ops::function::FnOnce<()>>::call_once::{shim:vtable#0}
[INFO] [stdout]   23:     0x61fc40cfe78f - <std[617be2ca0a6fd877]::sys::thread::unix::Thread>::new::thread_start
[INFO] [stdout]   24:     0x72a33ce84dfa - <unknown>
[INFO] [stdout]   25:     0x72a33cf183d4 - clone
[INFO] [stdout]   26:                0x0 - <unknown>
[INFO] [stdout] 
[INFO] [stdout] 
[INFO] [stdout] failures:
[INFO] [stdout]     test::asynchronous::test_across_multiple_threads_using_easy2
[INFO] [stdout]     test::asynchronous::test_across_multiple_threads_using_multi
[INFO] [stdout]     test::cancel::test_download_was_cancelled
[INFO] [stdout]     test::cancel::test_download_was_not_cancelled
[INFO] [stdout]     test::download::test_download
[INFO] [stdout]     test::download::test_download_with_headers
[INFO] [stdout]     test::download::test_download_with_speed_control
[INFO] [stdout]     test::download::test_download_with_transfer_speed_sender
[INFO] [stdout]     test::download::test_resume_download::offset_0_bytes
[INFO] [stdout]     test::download::test_resume_download::offset_4500_bytes
[INFO] [stdout]     test::download::test_resume_download::offset_max_bytes
[INFO] [stdout]     test::get::test_get
[INFO] [stdout]     test::get::test_get_sync
[INFO] [stdout]     test::get::test_get_with_headers
[INFO] [stdout]     test::headers::test_with_complete_headers_file
[INFO] [stdout]     test::headers::test_with_complete_headers_file_and_headers
[INFO] [stdout]     test::headers::test_with_complete_headers_ram
[INFO] [stdout]     test::headers::test_with_complete_headers_ram_and_header
[INFO] [stdout]     test::headers::test_with_complete_headers_ram_and_header_sync
[INFO] [stdout]     test::post::test_post
[INFO] [stdout]     test::post::test_post_async_not_option
[INFO] [stdout]     test::post::test_post_async_not_option_empty_string
[INFO] [stdout]     test::post::test_post_none
[INFO] [stdout]     test::post::test_post_none_no_option
[INFO] [stdout]     test::post::test_post_sync
[INFO] [stdout]     test::post::test_post_sync_not_option
[INFO] [stdout]     test::post::test_post_sync_not_option_empty_string
[INFO] [stdout]     test::post::test_post_with_headers
[INFO] [stdout]     test::streaming::test_streaming
[INFO] [stdout]     test::upload::test_upload
[INFO] [stdout]     test::upload::test_upload_sync
[INFO] [stdout]     test::upload::test_upload_with_headers
[INFO] [stdout]     test::upload::test_upload_with_speed_control
[INFO] [stdout]     test::upload::test_upload_with_transfer_speed_sender
[INFO] [stdout] 
[INFO] [stdout] test result: FAILED. 0 passed; 34 failed; 0 ignored; 0 measured; 0 filtered out; finished in 0.05s
[INFO] [stdout] 
[INFO] [stderr] error: test failed, to rerun pass `--lib`
[INFO] running `Command { std: "docker" "inspect" "30fc49b5a929176b28add11578d1b76edc3c7f30884a880cd3d0520c2289f23e", kill_on_drop: false }`
[INFO] running `Command { std: "docker" "rm" "-f" "30fc49b5a929176b28add11578d1b76edc3c7f30884a880cd3d0520c2289f23e", kill_on_drop: false }`
[INFO] [stdout] 30fc49b5a929176b28add11578d1b76edc3c7f30884a880cd3d0520c2289f23e
