[INFO] fetching crate curio 0.0.3...
[INFO] testing curio-0.0.3 against 1.100.0-beta.1+cargoflags=--release for beta-release-1.100-2
[INFO] extracting crate curio 0.0.3 into /workspace/builds/worker-7-tc2/source
[INFO] started tweaking crates.io crate curio 0.0.3
[INFO] finished tweaking crates.io crate curio 0.0.3
[INFO] tweaked toml for crates.io crate curio 0.0.3 written to /workspace/builds/worker-7-tc2/source/Cargo.toml
[INFO] validating manifest of crates.io crate curio 0.0.3 on toolchain 1.100.0-beta.1
[INFO] running `Command { std: CARGO_HOME="/workspace/cargo-home" RUSTUP_HOME="/workspace/rustup-home" "/workspace/cargo-home/bin/cargo" "+1.100.0-beta.1" "metadata" "--manifest-path" "Cargo.toml" "--no-deps", kill_on_drop: false }`
[INFO] running `Command { std: CARGO_HOME="/workspace/cargo-home" RUSTUP_HOME="/workspace/rustup-home" "/workspace/cargo-home/bin/cargo" "+1.100.0-beta.1" "generate-lockfile" "--manifest-path" "Cargo.toml", kill_on_drop: false }`
[INFO] [stderr]     Updating crates.io index
[INFO] [stderr]      Locking 31 packages to highest compatible versions
[INFO] [stderr]       Adding rustls v0.18.1 (available: v0.23.46)
[INFO] [stderr]       Adding webpki v0.21.4 (available: v0.22.4)
[INFO] [stderr]       Adding webpki-roots v0.20.0 (available: v1.0.9)
[INFO] running `Command { std: CARGO_HOME="/workspace/cargo-home" RUSTUP_HOME="/workspace/rustup-home" "/workspace/cargo-home/bin/cargo" "+1.100.0-beta.1" "fetch" "--manifest-path" "Cargo.toml", kill_on_drop: false }`
[INFO] [stderr] warning: `package.homepage` is redundant with `package.repository`
[INFO] [stderr]   --> Cargo.toml:18:12
[INFO] [stderr]    |
[INFO] [stderr] 18 | homepage = "https://github.com/fatalcenturion/Curio"
[INFO] [stderr]    |            ^^^^^^^^^^^^^^^^^^^^^^^^^^^^^^^^^^^^^^^^^
[INFO] [stderr] ...
[INFO] [stderr] 22 | repository = "https://github.com/fatalcenturion/Curio"
[INFO] [stderr]    |              -----------------------------------------
[INFO] [stderr]    |
[INFO] [stderr]    = note: `cargo::redundant_homepage` is set to `warn` by default
[INFO] [stderr] help: consider removing `package.homepage`
[INFO] [stderr] warning: `curio` (manifest) generated 1 warning
[INFO] running `Command { std: "docker" "create" "-v" "/var/lib/crater-agent-workspace/builds/worker-7-tc2/source:/opt/rustwide/workdir:ro,Z" "-v" "/var/lib/crater-agent-workspace/builds/worker-7-tc2/target:/opt/rustwide/target:rw,Z" "-v" "/var/lib/crater-agent-workspace/cargo-home:/opt/rustwide/cargo-home:ro,Z" "-v" "/var/lib/crater-agent-workspace/rustup-home:/opt/rustwide/rustup-home:ro,Z" "-m" "1610612736" "--network" "none" "ghcr.io/rust-lang/crates-build-env/linux@sha256:77db811e55d90add9212f6832c23229e3de5f1c1f9905e8cb07319ea15df73ac" "sleep" "infinity", kill_on_drop: false }`
[INFO] [stdout] 068041beeaead6aa3a8d9f040c2b9a04de900c315e6fb775734108230558253f
[INFO] running `Command { std: "docker" "start" "068041beeaead6aa3a8d9f040c2b9a04de900c315e6fb775734108230558253f", kill_on_drop: false }`
[INFO] running `Command { std: "docker" "inspect" "068041beeaead6aa3a8d9f040c2b9a04de900c315e6fb775734108230558253f", kill_on_drop: false }`
[INFO] running `Command { std: "docker" "exec" "-e" "SOURCE_DIR=/opt/rustwide/workdir" "-e" "CARGO_HOME=/opt/rustwide/cargo-home" "-e" "RUSTUP_HOME=/opt/rustwide/rustup-home" "-e" "CARGO_TARGET_DIR=/opt/rustwide/target" "-w" "/opt/rustwide/workdir" "--user" "0:0" "068041beeaead6aa3a8d9f040c2b9a04de900c315e6fb775734108230558253f" "/opt/rustwide/cargo-home/bin/cargo" "+1.100.0-beta.1" "metadata" "--no-deps" "--format-version=1", kill_on_drop: false }`
[INFO] running `Command { std: "docker" "inspect" "068041beeaead6aa3a8d9f040c2b9a04de900c315e6fb775734108230558253f", kill_on_drop: false }`
[INFO] running `Command { std: "docker" "exec" "-e" "SOURCE_DIR=/opt/rustwide/workdir" "-e" "CARGO_HOME=/opt/rustwide/cargo-home" "-e" "RUSTUP_HOME=/opt/rustwide/rustup-home" "-e" "CARGO_TARGET_DIR=/opt/rustwide/target" "-e" "CARGO_INCREMENTAL=0" "-e" "RUST_BACKTRACE=full" "-e" "RUSTFLAGS=--cap-lints=warn" "-e" "RUSTDOCFLAGS=--cap-lints=warn" "-w" "/opt/rustwide/workdir" "--user" "0:0" "068041beeaead6aa3a8d9f040c2b9a04de900c315e6fb775734108230558253f" "/opt/rustwide/cargo-home/bin/cargo" "+1.100.0-beta.1" "build" "--frozen" "--message-format=json" "--release", kill_on_drop: false }`
[INFO] [stderr] warning: `package.homepage` is redundant with `package.repository`
[INFO] [stderr]   --> Cargo.toml:18:12
[INFO] [stderr]    |
[INFO] [stderr] 18 | homepage = "https://github.com/fatalcenturion/Curio"
[INFO] [stderr]    |            ^^^^^^^^^^^^^^^^^^^^^^^^^^^^^^^^^^^^^^^^^
[INFO] [stderr] ...
[INFO] [stderr] 22 | repository = "https://github.com/fatalcenturion/Curio"
[INFO] [stderr]    |              -----------------------------------------
[INFO] [stderr]    |
[INFO] [stderr]    = note: `cargo::redundant_homepage` is set to `warn` by default
[INFO] [stderr] help: consider removing `package.homepage`
[INFO] [stderr] warning: `curio` (manifest) generated 1 warning
[INFO] [stderr]    Compiling libc v0.2.191
[INFO] [stderr]    Compiling ring v0.16.20
[INFO] [stderr]    Compiling spin v0.5.2
[INFO] [stderr]    Compiling once_cell v1.21.4
[INFO] [stderr]    Compiling untrusted v0.7.1
[INFO] [stderr]    Compiling base64 v0.12.3
[INFO] [stderr]    Compiling chunked_transfer v1.5.0
[INFO] [stderr]    Compiling webpki v0.21.4
[INFO] [stderr]    Compiling sct v0.6.1
[INFO] [stderr]    Compiling rustls v0.18.1
[INFO] [stderr]    Compiling webpki-roots v0.20.0
[INFO] [stderr]    Compiling curio v0.0.3 (/opt/rustwide/workdir)
[INFO] [stderr]     Finished `release` profile [optimized] target(s) in 19.23s
[INFO] running `Command { std: "docker" "inspect" "068041beeaead6aa3a8d9f040c2b9a04de900c315e6fb775734108230558253f", kill_on_drop: false }`
[INFO] running `Command { std: "docker" "exec" "-e" "SOURCE_DIR=/opt/rustwide/workdir" "-e" "CARGO_HOME=/opt/rustwide/cargo-home" "-e" "RUSTUP_HOME=/opt/rustwide/rustup-home" "-e" "CARGO_TARGET_DIR=/opt/rustwide/target" "-e" "CARGO_INCREMENTAL=0" "-e" "RUST_BACKTRACE=full" "-e" "RUSTFLAGS=--cap-lints=warn" "-e" "RUSTDOCFLAGS=--cap-lints=warn" "-w" "/opt/rustwide/workdir" "--user" "0:0" "068041beeaead6aa3a8d9f040c2b9a04de900c315e6fb775734108230558253f" "/opt/rustwide/cargo-home/bin/cargo" "+1.100.0-beta.1" "test" "--frozen" "--no-run" "--message-format=json" "--release", kill_on_drop: false }`
[INFO] [stderr] warning: `package.homepage` is redundant with `package.repository`
[INFO] [stderr]   --> Cargo.toml:18:12
[INFO] [stderr]    |
[INFO] [stderr] 18 | homepage = "https://github.com/fatalcenturion/Curio"
[INFO] [stderr]    |            ^^^^^^^^^^^^^^^^^^^^^^^^^^^^^^^^^^^^^^^^^
[INFO] [stderr] ...
[INFO] [stderr] 22 | repository = "https://github.com/fatalcenturion/Curio"
[INFO] [stderr]    |              -----------------------------------------
[INFO] [stderr]    |
[INFO] [stderr]    = note: `cargo::redundant_homepage` is set to `warn` by default
[INFO] [stderr] help: consider removing `package.homepage`
[INFO] [stderr] warning: `curio` (manifest) generated 1 warning
[INFO] [stderr]    Compiling curio v0.0.3 (/opt/rustwide/workdir)
[INFO] [stderr]     Finished `release` profile [optimized] target(s) in 3.52s
[INFO] running `Command { std: "docker" "inspect" "068041beeaead6aa3a8d9f040c2b9a04de900c315e6fb775734108230558253f", kill_on_drop: false }`
[INFO] running `Command { std: "docker" "exec" "-e" "SOURCE_DIR=/opt/rustwide/workdir" "-e" "CARGO_HOME=/opt/rustwide/cargo-home" "-e" "RUSTUP_HOME=/opt/rustwide/rustup-home" "-e" "CARGO_TARGET_DIR=/opt/rustwide/target" "-e" "CARGO_INCREMENTAL=0" "-e" "RUST_BACKTRACE=full" "-e" "RUSTFLAGS=--cap-lints=warn" "-e" "RUSTDOCFLAGS=--cap-lints=warn" "-w" "/opt/rustwide/workdir" "--user" "0:0" "068041beeaead6aa3a8d9f040c2b9a04de900c315e6fb775734108230558253f" "/opt/rustwide/cargo-home/bin/cargo" "+1.100.0-beta.1" "test" "--frozen" "--release", kill_on_drop: false }`
[INFO] [stderr] warning: `package.homepage` is redundant with `package.repository`
[INFO] [stderr]   --> Cargo.toml:18:12
[INFO] [stderr]    |
[INFO] [stderr] 18 | homepage = "https://github.com/fatalcenturion/Curio"
[INFO] [stderr]    |            ^^^^^^^^^^^^^^^^^^^^^^^^^^^^^^^^^^^^^^^^^
[INFO] [stderr] ...
[INFO] [stderr] 22 | repository = "https://github.com/fatalcenturion/Curio"
[INFO] [stderr]    |              -----------------------------------------
[INFO] [stderr]    |
[INFO] [stderr]    = note: `cargo::redundant_homepage` is set to `warn` by default
[INFO] [stderr] help: consider removing `package.homepage`
[INFO] [stderr] warning: `curio` (manifest) generated 1 warning
[INFO] [stderr]     Finished `release` profile [optimized] target(s) in 0.04s
[INFO] [stderr]      Running unittests src/lib.rs (/opt/rustwide/target/release/build/curio/3e2af8bda416a394/out/curio-3e2af8bda416a394)
[INFO] [stdout] 
[INFO] [stdout] running 25 tests
[INFO] [stdout] test tests::request_builder::test_request_builder ... ok
[INFO] [stdout] test tests::parsers::test_post_data_parser_from_string ... ok
[INFO] [stdout] test tests::parsers::test_cookie_parser_exhaustive ... ok
[INFO] [stdout] test tests::tcp_methods::test_tcp_delete ... FAILED
[INFO] [stdout] test tests::tcp_methods::test_get ... FAILED
[INFO] [stdout] test tests::tls_methods::test_tls_chunked_get ... FAILED
[INFO] [stdout] test tests::request_builder::test_request_builder_tls_post_pastebin ... FAILED
[INFO] [stdout] test tests::parsers::test_post_data_parser_from_hash_map ... ok
[INFO] [stdout] test tests::parsers::test_post_data_parser_from_tuple ... ok
[INFO] [stdout] test tests::request_builder::test_request_builder_tcp_post_pastebin ... FAILED
[INFO] [stdout] test tests::request_builder::test_request_builder_get ... FAILED
[INFO] [stdout] test tests::tcp_methods::test_tcp_put ... FAILED
[INFO] [stdout] test tests::tcp_methods::test_chunked_get ... FAILED
[INFO] [stdout] test tests::tcp_methods::test_tcp_head ... FAILED
[INFO] [stdout] test benchmarks::bench_header_parsing ... ok
[INFO] [stdout] test tests::tls_methods::test_tls_delete ... FAILED
[INFO] [stdout] test tests::tcp_methods::test_tcp_options ... FAILED
[INFO] [stdout] test tests::tls_methods::test_tls_head ... FAILED
[INFO] [stdout] test tests::tls_methods::test_tls_get ... FAILED
[INFO] [stdout] test tests::tls_methods::test_tls_options ... FAILED
[INFO] [stdout] test tests::tcp_methods::test_tcp_patch ... FAILED
[INFO] [stdout] test tests::tls_methods::test_tls_patch ... FAILED
[INFO] [stdout] test tests::tls_methods::test_tls_put ... FAILED
[INFO] [stdout] test benchmarks::bench_cookie_parsing ... ok
[INFO] [stdout] test benchmarks::bench_response_parsing ... ok
[INFO] [stdout] 
[INFO] [stdout] failures:
[INFO] [stdout] 
[INFO] [stdout] ---- tests::tcp_methods::test_tcp_delete stdout ----
[INFO] [stdout] 
[INFO] [stdout] thread 'tests::tcp_methods::test_tcp_delete' (565) panicked at src/tcp.rs:210:65:
[INFO] [stdout] called `Result::unwrap()` on an `Err` value: Custom { kind: Uncategorized, error: "failed to lookup address information: Temporary failure in name resolution" }
[INFO] [stdout] stack backtrace:
[INFO] [stdout]    0:     0x55896dd7ed71 - <<std[617be2ca0a6fd877]::sys::backtrace::BacktraceLock>::print::DisplayBacktrace as core[a373ad73a504971]::fmt::Display>::fmt
[INFO] [stdout]    1:     0x55896dd9449a - core[a373ad73a504971]::fmt::write
[INFO] [stdout]    2:     0x55896dd834fc - <alloc[2e1b2a31b91974c5]::vec::Vec<u8> as core[a373ad73a504971]::io::write::Write>::write_fmt
[INFO] [stdout]    3:     0x55896dd5a7e6 - std[617be2ca0a6fd877]::panicking::default_hook::{closure#0}
[INFO] [stdout]    4:     0x55896dd76d59 - std[617be2ca0a6fd877]::panicking::default_hook
[INFO] [stdout]    5:     0x55896dc8e050 - test[aada8e7e76ba119b]::test_main_inner::{closure#0}
[INFO] [stdout]    6:     0x55896dd76f12 - std[617be2ca0a6fd877]::panicking::panic_with_hook
[INFO] [stdout]    7:     0x55896dd5a892 - std[617be2ca0a6fd877]::panicking::panic_handler::{closure#0}
[INFO] [stdout]    8:     0x55896dd534c9 - std[617be2ca0a6fd877]::sys::backtrace::__rust_end_short_backtrace::<std[617be2ca0a6fd877]::panicking::panic_handler::{closure#0}, !>
[INFO] [stdout]    9:     0x55896dd5b68d - __rustc[ea4f61d10b84890b]::rust_begin_unwind
[INFO] [stdout]   10:     0x55896dd94bcc - core[a373ad73a504971]::panicking::panic_fmt
[INFO] [stdout]   11:     0x55896dd949a2 - core[a373ad73a504971]::result::unwrap_failed
[INFO] [stdout]   12:     0x55896dc6ae2a - curio[2af01fd41d15e85f]::tcp::preflight::<alloc[2e1b2a31b91974c5]::string::String>
[INFO] [stdout]   13:     0x55896dc68009 - curio[2af01fd41d15e85f]::tcp::delete::<&alloc[2e1b2a31b91974c5]::string::String>
[INFO] [stdout]   14:     0x55896dc75028 - <curio[2af01fd41d15e85f]::structs::Request>::send
[INFO] [stdout]   15:     0x55896dc7e636 - <curio[2af01fd41d15e85f]::tests::tcp_methods::test_tcp_delete::{closure#0} as core[a373ad73a504971]::ops::function::FnOnce<()>>::call_once
[INFO] [stdout]   16:     0x55896dc8149b - test[aada8e7e76ba119b]::__rust_begin_short_backtrace::<core[a373ad73a504971]::result::Result<(), alloc[2e1b2a31b91974c5]::string::String>, fn() -> core[a373ad73a504971]::result::Result<(), alloc[2e1b2a31b91974c5]::string::String>>
[INFO] [stdout]   17:     0x55896dc8e675 - test[aada8e7e76ba119b]::run_test::{closure#0}
[INFO] [stdout]   18:     0x55896dc87f64 - std[617be2ca0a6fd877]::sys::backtrace::__rust_begin_short_backtrace::<test[aada8e7e76ba119b]::run_test::{closure#1}, ()>
[INFO] [stdout]   19:     0x55896dc91702 - <std[617be2ca0a6fd877]::thread::lifecycle::spawn_unchecked<test[aada8e7e76ba119b]::run_test::{closure#1}, ()>::{closure#1} as core[a373ad73a504971]::ops::function::FnOnce<()>>::call_once::{shim:vtable#0}
[INFO] [stdout]   20:     0x55896dd7e07f - <std[617be2ca0a6fd877]::sys::thread::unix::Thread>::new::thread_start
[INFO] [stdout]   21:     0x72c42c1f7dfa - <unknown>
[INFO] [stdout]   22:     0x72c42c28b3d4 - clone
[INFO] [stdout]   23:                0x0 - <unknown>
[INFO] [stdout] 
[INFO] [stdout] ---- tests::tcp_methods::test_get stdout ----
[INFO] [stdout] 
[INFO] [stdout] thread 'tests::tcp_methods::test_get' (564) panicked at src/tcp.rs:210:65:
[INFO] [stdout] called `Result::unwrap()` on an `Err` value: Custom { kind: Uncategorized, error: "failed to lookup address information: Temporary failure in name resolution" }
[INFO] [stdout] stack backtrace:
[INFO] [stdout]    0:     0x55896dd7ed71 - <<std[617be2ca0a6fd877]::sys::backtrace::BacktraceLock>::print::DisplayBacktrace as core[a373ad73a504971]::fmt::Display>::fmt
[INFO] [stdout]    1:     0x55896dd9449a - core[a373ad73a504971]::fmt::write
[INFO] [stdout]    2:     0x55896dd834fc - <alloc[2e1b2a31b91974c5]::vec::Vec<u8> as core[a373ad73a504971]::io::write::Write>::write_fmt
[INFO] [stdout]    3:     0x55896dd5a7e6 - std[617be2ca0a6fd877]::panicking::default_hook::{closure#0}
[INFO] [stdout]    4:     0x55896dd76d59 - std[617be2ca0a6fd877]::panicking::default_hook
[INFO] [stdout]    5:     0x55896dc8e050 - test[aada8e7e76ba119b]::test_main_inner::{closure#0}
[INFO] [stdout]    6:     0x55896dd76f12 - std[617be2ca0a6fd877]::panicking::panic_with_hook
[INFO] [stdout]    7:     0x55896dd5a892 - std[617be2ca0a6fd877]::panicking::panic_handler::{closure#0}
[INFO] [stdout]    8:     0x55896dd534c9 - std[617be2ca0a6fd877]::sys::backtrace::__rust_end_short_backtrace::<std[617be2ca0a6fd877]::panicking::panic_handler::{closure#0}, !>
[INFO] [stdout]    9:     0x55896dd5b68d - __rustc[ea4f61d10b84890b]::rust_begin_unwind
[INFO] [stdout]   10:     0x55896dd94bcc - core[a373ad73a504971]::panicking::panic_fmt
[INFO] [stdout]   11:     0x55896dd949a2 - core[a373ad73a504971]::result::unwrap_failed
[INFO] [stdout]   12:     0x55896dc6ae2a - curio[2af01fd41d15e85f]::tcp::preflight::<alloc[2e1b2a31b91974c5]::string::String>
[INFO] [stdout]   13:     0x55896dc63d8e - curio[2af01fd41d15e85f]::tcp::get::<&str>
[INFO] [stdout]   14:     0x55896dc7ea80 - <curio[2af01fd41d15e85f]::tests::tcp_methods::test_get::{closure#0} as core[a373ad73a504971]::ops::function::FnOnce<()>>::call_once
[INFO] [stdout]   15:     0x55896dc8149b - test[aada8e7e76ba119b]::__rust_begin_short_backtrace::<core[a373ad73a504971]::result::Result<(), alloc[2e1b2a31b91974c5]::string::String>, fn() -> core[a373ad73a504971]::result::Result<(), alloc[2e1b2a31b91974c5]::string::String>>
[INFO] [stdout]   16:     0x55896dc8e675 - test[aada8e7e76ba119b]::run_test::{closure#0}
[INFO] [stdout]   17:     0x55896dc87f64 - std[617be2ca0a6fd877]::sys::backtrace::__rust_begin_short_backtrace::<test[aada8e7e76ba119b]::run_test::{closure#1}, ()>
[INFO] [stdout]   18:     0x55896dc91702 - <std[617be2ca0a6fd877]::thread::lifecycle::spawn_unchecked<test[aada8e7e76ba119b]::run_test::{closure#1}, ()>::{closure#1} as core[a373ad73a504971]::ops::function::FnOnce<()>>::call_once::{shim:vtable#0}
[INFO] [stdout]   19:     0x55896dd7e07f - <std[617be2ca0a6fd877]::sys::thread::unix::Thread>::new::thread_start
[INFO] [stdout]   20:     0x72c42c1f7dfa - <unknown>
[INFO] [stdout]   21:     0x72c42c28b3d4 - clone
[INFO] [stdout]   22:                0x0 - <unknown>
[INFO] [stdout] 
[INFO] [stdout] ---- tests::tls_methods::test_tls_chunked_get stdout ----
[INFO] [stdout] 
[INFO] [stdout] thread 'tests::tls_methods::test_tls_chunked_get' (570) panicked at src/tls.rs:241:66:
[INFO] [stdout] called `Result::unwrap()` on an `Err` value: Custom { kind: Uncategorized, error: "failed to lookup address information: Temporary failure in name resolution" }
[INFO] [stdout] stack backtrace:
[INFO] [stdout]    0:     0x55896dd7ed71 - <<std[617be2ca0a6fd877]::sys::backtrace::BacktraceLock>::print::DisplayBacktrace as core[a373ad73a504971]::fmt::Display>::fmt
[INFO] [stdout]    1:     0x55896dd9449a - core[a373ad73a504971]::fmt::write
[INFO] [stdout]    2:     0x55896dd834fc - <alloc[2e1b2a31b91974c5]::vec::Vec<u8> as core[a373ad73a504971]::io::write::Write>::write_fmt
[INFO] [stdout]    3:     0x55896dd5a7e6 - std[617be2ca0a6fd877]::panicking::default_hook::{closure#0}
[INFO] [stdout]    4:     0x55896dd76d59 - std[617be2ca0a6fd877]::panicking::default_hook
[INFO] [stdout]    5:     0x55896dc8e050 - test[aada8e7e76ba119b]::test_main_inner::{closure#0}
[INFO] [stdout]    6:     0x55896dd76f12 - std[617be2ca0a6fd877]::panicking::panic_with_hook
[INFO] [stdout]    7:     0x55896dd5a892 - std[617be2ca0a6fd877]::panicking::panic_handler::{closure#0}
[INFO] [stdout]    8:     0x55896dd534c9 - std[617be2ca0a6fd877]::sys::backtrace::__rust_end_short_backtrace::<std[617be2ca0a6fd877]::panicking::panic_handler::{closure#0}, !>
[INFO] [stdout]    9:     0x55896dd5b68d - __rustc[ea4f61d10b84890b]::rust_begin_unwind
[INFO] [stdout]   10:     0x55896dd94bcc - core[a373ad73a504971]::panicking::panic_fmt
[INFO] [stdout]   11:     0x55896dd949a2 - core[a373ad73a504971]::result::unwrap_failed
[INFO] [stdout]   12:     0x55896dc5ed8d - curio[2af01fd41d15e85f]::tls::options::<alloc[2e1b2a31b91974c5]::string::String>
[INFO] [stdout]   13:     0x55896dc5fe16 - curio[2af01fd41d15e85f]::tls::preflight::<alloc[2e1b2a31b91974c5]::string::String>
[INFO] [stdout]   14:     0x55896dc54b1e - curio[2af01fd41d15e85f]::tls::get::<&str>
[INFO] [stdout]   15:     0x55896dc7f4f6 - <curio[2af01fd41d15e85f]::tests::tls_methods::test_tls_chunked_get::{closure#0} as core[a373ad73a504971]::ops::function::FnOnce<()>>::call_once
[INFO] [stdout]   16:     0x55896dc8149b - test[aada8e7e76ba119b]::__rust_begin_short_backtrace::<core[a373ad73a504971]::result::Result<(), alloc[2e1b2a31b91974c5]::string::String>, fn() -> core[a373ad73a504971]::result::Result<(), alloc[2e1b2a31b91974c5]::string::String>>
[INFO] [stdout]   17:     0x55896dc8e675 - test[aada8e7e76ba119b]::run_test::{closure#0}
[INFO] [stdout]   18:     0x55896dc87f64 - std[617be2ca0a6fd877]::sys::backtrace::__rust_begin_short_backtrace::<test[aada8e7e76ba119b]::run_test::{closure#1}, ()>
[INFO] [stdout]   19:     0x55896dc91702 - <std[617be2ca0a6fd877]::thread::lifecycle::spawn_unchecked<test[aada8e7e76ba119b]::run_test::{closure#1}, ()>::{closure#1} as core[a373ad73a504971]::ops::function::FnOnce<()>>::call_once::{shim:vtable#0}
[INFO] [stdout]   20:     0x55896dd7e07f - <std[617be2ca0a6fd877]::sys::thread::unix::Thread>::new::thread_start
[INFO] [stdout]   21:     0x72c42c1f7dfa - <unknown>
[INFO] [stdout]   22:     0x72c42c28b3d4 - clone
[INFO] [stdout]   23:                0x0 - <unknown>
[INFO] [stdout] 
[INFO] [stdout] ---- tests::request_builder::test_request_builder_tls_post_pastebin stdout ----
[INFO] [stdout] 
[INFO] [stdout] thread 'tests::request_builder::test_request_builder_tls_post_pastebin' (562) panicked at src/tls.rs:241:66:
[INFO] [stdout] called `Result::unwrap()` on an `Err` value: Custom { kind: Uncategorized, error: "failed to lookup address information: Temporary failure in name resolution" }
[INFO] [stdout] stack backtrace:
[INFO] [stdout]    0:     0x55896dd7ed71 - <<std[617be2ca0a6fd877]::sys::backtrace::BacktraceLock>::print::DisplayBacktrace as core[a373ad73a504971]::fmt::Display>::fmt
[INFO] [stdout]    1:     0x55896dd9449a - core[a373ad73a504971]::fmt::write
[INFO] [stdout]    2:     0x55896dd834fc - <alloc[2e1b2a31b91974c5]::vec::Vec<u8> as core[a373ad73a504971]::io::write::Write>::write_fmt
[INFO] [stdout]    3:     0x55896dd5a7e6 - std[617be2ca0a6fd877]::panicking::default_hook::{closure#0}
[INFO] [stdout]    4:     0x55896dd76d59 - std[617be2ca0a6fd877]::panicking::default_hook
[INFO] [stdout]    5:     0x55896dc8e050 - test[aada8e7e76ba119b]::test_main_inner::{closure#0}
[INFO] [stdout]    6:     0x55896dd76f12 - std[617be2ca0a6fd877]::panicking::panic_with_hook
[INFO] [stdout]    7:     0x55896dd5a892 - std[617be2ca0a6fd877]::panicking::panic_handler::{closure#0}
[INFO] [stdout]    8:     0x55896dd534c9 - std[617be2ca0a6fd877]::sys::backtrace::__rust_end_short_backtrace::<std[617be2ca0a6fd877]::panicking::panic_handler::{closure#0}, !>
[INFO] [stdout]    9:     0x55896dd5b68d - __rustc[ea4f61d10b84890b]::rust_begin_unwind
[INFO] [stdout]   10:     0x55896dd94bcc - core[a373ad73a504971]::panicking::panic_fmt
[INFO] [stdout]   11:     0x55896dd949a2 - core[a373ad73a504971]::result::unwrap_failed
[INFO] [stdout]   12:     0x55896dc5ed8d - curio[2af01fd41d15e85f]::tls::options::<alloc[2e1b2a31b91974c5]::string::String>
[INFO] [stdout]   13:     0x55896dc5fe16 - curio[2af01fd41d15e85f]::tls::preflight::<alloc[2e1b2a31b91974c5]::string::String>
[INFO] [stdout]   14:     0x55896dc5a60d - curio[2af01fd41d15e85f]::tls::post::<&alloc[2e1b2a31b91974c5]::string::String>
[INFO] [stdout]   15:     0x55896dc74ffc - <curio[2af01fd41d15e85f]::structs::Request>::send
[INFO] [stdout]   16:     0x55896dc7c19a - <curio[2af01fd41d15e85f]::tests::request_builder::test_request_builder_tls_post_pastebin::{closure#0} as core[a373ad73a504971]::ops::function::FnOnce<()>>::call_once
[INFO] [stdout]   17:     0x55896dc8149b - test[aada8e7e76ba119b]::__rust_begin_short_backtrace::<core[a373ad73a504971]::result::Result<(), alloc[2e1b2a31b91974c5]::string::String>, fn() -> core[a373ad73a504971]::result::Result<(), alloc[2e1b2a31b91974c5]::string::String>>
[INFO] [stdout]   18:     0x55896dc8e675 - test[aada8e7e76ba119b]::run_test::{closure#0}
[INFO] [stdout]   19:     0x55896dc87f64 - std[617be2ca0a6fd877]::sys::backtrace::__rust_begin_short_backtrace::<test[aada8e7e76ba119b]::run_test::{closure#1}, ()>
[INFO] [stdout]   20:     0x55896dc91702 - <std[617be2ca0a6fd877]::thread::lifecycle::spawn_unchecked<test[aada8e7e76ba119b]::run_test::{closure#1}, ()>::{closure#1} as core[a373ad73a504971]::ops::function::FnOnce<()>>::call_once::{shim:vtable#0}
[INFO] [stdout]   21:     0x55896dd7e07f - <std[617be2ca0a6fd877]::sys::thread::unix::Thread>::new::thread_start
[INFO] [stdout]   22:     0x72c42c1f7dfa - <unknown>
[INFO] [stdout]   23:     0x72c42c28b3d4 - clone
[INFO] [stdout]   24:                0x0 - <unknown>
[INFO] [stdout] 
[INFO] [stdout] ---- tests::request_builder::test_request_builder_tcp_post_pastebin stdout ----
[INFO] [stdout] 
[INFO] [stdout] thread 'tests::request_builder::test_request_builder_tcp_post_pastebin' (561) panicked at src/tcp.rs:210:65:
[INFO] [stdout] called `Result::unwrap()` on an `Err` value: Custom { kind: Uncategorized, error: "failed to lookup address information: Temporary failure in name resolution" }
[INFO] [stdout] stack backtrace:
[INFO] [stdout]    0:     0x55896dd7ed71 - <<std[617be2ca0a6fd877]::sys::backtrace::BacktraceLock>::print::DisplayBacktrace as core[a373ad73a504971]::fmt::Display>::fmt
[INFO] [stdout]    1:     0x55896dd9449a - core[a373ad73a504971]::fmt::write
[INFO] [stdout]    2:     0x55896dd834fc - <alloc[2e1b2a31b91974c5]::vec::Vec<u8> as core[a373ad73a504971]::io::write::Write>::write_fmt
[INFO] [stdout]    3:     0x55896dd5a7e6 - std[617be2ca0a6fd877]::panicking::default_hook::{closure#0}
[INFO] [stdout]    4:     0x55896dd76d59 - std[617be2ca0a6fd877]::panicking::default_hook
[INFO] [stdout]    5:     0x55896dc8e050 - test[aada8e7e76ba119b]::test_main_inner::{closure#0}
[INFO] [stdout]    6:     0x55896dd76f12 - std[617be2ca0a6fd877]::panicking::panic_with_hook
[INFO] [stdout]    7:     0x55896dd5a892 - std[617be2ca0a6fd877]::panicking::panic_handler::{closure#0}
[INFO] [stdout]    8:     0x55896dd534c9 - std[617be2ca0a6fd877]::sys::backtrace::__rust_end_short_backtrace::<std[617be2ca0a6fd877]::panicking::panic_handler::{closure#0}, !>
[INFO] [stdout]    9:     0x55896dd5b68d - __rustc[ea4f61d10b84890b]::rust_begin_unwind
[INFO] [stdout]   10:     0x55896dd94bcc - core[a373ad73a504971]::panicking::panic_fmt
[INFO] [stdout]   11:     0x55896dd949a2 - core[a373ad73a504971]::result::unwrap_failed
[INFO] [stdout]   12:     0x55896dc6ae2a - curio[2af01fd41d15e85f]::tcp::preflight::<alloc[2e1b2a31b91974c5]::string::String>
[INFO] [stdout]   13:     0x55896dc662f6 - curio[2af01fd41d15e85f]::tcp::post::<&alloc[2e1b2a31b91974c5]::string::String>
[INFO] [stdout]   14:     0x55896dc74f5e - <curio[2af01fd41d15e85f]::structs::Request>::send
[INFO] [stdout]   15:     0x55896dc7befa - <curio[2af01fd41d15e85f]::tests::request_builder::test_request_builder_tcp_post_pastebin::{closure#0} as core[a373ad73a504971]::ops::function::FnOnce<()>>::call_once
[INFO] [stdout]   16:     0x55896dc8149b - test[aada8e7e76ba119b]::__rust_begin_short_backtrace::<core[a373ad73a504971]::result::Result<(), alloc[2e1b2a31b91974c5]::string::String>, fn() -> core[a373ad73a504971]::result::Result<(), alloc[2e1b2a31b91974c5]::string::String>>
[INFO] [stdout]   17:     0x55896dc8e675 - test[aada8e7e76ba119b]::run_test::{closure#0}
[INFO] [stdout]   18:     0x55896dc87f64 - std[617be2ca0a6fd877]::sys::backtrace::__rust_begin_short_backtrace::<test[aada8e7e76ba119b]::run_test::{closure#1}, ()>
[INFO] [stdout]   19:     0x55896dc91702 - <std[617be2ca0a6fd877]::thread::lifecycle::spawn_unchecked<test[aada8e7e76ba119b]::run_test::{closure#1}, ()>::{closure#1} as core[a373ad73a504971]::ops::function::FnOnce<()>>::call_once::{shim:vtable#0}
[INFO] [stdout]   20:     0x55896dd7e07f - <std[617be2ca0a6fd877]::sys::thread::unix::Thread>::new::thread_start
[INFO] [stdout]   21:     0x72c42c1f7dfa - <unknown>
[INFO] [stdout]   22:     0x72c42c28b3d4 - clone
[INFO] [stdout]   23:                0x0 - <unknown>
[INFO] [stdout] 
[INFO] [stdout] ---- tests::request_builder::test_request_builder_get stdout ----
[INFO] [stdout] 
[INFO] [stdout] thread 'tests::request_builder::test_request_builder_get' (560) panicked at src/tls.rs:241:66:
[INFO] [stdout] called `Result::unwrap()` on an `Err` value: Custom { kind: Uncategorized, error: "failed to lookup address information: Temporary failure in name resolution" }
[INFO] [stdout] stack backtrace:
[INFO] [stdout]    0:     0x55896dd7ed71 - <<std[617be2ca0a6fd877]::sys::backtrace::BacktraceLock>::print::DisplayBacktrace as core[a373ad73a504971]::fmt::Display>::fmt
[INFO] [stdout]    1:     0x55896dd9449a - core[a373ad73a504971]::fmt::write
[INFO] [stdout]    2:     0x55896dd834fc - <alloc[2e1b2a31b91974c5]::vec::Vec<u8> as core[a373ad73a504971]::io::write::Write>::write_fmt
[INFO] [stdout]    3:     0x55896dd5a7e6 - std[617be2ca0a6fd877]::panicking::default_hook::{closure#0}
[INFO] [stdout]    4:     0x55896dd76d59 - std[617be2ca0a6fd877]::panicking::default_hook
[INFO] [stdout]    5:     0x55896dc8e050 - test[aada8e7e76ba119b]::test_main_inner::{closure#0}
[INFO] [stdout]    6:     0x55896dd76f12 - std[617be2ca0a6fd877]::panicking::panic_with_hook
[INFO] [stdout]    7:     0x55896dd5a892 - std[617be2ca0a6fd877]::panicking::panic_handler::{closure#0}
[INFO] [stdout]    8:     0x55896dd534c9 - std[617be2ca0a6fd877]::sys::backtrace::__rust_end_short_backtrace::<std[617be2ca0a6fd877]::panicking::panic_handler::{closure#0}, !>
[INFO] [stdout]    9:     0x55896dd5b68d - __rustc[ea4f61d10b84890b]::rust_begin_unwind
[INFO] [stdout]   10:     0x55896dd94bcc - core[a373ad73a504971]::panicking::panic_fmt
[INFO] [stdout]   11:     0x55896dd949a2 - core[a373ad73a504971]::result::unwrap_failed
[INFO] [stdout]   12:     0x55896dc5ed8d - curio[2af01fd41d15e85f]::tls::options::<alloc[2e1b2a31b91974c5]::string::String>
[INFO] [stdout]   13:     0x55896dc5fe16 - curio[2af01fd41d15e85f]::tls::preflight::<alloc[2e1b2a31b91974c5]::string::String>
[INFO] [stdout]   14:     0x55896dc52e17 - curio[2af01fd41d15e85f]::tls::get::<&alloc[2e1b2a31b91974c5]::string::String>
[INFO] [stdout]   15:     0x55896dc74f19 - <curio[2af01fd41d15e85f]::structs::Request>::send
[INFO] [stdout]   16:     0x55896dc7bcc6 - <curio[2af01fd41d15e85f]::tests::request_builder::test_request_builder_get::{closure#0} as core[a373ad73a504971]::ops::function::FnOnce<()>>::call_once
[INFO] [stdout]   17:     0x55896dc8149b - test[aada8e7e76ba119b]::__rust_begin_short_backtrace::<core[a373ad73a504971]::result::Result<(), alloc[2e1b2a31b91974c5]::string::String>, fn() -> core[a373ad73a504971]::result::Result<(), alloc[2e1b2a31b91974c5]::string::String>>
[INFO] [stdout]   18:     0x55896dc8e675 - test[aada8e7e76ba119b]::run_test::{closure#0}
[INFO] [stdout]   19:     0x55896dc87f64 - std[617be2ca0a6fd877]::sys::backtrace::__rust_begin_short_backtrace::<test[aada8e7e76ba119b]::run_test::{closure#1}, ()>
[INFO] [stdout]   20:     0x55896dc91702 - <std[617be2ca0a6fd877]::thread::lifecycle::spawn_unchecked<test[aada8e7e76ba119b]::run_test::{closure#1}, ()>::{closure#1} as core[a373ad73a504971]::ops::function::FnOnce<()>>::call_once::{shim:vtable#0}
[INFO] [stdout]   21:     0x55896dd7e07f - <std[617be2ca0a6fd877]::sys::thread::unix::Thread>::new::thread_start
[INFO] [stdout]   22:     0x72c42c1f7dfa - <unknown>
[INFO] [stdout]   23:     0x72c42c28b3d4 - clone
[INFO] [stdout]   24:                0x0 - <unknown>
[INFO] [stdout] 
[INFO] [stdout] ---- tests::tcp_methods::test_tcp_put stdout ----
[INFO] [stdout] Error: PUT is currently not implemented, switching to GET
[INFO] [stdout] 
[INFO] [stdout] thread 'tests::tcp_methods::test_tcp_put' (569) panicked at src/tcp.rs:210:65:
[INFO] [stdout] called `Result::unwrap()` on an `Err` value: Custom { kind: Uncategorized, error: "failed to lookup address information: Temporary failure in name resolution" }
[INFO] [stdout] stack backtrace:
[INFO] [stdout]    0:     0x55896dd7ed71 - <<std[617be2ca0a6fd877]::sys::backtrace::BacktraceLock>::print::DisplayBacktrace as core[a373ad73a504971]::fmt::Display>::fmt
[INFO] [stdout]    1:     0x55896dd9449a - core[a373ad73a504971]::fmt::write
[INFO] [stdout]    2:     0x55896dd834fc - <alloc[2e1b2a31b91974c5]::vec::Vec<u8> as core[a373ad73a504971]::io::write::Write>::write_fmt
[INFO] [stdout]    3:     0x55896dd5a7e6 - std[617be2ca0a6fd877]::panicking::default_hook::{closure#0}
[INFO] [stdout]    4:     0x55896dd76d59 - std[617be2ca0a6fd877]::panicking::default_hook
[INFO] [stdout]    5:     0x55896dc8e050 - test[aada8e7e76ba119b]::test_main_inner::{closure#0}
[INFO] [stdout]    6:     0x55896dd76f12 - std[617be2ca0a6fd877]::panicking::panic_with_hook
[INFO] [stdout]    7:     0x55896dd5a892 - std[617be2ca0a6fd877]::panicking::panic_handler::{closure#0}
[INFO] [stdout]    8:     0x55896dd534c9 - std[617be2ca0a6fd877]::sys::backtrace::__rust_end_short_backtrace::<std[617be2ca0a6fd877]::panicking::panic_handler::{closure#0}, !>
[INFO] [stdout]    9:     0x55896dd5b68d - __rustc[ea4f61d10b84890b]::rust_begin_unwind
[INFO] [stdout]   10:     0x55896dd94bcc - core[a373ad73a504971]::panicking::panic_fmt
[INFO] [stdout]   11:     0x55896dd949a2 - core[a373ad73a504971]::result::unwrap_failed
[INFO] [stdout]   12:     0x55896dc6ae2a - curio[2af01fd41d15e85f]::tcp::preflight::<alloc[2e1b2a31b91974c5]::string::String>
[INFO] [stdout]   13:     0x55896dc625c2 - curio[2af01fd41d15e85f]::tcp::get::<&alloc[2e1b2a31b91974c5]::string::String>
[INFO] [stdout]   14:     0x55896dc74f99 - <curio[2af01fd41d15e85f]::structs::Request>::send
[INFO] [stdout]   15:     0x55896dc7e19e - <curio[2af01fd41d15e85f]::tests::tcp_methods::test_tcp_put::{closure#0} as core[a373ad73a504971]::ops::function::FnOnce<()>>::call_once
[INFO] [stdout]   16:     0x55896dc8149b - test[aada8e7e76ba119b]::__rust_begin_short_backtrace::<core[a373ad73a504971]::result::Result<(), alloc[2e1b2a31b91974c5]::string::String>, fn() -> core[a373ad73a504971]::result::Result<(), alloc[2e1b2a31b91974c5]::string::String>>
[INFO] [stdout]   17:     0x55896dc8e675 - test[aada8e7e76ba119b]::run_test::{closure#0}
[INFO] [stdout]   18:     0x55896dc87f64 - std[617be2ca0a6fd877]::sys::backtrace::__rust_begin_short_backtrace::<test[aada8e7e76ba119b]::run_test::{closure#1}, ()>
[INFO] [stdout]   19:     0x55896dc91702 - <std[617be2ca0a6fd877]::thread::lifecycle::spawn_unchecked<test[aada8e7e76ba119b]::run_test::{closure#1}, ()>::{closure#1} as core[a373ad73a504971]::ops::function::FnOnce<()>>::call_once::{shim:vtable#0}
[INFO] [stdout]   20:     0x55896dd7e07f - <std[617be2ca0a6fd877]::sys::thread::unix::Thread>::new::thread_start
[INFO] [stdout]   21:     0x72c42c1f7dfa - <unknown>
[INFO] [stdout]   22:     0x72c42c28b3d4 - clone
[INFO] [stdout]   23:                0x0 - <unknown>
[INFO] [stdout] 
[INFO] [stdout] ---- tests::tcp_methods::test_chunked_get stdout ----
[INFO] [stdout] 
[INFO] [stdout] thread 'tests::tcp_methods::test_chunked_get' (563) panicked at src/tcp.rs:210:65:
[INFO] [stdout] called `Result::unwrap()` on an `Err` value: Custom { kind: Uncategorized, error: "failed to lookup address information: Temporary failure in name resolution" }
[INFO] [stdout] stack backtrace:
[INFO] [stdout]    0:     0x55896dd7ed71 - <<std[617be2ca0a6fd877]::sys::backtrace::BacktraceLock>::print::DisplayBacktrace as core[a373ad73a504971]::fmt::Display>::fmt
[INFO] [stdout]    1:     0x55896dd9449a - core[a373ad73a504971]::fmt::write
[INFO] [stdout]    2:     0x55896dd834fc - <alloc[2e1b2a31b91974c5]::vec::Vec<u8> as core[a373ad73a504971]::io::write::Write>::write_fmt
[INFO] [stdout]    3:     0x55896dd5a7e6 - std[617be2ca0a6fd877]::panicking::default_hook::{closure#0}
[INFO] [stdout]    4:     0x55896dd76d59 - std[617be2ca0a6fd877]::panicking::default_hook
[INFO] [stdout]    5:     0x55896dc8e050 - test[aada8e7e76ba119b]::test_main_inner::{closure#0}
[INFO] [stdout]    6:     0x55896dd76f12 - std[617be2ca0a6fd877]::panicking::panic_with_hook
[INFO] [stdout]    7:     0x55896dd5a892 - std[617be2ca0a6fd877]::panicking::panic_handler::{closure#0}
[INFO] [stdout]    8:     0x55896dd534c9 - std[617be2ca0a6fd877]::sys::backtrace::__rust_end_short_backtrace::<std[617be2ca0a6fd877]::panicking::panic_handler::{closure#0}, !>
[INFO] [stdout]    9:     0x55896dd5b68d - __rustc[ea4f61d10b84890b]::rust_begin_unwind
[INFO] [stdout]   10:     0x55896dd94bcc - core[a373ad73a504971]::panicking::panic_fmt
[INFO] [stdout]   11:     0x55896dd949a2 - core[a373ad73a504971]::result::unwrap_failed
[INFO] [stdout]   12:     0x55896dc6ae2a - curio[2af01fd41d15e85f]::tcp::preflight::<alloc[2e1b2a31b91974c5]::string::String>
[INFO] [stdout]   13:     0x55896dc63d8e - curio[2af01fd41d15e85f]::tcp::get::<&str>
[INFO] [stdout]   14:     0x55896dc7e7b0 - <curio[2af01fd41d15e85f]::tests::tcp_methods::test_chunked_get::{closure#0} as core[a373ad73a504971]::ops::function::FnOnce<()>>::call_once
[INFO] [stdout]   15:     0x55896dc8149b - test[aada8e7e76ba119b]::__rust_begin_short_backtrace::<core[a373ad73a504971]::result::Result<(), alloc[2e1b2a31b91974c5]::string::String>, fn() -> core[a373ad73a504971]::result::Result<(), alloc[2e1b2a31b91974c5]::string::String>>
[INFO] [stdout]   16:     0x55896dc8e675 - test[aada8e7e76ba119b]::run_test::{closure#0}
[INFO] [stdout]   17:     0x55896dc87f64 - std[617be2ca0a6fd877]::sys::backtrace::__rust_begin_short_backtrace::<test[aada8e7e76ba119b]::run_test::{closure#1}, ()>
[INFO] [stdout]   18:     0x55896dc91702 - <std[617be2ca0a6fd877]::thread::lifecycle::spawn_unchecked<test[aada8e7e76ba119b]::run_test::{closure#1}, ()>::{closure#1} as core[a373ad73a504971]::ops::function::FnOnce<()>>::call_once::{shim:vtable#0}
[INFO] [stdout]   19:     0x55896dd7e07f - <std[617be2ca0a6fd877]::sys::thread::unix::Thread>::new::thread_start
[INFO] [stdout]   20:     0x72c42c1f7dfa - <unknown>
[INFO] [stdout]   21:     0x72c42c28b3d4 - clone
[INFO] [stdout]   22:                0x0 - <unknown>
[INFO] [stdout] 
[INFO] [stdout] ---- tests::tcp_methods::test_tcp_head stdout ----
[INFO] [stdout] 
[INFO] [stdout] thread 'tests::tcp_methods::test_tcp_head' (566) panicked at src/tcp.rs:210:65:
[INFO] [stdout] called `Result::unwrap()` on an `Err` value: Custom { kind: Uncategorized, error: "failed to lookup address information: Temporary failure in name resolution" }
[INFO] [stdout] stack backtrace:
[INFO] [stdout]    0:     0x55896dd7ed71 - <<std[617be2ca0a6fd877]::sys::backtrace::BacktraceLock>::print::DisplayBacktrace as core[a373ad73a504971]::fmt::Display>::fmt
[INFO] [stdout]    1:     0x55896dd9449a - core[a373ad73a504971]::fmt::write
[INFO] [stdout]    2:     0x55896dd834fc - <alloc[2e1b2a31b91974c5]::vec::Vec<u8> as core[a373ad73a504971]::io::write::Write>::write_fmt
[INFO] [stdout]    3:     0x55896dd5a7e6 - std[617be2ca0a6fd877]::panicking::default_hook::{closure#0}
[INFO] [stdout]    4:     0x55896dd76d59 - std[617be2ca0a6fd877]::panicking::default_hook
[INFO] [stdout]    5:     0x55896dc8e050 - test[aada8e7e76ba119b]::test_main_inner::{closure#0}
[INFO] [stdout]    6:     0x55896dd76f12 - std[617be2ca0a6fd877]::panicking::panic_with_hook
[INFO] [stdout]    7:     0x55896dd5a892 - std[617be2ca0a6fd877]::panicking::panic_handler::{closure#0}
[INFO] [stdout]    8:     0x55896dd534c9 - std[617be2ca0a6fd877]::sys::backtrace::__rust_end_short_backtrace::<std[617be2ca0a6fd877]::panicking::panic_handler::{closure#0}, !>
[INFO] [stdout]    9:     0x55896dd5b68d - __rustc[ea4f61d10b84890b]::rust_begin_unwind
[INFO] [stdout]   10:     0x55896dd94bcc - core[a373ad73a504971]::panicking::panic_fmt
[INFO] [stdout]   11:     0x55896dd949a2 - core[a373ad73a504971]::result::unwrap_failed
[INFO] [stdout]   12:     0x55896dc6ae2a - curio[2af01fd41d15e85f]::tcp::preflight::<alloc[2e1b2a31b91974c5]::string::String>
[INFO] [stdout]   13:     0x55896dc65499 - curio[2af01fd41d15e85f]::tcp::head::<&alloc[2e1b2a31b91974c5]::string::String>
[INFO] [stdout]   14:     0x55896dc74fcb - <curio[2af01fd41d15e85f]::structs::Request>::send
[INFO] [stdout]   15:     0x55896dc7e326 - <curio[2af01fd41d15e85f]::tests::tcp_methods::test_tcp_head::{closure#0} as core[a373ad73a504971]::ops::function::FnOnce<()>>::call_once
[INFO] [stdout]   16:     0x55896dc8149b - test[aada8e7e76ba119b]::__rust_begin_short_backtrace::<core[a373ad73a504971]::result::Result<(), alloc[2e1b2a31b91974c5]::string::String>, fn() -> core[a373ad73a504971]::result::Result<(), alloc[2e1b2a31b91974c5]::string::String>>
[INFO] [stdout]   17:     0x55896dc8e675 - test[aada8e7e76ba119b]::run_test::{closure#0}
[INFO] [stdout]   18:     0x55896dc87f64 - std[617be2ca0a6fd877]::sys::backtrace::__rust_begin_short_backtrace::<test[aada8e7e76ba119b]::run_test::{closure#1}, ()>
[INFO] [stdout]   19:     0x55896dc91702 - <std[617be2ca0a6fd877]::thread::lifecycle::spawn_unchecked<test[aada8e7e76ba119b]::run_test::{closure#1}, ()>::{closure#1} as core[a373ad73a504971]::ops::function::FnOnce<()>>::call_once::{shim:vtable#0}
[INFO] [stdout]   20:     0x55896dd7e07f - <std[617be2ca0a6fd877]::sys::thread::unix::Thread>::new::thread_start
[INFO] [stdout]   21:     0x72c42c1f7dfa - <unknown>
[INFO] [stdout]   22:     0x72c42c28b3d4 - clone
[INFO] [stdout]   23:                0x0 - <unknown>
[INFO] [stdout] 
[INFO] [stdout] ---- tests::tls_methods::test_tls_delete stdout ----
[INFO] [stdout] 
[INFO] [stdout] thread 'tests::tls_methods::test_tls_delete' (571) panicked at src/tls.rs:241:66:
[INFO] [stdout] called `Result::unwrap()` on an `Err` value: Custom { kind: Uncategorized, error: "failed to lookup address information: Temporary failure in name resolution" }
[INFO] [stdout] stack backtrace:
[INFO] [stdout]    0:     0x55896dd7ed71 - <<std[617be2ca0a6fd877]::sys::backtrace::BacktraceLock>::print::DisplayBacktrace as core[a373ad73a504971]::fmt::Display>::fmt
[INFO] [stdout]    1:     0x55896dd9449a - core[a373ad73a504971]::fmt::write
[INFO] [stdout]    2:     0x55896dd834fc - <alloc[2e1b2a31b91974c5]::vec::Vec<u8> as core[a373ad73a504971]::io::write::Write>::write_fmt
[INFO] [stdout]    3:     0x55896dd5a7e6 - std[617be2ca0a6fd877]::panicking::default_hook::{closure#0}
[INFO] [stdout]    4:     0x55896dd76d59 - std[617be2ca0a6fd877]::panicking::default_hook
[INFO] [stdout]    5:     0x55896dc8e050 - test[aada8e7e76ba119b]::test_main_inner::{closure#0}
[INFO] [stdout]    6:     0x55896dd76f12 - std[617be2ca0a6fd877]::panicking::panic_with_hook
[INFO] [stdout]    7:     0x55896dd5a892 - std[617be2ca0a6fd877]::panicking::panic_handler::{closure#0}
[INFO] [stdout]    8:     0x55896dd534c9 - std[617be2ca0a6fd877]::sys::backtrace::__rust_end_short_backtrace::<std[617be2ca0a6fd877]::panicking::panic_handler::{closure#0}, !>
[INFO] [stdout]    9:     0x55896dd5b68d - __rustc[ea4f61d10b84890b]::rust_begin_unwind
[INFO] [stdout]   10:     0x55896dd94bcc - core[a373ad73a504971]::panicking::panic_fmt
[INFO] [stdout]   11:     0x55896dd949a2 - core[a373ad73a504971]::result::unwrap_failed
[INFO] [stdout]   12:     0x55896dc5ed8d - curio[2af01fd41d15e85f]::tls::options::<alloc[2e1b2a31b91974c5]::string::String>
[INFO] [stdout]   13:     0x55896dc5fe16 - curio[2af01fd41d15e85f]::tls::preflight::<alloc[2e1b2a31b91974c5]::string::String>
[INFO] [stdout]   14:     0x55896dc5d4c1 - curio[2af01fd41d15e85f]::tls::delete::<&alloc[2e1b2a31b91974c5]::string::String>
[INFO] [stdout]   15:     0x55896dc75013 - <curio[2af01fd41d15e85f]::structs::Request>::send
[INFO] [stdout]   16:     0x55896dc7f1f6 - <curio[2af01fd41d15e85f]::tests::tls_methods::test_tls_delete::{closure#0} as core[a373ad73a504971]::ops::function::FnOnce<()>>::call_once
[INFO] [stdout]   17:     0x55896dc8149b - test[aada8e7e76ba119b]::__rust_begin_short_backtrace::<core[a373ad73a504971]::result::Result<(), alloc[2e1b2a31b91974c5]::string::String>, fn() -> core[a373ad73a504971]::result::Result<(), alloc[2e1b2a31b91974c5]::string::String>>
[INFO] [stdout]   18:     0x55896dc8e675 - test[aada8e7e76ba119b]::run_test::{closure#0}
[INFO] [stdout]   19:     0x55896dc87f64 - std[617be2ca0a6fd877]::sys::backtrace::__rust_begin_short_backtrace::<test[aada8e7e76ba119b]::run_test::{closure#1}, ()>
[INFO] [stdout]   20:     0x55896dc91702 - <std[617be2ca0a6fd877]::thread::lifecycle::spawn_unchecked<test[aada8e7e76ba119b]::run_test::{closure#1}, ()>::{closure#1} as core[a373ad73a504971]::ops::function::FnOnce<()>>::call_once::{shim:vtable#0}
[INFO] [stdout]   21:     0x55896dd7e07f - <std[617be2ca0a6fd877]::sys::thread::unix::Thread>::new::thread_start
[INFO] [stdout]   22:     0x72c42c1f7dfa - <unknown>
[INFO] [stdout]   23:     0x72c42c28b3d4 - clone
[INFO] [stdout]   24:                0x0 - <unknown>
[INFO] [stdout] 
[INFO] [stdout] ---- tests::tcp_methods::test_tcp_options stdout ----
[INFO] [stdout] 
[INFO] [stdout] thread 'tests::tcp_methods::test_tcp_options' (567) panicked at src/tcp.rs:210:65:
[INFO] [stdout] called `Result::unwrap()` on an `Err` value: Custom { kind: Uncategorized, error: "failed to lookup address information: Temporary failure in name resolution" }
[INFO] [stdout] stack backtrace:
[INFO] [stdout]    0:     0x55896dd7ed71 - <<std[617be2ca0a6fd877]::sys::backtrace::BacktraceLock>::print::DisplayBacktrace as core[a373ad73a504971]::fmt::Display>::fmt
[INFO] [stdout]    1:     0x55896dd9449a - core[a373ad73a504971]::fmt::write
[INFO] [stdout]    2:     0x55896dd834fc - <alloc[2e1b2a31b91974c5]::vec::Vec<u8> as core[a373ad73a504971]::io::write::Write>::write_fmt
[INFO] [stdout]    3:     0x55896dd5a7e6 - std[617be2ca0a6fd877]::panicking::default_hook::{closure#0}
[INFO] [stdout]    4:     0x55896dd76d59 - std[617be2ca0a6fd877]::panicking::default_hook
[INFO] [stdout]    5:     0x55896dc8e050 - test[aada8e7e76ba119b]::test_main_inner::{closure#0}
[INFO] [stdout]    6:     0x55896dd76f12 - std[617be2ca0a6fd877]::panicking::panic_with_hook
[INFO] [stdout]    7:     0x55896dd5a892 - std[617be2ca0a6fd877]::panicking::panic_handler::{closure#0}
[INFO] [stdout]    8:     0x55896dd534c9 - std[617be2ca0a6fd877]::sys::backtrace::__rust_end_short_backtrace::<std[617be2ca0a6fd877]::panicking::panic_handler::{closure#0}, !>
[INFO] [stdout]    9:     0x55896dd5b68d - __rustc[ea4f61d10b84890b]::rust_begin_unwind
[INFO] [stdout]   10:     0x55896dd94bcc - core[a373ad73a504971]::panicking::panic_fmt
[INFO] [stdout]   11:     0x55896dd949a2 - core[a373ad73a504971]::result::unwrap_failed
[INFO] [stdout]   12:     0x55896dc69600 - curio[2af01fd41d15e85f]::tcp::options::<&alloc[2e1b2a31b91974c5]::string::String>
[INFO] [stdout]   13:     0x55896dc75054 - <curio[2af01fd41d15e85f]::structs::Request>::send
[INFO] [stdout]   14:     0x55896dc7e906 - <curio[2af01fd41d15e85f]::tests::tcp_methods::test_tcp_options::{closure#0} as core[a373ad73a504971]::ops::function::FnOnce<()>>::call_once
[INFO] [stdout]   15:     0x55896dc8149b - test[aada8e7e76ba119b]::__rust_begin_short_backtrace::<core[a373ad73a504971]::result::Result<(), alloc[2e1b2a31b91974c5]::string::String>, fn() -> core[a373ad73a504971]::result::Result<(), alloc[2e1b2a31b91974c5]::string::String>>
[INFO] [stdout]   16:     0x55896dc8e675 - test[aada8e7e76ba119b]::run_test::{closure#0}
[INFO] [stdout]   17:     0x55896dc87f64 - std[617be2ca0a6fd877]::sys::backtrace::__rust_begin_short_backtrace::<test[aada8e7e76ba119b]::run_test::{closure#1}, ()>
[INFO] [stdout]   18:     0x55896dc91702 - <std[617be2ca0a6fd877]::thread::lifecycle::spawn_unchecked<test[aada8e7e76ba119b]::run_test::{closure#1}, ()>::{closure#1} as core[a373ad73a504971]::ops::function::FnOnce<()>>::call_once::{shim:vtable#0}
[INFO] [stdout]   19:     0x55896dd7e07f - <std[617be2ca0a6fd877]::sys::thread::unix::Thread>::new::thread_start
[INFO] [stdout]   20:     0x72c42c1f7dfa - <unknown>
[INFO] [stdout]   21:     0x72c42c28b3d4 - clone
[INFO] [stdout]   22:                0x0 - <unknown>
[INFO] [stdout] 
[INFO] [stdout] ---- tests::tls_methods::test_tls_head stdout ----
[INFO] [stdout] 
[INFO] [stdout] thread 'tests::tls_methods::test_tls_head' (573) panicked at src/tls.rs:241:66:
[INFO] [stdout] called `Result::unwrap()` on an `Err` value: Custom { kind: Uncategorized, error: "failed to lookup address information: Temporary failure in name resolution" }
[INFO] [stdout] stack backtrace:
[INFO] [stdout]    0:     0x55896dd7ed71 - <<std[617be2ca0a6fd877]::sys::backtrace::BacktraceLock>::print::DisplayBacktrace as core[a373ad73a504971]::fmt::Display>::fmt
[INFO] [stdout]    1:     0x55896dd9449a - core[a373ad73a504971]::fmt::write
[INFO] [stdout]    2:     0x55896dd834fc - <alloc[2e1b2a31b91974c5]::vec::Vec<u8> as core[a373ad73a504971]::io::write::Write>::write_fmt
[INFO] [stdout]    3:     0x55896dd5a7e6 - std[617be2ca0a6fd877]::panicking::default_hook::{closure#0}
[INFO] [stdout]    4:     0x55896dd76d59 - std[617be2ca0a6fd877]::panicking::default_hook
[INFO] [stdout]    5:     0x55896dc8e050 - test[aada8e7e76ba119b]::test_main_inner::{closure#0}
[INFO] [stdout]    6:     0x55896dd76f12 - std[617be2ca0a6fd877]::panicking::panic_with_hook
[INFO] [stdout]    7:     0x55896dd5a892 - std[617be2ca0a6fd877]::panicking::panic_handler::{closure#0}
[INFO] [stdout]    8:     0x55896dd534c9 - std[617be2ca0a6fd877]::sys::backtrace::__rust_end_short_backtrace::<std[617be2ca0a6fd877]::panicking::panic_handler::{closure#0}, !>
[INFO] [stdout]    9:     0x55896dd5b68d - __rustc[ea4f61d10b84890b]::rust_begin_unwind
[INFO] [stdout]   10:     0x55896dd94bcc - core[a373ad73a504971]::panicking::panic_fmt
[INFO] [stdout]   11:     0x55896dd949a2 - core[a373ad73a504971]::result::unwrap_failed
[INFO] [stdout]   12:     0x55896dc5ed8d - curio[2af01fd41d15e85f]::tls::options::<alloc[2e1b2a31b91974c5]::string::String>
[INFO] [stdout]   13:     0x55896dc5fe16 - curio[2af01fd41d15e85f]::tls::preflight::<alloc[2e1b2a31b91974c5]::string::String>
[INFO] [stdout]   14:     0x55896dc576b1 - curio[2af01fd41d15e85f]::tls::head::<&alloc[2e1b2a31b91974c5]::string::String>
[INFO] [stdout]   15:     0x55896dc74fb3 - <curio[2af01fd41d15e85f]::structs::Request>::send
[INFO] [stdout]   16:     0x55896dc7eee6 - <curio[2af01fd41d15e85f]::tests::tls_methods::test_tls_head::{closure#0} as core[a373ad73a504971]::ops::function::FnOnce<()>>::call_once
[INFO] [stdout]   17:     0x55896dc8149b - test[aada8e7e76ba119b]::__rust_begin_short_backtrace::<core[a373ad73a504971]::result::Result<(), alloc[2e1b2a31b91974c5]::string::String>, fn() -> core[a373ad73a504971]::result::Result<(), alloc[2e1b2a31b91974c5]::string::String>>
[INFO] [stdout]   18:     0x55896dc8e675 - test[aada8e7e76ba119b]::run_test::{closure#0}
[INFO] [stdout]   19:     0x55896dc87f64 - std[617be2ca0a6fd877]::sys::backtrace::__rust_begin_short_backtrace::<test[aada8e7e76ba119b]::run_test::{closure#1}, ()>
[INFO] [stdout]   20:     0x55896dc91702 - <std[617be2ca0a6fd877]::thread::lifecycle::spawn_unchecked<test[aada8e7e76ba119b]::run_test::{closure#1}, ()>::{closure#1} as core[a373ad73a504971]::ops::function::FnOnce<()>>::call_once::{shim:vtable#0}
[INFO] [stdout]   21:     0x55896dd7e07f - <std[617be2ca0a6fd877]::sys::thread::unix::Thread>::new::thread_start
[INFO] [stdout]   22:     0x72c42c1f7dfa - <unknown>
[INFO] [stdout]   23:     0x72c42c28b3d4 - clone
[INFO] [stdout]   24:                0x0 - <unknown>
[INFO] [stdout] 
[INFO] [stdout] ---- tests::tls_methods::test_tls_get stdout ----
[INFO] [stdout] 
[INFO] [stdout] thread 'tests::tls_methods::test_tls_get' (572) panicked at src/tls.rs:241:66:
[INFO] [stdout] called `Result::unwrap()` on an `Err` value: Custom { kind: Uncategorized, error: "failed to lookup address information: Temporary failure in name resolution" }
[INFO] [stdout] stack backtrace:
[INFO] [stdout]    0:     0x55896dd7ed71 - <<std[617be2ca0a6fd877]::sys::backtrace::BacktraceLock>::print::DisplayBacktrace as core[a373ad73a504971]::fmt::Display>::fmt
[INFO] [stdout]    1:     0x55896dd9449a - core[a373ad73a504971]::fmt::write
[INFO] [stdout]    2:     0x55896dd834fc - <alloc[2e1b2a31b91974c5]::vec::Vec<u8> as core[a373ad73a504971]::io::write::Write>::write_fmt
[INFO] [stdout]    3:     0x55896dd5a7e6 - std[617be2ca0a6fd877]::panicking::default_hook::{closure#0}
[INFO] [stdout]    4:     0x55896dd76d59 - std[617be2ca0a6fd877]::panicking::default_hook
[INFO] [stdout]    5:     0x55896dc8e050 - test[aada8e7e76ba119b]::test_main_inner::{closure#0}
[INFO] [stdout]    6:     0x55896dd76f12 - std[617be2ca0a6fd877]::panicking::panic_with_hook
[INFO] [stdout]    7:     0x55896dd5a892 - std[617be2ca0a6fd877]::panicking::panic_handler::{closure#0}
[INFO] [stdout]    8:     0x55896dd534c9 - std[617be2ca0a6fd877]::sys::backtrace::__rust_end_short_backtrace::<std[617be2ca0a6fd877]::panicking::panic_handler::{closure#0}, !>
[INFO] [stdout]    9:     0x55896dd5b68d - __rustc[ea4f61d10b84890b]::rust_begin_unwind
[INFO] [stdout]   10:     0x55896dd94bcc - core[a373ad73a504971]::panicking::panic_fmt
[INFO] [stdout]   11:     0x55896dd949a2 - core[a373ad73a504971]::result::unwrap_failed
[INFO] [stdout]   12:     0x55896dc5ed8d - curio[2af01fd41d15e85f]::tls::options::<alloc[2e1b2a31b91974c5]::string::String>
[INFO] [stdout]   13:     0x55896dc5fe16 - curio[2af01fd41d15e85f]::tls::preflight::<alloc[2e1b2a31b91974c5]::string::String>
[INFO] [stdout]   14:     0x55896dc52e17 - curio[2af01fd41d15e85f]::tls::get::<&alloc[2e1b2a31b91974c5]::string::String>
[INFO] [stdout]   15:     0x55896dc74f19 - <curio[2af01fd41d15e85f]::structs::Request>::send
[INFO] [stdout]   16:     0x55896dc7ebd6 - <curio[2af01fd41d15e85f]::tests::tls_methods::test_tls_get::{closure#0} as core[a373ad73a504971]::ops::function::FnOnce<()>>::call_once
[INFO] [stdout]   17:     0x55896dc8149b - test[aada8e7e76ba119b]::__rust_begin_short_backtrace::<core[a373ad73a504971]::result::Result<(), alloc[2e1b2a31b91974c5]::string::String>, fn() -> core[a373ad73a504971]::result::Result<(), alloc[2e1b2a31b91974c5]::string::String>>
[INFO] [stdout]   18:     0x55896dc8e675 - test[aada8e7e76ba119b]::run_test::{closure#0}
[INFO] [stdout]   19:     0x55896dc87f64 - std[617be2ca0a6fd877]::sys::backtrace::__rust_begin_short_backtrace::<test[aada8e7e76ba119b]::run_test::{closure#1}, ()>
[INFO] [stdout]   20:     0x55896dc91702 - <std[617be2ca0a6fd877]::thread::lifecycle::spawn_unchecked<test[aada8e7e76ba119b]::run_test::{closure#1}, ()>::{closure#1} as core[a373ad73a504971]::ops::function::FnOnce<()>>::call_once::{shim:vtable#0}
[INFO] [stdout]   21:     0x55896dd7e07f - <std[617be2ca0a6fd877]::sys::thread::unix::Thread>::new::thread_start
[INFO] [stdout]   22:     0x72c42c1f7dfa - <unknown>
[INFO] [stdout]   23:     0x72c42c28b3d4 - clone
[INFO] [stdout]   24:                0x0 - <unknown>
[INFO] [stdout] 
[INFO] [stdout] ---- tests::tls_methods::test_tls_options stdout ----
[INFO] [stdout] 
[INFO] [stdout] thread 'tests::tls_methods::test_tls_options' (574) panicked at src/tls.rs:241:66:
[INFO] [stdout] called `Result::unwrap()` on an `Err` value: Custom { kind: Uncategorized, error: "failed to lookup address information: Temporary failure in name resolution" }
[INFO] [stdout] stack backtrace:
[INFO] [stdout]    0:     0x55896dd7ed71 - <<std[617be2ca0a6fd877]::sys::backtrace::BacktraceLock>::print::DisplayBacktrace as core[a373ad73a504971]::fmt::Display>::fmt
[INFO] [stdout]    1:     0x55896dd9449a - core[a373ad73a504971]::fmt::write
[INFO] [stdout]    2:     0x55896dd834fc - <alloc[2e1b2a31b91974c5]::vec::Vec<u8> as core[a373ad73a504971]::io::write::Write>::write_fmt
[INFO] [stdout]    3:     0x55896dd5a7e6 - std[617be2ca0a6fd877]::panicking::default_hook::{closure#0}
[INFO] [stdout]    4:     0x55896dd76d59 - std[617be2ca0a6fd877]::panicking::default_hook
[INFO] [stdout]    5:     0x55896dc8e050 - test[aada8e7e76ba119b]::test_main_inner::{closure#0}
[INFO] [stdout]    6:     0x55896dd76f12 - std[617be2ca0a6fd877]::panicking::panic_with_hook
[INFO] [stdout]    7:     0x55896dd5a892 - std[617be2ca0a6fd877]::panicking::panic_handler::{closure#0}
[INFO] [stdout]    8:     0x55896dd534c9 - std[617be2ca0a6fd877]::sys::backtrace::__rust_end_short_backtrace::<std[617be2ca0a6fd877]::panicking::panic_handler::{closure#0}, !>
[INFO] [stdout]    9:     0x55896dd5b68d - __rustc[ea4f61d10b84890b]::rust_begin_unwind
[INFO] [stdout]   10:     0x55896dd94bcc - core[a373ad73a504971]::panicking::panic_fmt
[INFO] [stdout]   11:     0x55896dd949a2 - core[a373ad73a504971]::result::unwrap_failed
[INFO] [stdout]   12:     0x55896dc5fac0 - curio[2af01fd41d15e85f]::tls::options::<&alloc[2e1b2a31b91974c5]::string::String>
[INFO] [stdout]   13:     0x55896dc7503f - <curio[2af01fd41d15e85f]::structs::Request>::send
[INFO] [stdout]   14:     0x55896dc7f376 - <curio[2af01fd41d15e85f]::tests::tls_methods::test_tls_options::{closure#0} as core[a373ad73a504971]::ops::function::FnOnce<()>>::call_once
[INFO] [stdout]   15:     0x55896dc8149b - test[aada8e7e76ba119b]::__rust_begin_short_backtrace::<core[a373ad73a504971]::result::Result<(), alloc[2e1b2a31b91974c5]::string::String>, fn() -> core[a373ad73a504971]::result::Result<(), alloc[2e1b2a31b91974c5]::string::String>>
[INFO] [stdout]   16:     0x55896dc8e675 - test[aada8e7e76ba119b]::run_test::{closure#0}
[INFO] [stdout]   17:     0x55896dc87f64 - std[617be2ca0a6fd877]::sys::backtrace::__rust_begin_short_backtrace::<test[aada8e7e76ba119b]::run_test::{closure#1}, ()>
[INFO] [stdout]   18:     0x55896dc91702 - <std[617be2ca0a6fd877]::thread::lifecycle::spawn_unchecked<test[aada8e7e76ba119b]::run_test::{closure#1}, ()>::{closure#1} as core[a373ad73a504971]::ops::function::FnOnce<()>>::call_once::{shim:vtable#0}
[INFO] [stdout]   19:     0x55896dd7e07f - <std[617be2ca0a6fd877]::sys::thread::unix::Thread>::new::thread_start
[INFO] [stdout]   20:     0x72c42c1f7dfa - <unknown>
[INFO] [stdout]   21:     0x72c42c28b3d4 - clone
[INFO] [stdout]   22:                0x0 - <unknown>
[INFO] [stdout] 
[INFO] [stdout] ---- tests::tcp_methods::test_tcp_patch stdout ----
[INFO] [stdout] Error: PATCH is currently not implemented, switching to GET
[INFO] [stdout] 
[INFO] [stdout] thread 'tests::tcp_methods::test_tcp_patch' (568) panicked at src/tcp.rs:210:65:
[INFO] [stdout] called `Result::unwrap()` on an `Err` value: Custom { kind: Uncategorized, error: "failed to lookup address information: Temporary failure in name resolution" }
[INFO] [stdout] stack backtrace:
[INFO] [stdout]    0:     0x55896dd7ed71 - <<std[617be2ca0a6fd877]::sys::backtrace::BacktraceLock>::print::DisplayBacktrace as core[a373ad73a504971]::fmt::Display>::fmt
[INFO] [stdout]    1:     0x55896dd9449a - core[a373ad73a504971]::fmt::write
[INFO] [stdout]    2:     0x55896dd834fc - <alloc[2e1b2a31b91974c5]::vec::Vec<u8> as core[a373ad73a504971]::io::write::Write>::write_fmt
[INFO] [stdout]    3:     0x55896dd5a7e6 - std[617be2ca0a6fd877]::panicking::default_hook::{closure#0}
[INFO] [stdout]    4:     0x55896dd76d59 - std[617be2ca0a6fd877]::panicking::default_hook
[INFO] [stdout]    5:     0x55896dc8e050 - test[aada8e7e76ba119b]::test_main_inner::{closure#0}
[INFO] [stdout]    6:     0x55896dd76f12 - std[617be2ca0a6fd877]::panicking::panic_with_hook
[INFO] [stdout]    7:     0x55896dd5a892 - std[617be2ca0a6fd877]::panicking::panic_handler::{closure#0}
[INFO] [stdout]    8:     0x55896dd534c9 - std[617be2ca0a6fd877]::sys::backtrace::__rust_end_short_backtrace::<std[617be2ca0a6fd877]::panicking::panic_handler::{closure#0}, !>
[INFO] [stdout]    9:     0x55896dd5b68d - __rustc[ea4f61d10b84890b]::rust_begin_unwind
[INFO] [stdout]   10:     0x55896dd94bcc - core[a373ad73a504971]::panicking::panic_fmt
[INFO] [stdout]   11:     0x55896dd949a2 - core[a373ad73a504971]::result::unwrap_failed
[INFO] [stdout]   12:     0x55896dc6ae2a - curio[2af01fd41d15e85f]::tcp::preflight::<alloc[2e1b2a31b91974c5]::string::String>
[INFO] [stdout]   13:     0x55896dc625c2 - curio[2af01fd41d15e85f]::tcp::get::<&alloc[2e1b2a31b91974c5]::string::String>
[INFO] [stdout]   14:     0x55896dc74f99 - <curio[2af01fd41d15e85f]::structs::Request>::send
[INFO] [stdout]   15:     0x55896dc7e4ae - <curio[2af01fd41d15e85f]::tests::tcp_methods::test_tcp_patch::{closure#0} as core[a373ad73a504971]::ops::function::FnOnce<()>>::call_once
[INFO] [stdout]   16:     0x55896dc8149b - test[aada8e7e76ba119b]::__rust_begin_short_backtrace::<core[a373ad73a504971]::result::Result<(), alloc[2e1b2a31b91974c5]::string::String>, fn() -> core[a373ad73a504971]::result::Result<(), alloc[2e1b2a31b91974c5]::string::String>>
[INFO] [stdout]   17:     0x55896dc8e675 - test[aada8e7e76ba119b]::run_test::{closure#0}
[INFO] [stdout]   18:     0x55896dc87f64 - std[617be2ca0a6fd877]::sys::backtrace::__rust_begin_short_backtrace::<test[aada8e7e76ba119b]::run_test::{closure#1}, ()>
[INFO] [stdout]   19:     0x55896dc91702 - <std[617be2ca0a6fd877]::thread::lifecycle::spawn_unchecked<test[aada8e7e76ba119b]::run_test::{closure#1}, ()>::{closure#1} as core[a373ad73a504971]::ops::function::FnOnce<()>>::call_once::{shim:vtable#0}
[INFO] [stdout]   20:     0x55896dd7e07f - <std[617be2ca0a6fd877]::sys::thread::unix::Thread>::new::thread_start
[INFO] [stdout]   21:     0x72c42c1f7dfa - <unknown>
[INFO] [stdout]   22:     0x72c42c28b3d4 - clone
[INFO] [stdout]   23:                0x0 - <unknown>
[INFO] [stdout] 
[INFO] [stdout] ---- tests::tls_methods::test_tls_patch stdout ----
[INFO] [stdout] Error: PATCH is currently not implemented, switching to GET
[INFO] [stdout] 
[INFO] [stdout] thread 'tests::tls_methods::test_tls_patch' (575) panicked at src/tcp.rs:210:65:
[INFO] [stdout] called `Result::unwrap()` on an `Err` value: Custom { kind: Uncategorized, error: "failed to lookup address information: Temporary failure in name resolution" }
[INFO] [stdout] stack backtrace:
[INFO] [stdout]    0:     0x55896dd7ed71 - <<std[617be2ca0a6fd877]::sys::backtrace::BacktraceLock>::print::DisplayBacktrace as core[a373ad73a504971]::fmt::Display>::fmt
[INFO] [stdout]    1:     0x55896dd9449a - core[a373ad73a504971]::fmt::write
[INFO] [stdout]    2:     0x55896dd834fc - <alloc[2e1b2a31b91974c5]::vec::Vec<u8> as core[a373ad73a504971]::io::write::Write>::write_fmt
[INFO] [stdout]    3:     0x55896dd5a7e6 - std[617be2ca0a6fd877]::panicking::default_hook::{closure#0}
[INFO] [stdout]    4:     0x55896dd76d59 - std[617be2ca0a6fd877]::panicking::default_hook
[INFO] [stdout]    5:     0x55896dc8e050 - test[aada8e7e76ba119b]::test_main_inner::{closure#0}
[INFO] [stdout]    6:     0x55896dd76f12 - std[617be2ca0a6fd877]::panicking::panic_with_hook
[INFO] [stdout]    7:     0x55896dd5a892 - std[617be2ca0a6fd877]::panicking::panic_handler::{closure#0}
[INFO] [stdout]    8:     0x55896dd534c9 - std[617be2ca0a6fd877]::sys::backtrace::__rust_end_short_backtrace::<std[617be2ca0a6fd877]::panicking::panic_handler::{closure#0}, !>
[INFO] [stdout]    9:     0x55896dd5b68d - __rustc[ea4f61d10b84890b]::rust_begin_unwind
[INFO] [stdout]   10:     0x55896dd94bcc - core[a373ad73a504971]::panicking::panic_fmt
[INFO] [stdout]   11:     0x55896dd949a2 - core[a373ad73a504971]::result::unwrap_failed
[INFO] [stdout]   12:     0x55896dc6ae2a - curio[2af01fd41d15e85f]::tcp::preflight::<alloc[2e1b2a31b91974c5]::string::String>
[INFO] [stdout]   13:     0x55896dc625c2 - curio[2af01fd41d15e85f]::tcp::get::<&alloc[2e1b2a31b91974c5]::string::String>
[INFO] [stdout]   14:     0x55896dc74f99 - <curio[2af01fd41d15e85f]::structs::Request>::send
[INFO] [stdout]   15:     0x55896dc7f06e - <curio[2af01fd41d15e85f]::tests::tls_methods::test_tls_patch::{closure#0} as core[a373ad73a504971]::ops::function::FnOnce<()>>::call_once
[INFO] [stdout]   16:     0x55896dc8149b - test[aada8e7e76ba119b]::__rust_begin_short_backtrace::<core[a373ad73a504971]::result::Result<(), alloc[2e1b2a31b91974c5]::string::String>, fn() -> core[a373ad73a504971]::result::Result<(), alloc[2e1b2a31b91974c5]::string::String>>
[INFO] [stdout]   17:     0x55896dc8e675 - test[aada8e7e76ba119b]::run_test::{closure#0}
[INFO] [stdout]   18:     0x55896dc87f64 - std[617be2ca0a6fd877]::sys::backtrace::__rust_begin_short_backtrace::<test[aada8e7e76ba119b]::run_test::{closure#1}, ()>
[INFO] [stdout]   19:     0x55896dc91702 - <std[617be2ca0a6fd877]::thread::lifecycle::spawn_unchecked<test[aada8e7e76ba119b]::run_test::{closure#1}, ()>::{closure#1} as core[a373ad73a504971]::ops::function::FnOnce<()>>::call_once::{shim:vtable#0}
[INFO] [stdout]   20:     0x55896dd7e07f - <std[617be2ca0a6fd877]::sys::thread::unix::Thread>::new::thread_start
[INFO] [stdout]   21:     0x72c42c1f7dfa - <unknown>
[INFO] [stdout]   22:     0x72c42c28b3d4 - clone
[INFO] [stdout]   23:                0x0 - <unknown>
[INFO] [stdout] 
[INFO] [stdout] ---- tests::tls_methods::test_tls_put stdout ----
[INFO] [stdout] Error: PUT is currently not implemented, switching to GET
[INFO] [stdout] 
[INFO] [stdout] thread 'tests::tls_methods::test_tls_put' (576) panicked at src/tcp.rs:210:65:
[INFO] [stdout] called `Result::unwrap()` on an `Err` value: Custom { kind: Uncategorized, error: "failed to lookup address information: Temporary failure in name resolution" }
[INFO] [stdout] stack backtrace:
[INFO] [stdout]    0:     0x55896dd7ed71 - <<std[617be2ca0a6fd877]::sys::backtrace::BacktraceLock>::print::DisplayBacktrace as core[a373ad73a504971]::fmt::Display>::fmt
[INFO] [stdout]    1:     0x55896dd9449a - core[a373ad73a504971]::fmt::write
[INFO] [stdout]    2:     0x55896dd834fc - <alloc[2e1b2a31b91974c5]::vec::Vec<u8> as core[a373ad73a504971]::io::write::Write>::write_fmt
[INFO] [stdout]    3:     0x55896dd5a7e6 - std[617be2ca0a6fd877]::panicking::default_hook::{closure#0}
[INFO] [stdout]    4:     0x55896dd76d59 - std[617be2ca0a6fd877]::panicking::default_hook
[INFO] [stdout]    5:     0x55896dc8e050 - test[aada8e7e76ba119b]::test_main_inner::{closure#0}
[INFO] [stdout]    6:     0x55896dd76f12 - std[617be2ca0a6fd877]::panicking::panic_with_hook
[INFO] [stdout]    7:     0x55896dd5a892 - std[617be2ca0a6fd877]::panicking::panic_handler::{closure#0}
[INFO] [stdout]    8:     0x55896dd534c9 - std[617be2ca0a6fd877]::sys::backtrace::__rust_end_short_backtrace::<std[617be2ca0a6fd877]::panicking::panic_handler::{closure#0}, !>
[INFO] [stdout]    9:     0x55896dd5b68d - __rustc[ea4f61d10b84890b]::rust_begin_unwind
[INFO] [stdout]   10:     0x55896dd94bcc - core[a373ad73a504971]::panicking::panic_fmt
[INFO] [stdout]   11:     0x55896dd949a2 - core[a373ad73a504971]::result::unwrap_failed
[INFO] [stdout]   12:     0x55896dc6ae2a - curio[2af01fd41d15e85f]::tcp::preflight::<alloc[2e1b2a31b91974c5]::string::String>
[INFO] [stdout]   13:     0x55896dc625c2 - curio[2af01fd41d15e85f]::tcp::get::<&alloc[2e1b2a31b91974c5]::string::String>
[INFO] [stdout]   14:     0x55896dc74f99 - <curio[2af01fd41d15e85f]::structs::Request>::send
[INFO] [stdout]   15:     0x55896dc7ed5e - <curio[2af01fd41d15e85f]::tests::tls_methods::test_tls_put::{closure#0} as core[a373ad73a504971]::ops::function::FnOnce<()>>::call_once
[INFO] [stdout]   16:     0x55896dc8149b - test[aada8e7e76ba119b]::__rust_begin_short_backtrace::<core[a373ad73a504971]::result::Result<(), alloc[2e1b2a31b91974c5]::string::String>, fn() -> core[a373ad73a504971]::result::Result<(), alloc[2e1b2a31b91974c5]::string::String>>
[INFO] [stdout]   17:     0x55896dc8e675 - test[aada8e7e76ba119b]::run_test::{closure#0}
[INFO] [stdout]   18:     0x55896dc87f64 - std[617be2ca0a6fd877]::sys::backtrace::__rust_begin_short_backtrace::<test[aada8e7e76ba119b]::run_test::{closure#1}, ()>
[INFO] [stdout]   19:     0x55896dc91702 - <std[617be2ca0a6fd877]::thread::lifecycle::spawn_unchecked<test[aada8e7e76ba119b]::run_test::{closure#1}, ()>::{closure#1} as core[a373ad73a504971]::ops::function::FnOnce<()>>::call_once::{shim:vtable#0}
[INFO] [stdout]   20:     0x55896dd7e07f - <std[617be2ca0a6fd877]::sys::thread::unix::Thread>::new::thread_start
[INFO] [stdout]   21:     0x72c42c1f7dfa - <unknown>
[INFO] [stdout]   22:     0x72c42c28b3d4 - clone
[INFO] [stdout]   23:                0x0 - <unknown>
[INFO] [stdout] 
[INFO] [stdout] 
[INFO] [stdout] failures:
[INFO] [stdout]     tests::request_builder::test_request_builder_get
[INFO] [stdout]     tests::request_builder::test_request_builder_tcp_post_pastebin
[INFO] [stdout]     tests::request_builder::test_request_builder_tls_post_pastebin
[INFO] [stdout]     tests::tcp_methods::test_chunked_get
[INFO] [stdout]     tests::tcp_methods::test_get
[INFO] [stdout]     tests::tcp_methods::test_tcp_delete
[INFO] [stdout]     tests::tcp_methods::test_tcp_head
[INFO] [stdout]     tests::tcp_methods::test_tcp_options
[INFO] [stdout]     tests::tcp_methods::test_tcp_patch
[INFO] [stdout]     tests::tcp_methods::test_tcp_put
[INFO] [stdout]     tests::tls_methods::test_tls_chunked_get
[INFO] [stdout]     tests::tls_methods::test_tls_delete
[INFO] [stdout]     tests::tls_methods::test_tls_get
[INFO] [stdout]     tests::tls_methods::test_tls_head
[INFO] [stdout]     tests::tls_methods::test_tls_options
[INFO] [stdout]     tests::tls_methods::test_tls_patch
[INFO] [stdout]     tests::tls_methods::test_tls_put
[INFO] [stdout] 
[INFO] [stdout] test result: FAILED. 8 passed; 17 failed; 0 ignored; 0 measured; 0 filtered out; finished in 0.11s
[INFO] [stdout] 
[INFO] [stderr] error: test failed, to rerun pass `--lib`
[INFO] running `Command { std: "docker" "inspect" "068041beeaead6aa3a8d9f040c2b9a04de900c315e6fb775734108230558253f", kill_on_drop: false }`
[INFO] running `Command { std: "docker" "rm" "-f" "068041beeaead6aa3a8d9f040c2b9a04de900c315e6fb775734108230558253f", kill_on_drop: false }`
[INFO] [stdout] 068041beeaead6aa3a8d9f040c2b9a04de900c315e6fb775734108230558253f
