[INFO] fetching crate culit 0.6.7...
[INFO] testing culit-0.6.7 against 1.99.0-beta.8+cargoflags=--release for beta-release-1.100-2
[INFO] extracting crate culit 0.6.7 into /workspace/builds/worker-4-tc1/source
[INFO] removed /workspace/builds/worker-4-tc1/source/rust-toolchain.toml
[INFO] started tweaking crates.io crate culit 0.6.7
[INFO] removed 0 missing tests
[INFO] finished tweaking crates.io crate culit 0.6.7
[INFO] tweaked toml for crates.io crate culit 0.6.7 written to /workspace/builds/worker-4-tc1/source/Cargo.toml
[INFO] validating manifest of crates.io crate culit 0.6.7 on toolchain 1.99.0-beta.8
[INFO] running `Command { std: CARGO_HOME="/workspace/cargo-home" RUSTUP_HOME="/workspace/rustup-home" "/workspace/cargo-home/bin/cargo" "+1.99.0-beta.8" "metadata" "--manifest-path" "Cargo.toml" "--no-deps", kill_on_drop: false }`
[INFO] crate crates.io crate culit 0.6.7 already has a lockfile, it will not be regenerated
[INFO] running `Command { std: CARGO_HOME="/workspace/cargo-home" RUSTUP_HOME="/workspace/rustup-home" "/workspace/cargo-home/bin/cargo" "+1.99.0-beta.8" "fetch" "--manifest-path" "Cargo.toml", kill_on_drop: false }`
[INFO] [stderr]  Downloading crates ...
[INFO] [stderr]   Downloaded toml_datetime v0.7.2
[INFO] [stderr]   Downloaded toml v0.9.7
[INFO] [stderr]   Downloaded toml_parser v1.0.3
[INFO] [stderr]   Downloaded serde_spanned v1.0.2
[INFO] [stderr]   Downloaded toml_writer v1.0.3
[INFO] [stderr]   Downloaded target-triple v0.1.4
[INFO] [stderr]   Downloaded trybuild v1.0.111
[INFO] [stderr]   Downloaded litrs v0.5.1
[INFO] running `Command { std: "docker" "create" "-v" "/var/lib/crater-agent-workspace/builds/worker-4-tc1/source:/opt/rustwide/workdir:ro,Z" "-v" "/var/lib/crater-agent-workspace/builds/worker-4-tc1/target:/opt/rustwide/target:rw,Z" "-v" "/var/lib/crater-agent-workspace/cargo-home:/opt/rustwide/cargo-home:ro,Z" "-v" "/var/lib/crater-agent-workspace/rustup-home:/opt/rustwide/rustup-home:ro,Z" "-m" "1610612736" "--network" "none" "ghcr.io/rust-lang/crates-build-env/linux@sha256:77db811e55d90add9212f6832c23229e3de5f1c1f9905e8cb07319ea15df73ac" "sleep" "infinity", kill_on_drop: false }`
[INFO] [stdout] 3727208b156ea2c196610e14ed264be908bef8ac9b748999e9c11f42c7e5a44a
[INFO] running `Command { std: "docker" "start" "3727208b156ea2c196610e14ed264be908bef8ac9b748999e9c11f42c7e5a44a", kill_on_drop: false }`
[INFO] running `Command { std: "docker" "inspect" "3727208b156ea2c196610e14ed264be908bef8ac9b748999e9c11f42c7e5a44a", kill_on_drop: false }`
[INFO] running `Command { std: "docker" "exec" "-e" "SOURCE_DIR=/opt/rustwide/workdir" "-e" "CARGO_HOME=/opt/rustwide/cargo-home" "-e" "RUSTUP_HOME=/opt/rustwide/rustup-home" "-e" "CARGO_TARGET_DIR=/opt/rustwide/target" "-w" "/opt/rustwide/workdir" "--user" "0:0" "3727208b156ea2c196610e14ed264be908bef8ac9b748999e9c11f42c7e5a44a" "/opt/rustwide/cargo-home/bin/cargo" "+1.99.0-beta.8" "metadata" "--no-deps" "--format-version=1", kill_on_drop: false }`
[INFO] running `Command { std: "docker" "inspect" "3727208b156ea2c196610e14ed264be908bef8ac9b748999e9c11f42c7e5a44a", kill_on_drop: false }`
[INFO] running `Command { std: "docker" "exec" "-e" "SOURCE_DIR=/opt/rustwide/workdir" "-e" "CARGO_HOME=/opt/rustwide/cargo-home" "-e" "RUSTUP_HOME=/opt/rustwide/rustup-home" "-e" "CARGO_TARGET_DIR=/opt/rustwide/target" "-e" "CARGO_INCREMENTAL=0" "-e" "RUST_BACKTRACE=full" "-e" "RUSTFLAGS=--cap-lints=warn" "-e" "RUSTDOCFLAGS=--cap-lints=warn" "-w" "/opt/rustwide/workdir" "--user" "0:0" "3727208b156ea2c196610e14ed264be908bef8ac9b748999e9c11f42c7e5a44a" "/opt/rustwide/cargo-home/bin/cargo" "+1.99.0-beta.8" "build" "--frozen" "--message-format=json" "--release", kill_on_drop: false }`
[INFO] [stderr]    Compiling litrs v0.5.1
[INFO] [stderr]    Compiling culit v0.6.7 (/opt/rustwide/workdir)
[INFO] [stderr]     Finished `release` profile [optimized] target(s) in 1.19s
[INFO] running `Command { std: "docker" "inspect" "3727208b156ea2c196610e14ed264be908bef8ac9b748999e9c11f42c7e5a44a", kill_on_drop: false }`
[INFO] running `Command { std: "docker" "exec" "-e" "SOURCE_DIR=/opt/rustwide/workdir" "-e" "CARGO_HOME=/opt/rustwide/cargo-home" "-e" "RUSTUP_HOME=/opt/rustwide/rustup-home" "-e" "CARGO_TARGET_DIR=/opt/rustwide/target" "-e" "CARGO_INCREMENTAL=0" "-e" "RUST_BACKTRACE=full" "-e" "RUSTFLAGS=--cap-lints=warn" "-e" "RUSTDOCFLAGS=--cap-lints=warn" "-w" "/opt/rustwide/workdir" "--user" "0:0" "3727208b156ea2c196610e14ed264be908bef8ac9b748999e9c11f42c7e5a44a" "/opt/rustwide/cargo-home/bin/cargo" "+1.99.0-beta.8" "test" "--frozen" "--no-run" "--message-format=json" "--release", kill_on_drop: false }`
[INFO] [stderr]    Compiling serde_core v1.0.226
[INFO] [stderr]    Compiling target-triple v0.1.4
[INFO] [stderr]    Compiling serde v1.0.226
[INFO] [stderr]    Compiling winnow v0.7.13
[INFO] [stderr]    Compiling toml_writer v1.0.3
[INFO] [stderr]    Compiling ryu v1.0.20
[INFO] [stderr]    Compiling memchr v2.7.5
[INFO] [stderr]    Compiling itoa v1.0.15
[INFO] [stderr]    Compiling serde_json v1.0.145
[INFO] [stderr]    Compiling termcolor v1.4.1
[INFO] [stderr]    Compiling culit v0.6.7 (/opt/rustwide/workdir)
[INFO] [stderr]    Compiling glob v0.3.3
[INFO] [stderr]    Compiling litrs v0.5.1
[INFO] [stderr]    Compiling serde_derive v1.0.226
[INFO] [stderr]    Compiling toml_parser v1.0.3
[INFO] [stderr]    Compiling toml_datetime v0.7.2
[INFO] [stderr]    Compiling serde_spanned v1.0.2
[INFO] [stderr]    Compiling toml v0.9.7
[INFO] [stderr]    Compiling trybuild v1.0.111
[INFO] [stderr]     Finished `release` profile [optimized] target(s) in 27.89s
[INFO] running `Command { std: "docker" "inspect" "3727208b156ea2c196610e14ed264be908bef8ac9b748999e9c11f42c7e5a44a", kill_on_drop: false }`
[INFO] running `Command { std: "docker" "exec" "-e" "SOURCE_DIR=/opt/rustwide/workdir" "-e" "CARGO_HOME=/opt/rustwide/cargo-home" "-e" "RUSTUP_HOME=/opt/rustwide/rustup-home" "-e" "CARGO_TARGET_DIR=/opt/rustwide/target" "-e" "CARGO_INCREMENTAL=0" "-e" "RUST_BACKTRACE=full" "-e" "RUSTFLAGS=--cap-lints=warn" "-e" "RUSTDOCFLAGS=--cap-lints=warn" "-w" "/opt/rustwide/workdir" "--user" "0:0" "3727208b156ea2c196610e14ed264be908bef8ac9b748999e9c11f42c7e5a44a" "/opt/rustwide/cargo-home/bin/cargo" "+1.99.0-beta.8" "test" "--frozen" "--release", kill_on_drop: false }`
[INFO] [stderr]     Finished `release` profile [optimized] target(s) in 0.06s
[INFO] [stderr]      Running unittests src/lib.rs (/opt/rustwide/target/release/deps/culit-ed9c36f417c0a9d0)
[INFO] [stdout] 
[INFO] [stdout] running 0 tests
[INFO] [stdout] 
[INFO] [stdout] test result: ok. 0 passed; 0 failed; 0 ignored; 0 measured; 0 filtered out; finished in 0.00s
[INFO] [stdout] 
[INFO] [stderr]      Running tests/id.rs (/opt/rustwide/target/release/deps/id-f313e9451fa55080)
[INFO] [stdout] 
[INFO] [stdout] running 9 tests
[INFO] [stdout] test byte_str ... ok
[INFO] [stdout] test integer_literals ... ok
[INFO] [stdout] test str ... ok
[INFO] [stdout] test float ... ok
[INFO] [stdout] test local::char ... ok
[INFO] [stdout] test c_str ... ok
[INFO] [stdout] test byte_char ... ok
[INFO] [stdout] test local::char_local ... ok
[INFO] [stderr]    Compiling litrs v0.5.1
[INFO] [stderr]    Compiling culit v0.6.7 (/opt/rustwide/workdir)
[INFO] [stderr]     Checking culit-tests v0.0.0 (/opt/rustwide/target/tests/trybuild/culit)
[INFO] [stderr]     Finished `dev` profile [unoptimized + debuginfo] target(s) in 1.24s
[INFO] [stderr] 
[INFO] [stderr] 
[INFO] [stderr] test tests/ui/error_from_inside.rs ... ok
[INFO] [stderr] test tests/ui/group_span.rs ... ok
[INFO] [stderr] test tests/ui/no_custom_literals_module.rs ... mismatch
[INFO] [stderr] 
[INFO] [stderr] EXPECTED:
[INFO] [stderr] ┈┈┈┈┈┈┈┈┈┈┈┈┈┈┈┈┈┈┈┈┈┈┈┈┈┈┈┈┈┈┈┈┈┈┈┈┈┈┈┈┈┈┈┈┈┈┈┈┈┈┈┈┈┈┈┈┈┈┈┈
[INFO] [stderr] error[E0433]: failed to resolve: could not find `custom_literal` in the crate root
[INFO] [stderr]  --> tests/ui/no_custom_literals_module.rs:7:1
[INFO] [stderr]   |
[INFO] [stderr] 7 | #[culit]
[INFO] [stderr]   | ^^^^^^^^ could not find `custom_literal` in the crate root
[INFO] [stderr]   |
[INFO] [stderr]   = note: this error originates in the attribute macro `culit` (in Nightly builds, run with -Z macro-backtrace for more info)
[INFO] [stderr] ┈┈┈┈┈┈┈┈┈┈┈┈┈┈┈┈┈┈┈┈┈┈┈┈┈┈┈┈┈┈┈┈┈┈┈┈┈┈┈┈┈┈┈┈┈┈┈┈┈┈┈┈┈┈┈┈┈┈┈┈
[INFO] [stderr] 
[INFO] [stderr] ACTUAL OUTPUT:
[INFO] [stderr] ┈┈┈┈┈┈┈┈┈┈┈┈┈┈┈┈┈┈┈┈┈┈┈┈┈┈┈┈┈┈┈┈┈┈┈┈┈┈┈┈┈┈┈┈┈┈┈┈┈┈┈┈┈┈┈┈┈┈┈┈
[INFO] [stderr] error[E0433]: cannot find `custom_literal` in the crate root
[INFO] [stderr]  --> tests/ui/no_custom_literals_module.rs:7:1
[INFO] [stderr]   |
[INFO] [stderr] 7 | #[culit]
[INFO] [stderr]   | ^^^^^^^^ could not find `custom_literal` in the crate root
[INFO] [stderr]   |
[INFO] [stderr]   = note: this error originates in the attribute macro `culit` (in Nightly builds, run with -Z macro-backtrace for more info)
[INFO] [stderr] ┈┈┈┈┈┈┈┈┈┈┈┈┈┈┈┈┈┈┈┈┈┈┈┈┈┈┈┈┈┈┈┈┈┈┈┈┈┈┈┈┈┈┈┈┈┈┈┈┈┈┈┈┈┈┈┈┈┈┈┈
[INFO] [stderr] note: If the actual output is the correct output you can bless it by rerunning
[INFO] [stderr]       your test with the environment variable TRYBUILD=overwrite
[INFO] [stderr] 
[INFO] [stderr] test tests/ui/no_macro.rs ... mismatch
[INFO] [stderr] 
[INFO] [stderr] EXPECTED:
[INFO] [stderr] ┈┈┈┈┈┈┈┈┈┈┈┈┈┈┈┈┈┈┈┈┈┈┈┈┈┈┈┈┈┈┈┈┈┈┈┈┈┈┈┈┈┈┈┈┈┈┈┈┈┈┈┈┈┈┈┈┈┈┈┈
[INFO] [stderr] error[E0433]: failed to resolve: could not find `km` in `integer`
[INFO] [stderr]   --> tests/ui/no_macro.rs:11:13
[INFO] [stderr]    |
[INFO] [stderr] 11 |     let a = 10km;
[INFO] [stderr]    |             ^^^^ could not find `km` in `integer`
[INFO] [stderr] ┈┈┈┈┈┈┈┈┈┈┈┈┈┈┈┈┈┈┈┈┈┈┈┈┈┈┈┈┈┈┈┈┈┈┈┈┈┈┈┈┈┈┈┈┈┈┈┈┈┈┈┈┈┈┈┈┈┈┈┈
[INFO] [stderr] 
[INFO] [stderr] ACTUAL OUTPUT:
[INFO] [stderr] ┈┈┈┈┈┈┈┈┈┈┈┈┈┈┈┈┈┈┈┈┈┈┈┈┈┈┈┈┈┈┈┈┈┈┈┈┈┈┈┈┈┈┈┈┈┈┈┈┈┈┈┈┈┈┈┈┈┈┈┈
[INFO] [stderr] error[E0433]: cannot find `km` in `integer`
[INFO] [stderr]   --> tests/ui/no_macro.rs:11:13
[INFO] [stderr]    |
[INFO] [stderr] 11 |     let a = 10km;
[INFO] [stderr]    |             ^^^^ could not find `km` in `integer`
[INFO] [stderr] ┈┈┈┈┈┈┈┈┈┈┈┈┈┈┈┈┈┈┈┈┈┈┈┈┈┈┈┈┈┈┈┈┈┈┈┈┈┈┈┈┈┈┈┈┈┈┈┈┈┈┈┈┈┈┈┈┈┈┈┈
[INFO] [stderr] note: If the actual output is the correct output you can bless it by rerunning
[INFO] [stderr]       your test with the environment variable TRYBUILD=overwrite
[INFO] [stderr] 
[INFO] [stderr] test tests/ui/no_mod_int.rs ... mismatch
[INFO] [stderr] 
[INFO] [stderr] EXPECTED:
[INFO] [stderr] ┈┈┈┈┈┈┈┈┈┈┈┈┈┈┈┈┈┈┈┈┈┈┈┈┈┈┈┈┈┈┈┈┈┈┈┈┈┈┈┈┈┈┈┈┈┈┈┈┈┈┈┈┈┈┈┈┈┈┈┈
[INFO] [stderr] error[E0433]: failed to resolve: could not find `integer` in `custom_literal`
[INFO] [stderr]  --> tests/ui/no_mod_int.rs:8:1
[INFO] [stderr]   |
[INFO] [stderr] 8 | #[culit]
[INFO] [stderr]   | ^^^^^^^^ could not find `integer` in `custom_literal`
[INFO] [stderr]   |
[INFO] [stderr]   = note: this error originates in the attribute macro `culit` (in Nightly builds, run with -Z macro-backtrace for more info)
[INFO] [stderr] ┈┈┈┈┈┈┈┈┈┈┈┈┈┈┈┈┈┈┈┈┈┈┈┈┈┈┈┈┈┈┈┈┈┈┈┈┈┈┈┈┈┈┈┈┈┈┈┈┈┈┈┈┈┈┈┈┈┈┈┈
[INFO] [stderr] 
[INFO] [stderr] ACTUAL OUTPUT:
[INFO] [stderr] ┈┈┈┈┈┈┈┈┈┈┈┈┈┈┈┈┈┈┈┈┈┈┈┈┈┈┈┈┈┈┈┈┈┈┈┈┈┈┈┈┈┈┈┈┈┈┈┈┈┈┈┈┈┈┈┈┈┈┈┈
[INFO] [stderr] error[E0433]: cannot find `integer` in `custom_literal`
[INFO] [stderr]  --> tests/ui/no_mod_int.rs:8:1
[INFO] [stderr]   |
[INFO] [stderr] 8 | #[culit]
[INFO] [stderr]   | ^^^^^^^^ could not find `integer` in `custom_literal`
[INFO] [stderr]   |
[INFO] [stderr]   = note: this error originates in the attribute macro `culit` (in Nightly builds, run with -Z macro-backtrace for more info)
[INFO] [stderr] ┈┈┈┈┈┈┈┈┈┈┈┈┈┈┈┈┈┈┈┈┈┈┈┈┈┈┈┈┈┈┈┈┈┈┈┈┈┈┈┈┈┈┈┈┈┈┈┈┈┈┈┈┈┈┈┈┈┈┈┈
[INFO] [stderr] note: If the actual output is the correct output you can bless it by rerunning
[INFO] [stderr]       your test with the environment variable TRYBUILD=overwrite
[INFO] [stderr] 
[INFO] [stderr] test tests/ui/reserved.rs ... mismatch
[INFO] [stderr] 
[INFO] [stderr] EXPECTED:
[INFO] [stderr] ┈┈┈┈┈┈┈┈┈┈┈┈┈┈┈┈┈┈┈┈┈┈┈┈┈┈┈┈┈┈┈┈┈┈┈┈┈┈┈┈┈┈┈┈┈┈┈┈┈┈┈┈┈┈┈┈┈┈┈┈
[INFO] [stderr] error: suffix f16  is not currently used by rust, but it likely will be in the future. To avoid breakage and not compromise rust's compatibility guarantees, we forbid this suffix
[INFO] [stderr]  --> tests/ui/reserved.rs:7:5
[INFO] [stderr]   |
[INFO] [stderr] 7 |     70.0f16;
[INFO] [stderr]   |     ^^^^^^^
[INFO] [stderr] 
[INFO] [stderr] error: suffix f128  is not currently used by rust, but it likely will be in the future. To avoid breakage and not compromise rust's compatibility guarantees, we forbid this suffix
[INFO] [stderr]  --> tests/ui/reserved.rs:8:5
[INFO] [stderr]   |
[INFO] [stderr] 8 |     70.0f128;
[INFO] [stderr]   |     ^^^^^^^^
[INFO] [stderr] 
[INFO] [stderr] error: suffix i256  is not currently used by rust, but it likely will be in the future. To avoid breakage and not compromise rust's compatibility guarantees, we forbid this suffix
[INFO] [stderr]   --> tests/ui/reserved.rs:13:5
[INFO] [stderr]    |
[INFO] [stderr] 13 |     100i256;
[INFO] [stderr]    |     ^^^^^^^
[INFO] [stderr] 
[INFO] [stderr] error[E0433]: failed to resolve: could not find `custom_literal` in the crate root
[INFO] [stderr]   --> tests/ui/reserved.rs:11:1
[INFO] [stderr]    |
[INFO] [stderr] 11 | #[culit]
[INFO] [stderr]    | ^^^^^^^^ could not find `custom_literal` in the crate root
[INFO] [stderr]    |
[INFO] [stderr]    = note: this error originates in the attribute macro `culit` (in Nightly builds, run with -Z macro-backtrace for more info)
[INFO] [stderr] ┈┈┈┈┈┈┈┈┈┈┈┈┈┈┈┈┈┈┈┈┈┈┈┈┈┈┈┈┈┈┈┈┈┈┈┈┈┈┈┈┈┈┈┈┈┈┈┈┈┈┈┈┈┈┈┈┈┈┈┈
[INFO] [stderr] 
[INFO] [stderr] ACTUAL OUTPUT:
[INFO] [stderr] ┈┈┈┈┈┈┈┈┈┈┈┈┈┈┈┈┈┈┈┈┈┈┈┈┈┈┈┈┈┈┈┈┈┈┈┈┈┈┈┈┈┈┈┈┈┈┈┈┈┈┈┈┈┈┈┈┈┈┈┈
[INFO] [stderr] error: suffix f16  is not currently used by rust, but it likely will be in the future. To avoid breakage and not compromise rust's compatibility guarantees, we forbid this suffix
[INFO] [stderr]  --> tests/ui/reserved.rs:7:5
[INFO] [stderr]   |
[INFO] [stderr] 7 |     70.0f16;
[INFO] [stderr]   |     ^^^^^^^
[INFO] [stderr] 
[INFO] [stderr] error: suffix f128  is not currently used by rust, but it likely will be in the future. To avoid breakage and not compromise rust's compatibility guarantees, we forbid this suffix
[INFO] [stderr]  --> tests/ui/reserved.rs:8:5
[INFO] [stderr]   |
[INFO] [stderr] 8 |     70.0f128;
[INFO] [stderr]   |     ^^^^^^^^
[INFO] [stderr] 
[INFO] [stderr] error: suffix i256  is not currently used by rust, but it likely will be in the future. To avoid breakage and not compromise rust's compatibility guarantees, we forbid this suffix
[INFO] [stderr]   --> tests/ui/reserved.rs:13:5
[INFO] [stderr]    |
[INFO] [stderr] 13 |     100i256;
[INFO] [stderr]    |     ^^^^^^^
[INFO] [stderr] 
[INFO] [stderr] error[E0433]: cannot find `custom_literal` in the crate root
[INFO] [stderr]   --> tests/ui/reserved.rs:11:1
[INFO] [stderr]    |
[INFO] [stderr] 11 | #[culit]
[INFO] [stderr]    | ^^^^^^^^ could not find `custom_literal` in the crate root
[INFO] [stderr]    |
[INFO] [stderr]    = note: this error originates in the attribute macro `culit` (in Nightly builds, run with -Z macro-backtrace for more info)
[INFO] [stderr] ┈┈┈┈┈┈┈┈┈┈┈┈┈┈┈┈┈┈┈┈┈┈┈┈┈┈┈┈┈┈┈┈┈┈┈┈┈┈┈┈┈┈┈┈┈┈┈┈┈┈┈┈┈┈┈┈┈┈┈┈
[INFO] [stderr] note: If the actual output is the correct output you can bless it by rerunning
[INFO] [stderr]       your test with the environment variable TRYBUILD=overwrite
[INFO] [stderr] 
[INFO] [stderr] 
[INFO] [stderr] 
[INFO] [stderr] error: test failed, to rerun pass `--test id`
[INFO] [stdout] test ui ... FAILED
[INFO] [stdout] 
[INFO] [stdout] failures:
[INFO] [stdout] 
[INFO] [stdout] ---- ui stdout ----
[INFO] [stdout] 
[INFO] [stdout] thread 'ui' (724) panicked at /opt/rustwide/cargo-home/registry/src/index.crates.io-1949cf8c6b5b557f/trybuild-1.0.111/src/run.rs:102:13:
[INFO] [stdout] 4 of 6 tests failed
[INFO] [stdout] stack backtrace:
[INFO] [stdout]    0:     0x61cb2258aa01 - <<std[70759c8f55707aa4]::sys::backtrace::BacktraceLock>::print::DisplayBacktrace as core[df12db4294e9bfd3]::fmt::Display>::fmt
[INFO] [stdout]    1:     0x61cb225a108a - core[df12db4294e9bfd3]::fmt::write
[INFO] [stdout]    2:     0x61cb2258f4cc - <alloc[2182bb758b4b3781]::vec::Vec<u8> as core[df12db4294e9bfd3]::io::write::Write>::write_fmt
[INFO] [stdout]    3:     0x61cb22563ee6 - std[70759c8f55707aa4]::panicking::default_hook::{closure#0}
[INFO] [stdout]    4:     0x61cb22582079 - std[70759c8f55707aa4]::panicking::default_hook
[INFO] [stdout]    5:     0x61cb2251b350 - test[9d35eded1c95d3be]::test_main_inner::<test[9d35eded1c95d3be]::test_main_static::{closure#0}>::{closure#0}
[INFO] [stdout]    6:     0x61cb22582232 - std[70759c8f55707aa4]::panicking::panic_with_hook
[INFO] [stdout]    7:     0x61cb22563f92 - std[70759c8f55707aa4]::panicking::panic_handler::{closure#0}
[INFO] [stdout]    8:     0x61cb2255c859 - std[70759c8f55707aa4]::sys::backtrace::__rust_end_short_backtrace::<std[70759c8f55707aa4]::panicking::panic_handler::{closure#0}, !>
[INFO] [stdout]    9:     0x61cb22564b8d - __rustc[8fa7c3cbc660c2b3]::rust_begin_unwind
[INFO] [stdout]   10:     0x61cb225a17fc - core[df12db4294e9bfd3]::panicking::panic_fmt
[INFO] [stdout]   11:     0x61cb2246cbdb - <trybuild[645660185cdbcca1]::Runner>::run
[INFO] [stdout]   12:     0x61cb2246fe10 - <trybuild[645660185cdbcca1]::TestCases as core[df12db4294e9bfd3]::ops::drop::Drop>::drop
[INFO] [stdout]   13:     0x61cb224665c8 - id[3c16940d0f05e668]::ui
[INFO] [stdout]   14:     0x61cb224667d9 - <id[3c16940d0f05e668]::ui::{closure#0} as core[df12db4294e9bfd3]::ops::function::FnOnce<()>>::call_once
[INFO] [stdout]   15:     0x61cb2250e63b - test[9d35eded1c95d3be]::__rust_begin_short_backtrace::<core[df12db4294e9bfd3]::result::Result<(), alloc[2182bb758b4b3781]::string::String>, fn() -> core[df12db4294e9bfd3]::result::Result<(), alloc[2182bb758b4b3781]::string::String>>
[INFO] [stdout]   16:     0x61cb2251bca5 - test[9d35eded1c95d3be]::run_test::{closure#0}
[INFO] [stdout]   17:     0x61cb22515564 - std[70759c8f55707aa4]::sys::backtrace::__rust_begin_short_backtrace::<test[9d35eded1c95d3be]::run_test::{closure#1}, ()>
[INFO] [stdout]   18:     0x61cb2251ee02 - <std[70759c8f55707aa4]::thread::lifecycle::spawn_unchecked<test[9d35eded1c95d3be]::run_test::{closure#1}, ()>::{closure#1} as core[df12db4294e9bfd3]::ops::function::FnOnce<()>>::call_once::{shim:vtable#0}
[INFO] [stdout]   19:     0x61cb22589cb9 - <std[70759c8f55707aa4]::sys::thread::unix::Thread>::new::thread_start
[INFO] [stdout]   20:     0x7717132c8dfa - <unknown>
[INFO] [stdout]   21:     0x77171335c3d4 - clone
[INFO] [stdout]   22:                0x0 - <unknown>
[INFO] [stdout] 
[INFO] [stdout] 
[INFO] [stdout] failures:
[INFO] [stdout]     ui
[INFO] [stdout] 
[INFO] [stdout] test result: FAILED. 8 passed; 1 failed; 0 ignored; 0 measured; 0 filtered out; finished in 1.62s
[INFO] [stdout] 
[INFO] running `Command { std: "docker" "inspect" "3727208b156ea2c196610e14ed264be908bef8ac9b748999e9c11f42c7e5a44a", kill_on_drop: false }`
[INFO] running `Command { std: "docker" "rm" "-f" "3727208b156ea2c196610e14ed264be908bef8ac9b748999e9c11f42c7e5a44a", kill_on_drop: false }`
[INFO] [stdout] 3727208b156ea2c196610e14ed264be908bef8ac9b748999e9c11f42c7e5a44a
