[INFO] fetching crate cuenv-vcs 0.40.6...
[INFO] testing cuenv-vcs-0.40.6 against 1.100.0-beta.1+cargoflags=--release for beta-release-1.100-2
[INFO] extracting crate cuenv-vcs 0.40.6 into /workspace/builds/worker-1-tc2/source
[INFO] started tweaking crates.io crate cuenv-vcs 0.40.6
[INFO] finished tweaking crates.io crate cuenv-vcs 0.40.6
[INFO] tweaked toml for crates.io crate cuenv-vcs 0.40.6 written to /workspace/builds/worker-1-tc2/source/Cargo.toml
[INFO] validating manifest of crates.io crate cuenv-vcs 0.40.6 on toolchain 1.100.0-beta.1
[INFO] running `Command { std: CARGO_HOME="/workspace/cargo-home" RUSTUP_HOME="/workspace/rustup-home" "/workspace/cargo-home/bin/cargo" "+1.100.0-beta.1" "metadata" "--manifest-path" "Cargo.toml" "--no-deps", kill_on_drop: false }`
[INFO] crate crates.io crate cuenv-vcs 0.40.6 already has a lockfile, it will not be regenerated
[INFO] running `Command { std: CARGO_HOME="/workspace/cargo-home" RUSTUP_HOME="/workspace/rustup-home" "/workspace/cargo-home/bin/cargo" "+1.100.0-beta.1" "fetch" "--manifest-path" "Cargo.toml", kill_on_drop: false }`
[INFO] [stderr] warning: `package.homepage` is redundant with `package.repository`
[INFO] [stderr]    --> Cargo.toml:106:12
[INFO] [stderr]     |
[INFO] [stderr] 106 | homepage = "https://github.com/cuenv/cuenv"
[INFO] [stderr]     |            ^^^^^^^^^^^^^^^^^^^^^^^^^^^^^^^^
[INFO] [stderr] ...
[INFO] [stderr] 111 | repository = "https://github.com/cuenv/cuenv"
[INFO] [stderr]     |              --------------------------------
[INFO] [stderr]     |
[INFO] [stderr]     = note: `cargo::redundant_homepage` is set to `warn` by default
[INFO] [stderr] help: consider removing `package.homepage`
[INFO] [stderr] warning: `cuenv-vcs` (manifest) generated 1 warning
[INFO] running `Command { std: "docker" "create" "-v" "/var/lib/crater-agent-workspace/builds/worker-1-tc2/source:/opt/rustwide/workdir:ro,Z" "-v" "/var/lib/crater-agent-workspace/builds/worker-1-tc2/target:/opt/rustwide/target:rw,Z" "-v" "/var/lib/crater-agent-workspace/cargo-home:/opt/rustwide/cargo-home:ro,Z" "-v" "/var/lib/crater-agent-workspace/rustup-home:/opt/rustwide/rustup-home:ro,Z" "-m" "1610612736" "--network" "none" "ghcr.io/rust-lang/crates-build-env/linux@sha256:77db811e55d90add9212f6832c23229e3de5f1c1f9905e8cb07319ea15df73ac" "sleep" "infinity", kill_on_drop: false }`
[INFO] [stdout] c2e58d830ad93e5516efb71b4bd20b0ca03f1876c9cfb5cb0a3fbc40d37e9a09
[INFO] running `Command { std: "docker" "start" "c2e58d830ad93e5516efb71b4bd20b0ca03f1876c9cfb5cb0a3fbc40d37e9a09", kill_on_drop: false }`
[INFO] running `Command { std: "docker" "inspect" "c2e58d830ad93e5516efb71b4bd20b0ca03f1876c9cfb5cb0a3fbc40d37e9a09", kill_on_drop: false }`
[INFO] running `Command { std: "docker" "exec" "-e" "SOURCE_DIR=/opt/rustwide/workdir" "-e" "CARGO_HOME=/opt/rustwide/cargo-home" "-e" "RUSTUP_HOME=/opt/rustwide/rustup-home" "-e" "CARGO_TARGET_DIR=/opt/rustwide/target" "-w" "/opt/rustwide/workdir" "--user" "0:0" "c2e58d830ad93e5516efb71b4bd20b0ca03f1876c9cfb5cb0a3fbc40d37e9a09" "/opt/rustwide/cargo-home/bin/cargo" "+1.100.0-beta.1" "metadata" "--no-deps" "--format-version=1", kill_on_drop: false }`
[INFO] running `Command { std: "docker" "inspect" "c2e58d830ad93e5516efb71b4bd20b0ca03f1876c9cfb5cb0a3fbc40d37e9a09", kill_on_drop: false }`
[INFO] running `Command { std: "docker" "exec" "-e" "SOURCE_DIR=/opt/rustwide/workdir" "-e" "CARGO_HOME=/opt/rustwide/cargo-home" "-e" "RUSTUP_HOME=/opt/rustwide/rustup-home" "-e" "CARGO_TARGET_DIR=/opt/rustwide/target" "-e" "CARGO_INCREMENTAL=0" "-e" "RUST_BACKTRACE=full" "-e" "RUSTFLAGS=--cap-lints=warn" "-e" "RUSTDOCFLAGS=--cap-lints=warn" "-w" "/opt/rustwide/workdir" "--user" "0:0" "c2e58d830ad93e5516efb71b4bd20b0ca03f1876c9cfb5cb0a3fbc40d37e9a09" "/opt/rustwide/cargo-home/bin/cargo" "+1.100.0-beta.1" "build" "--frozen" "--message-format=json" "--release", kill_on_drop: false }`
[INFO] [stderr] warning: `package.homepage` is redundant with `package.repository`
[INFO] [stderr]    --> Cargo.toml:106:12
[INFO] [stderr]     |
[INFO] [stderr] 106 | homepage = "https://github.com/cuenv/cuenv"
[INFO] [stderr]     |            ^^^^^^^^^^^^^^^^^^^^^^^^^^^^^^^^
[INFO] [stderr] ...
[INFO] [stderr] 111 | repository = "https://github.com/cuenv/cuenv"
[INFO] [stderr]     |              --------------------------------
[INFO] [stderr]     |
[INFO] [stderr]     = note: `cargo::redundant_homepage` is set to `warn` by default
[INFO] [stderr] help: consider removing `package.homepage`
[INFO] [stderr] warning: `cuenv-vcs` (manifest) generated 1 warning
[INFO] [stderr]    Compiling libc v0.2.185
[INFO] [stderr]    Compiling rustix v1.1.4
[INFO] [stderr]    Compiling object v0.37.3
[INFO] [stderr]    Compiling syn v2.0.117
[INFO] [stderr]    Compiling bitflags v2.11.1
[INFO] [stderr]    Compiling rustc-demangle v0.1.27
[INFO] [stderr]    Compiling aho-corasick v1.1.4
[INFO] [stderr]    Compiling is_ci v1.2.0
[INFO] [stderr]    Compiling unicode-linebreak v0.1.5
[INFO] [stderr]    Compiling textwrap v0.16.2
[INFO] [stderr]    Compiling supports-color v3.0.2
[INFO] [stderr]    Compiling bstr v1.12.1
[INFO] [stderr]    Compiling supports-hyperlinks v3.2.0
[INFO] [stderr]    Compiling terminal_size v0.4.4
[INFO] [stderr]    Compiling supports-unicode v3.0.0
[INFO] [stderr]    Compiling sha2 v0.10.9
[INFO] [stderr]    Compiling regex-automata v0.4.14
[INFO] [stderr]    Compiling tracing-attributes v0.1.31
[INFO] [stderr]    Compiling serde_derive v1.0.228
[INFO] [stderr]    Compiling miette-derive v7.6.0
[INFO] [stderr]    Compiling thiserror-impl v2.0.18
[INFO] [stderr]    Compiling async-trait v0.1.89
[INFO] [stderr]    Compiling globset v0.4.18
[INFO] [stderr]    Compiling thiserror v2.0.18
[INFO] [stderr]    Compiling backtrace v0.3.76
[INFO] [stderr]    Compiling tracing v0.1.44
[INFO] [stderr]    Compiling backtrace-ext v0.2.1
[INFO] [stderr]    Compiling miette v7.6.0
[INFO] [stderr]    Compiling serde v1.0.228
[INFO] [stderr]    Compiling cuenv-vcs v0.40.6 (/opt/rustwide/workdir)
[INFO] [stderr]     Finished `release` profile [optimized] target(s) in 1m 04s
[INFO] running `Command { std: "docker" "inspect" "c2e58d830ad93e5516efb71b4bd20b0ca03f1876c9cfb5cb0a3fbc40d37e9a09", kill_on_drop: false }`
[INFO] running `Command { std: "docker" "exec" "-e" "SOURCE_DIR=/opt/rustwide/workdir" "-e" "CARGO_HOME=/opt/rustwide/cargo-home" "-e" "RUSTUP_HOME=/opt/rustwide/rustup-home" "-e" "CARGO_TARGET_DIR=/opt/rustwide/target" "-e" "CARGO_INCREMENTAL=0" "-e" "RUST_BACKTRACE=full" "-e" "RUSTFLAGS=--cap-lints=warn" "-e" "RUSTDOCFLAGS=--cap-lints=warn" "-w" "/opt/rustwide/workdir" "--user" "0:0" "c2e58d830ad93e5516efb71b4bd20b0ca03f1876c9cfb5cb0a3fbc40d37e9a09" "/opt/rustwide/cargo-home/bin/cargo" "+1.100.0-beta.1" "test" "--frozen" "--no-run" "--message-format=json" "--release", kill_on_drop: false }`
[INFO] [stderr] warning: `package.homepage` is redundant with `package.repository`
[INFO] [stderr]    --> Cargo.toml:106:12
[INFO] [stderr]     |
[INFO] [stderr] 106 | homepage = "https://github.com/cuenv/cuenv"
[INFO] [stderr]     |            ^^^^^^^^^^^^^^^^^^^^^^^^^^^^^^^^
[INFO] [stderr] ...
[INFO] [stderr] 111 | repository = "https://github.com/cuenv/cuenv"
[INFO] [stderr]     |              --------------------------------
[INFO] [stderr]     |
[INFO] [stderr]     = note: `cargo::redundant_homepage` is set to `warn` by default
[INFO] [stderr] help: consider removing `package.homepage`
[INFO] [stderr] warning: `cuenv-vcs` (manifest) generated 1 warning
[INFO] [stderr]    Compiling libc v0.2.185
[INFO] [stderr]    Compiling rustix v1.1.4
[INFO] [stderr]    Compiling smallvec v1.15.1
[INFO] [stderr]    Compiling tokio-macros v2.7.0
[INFO] [stderr]    Compiling backtrace v0.3.76
[INFO] [stderr]    Compiling parking_lot_core v0.9.12
[INFO] [stderr]    Compiling errno v0.3.14
[INFO] [stderr]    Compiling getrandom v0.4.2
[INFO] [stderr]    Compiling socket2 v0.6.3
[INFO] [stderr]    Compiling mio v1.2.0
[INFO] [stderr]    Compiling signal-hook-registry v1.4.8
[INFO] [stderr]    Compiling parking_lot v0.12.5
[INFO] [stderr]    Compiling tokio v1.52.1
[INFO] [stderr]    Compiling backtrace-ext v0.2.1
[INFO] [stderr]    Compiling terminal_size v0.4.4
[INFO] [stderr]    Compiling miette v7.6.0
[INFO] [stderr]    Compiling tempfile v3.27.0
[INFO] [stderr]    Compiling cuenv-vcs v0.40.6 (/opt/rustwide/workdir)
[INFO] [stderr]     Finished `release` profile [optimized] target(s) in 41.93s
[INFO] running `Command { std: "docker" "inspect" "c2e58d830ad93e5516efb71b4bd20b0ca03f1876c9cfb5cb0a3fbc40d37e9a09", kill_on_drop: false }`
[INFO] running `Command { std: "docker" "exec" "-e" "SOURCE_DIR=/opt/rustwide/workdir" "-e" "CARGO_HOME=/opt/rustwide/cargo-home" "-e" "RUSTUP_HOME=/opt/rustwide/rustup-home" "-e" "CARGO_TARGET_DIR=/opt/rustwide/target" "-e" "CARGO_INCREMENTAL=0" "-e" "RUST_BACKTRACE=full" "-e" "RUSTFLAGS=--cap-lints=warn" "-e" "RUSTDOCFLAGS=--cap-lints=warn" "-w" "/opt/rustwide/workdir" "--user" "0:0" "c2e58d830ad93e5516efb71b4bd20b0ca03f1876c9cfb5cb0a3fbc40d37e9a09" "/opt/rustwide/cargo-home/bin/cargo" "+1.100.0-beta.1" "test" "--frozen" "--release", kill_on_drop: false }`
[INFO] [stderr] warning: `package.homepage` is redundant with `package.repository`
[INFO] [stderr]    --> Cargo.toml:106:12
[INFO] [stderr]     |
[INFO] [stderr] 106 | homepage = "https://github.com/cuenv/cuenv"
[INFO] [stderr]     |            ^^^^^^^^^^^^^^^^^^^^^^^^^^^^^^^^
[INFO] [stderr] ...
[INFO] [stderr] 111 | repository = "https://github.com/cuenv/cuenv"
[INFO] [stderr]     |              --------------------------------
[INFO] [stderr]     |
[INFO] [stderr]     = note: `cargo::redundant_homepage` is set to `warn` by default
[INFO] [stderr] help: consider removing `package.homepage`
[INFO] [stderr] warning: `cuenv-vcs` (manifest) generated 1 warning
[INFO] [stderr]     Finished `release` profile [optimized] target(s) in 0.13s
[INFO] [stdout] 
[INFO] [stderr]      Running unittests src/lib.rs (/opt/rustwide/target/release/build/cuenv-vcs/16ee5244eb33a308/out/cuenv_vcs-16ee5244eb33a308)
[INFO] [stdout] running 14 tests
[INFO] [stdout] test walker::tests::different_content_yields_different_hash ... ok
[INFO] [stdout] test walker::tests::deduplicates_overlapping_patterns ... ok
[INFO] [stdout] test walker::tests::extract_glob_base_handles_common_shapes ... ok
[INFO] [stdout] test walker::tests::glob_brackets_work ... ok
[INFO] [stdout] test walker::tests::async_trait_method_works ... ok
[INFO] [stdout] test walker::tests::empty_and_whitespace_patterns_are_ignored ... ok
[INFO] [stdout] test walker::tests::missing_file_errors ... ok
[INFO] [stdout] test walker::tests::normalize_rel_path_strips_dots ... ok
[INFO] [stdout] test walker::tests::resolves_explicit_files_dirs_and_globs ... ok
[INFO] [stdout] test walker::tests::nested_directory_walks_recursively ... ok
[INFO] [stdout] test walker::tests::results_are_sorted_by_relative_path ... ok
[INFO] [stdout] test walker::tests::same_content_yields_same_hash ... ok
[INFO] [stdout] test walker::tests::walker_name_is_walk ... ok
[INFO] [stdout] test walker::tests::walkdir_errors_are_not_silently_dropped ... FAILED
[INFO] [stdout] 
[INFO] [stdout] failures:
[INFO] [stdout] 
[INFO] [stdout] ---- walker::tests::walkdir_errors_are_not_silently_dropped stdout ----
[INFO] [stdout] 
[INFO] [stdout] thread 'walker::tests::walkdir_errors_are_not_silently_dropped' (1072) panicked at src/walker.rs:387:63:
[INFO] [stdout] called `Result::unwrap_err()` on an `Ok` value: [HashedInput { relative_path: "restricted/secret.txt", absolute_path: "/tmp/.tmpyxkcTV/restricted/secret.txt", sha256: "2bb80d537b1da3e38bd30361aa855686bde0eacd7162fef6a25fe97bf527a25b", size: 6, is_executable: false }]
[INFO] [stdout] stack backtrace:
[INFO] [stdout]    0:     0x648435e8e101 - <<std[617be2ca0a6fd877]::sys::backtrace::BacktraceLock>::print::DisplayBacktrace as core[a373ad73a504971]::fmt::Display>::fmt
[INFO] [stdout]    1:     0x648435ea3c8a - core[a373ad73a504971]::fmt::write
[INFO] [stdout]    2:     0x648435e927bc - <alloc[2e1b2a31b91974c5]::vec::Vec<u8> as core[a373ad73a504971]::io::write::Write>::write_fmt
[INFO] [stdout]    3:     0x648435e67e16 - std[617be2ca0a6fd877]::panicking::default_hook::{closure#0}
[INFO] [stdout]    4:     0x648435e857d9 - std[617be2ca0a6fd877]::panicking::default_hook
[INFO] [stdout]    5:     0x648435d49fc0 - test[aada8e7e76ba119b]::test_main_inner::{closure#0}
[INFO] [stdout]    6:     0x648435e85992 - std[617be2ca0a6fd877]::panicking::panic_with_hook
[INFO] [stdout]    7:     0x648435e67ec2 - std[617be2ca0a6fd877]::panicking::panic_handler::{closure#0}
[INFO] [stdout]    8:     0x648435e60a19 - std[617be2ca0a6fd877]::sys::backtrace::__rust_end_short_backtrace::<std[617be2ca0a6fd877]::panicking::panic_handler::{closure#0}, !>
[INFO] [stdout]    9:     0x648435e68b8d - __rustc[ea4f61d10b84890b]::rust_begin_unwind
[INFO] [stdout]   10:     0x648435ea446c - core[a373ad73a504971]::panicking::panic_fmt
[INFO] [stdout]   11:     0x648435ea4242 - core[a373ad73a504971]::result::unwrap_failed
[INFO] [stdout]   12:     0x648435d14070 - <cuenv_vcs[b5a34fabe5cc249]::walker::tests::walkdir_errors_are_not_silently_dropped::{closure#0} as core[a373ad73a504971]::ops::function::FnOnce<()>>::call_once
[INFO] [stdout]   13:     0x648435d3d40b - test[aada8e7e76ba119b]::__rust_begin_short_backtrace::<core[a373ad73a504971]::result::Result<(), alloc[2e1b2a31b91974c5]::string::String>, fn() -> core[a373ad73a504971]::result::Result<(), alloc[2e1b2a31b91974c5]::string::String>>
[INFO] [stdout]   14:     0x648435d4a5e5 - test[aada8e7e76ba119b]::run_test::{closure#0}
[INFO] [stdout]   15:     0x648435d43ed4 - std[617be2ca0a6fd877]::sys::backtrace::__rust_begin_short_backtrace::<test[aada8e7e76ba119b]::run_test::{closure#1}, ()>
[INFO] [stdout]   16:     0x648435d4d672 - <std[617be2ca0a6fd877]::thread::lifecycle::spawn_unchecked<test[aada8e7e76ba119b]::run_test::{closure#1}, ()>::{closure#1} as core[a373ad73a504971]::ops::function::FnOnce<()>>::call_once::{shim:vtable#0}
[INFO] [stdout]   17:     0x648435e8d74f - <std[617be2ca0a6fd877]::sys::thread::unix::Thread>::new::thread_start
[INFO] [stdout]   18:     0x78d6e3c02dfa - <unknown>
[INFO] [stdout]   19:     0x78d6e3c963d4 - clone
[INFO] [stdout]   20:                0x0 - <unknown>
[INFO] [stdout] 
[INFO] [stdout] 
[INFO] [stdout] failures:
[INFO] [stdout]     walker::tests::walkdir_errors_are_not_silently_dropped
[INFO] [stdout] 
[INFO] [stdout] test result: FAILED. 13 passed; 1 failed; 0 ignored; 0 measured; 0 filtered out; finished in 0.01s
[INFO] [stdout] 
[INFO] [stderr] error: test failed, to rerun pass `--lib`
[INFO] running `Command { std: "docker" "inspect" "c2e58d830ad93e5516efb71b4bd20b0ca03f1876c9cfb5cb0a3fbc40d37e9a09", kill_on_drop: false }`
[INFO] running `Command { std: "docker" "rm" "-f" "c2e58d830ad93e5516efb71b4bd20b0ca03f1876c9cfb5cb0a3fbc40d37e9a09", kill_on_drop: false }`
[INFO] [stdout] c2e58d830ad93e5516efb71b4bd20b0ca03f1876c9cfb5cb0a3fbc40d37e9a09
