[INFO] fetching crate cue_lib 0.1.0...
[INFO] testing cue_lib-0.1.0 against 1.100.0-beta.1+cargoflags=--release for beta-release-1.100-2
[INFO] extracting crate cue_lib 0.1.0 into /workspace/builds/worker-0-tc2/source
[INFO] started tweaking crates.io crate cue_lib 0.1.0
[INFO] removed 0 missing tests
[INFO] finished tweaking crates.io crate cue_lib 0.1.0
[INFO] tweaked toml for crates.io crate cue_lib 0.1.0 written to /workspace/builds/worker-0-tc2/source/Cargo.toml
[INFO] validating manifest of crates.io crate cue_lib 0.1.0 on toolchain 1.100.0-beta.1
[INFO] running `Command { std: CARGO_HOME="/workspace/cargo-home" RUSTUP_HOME="/workspace/rustup-home" "/workspace/cargo-home/bin/cargo" "+1.100.0-beta.1" "metadata" "--manifest-path" "Cargo.toml" "--no-deps", kill_on_drop: false }`
[INFO] crate crates.io crate cue_lib 0.1.0 already has a lockfile, it will not be regenerated
[INFO] running `Command { std: CARGO_HOME="/workspace/cargo-home" RUSTUP_HOME="/workspace/rustup-home" "/workspace/cargo-home/bin/cargo" "+1.100.0-beta.1" "fetch" "--manifest-path" "Cargo.toml", kill_on_drop: false }`
[INFO] [stderr] warning: `package.homepage` is redundant with `package.repository`
[INFO] [stderr]   --> Cargo.toml:31:12
[INFO] [stderr]    |
[INFO] [stderr] 31 | homepage = "https://codeberg.org/SuperiorOne/cue_lib"
[INFO] [stderr]    |            ^^^^^^^^^^^^^^^^^^^^^^^^^^^^^^^^^^^^^^^^^^
[INFO] [stderr] ...
[INFO] [stderr] 36 | repository = "https://codeberg.org/SuperiorOne/cue_lib"
[INFO] [stderr]    |              ------------------------------------------
[INFO] [stderr]    |
[INFO] [stderr]    = note: `cargo::redundant_homepage` is set to `warn` by default
[INFO] [stderr] help: consider removing `package.homepage`
[INFO] [stderr] warning: `cue_lib` (manifest) generated 1 warning
[INFO] running `Command { std: "docker" "create" "-v" "/var/lib/crater-agent-workspace/builds/worker-0-tc2/source:/opt/rustwide/workdir:ro,Z" "-v" "/var/lib/crater-agent-workspace/builds/worker-0-tc2/target:/opt/rustwide/target:rw,Z" "-v" "/var/lib/crater-agent-workspace/cargo-home:/opt/rustwide/cargo-home:ro,Z" "-v" "/var/lib/crater-agent-workspace/rustup-home:/opt/rustwide/rustup-home:ro,Z" "-m" "1610612736" "--network" "none" "ghcr.io/rust-lang/crates-build-env/linux@sha256:77db811e55d90add9212f6832c23229e3de5f1c1f9905e8cb07319ea15df73ac" "sleep" "infinity", kill_on_drop: false }`
[INFO] [stdout] c034b163d5af0e6c648aa226230bb5b4e8f5e45c367c993dc42c3419c95dffca
[INFO] running `Command { std: "docker" "start" "c034b163d5af0e6c648aa226230bb5b4e8f5e45c367c993dc42c3419c95dffca", kill_on_drop: false }`
[INFO] running `Command { std: "docker" "inspect" "c034b163d5af0e6c648aa226230bb5b4e8f5e45c367c993dc42c3419c95dffca", kill_on_drop: false }`
[INFO] running `Command { std: "docker" "exec" "-e" "SOURCE_DIR=/opt/rustwide/workdir" "-e" "CARGO_HOME=/opt/rustwide/cargo-home" "-e" "RUSTUP_HOME=/opt/rustwide/rustup-home" "-e" "CARGO_TARGET_DIR=/opt/rustwide/target" "-w" "/opt/rustwide/workdir" "--user" "0:0" "c034b163d5af0e6c648aa226230bb5b4e8f5e45c367c993dc42c3419c95dffca" "/opt/rustwide/cargo-home/bin/cargo" "+1.100.0-beta.1" "metadata" "--no-deps" "--format-version=1", kill_on_drop: false }`
[INFO] running `Command { std: "docker" "inspect" "c034b163d5af0e6c648aa226230bb5b4e8f5e45c367c993dc42c3419c95dffca", kill_on_drop: false }`
[INFO] running `Command { std: "docker" "exec" "-e" "SOURCE_DIR=/opt/rustwide/workdir" "-e" "CARGO_HOME=/opt/rustwide/cargo-home" "-e" "RUSTUP_HOME=/opt/rustwide/rustup-home" "-e" "CARGO_TARGET_DIR=/opt/rustwide/target" "-e" "CARGO_INCREMENTAL=0" "-e" "RUST_BACKTRACE=full" "-e" "RUSTFLAGS=--cap-lints=warn" "-e" "RUSTDOCFLAGS=--cap-lints=warn" "-w" "/opt/rustwide/workdir" "--user" "0:0" "c034b163d5af0e6c648aa226230bb5b4e8f5e45c367c993dc42c3419c95dffca" "/opt/rustwide/cargo-home/bin/cargo" "+1.100.0-beta.1" "build" "--frozen" "--message-format=json" "--release", kill_on_drop: false }`
[INFO] [stderr] warning: `package.homepage` is redundant with `package.repository`
[INFO] [stderr]   --> Cargo.toml:31:12
[INFO] [stderr]    |
[INFO] [stderr] 31 | homepage = "https://codeberg.org/SuperiorOne/cue_lib"
[INFO] [stderr]    |            ^^^^^^^^^^^^^^^^^^^^^^^^^^^^^^^^^^^^^^^^^^
[INFO] [stderr] ...
[INFO] [stderr] 36 | repository = "https://codeberg.org/SuperiorOne/cue_lib"
[INFO] [stderr]    |              ------------------------------------------
[INFO] [stderr]    |
[INFO] [stderr]    = note: `cargo::redundant_homepage` is set to `warn` by default
[INFO] [stderr] help: consider removing `package.homepage`
[INFO] [stderr] warning: `cue_lib` (manifest) generated 1 warning
[INFO] [stderr]    Compiling cue_lib v0.1.0 (/opt/rustwide/workdir)
[INFO] [stderr]     Finished `release` profile [optimized] target(s) in 0.84s
[INFO] running `Command { std: "docker" "inspect" "c034b163d5af0e6c648aa226230bb5b4e8f5e45c367c993dc42c3419c95dffca", kill_on_drop: false }`
[INFO] running `Command { std: "docker" "exec" "-e" "SOURCE_DIR=/opt/rustwide/workdir" "-e" "CARGO_HOME=/opt/rustwide/cargo-home" "-e" "RUSTUP_HOME=/opt/rustwide/rustup-home" "-e" "CARGO_TARGET_DIR=/opt/rustwide/target" "-e" "CARGO_INCREMENTAL=0" "-e" "RUST_BACKTRACE=full" "-e" "RUSTFLAGS=--cap-lints=warn" "-e" "RUSTDOCFLAGS=--cap-lints=warn" "-w" "/opt/rustwide/workdir" "--user" "0:0" "c034b163d5af0e6c648aa226230bb5b4e8f5e45c367c993dc42c3419c95dffca" "/opt/rustwide/cargo-home/bin/cargo" "+1.100.0-beta.1" "test" "--frozen" "--no-run" "--message-format=json" "--release", kill_on_drop: false }`
[INFO] [stderr] warning: `package.homepage` is redundant with `package.repository`
[INFO] [stderr]   --> Cargo.toml:31:12
[INFO] [stderr]    |
[INFO] [stderr] 31 | homepage = "https://codeberg.org/SuperiorOne/cue_lib"
[INFO] [stderr]    |            ^^^^^^^^^^^^^^^^^^^^^^^^^^^^^^^^^^^^^^^^^^
[INFO] [stderr] ...
[INFO] [stderr] 36 | repository = "https://codeberg.org/SuperiorOne/cue_lib"
[INFO] [stderr]    |              ------------------------------------------
[INFO] [stderr]    |
[INFO] [stderr]    = note: `cargo::redundant_homepage` is set to `warn` by default
[INFO] [stderr] help: consider removing `package.homepage`
[INFO] [stderr] warning: `cue_lib` (manifest) generated 1 warning
[INFO] [stderr]    Compiling cue_lib v0.1.0 (/opt/rustwide/workdir)
[INFO] [stderr]     Finished `release` profile [optimized] target(s) in 0.96s
[INFO] running `Command { std: "docker" "inspect" "c034b163d5af0e6c648aa226230bb5b4e8f5e45c367c993dc42c3419c95dffca", kill_on_drop: false }`
[INFO] running `Command { std: "docker" "exec" "-e" "SOURCE_DIR=/opt/rustwide/workdir" "-e" "CARGO_HOME=/opt/rustwide/cargo-home" "-e" "RUSTUP_HOME=/opt/rustwide/rustup-home" "-e" "CARGO_TARGET_DIR=/opt/rustwide/target" "-e" "CARGO_INCREMENTAL=0" "-e" "RUST_BACKTRACE=full" "-e" "RUSTFLAGS=--cap-lints=warn" "-e" "RUSTDOCFLAGS=--cap-lints=warn" "-w" "/opt/rustwide/workdir" "--user" "0:0" "c034b163d5af0e6c648aa226230bb5b4e8f5e45c367c993dc42c3419c95dffca" "/opt/rustwide/cargo-home/bin/cargo" "+1.100.0-beta.1" "test" "--frozen" "--release", kill_on_drop: false }`
[INFO] [stderr] warning: `package.homepage` is redundant with `package.repository`
[INFO] [stdout] 
[INFO] [stderr]   --> Cargo.toml:31:12
[INFO] [stdout] running 0 tests
[INFO] [stderr]    |
[INFO] [stdout] 
[INFO] [stderr] 31 | homepage = "https://codeberg.org/SuperiorOne/cue_lib"
[INFO] [stdout] test result: ok. 0 passed; 0 failed; 0 ignored; 0 measured; 0 filtered out; finished in 0.00s
[INFO] [stderr]    |            ^^^^^^^^^^^^^^^^^^^^^^^^^^^^^^^^^^^^^^^^^^
[INFO] [stdout] 
[INFO] [stderr] ...
[INFO] [stdout] 
[INFO] [stderr] 36 | repository = "https://codeberg.org/SuperiorOne/cue_lib"
[INFO] [stdout] running 24 tests
[INFO] [stderr]    |              ------------------------------------------
[INFO] [stdout] test non_quoted_ascii ... ok
[INFO] [stderr]    |
[INFO] [stdout] test not_eq_escaped_quoted_str ... ok
[INFO] [stderr]    = note: `cargo::redundant_homepage` is set to `warn` by default
[INFO] [stdout] test quoted_ascii ... ok
[INFO] [stderr] help: consider removing `package.homepage`
[INFO] [stdout] test missing_ending_quote ... ok
[INFO] [stderr] warning: `cue_lib` (manifest) generated 1 warning
[INFO] [stdout] test quoted_utf8 ... ok
[INFO] [stderr]     Finished `release` profile [optimized] target(s) in 0.01s
[INFO] [stdout] test quoted_utf8_with_whitespaces ... ok
[INFO] [stderr]      Running unittests src/lib.rs (/opt/rustwide/target/release/build/cue_lib/70f3227016d5762a/out/cue_lib-70f3227016d5762a)
[INFO] [stdout] test not_eq_quoted_str ... ok
[INFO] [stderr]      Running tests/test_cue_str.rs (/opt/rustwide/target/release/build/cue_lib/f246a9fcd02716e6/out/test_cue_str-f246a9fcd02716e6)
[INFO] [stdout] test quoted_with_special_backslash ... ok
[INFO] [stdout] test only_with_ending_quote ... ok
[INFO] [stdout] test missing_quotes ... ok
[INFO] [stdout] test empty ... ok
[INFO] [stdout] test eq_escaped_quoted_str ... ok
[INFO] [stdout] test not_eq_str ... ok
[INFO] [stdout] test unescaped_quote ... ok
[INFO] [stdout] test eq_quoted_empty_str ... ok
[INFO] [stdout] test quoted_ascii_with_whitespaces ... ok
[INFO] [stdout] test whitespace_quoted ... ok
[INFO] [stdout] test eq_empty_str ... ok
[INFO] [stdout] test eq_quoted_str ... ok
[INFO] [stdout] test quoted_with_special_quote ... ok
[INFO] [stdout] test non_quoted_utf8 ... ok
[INFO] [stdout] test eq_str ... ok
[INFO] [stdout] test empty_quoted ... ok
[INFO] [stdout] test unescaped_backslash ... ok
[INFO] [stdout] 
[INFO] [stdout] test result: ok. 24 passed; 0 failed; 0 ignored; 0 measured; 0 filtered out; finished in 0.09s
[INFO] [stdout] 
[INFO] [stderr]      Running tests/test_ean_13.rs (/opt/rustwide/target/release/build/cue_lib/2340461012542e66/out/test_ean_13-2340461012542e66)
[INFO] [stdout] 
[INFO] [stdout] running 0 tests
[INFO] [stdout] 
[INFO] [stdout] test result: ok. 0 passed; 0 failed; 0 ignored; 0 measured; 0 filtered out; finished in 0.00s
[INFO] [stdout] 
[INFO] [stderr]      Running tests/test_isrc.rs (/opt/rustwide/target/release/build/cue_lib/179e7f106bbf0549/out/test_isrc-179e7f106bbf0549)
[INFO] [stdout] 
[INFO] [stdout] running 8 tests
[INFO] [stdout] test invalid_serial ... ok
[INFO] [stdout] test invalid_country_code ... ok
[INFO] [stdout] test from_str ... ok
[INFO] [stdout] test isrc_to_string ... ok
[INFO] [stdout] test invalid_year ... ok
[INFO] [stdout] test isrc_to_ascii_bytes ... ok
[INFO] [stdout] test invalid_owner ... ok
[INFO] [stderr]      Running tests/test_timestamp.rs (/opt/rustwide/target/release/build/cue_lib/7edd2e0ee295ba9a/out/test_timestamp-7edd2e0ee295ba9a)
[INFO] [stdout] test invalid_length ... ok
[INFO] [stdout] 
[INFO] [stdout] test result: ok. 8 passed; 0 failed; 0 ignored; 0 measured; 0 filtered out; finished in 0.04s
[INFO] [stdout] 
[INFO] [stdout] 
[INFO] [stdout] running 19 tests
[INFO] [stdout] test empty ... ok
[INFO] [stdout] test invalid_frame_99 ... ok
[INFO] [stdout] test invalid_length ... ok
[INFO] [stdout] test invalid_second_60 ... ok
[INFO] [stdout] test invalid_frame_75 ... ok
[INFO] [stdout] test invalid_frame_ab ... ok
[INFO] [stdout] test invalid_second_ab ... ok
[INFO] [stdout] test timestamp_01_00_00 ... ok
[INFO] [stdout] test timestamp_00_01_00 ... ok
[INFO] [stdout] test invalid_minute_abc ... ok
[INFO] [stdout] test timestamp_6_32_00 ... ok
[INFO] [stdout] test timestamp_06_32_00 ... ok
[INFO] [stdout] test invalid_character ... ok
[INFO] [stdout] test duration_conversion ... ok
[INFO] [stdout] test timestamp_00_00_01 ... ok
[INFO] [stdout] test timestamp_123_59_74 ... ok
[INFO] [stdout] test invalid_second_99 ... ok
[INFO] [stdout] test timestamp_00_00_00 ... ok
[INFO] [stdout] test invalid_characters ... ok
[INFO] [stdout] 
[INFO] [stdout] test result: ok. 19 passed; 0 failed; 0 ignored; 0 measured; 0 filtered out; finished in 0.07s
[INFO] [stdout] 
[INFO] [stderr]      Running tests/test_upc_a.rs (/opt/rustwide/target/release/build/cue_lib/8169ea1eb8cf0c37/out/test_upc_a-8169ea1eb8cf0c37)
[INFO] [stderr]      Running tests/test_vorbis_metadata.rs (/opt/rustwide/target/release/build/cue_lib/b7e2d452dcc80bf7/out/test_vorbis_metadata-b7e2d452dcc80bf7)
[INFO] [stdout] 
[INFO] [stderr]    Doc-tests cue_lib
[INFO] [stdout] running 0 tests
[INFO] [stdout] 
[INFO] [stdout] test result: ok. 0 passed; 0 failed; 0 ignored; 0 measured; 0 filtered out; finished in 0.00s
[INFO] [stdout] 
[INFO] [stdout] 
[INFO] [stdout] running 0 tests
[INFO] [stdout] 
[INFO] [stdout] test result: ok. 0 passed; 0 failed; 0 ignored; 0 measured; 0 filtered out; finished in 0.00s
[INFO] [stdout] 
[INFO] [stdout] 
[INFO] [stdout] running 7 tests
[INFO] [stdout] test src/lib.rs - (line 52) ... FAILED
[INFO] [stdout] test src/core/cue_str.rs - core::cue_str::CueStr (line 13) ... ok
[INFO] [stdout] test src/core/flags.rs - core::flags::TrackFlag::iter (line 53) ... ok
[INFO] [stdout] test src/probe/track.rs - probe::track::TrackSubIndexes (line 85) ... ok
[INFO] [stdout] test src/probe/track.rs - probe::track::Tracks (line 63) ... ok
[INFO] [stdout] test src/lib.rs - (line 137) ... ok
[INFO] [stdout] test src/core/digit.rs - core::digit::Digits (line 6) ... ok
[INFO] [stdout] 
[INFO] [stdout] failures:
[INFO] [stdout] 
[INFO] [stdout] ---- src/lib.rs - (line 52) stdout ----
[INFO] [stdout] error[E0432]: unresolved import `cue_lib::parse`
[INFO] [stdout]    --> src/lib.rs:55:15
[INFO] [stdout]     |
[INFO] [stdout]  55 |  use cue_lib::parse::CuesheetParser;
[INFO] [stdout]     |               ^^^^^ could not find `parse` in `cue_lib`
[INFO] [stdout]     |
[INFO] [stdout] note: found an item that was configured out
[INFO] [stdout]    --> src/lib.rs:229:9
[INFO] [stdout]     |
[INFO] [stdout] 227 | #[cfg(feature = "alloc")]
[INFO] [stdout]     |       ----------------- the item is gated behind the `alloc` feature
[INFO] [stdout] 228 | /// Simple parser implementation for cue sheet files
[INFO] [stdout] 229 | pub mod parse;
[INFO] [stdout]     |         ^^^^^
[INFO] [stdout] 
[INFO] [stdout] error: aborting due to 1 previous error
[INFO] [stdout] 
[INFO] [stdout] For more information about this error, try `rustc --explain E0432`.
[INFO] [stdout] Couldn't compile the test.
[INFO] [stdout] 
[INFO] [stdout] failures:
[INFO] [stdout]     src/lib.rs - (line 52)
[INFO] [stdout] 
[INFO] [stdout] test result: FAILED. 6 passed; 1 failed; 0 ignored; 0 measured; 0 filtered out; finished in 0.41s
[INFO] [stdout] 
[INFO] [stdout] all doctests ran in 0.48s; merged doctests compilation took 0.07s
[INFO] [stderr] error: doctest failed, to rerun pass `--doc`
[INFO] running `Command { std: "docker" "inspect" "c034b163d5af0e6c648aa226230bb5b4e8f5e45c367c993dc42c3419c95dffca", kill_on_drop: false }`
[INFO] running `Command { std: "docker" "rm" "-f" "c034b163d5af0e6c648aa226230bb5b4e8f5e45c367c993dc42c3419c95dffca", kill_on_drop: false }`
[INFO] [stdout] c034b163d5af0e6c648aa226230bb5b4e8f5e45c367c993dc42c3419c95dffca
