[INFO] fetching crate cue-cli 0.2.1...
[INFO] testing cue-cli-0.2.1 against 1.99.0-beta.8+cargoflags=--release for beta-release-1.100-2
[INFO] extracting crate cue-cli 0.2.1 into /workspace/builds/worker-5-tc1/source
[INFO] started tweaking crates.io crate cue-cli 0.2.1
[INFO] removed 0 missing tests
[INFO] finished tweaking crates.io crate cue-cli 0.2.1
[INFO] tweaked toml for crates.io crate cue-cli 0.2.1 written to /workspace/builds/worker-5-tc1/source/Cargo.toml
[INFO] validating manifest of crates.io crate cue-cli 0.2.1 on toolchain 1.99.0-beta.8
[INFO] running `Command { std: CARGO_HOME="/workspace/cargo-home" RUSTUP_HOME="/workspace/rustup-home" "/workspace/cargo-home/bin/cargo" "+1.99.0-beta.8" "metadata" "--manifest-path" "Cargo.toml" "--no-deps", kill_on_drop: false }`
[INFO] crate crates.io crate cue-cli 0.2.1 already has a lockfile, it will not be regenerated
[INFO] running `Command { std: CARGO_HOME="/workspace/cargo-home" RUSTUP_HOME="/workspace/rustup-home" "/workspace/cargo-home/bin/cargo" "+1.99.0-beta.8" "fetch" "--manifest-path" "Cargo.toml", kill_on_drop: false }`
[INFO] [stderr]     Updating crates.io index
[INFO] [stderr]  Downloading crates ...
[INFO] [stderr]   Downloaded wasm-bindgen-macro v0.2.123
[INFO] [stderr]   Downloaded wasm-bindgen-shared v0.2.123
[INFO] [stderr]   Downloaded wasm-bindgen v0.2.123
[INFO] [stderr]   Downloaded vt100 v0.16.2
[INFO] [stderr]   Downloaded wasm-bindgen-macro-support v0.2.123
[INFO] [stderr]   Downloaded cue-tui v0.2.1
[INFO] [stderr]   Downloaded js-sys v0.3.100
[INFO] [stderr]   Downloaded cue-protocol v0.2.1
[INFO] [stderr]   Downloaded cue-core v0.2.1
[INFO] [stderr]   Downloaded cue-daemon v0.2.1
[INFO] [stderr]   Downloaded cue-language v0.2.1
[INFO] [stderr]   Downloaded cue-client v0.2.1
[INFO] [stderr]   Downloaded cc v1.2.63
[INFO] [stderr]   Downloaded ansi-to-tui v8.0.1
[INFO] [stderr]   Downloaded cue-store-sqlite v0.2.1
[INFO] [stderr]   Downloaded cue-runtime v0.2.1
[INFO] running `Command { std: "docker" "create" "-v" "/var/lib/crater-agent-workspace/builds/worker-5-tc1/source:/opt/rustwide/workdir:ro,Z" "-v" "/var/lib/crater-agent-workspace/builds/worker-5-tc1/target:/opt/rustwide/target:rw,Z" "-v" "/var/lib/crater-agent-workspace/cargo-home:/opt/rustwide/cargo-home:ro,Z" "-v" "/var/lib/crater-agent-workspace/rustup-home:/opt/rustwide/rustup-home:ro,Z" "-m" "1610612736" "--network" "none" "ghcr.io/rust-lang/crates-build-env/linux@sha256:77db811e55d90add9212f6832c23229e3de5f1c1f9905e8cb07319ea15df73ac" "sleep" "infinity", kill_on_drop: false }`
[INFO] [stdout] d2f2bd8af51bc3acc7c8b9b54e53a7fcbc133e945b1495a1c7834c50ca950ea6
[INFO] running `Command { std: "docker" "start" "d2f2bd8af51bc3acc7c8b9b54e53a7fcbc133e945b1495a1c7834c50ca950ea6", kill_on_drop: false }`
[INFO] running `Command { std: "docker" "inspect" "d2f2bd8af51bc3acc7c8b9b54e53a7fcbc133e945b1495a1c7834c50ca950ea6", kill_on_drop: false }`
[INFO] running `Command { std: "docker" "exec" "-e" "SOURCE_DIR=/opt/rustwide/workdir" "-e" "CARGO_HOME=/opt/rustwide/cargo-home" "-e" "RUSTUP_HOME=/opt/rustwide/rustup-home" "-e" "CARGO_TARGET_DIR=/opt/rustwide/target" "-w" "/opt/rustwide/workdir" "--user" "0:0" "d2f2bd8af51bc3acc7c8b9b54e53a7fcbc133e945b1495a1c7834c50ca950ea6" "/opt/rustwide/cargo-home/bin/cargo" "+1.99.0-beta.8" "metadata" "--no-deps" "--format-version=1", kill_on_drop: false }`
[INFO] running `Command { std: "docker" "inspect" "d2f2bd8af51bc3acc7c8b9b54e53a7fcbc133e945b1495a1c7834c50ca950ea6", kill_on_drop: false }`
[INFO] running `Command { std: "docker" "exec" "-e" "SOURCE_DIR=/opt/rustwide/workdir" "-e" "CARGO_HOME=/opt/rustwide/cargo-home" "-e" "RUSTUP_HOME=/opt/rustwide/rustup-home" "-e" "CARGO_TARGET_DIR=/opt/rustwide/target" "-e" "CARGO_INCREMENTAL=0" "-e" "RUST_BACKTRACE=full" "-e" "RUSTFLAGS=--cap-lints=warn" "-e" "RUSTDOCFLAGS=--cap-lints=warn" "-w" "/opt/rustwide/workdir" "--user" "0:0" "d2f2bd8af51bc3acc7c8b9b54e53a7fcbc133e945b1495a1c7834c50ca950ea6" "/opt/rustwide/cargo-home/bin/cargo" "+1.99.0-beta.8" "build" "--frozen" "--message-format=json" "--release", kill_on_drop: false }`
[INFO] [stderr]    Compiling libc v0.2.189
[INFO] [stderr]    Compiling syn v3.0.3
[INFO] [stderr]    Compiling log v0.4.32
[INFO] [stderr]    Compiling smallvec v1.15.1
[INFO] [stderr]    Compiling cc v1.2.63
[INFO] [stderr]    Compiling cpufeatures v0.3.0
[INFO] [stderr]    Compiling either v1.16.0
[INFO] [stderr]    Compiling darling_core v0.23.0
[INFO] [stderr]    Compiling strum_macros v0.28.0
[INFO] [stderr]    Compiling unicode-segmentation v1.13.3
[INFO] [stderr]    Compiling memchr v2.8.1
[INFO] [stderr]    Compiling signal-hook v0.3.18
[INFO] [stderr]    Compiling castaway v0.2.4
[INFO] [stderr]    Compiling unicode-width v0.2.2
[INFO] [stderr]    Compiling lru v0.18.0
[INFO] [stderr]    Compiling critical-section v1.2.0
[INFO] [stderr]    Compiling compact_str v0.9.1
[INFO] [stderr]    Compiling rustix v1.1.4
[INFO] [stderr]    Compiling instability v0.3.12
[INFO] [stderr]    Compiling indoc v2.0.7
[INFO] [stderr]    Compiling deranged v0.5.8
[INFO] [stderr]    Compiling tokio-macros v2.7.0
[INFO] [stderr]    Compiling base64 v0.23.1
[INFO] [stderr]    Compiling itertools v0.14.0
[INFO] [stderr]    Compiling num_threads v0.1.7
[INFO] [stderr]    Compiling convert_case v0.10.0
[INFO] [stderr]    Compiling line-clipping v0.3.7
[INFO] [stderr]    Compiling regex-automata v0.4.14
[INFO] [stderr]    Compiling serde_json v1.0.151
[INFO] [stderr]    Compiling derive_more-impl v2.1.1
[INFO] [stderr]    Compiling hashlink v0.12.0
[INFO] [stderr]    Compiling fallible-streaming-iterator v0.1.9
[INFO] [stderr]    Compiling fallible-iterator v0.3.0
[INFO] [stderr]    Compiling tracing v0.1.44
[INFO] [stderr]    Compiling errno v0.3.14
[INFO] [stderr]    Compiling mio v1.2.1
[INFO] [stderr]    Compiling signal-hook-registry v1.4.8
[INFO] [stderr]    Compiling parking_lot_core v0.9.12
[INFO] [stderr]    Compiling derive_more v2.1.1
[INFO] [stderr]    Compiling socket2 v0.6.4
[INFO] [stderr]    Compiling getrandom v0.4.2
[INFO] [stderr]    Compiling parking_lot v0.12.5
[INFO] [stderr]    Compiling nom v8.0.0
[INFO] [stderr]    Compiling blake3 v1.8.7
[INFO] [stderr]    Compiling libsqlite3-sys v0.38.2
[INFO] [stderr]    Compiling signal-hook-mio v0.2.5
[INFO] [stderr]    Compiling crossterm v0.29.0
[INFO] [stderr]    Compiling time v0.3.47
[INFO] [stderr]    Compiling tokio v1.53.1
[INFO] [stderr]    Compiling uuid v1.26.1
[INFO] [stderr]    Compiling tracing-log v0.2.0
[INFO] [stderr]    Compiling simdutf8 v0.1.5
[INFO] [stderr]    Compiling winnow v1.0.3
[INFO] [stderr]    Compiling strum v0.28.0
[INFO] [stderr]    Compiling serde_spanned v1.1.1
[INFO] [stderr]    Compiling toml_datetime v1.1.1+spec-1.1.0
[INFO] [stderr]    Compiling unicode-truncate v2.0.1
[INFO] [stderr]    Compiling toml_writer v1.1.2+spec-1.1.0
[INFO] [stderr]    Compiling thiserror-impl v2.0.21
[INFO] [stderr]    Compiling serde_derive v1.0.229
[INFO] [stderr]    Compiling darling_macro v0.23.0
[INFO] [stderr]    Compiling matchers v0.2.0
[INFO] [stderr]    Compiling toml_parser v1.1.3+spec-1.1.0
[INFO] [stderr]    Compiling tracing-subscriber v0.3.23
[INFO] [stderr]    Compiling darling v0.23.0
[INFO] [stderr]    Compiling toml v1.1.6+spec-1.1.0
[INFO] [stderr]    Compiling thiserror v2.0.21
[INFO] [stderr]    Compiling kasuari v0.4.12
[INFO] [stderr]    Compiling ratatui-core v0.1.2
[INFO] [stderr]    Compiling serde v1.0.229
[INFO] [stderr]    Compiling ratatui-widgets v0.3.2
[INFO] [stderr]    Compiling ratatui-crossterm v0.1.2
[INFO] [stderr]    Compiling ansi-to-tui v8.0.1
[INFO] [stderr]    Compiling cue-core v0.2.1
[INFO] [stderr]    Compiling cue-protocol v0.2.1
[INFO] [stderr]    Compiling cue-language v0.2.1
[INFO] [stderr]    Compiling ratatui-macros v0.7.2
[INFO] [stderr]    Compiling ratatui v0.30.2
[INFO] [stderr]    Compiling cue-runtime v0.2.1
[INFO] [stderr]    Compiling cue-client v0.2.1
[INFO] [stderr]    Compiling cue-tui v0.2.1
[INFO] [stderr]    Compiling rusqlite v0.40.2
[INFO] [stderr]    Compiling cue-store-sqlite v0.2.1
[INFO] [stderr]    Compiling cue-daemon v0.2.1
[INFO] [stderr]    Compiling cue-cli v0.2.1 (/opt/rustwide/workdir)
[INFO] [stderr]     Finished `release` profile [optimized] target(s) in 3m 11s
[INFO] running `Command { std: "docker" "inspect" "d2f2bd8af51bc3acc7c8b9b54e53a7fcbc133e945b1495a1c7834c50ca950ea6", kill_on_drop: false }`
[INFO] running `Command { std: "docker" "exec" "-e" "SOURCE_DIR=/opt/rustwide/workdir" "-e" "CARGO_HOME=/opt/rustwide/cargo-home" "-e" "RUSTUP_HOME=/opt/rustwide/rustup-home" "-e" "CARGO_TARGET_DIR=/opt/rustwide/target" "-e" "CARGO_INCREMENTAL=0" "-e" "RUST_BACKTRACE=full" "-e" "RUSTFLAGS=--cap-lints=warn" "-e" "RUSTDOCFLAGS=--cap-lints=warn" "-w" "/opt/rustwide/workdir" "--user" "0:0" "d2f2bd8af51bc3acc7c8b9b54e53a7fcbc133e945b1495a1c7834c50ca950ea6" "/opt/rustwide/cargo-home/bin/cargo" "+1.99.0-beta.8" "test" "--frozen" "--no-run" "--message-format=json" "--release", kill_on_drop: false }`
[INFO] [stderr]    Compiling vte v0.15.0
[INFO] [stderr]    Compiling vt100 v0.16.2
[INFO] [stderr]    Compiling cue-cli v0.2.1 (/opt/rustwide/workdir)
[INFO] [stderr]     Finished `release` profile [optimized] target(s) in 6.67s
[INFO] running `Command { std: "docker" "inspect" "d2f2bd8af51bc3acc7c8b9b54e53a7fcbc133e945b1495a1c7834c50ca950ea6", kill_on_drop: false }`
[INFO] running `Command { std: "docker" "exec" "-e" "SOURCE_DIR=/opt/rustwide/workdir" "-e" "CARGO_HOME=/opt/rustwide/cargo-home" "-e" "RUSTUP_HOME=/opt/rustwide/rustup-home" "-e" "CARGO_TARGET_DIR=/opt/rustwide/target" "-e" "CARGO_INCREMENTAL=0" "-e" "RUST_BACKTRACE=full" "-e" "RUSTFLAGS=--cap-lints=warn" "-e" "RUSTDOCFLAGS=--cap-lints=warn" "-w" "/opt/rustwide/workdir" "--user" "0:0" "d2f2bd8af51bc3acc7c8b9b54e53a7fcbc133e945b1495a1c7834c50ca950ea6" "/opt/rustwide/cargo-home/bin/cargo" "+1.99.0-beta.8" "test" "--frozen" "--release", kill_on_drop: false }`
[INFO] [stderr]     Finished `release` profile [optimized] target(s) in 0.22s
[INFO] [stderr]      Running unittests src/lib.rs (/opt/rustwide/target/release/deps/cue_cli-b371f93ac6c5a829)
[INFO] [stdout] 
[INFO] [stdout] running 33 tests
[INFO] [stdout] test config::tests::extension_registry_rejects_non_kebab_case_names ... ok
[INFO] [stdout] test companion_binary::tests::argv0_path_reports_current_dir_failure_for_relative_path ... ok
[INFO] [stdout] test config::tests::parses_external_extensions ... ok
[INFO] [stdout] test extension_dispatch::tests::configured_extension_program_rejects_empty_program ... ok
[INFO] [stdout] test config::tests::extension_dispatch_config_rejects_unknown_top_level_sections ... ok
[INFO] [stdout] test extension_dispatch::tests::configured_extension_program_rejects_padded_program_without_trimming ... ok
[INFO] [stdout] test config::tests::extension_registry_rejects_empty_program ... ok
[INFO] [stdout] test config::tests::extension_dispatch_config_rejects_removed_transport_section ... ok
[INFO] [stdout] test companion_binary::tests::companion_binary_uses_current_exe_sibling ... ok
[INFO] [stdout] test extension_dispatch::tests::first_party_binary_reports_current_exe_failure ... ok
[INFO] [stdout] test extension_dispatch::tests::first_party_binary_uses_current_exe_sibling ... ok
[INFO] [stdout] test companion_binary::tests::companion_binary_falls_back_to_argv0_sibling ... ok
[INFO] [stdout] test extension_dispatch::tests::first_party_binary_falls_back_to_argv0_when_current_exe_has_no_companion ... ok
[INFO] [stdout] test extension_dispatch::tests::exec_program_maps_signal_status_to_shell_exit_code ... ok
[INFO] [stdout] test extension_dispatch::tests::run_first_party_extension_reports_lookup_error_without_user_registry_fallback ... ok
[INFO] [stdout] test extension_dispatch::tests::run_first_party_extension_skips_user_registry_config ... ok
[INFO] [stdout] test extension_dispatch::tests::first_party_binary_uses_cargo_deps_sibling ... ok
[INFO] [stdout] test extension_dispatch::tests::non_first_party_extension_uses_path_lookup_when_enabled ... ok
[INFO] [stdout] test extension_dispatch::tests::first_party_extension_set_is_explicit ... ok
[INFO] [stdout] test extension_dispatch::tests::first_party_sibling_resolves_as_first_party_command ... ok
[INFO] [stdout] test extension_dispatch::tests::first_party_tui_extension_does_not_resolve_without_companion_binary ... ok
[INFO] [stdout] test extension_dispatch::tests::run_missing_first_party_extension_does_not_load_user_registry_config ... ok
[INFO] [stdout] test extension_dispatch::tests::non_first_party_extension_respects_global_path_lookup_flag ... ok
[INFO] [stdout] test extension_dispatch::tests::run_invalid_extension_name_does_not_load_config_or_probe_path ... ok
[INFO] [stdout] test config::tests::extension_registry_rejects_reserved_names ... ok
[INFO] [stdout] test extension_dispatch::tests::exec_program_returns_child_exit_code_without_exiting ... ok
[INFO] [stdout] test path_lookup::tests::finds_executable_in_ordered_paths ... ok
[INFO] [stdout] test companion_binary::tests::companion_binary_rejects_non_executable_sibling ... ok
[INFO] [stdout] test companion_binary::tests::companion_binary_uses_cargo_bin_for_deps_path ... ok
[INFO] [stdout] test config::tests::extension_registry_rejects_padded_program ... ok
[INFO] [stdout] test config::tests::extension_registry_rejects_unknown_extension_fields ... ok
[INFO] [stdout] test path_lookup::tests::ignores_non_executable_files_on_unix ... ok
[INFO] [stdout] test config::tests::extension_registry_requires_program_field ... ok
[INFO] [stdout] 
[INFO] [stdout] test result: ok. 33 passed; 0 failed; 0 ignored; 0 measured; 0 filtered out; finished in 0.01s
[INFO] [stdout] 
[INFO] [stderr]      Running unittests src/main.rs (/opt/rustwide/target/release/deps/cue-523aafc21a47f34a)
[INFO] [stdout] 
[INFO] [stdout] running 11 tests
[INFO] [stdout] test tests::help_text_mentions_aggregator_namespaces_and_extensions ... ok
[INFO] [stdout] test tests::parse_command_accepts_foreground_watch_shortcut ... ok
[INFO] [stdout] test tests::parse_command_defaults_to_help ... ok
[INFO] [stdout] test tests::parse_command_forwards_namespaces ... ok
[INFO] [stdout] test tests::parse_command_rejects_invalid_run_args ... ok
[INFO] [stdout] test tests::parse_command_rejects_non_utf8_subcommand ... ok
[INFO] [stdout] test tests::parse_command_rejects_target_namespace ... ok
[INFO] [stdout] test tests::parse_command_treats_unknown_namespace_as_extension ... ok
[INFO] [stdout] test tests::session_is_not_a_builtin_namespace ... ok
[INFO] [stdout] test tests::parse_command_accepts_run_shortcut ... ok
[INFO] [stderr]      Running unittests src/bin/cue-client.rs (/opt/rustwide/target/release/deps/cue_client-6e435d72bbeb5caa)
[INFO] [stdout] test tests::parse_command_accepts_help_and_version ... ok
[INFO] [stdout] 
[INFO] [stdout] test result: ok. 11 passed; 0 failed; 0 ignored; 0 measured; 0 filtered out; finished in 0.00s
[INFO] [stdout] 
[INFO] [stderr]      Running unittests src/bin/cue-tui.rs (/opt/rustwide/target/release/deps/cue_tui-16d61d6e741690b6)
[INFO] [stdout] 
[INFO] [stdout] running 0 tests
[INFO] [stdout] 
[INFO] [stdout] test result: ok. 0 passed; 0 failed; 0 ignored; 0 measured; 0 filtered out; finished in 0.00s
[INFO] [stdout] 
[INFO] [stdout] 
[INFO] [stderr]      Running unittests src/bin/cued.rs (/opt/rustwide/target/release/deps/cued-5461952b9ed5759d)
[INFO] [stdout] running 0 tests
[INFO] [stdout] 
[INFO] [stdout] test result: ok. 0 passed; 0 failed; 0 ignored; 0 measured; 0 filtered out; finished in 0.00s
[INFO] [stdout] 
[INFO] [stdout] 
[INFO] [stdout] running 0 tests
[INFO] [stdout] 
[INFO] [stdout] test result: ok. 0 passed; 0 failed; 0 ignored; 0 measured; 0 filtered out; finished in 0.00s
[INFO] [stdout] 
[INFO] [stderr]      Running tests/tui_workflows.rs (/opt/rustwide/target/release/deps/tui_workflows-4104476c8c930bd8)
[INFO] [stdout] 
[INFO] [stdout] running 3 tests
[INFO] [stdout] test existing_and_external_executions_have_selectable_live_output ... ok
[INFO] [stdout] test input_completion_cancel_history_and_reconnect_use_real_cli_paths ... ok
[INFO] [stderr]      Running tests/user_workflows.rs (/opt/rustwide/target/release/deps/user_workflows-dbb2bcc43ca50835)
[INFO] [stdout] test pty_passthrough_detaches_back_into_the_workbench ... ok
[INFO] [stdout] 
[INFO] [stdout] test result: ok. 3 passed; 0 failed; 0 ignored; 0 measured; 0 filtered out; finished in 5.86s
[INFO] [stdout] 
[INFO] [stdout] 
[INFO] [stdout] running 2 tests
[INFO] [stdout] test missing_daemon_has_an_actionable_start_command ... ok
[INFO] [stdout] test errors_and_retained_output_are_visible_through_installed_command_shapes ... FAILED
[INFO] [stdout] 
[INFO] [stdout] failures:
[INFO] [stdout] 
[INFO] [stdout] ---- errors_and_retained_output_are_visible_through_installed_command_shapes stdout ----
[INFO] [stdout] 
[INFO] [stdout] thread 'errors_and_retained_output_are_visible_through_installed_command_shapes' (2579) panicked at tests/user_workflows.rs:89:5:
[INFO] [stdout] Output { status: ExitStatus(unix_wait_status(256)), stdout: "", stderr: "printf: write error: formatting width too large\n" }
[INFO] [stdout] stack backtrace:
[INFO] [stdout]    0:     0x569f25a337a1 - <<std[70759c8f55707aa4]::sys::backtrace::BacktraceLock>::print::DisplayBacktrace as core[df12db4294e9bfd3]::fmt::Display>::fmt
[INFO] [stdout]    1:     0x569f25a4821a - core[df12db4294e9bfd3]::fmt::write
[INFO] [stdout]    2:     0x569f25a3827c - <alloc[2182bb758b4b3781]::vec::Vec<u8> as core[df12db4294e9bfd3]::io::write::Write>::write_fmt
[INFO] [stdout]    3:     0x569f25a0dcf6 - std[70759c8f55707aa4]::panicking::default_hook::{closure#0}
[INFO] [stdout]    4:     0x569f25a2b3c9 - std[70759c8f55707aa4]::panicking::default_hook
[INFO] [stdout]    5:     0x569f259a37d0 - test[9d35eded1c95d3be]::test_main_inner::<test[9d35eded1c95d3be]::test_main_static::{closure#0}>::{closure#0}
[INFO] [stdout]    6:     0x569f25a2b6f2 - std[70759c8f55707aa4]::panicking::panic_with_hook
[INFO] [stdout]    7:     0x569f25a0dda2 - std[70759c8f55707aa4]::panicking::panic_handler::{closure#0}
[INFO] [stdout]    8:     0x569f25a06a09 - std[70759c8f55707aa4]::sys::backtrace::__rust_end_short_backtrace::<std[70759c8f55707aa4]::panicking::panic_handler::{closure#0}, !>
[INFO] [stdout]    9:     0x569f25a0e99d - __rustc[8fa7c3cbc660c2b3]::rust_begin_unwind
[INFO] [stdout]   10:     0x569f25a4897c - core[df12db4294e9bfd3]::panicking::panic_fmt
[INFO] [stdout]   11:     0x569f2598f998 - user_workflows[53f16bfc2a2dc7dc]::errors_and_retained_output_are_visible_through_installed_command_shapes::{closure#0}
[INFO] [stdout]   12:     0x569f2599083a - <tokio[3b3007788d08e1db]::runtime::context::scoped::Scoped<tokio[3b3007788d08e1db]::runtime::scheduler::Context>>::set::<<tokio[3b3007788d08e1db]::runtime::scheduler::current_thread::CoreGuard>::enter<<tokio[3b3007788d08e1db]::runtime::scheduler::current_thread::CoreGuard>::block_on<core[df12db4294e9bfd3]::pin::Pin<&mut core[df12db4294e9bfd3]::pin::Pin<&mut dyn core[df12db4294e9bfd3]::future::future::Future<Output = ()>>>>::{closure#0}, core[df12db4294e9bfd3]::option::Option<()>>::{closure#0}, (alloc[2182bb758b4b3781]::boxed::Box<tokio[3b3007788d08e1db]::runtime::scheduler::current_thread::Core>, core[df12db4294e9bfd3]::option::Option<()>)>
[INFO] [stdout]   13:     0x569f25990afd - <tokio[3b3007788d08e1db]::runtime::scheduler::current_thread::CoreGuard>::block_on::<core[df12db4294e9bfd3]::pin::Pin<&mut core[df12db4294e9bfd3]::pin::Pin<&mut dyn core[df12db4294e9bfd3]::future::future::Future<Output = ()>>>>
[INFO] [stdout]   14:     0x569f25994519 - tokio[3b3007788d08e1db]::runtime::context::runtime::enter_runtime::<<tokio[3b3007788d08e1db]::runtime::scheduler::current_thread::CurrentThread>::block_on<core[df12db4294e9bfd3]::pin::Pin<&mut dyn core[df12db4294e9bfd3]::future::future::Future<Output = ()>>>::{closure#0}, ()>
[INFO] [stdout]   15:     0x569f259936fb - <tokio[3b3007788d08e1db]::runtime::runtime::Runtime>::block_on::<core[df12db4294e9bfd3]::pin::Pin<&mut dyn core[df12db4294e9bfd3]::future::future::Future<Output = ()>>>
[INFO] [stdout]   16:     0x569f2599062e - <user_workflows[53f16bfc2a2dc7dc]::errors_and_retained_output_are_visible_through_installed_command_shapes::{closure#0} as core[df12db4294e9bfd3]::ops::function::FnOnce<()>>::call_once
[INFO] [stdout]   17:     0x569f25996abb - test[9d35eded1c95d3be]::__rust_begin_short_backtrace::<core[df12db4294e9bfd3]::result::Result<(), alloc[2182bb758b4b3781]::string::String>, fn() -> core[df12db4294e9bfd3]::result::Result<(), alloc[2182bb758b4b3781]::string::String>>
[INFO] [stdout]   18:     0x569f259a4125 - test[9d35eded1c95d3be]::run_test::{closure#0}
[INFO] [stdout]   19:     0x569f2599d9e4 - std[70759c8f55707aa4]::sys::backtrace::__rust_begin_short_backtrace::<test[9d35eded1c95d3be]::run_test::{closure#1}, ()>
[INFO] [stdout]   20:     0x569f259a7282 - <std[70759c8f55707aa4]::thread::lifecycle::spawn_unchecked<test[9d35eded1c95d3be]::run_test::{closure#1}, ()>::{closure#1} as core[df12db4294e9bfd3]::ops::function::FnOnce<()>>::call_once::{shim:vtable#0}
[INFO] [stdout]   21:     0x569f25a32e79 - <std[70759c8f55707aa4]::sys::thread::unix::Thread>::new::thread_start
[INFO] [stdout]   22:     0x7b9503ffedfa - <unknown>
[INFO] [stdout]   23:     0x7b95040923d4 - clone
[INFO] [stdout]   24:                0x0 - <unknown>
[INFO] [stdout] 
[INFO] [stdout] 
[INFO] [stdout] failures:
[INFO] [stdout]     errors_and_retained_output_are_visible_through_installed_command_shapes
[INFO] [stdout] 
[INFO] [stdout] test result: FAILED. 1 passed; 1 failed; 0 ignored; 0 measured; 0 filtered out; finished in 0.35s
[INFO] [stdout] 
[INFO] [stderr] error: test failed, to rerun pass `--test user_workflows`
[INFO] running `Command { std: "docker" "inspect" "d2f2bd8af51bc3acc7c8b9b54e53a7fcbc133e945b1495a1c7834c50ca950ea6", kill_on_drop: false }`
[INFO] running `Command { std: "docker" "rm" "-f" "d2f2bd8af51bc3acc7c8b9b54e53a7fcbc133e945b1495a1c7834c50ca950ea6", kill_on_drop: false }`
[INFO] [stdout] d2f2bd8af51bc3acc7c8b9b54e53a7fcbc133e945b1495a1c7834c50ca950ea6
