[INFO] fetching crate cuda_parsers 0.1.0...
[INFO] testing cuda_parsers-0.1.0 against 1.100.0-beta.1+cargoflags=--release for beta-release-1.100-2
[INFO] extracting crate cuda_parsers 0.1.0 into /workspace/builds/worker-5-tc2/source
[INFO] started tweaking crates.io crate cuda_parsers 0.1.0
[INFO] finished tweaking crates.io crate cuda_parsers 0.1.0
[INFO] tweaked toml for crates.io crate cuda_parsers 0.1.0 written to /workspace/builds/worker-5-tc2/source/Cargo.toml
[INFO] validating manifest of crates.io crate cuda_parsers 0.1.0 on toolchain 1.100.0-beta.1
[INFO] running `Command { std: CARGO_HOME="/workspace/cargo-home" RUSTUP_HOME="/workspace/rustup-home" "/workspace/cargo-home/bin/cargo" "+1.100.0-beta.1" "metadata" "--manifest-path" "Cargo.toml" "--no-deps", kill_on_drop: false }`
[INFO] running `Command { std: CARGO_HOME="/workspace/cargo-home" RUSTUP_HOME="/workspace/rustup-home" "/workspace/cargo-home/bin/cargo" "+1.100.0-beta.1" "generate-lockfile" "--manifest-path" "Cargo.toml", kill_on_drop: false }`
[INFO] [stderr]     Updating crates.io index
[INFO] [stderr]      Locking 94 packages to highest compatible versions
[INFO] [stderr]       Adding deku v0.15.1 (available: v0.20.3)
[INFO] [stderr]       Adding env_logger v0.10.2 (available: v0.11.11)
[INFO] [stderr]       Adding goblin v0.5.4 (available: v0.10.7)
[INFO] running `Command { std: CARGO_HOME="/workspace/cargo-home" RUSTUP_HOME="/workspace/rustup-home" "/workspace/cargo-home/bin/cargo" "+1.100.0-beta.1" "fetch" "--manifest-path" "Cargo.toml", kill_on_drop: false }`
[INFO] running `Command { std: "docker" "create" "-v" "/var/lib/crater-agent-workspace/builds/worker-5-tc2/source:/opt/rustwide/workdir:ro,Z" "-v" "/var/lib/crater-agent-workspace/builds/worker-5-tc2/target:/opt/rustwide/target:rw,Z" "-v" "/var/lib/crater-agent-workspace/cargo-home:/opt/rustwide/cargo-home:ro,Z" "-v" "/var/lib/crater-agent-workspace/rustup-home:/opt/rustwide/rustup-home:ro,Z" "-m" "1610612736" "--network" "none" "ghcr.io/rust-lang/crates-build-env/linux@sha256:77db811e55d90add9212f6832c23229e3de5f1c1f9905e8cb07319ea15df73ac" "sleep" "infinity", kill_on_drop: false }`
[INFO] [stdout] f701d5bb648d444155ae4aaee428fcd01ed925d8bd70c0cc76511d8148f79b47
[INFO] running `Command { std: "docker" "start" "f701d5bb648d444155ae4aaee428fcd01ed925d8bd70c0cc76511d8148f79b47", kill_on_drop: false }`
[INFO] running `Command { std: "docker" "inspect" "f701d5bb648d444155ae4aaee428fcd01ed925d8bd70c0cc76511d8148f79b47", kill_on_drop: false }`
[INFO] running `Command { std: "docker" "exec" "-e" "SOURCE_DIR=/opt/rustwide/workdir" "-e" "CARGO_HOME=/opt/rustwide/cargo-home" "-e" "RUSTUP_HOME=/opt/rustwide/rustup-home" "-e" "CARGO_TARGET_DIR=/opt/rustwide/target" "-w" "/opt/rustwide/workdir" "--user" "0:0" "f701d5bb648d444155ae4aaee428fcd01ed925d8bd70c0cc76511d8148f79b47" "/opt/rustwide/cargo-home/bin/cargo" "+1.100.0-beta.1" "metadata" "--no-deps" "--format-version=1", kill_on_drop: false }`
[INFO] running `Command { std: "docker" "inspect" "f701d5bb648d444155ae4aaee428fcd01ed925d8bd70c0cc76511d8148f79b47", kill_on_drop: false }`
[INFO] running `Command { std: "docker" "exec" "-e" "SOURCE_DIR=/opt/rustwide/workdir" "-e" "CARGO_HOME=/opt/rustwide/cargo-home" "-e" "RUSTUP_HOME=/opt/rustwide/rustup-home" "-e" "CARGO_TARGET_DIR=/opt/rustwide/target" "-e" "CARGO_INCREMENTAL=0" "-e" "RUST_BACKTRACE=full" "-e" "RUSTFLAGS=--cap-lints=warn" "-e" "RUSTDOCFLAGS=--cap-lints=warn" "-w" "/opt/rustwide/workdir" "--user" "0:0" "f701d5bb648d444155ae4aaee428fcd01ed925d8bd70c0cc76511d8148f79b47" "/opt/rustwide/cargo-home/bin/cargo" "+1.100.0-beta.1" "build" "--frozen" "--message-format=json" "--release", kill_on_drop: false }`
[INFO] [stderr]    Compiling syn v2.0.119
[INFO] [stderr]    Compiling equivalent v1.0.3
[INFO] [stderr]    Compiling winnow v0.5.40
[INFO] [stderr]    Compiling toml_datetime v0.6.11
[INFO] [stderr]    Compiling log v0.4.34
[INFO] [stderr]    Compiling darling_core v0.14.4
[INFO] [stderr]    Compiling diff v0.1.13
[INFO] [stderr]    Compiling plain v0.2.3
[INFO] [stderr]    Compiling yansi v1.0.1
[INFO] [stderr]    Compiling lz4-sys v1.11.1+lz4-1.10.0
[INFO] [stderr]    Compiling bitvec v1.1.1
[INFO] [stderr]    Compiling indexmap v2.14.2
[INFO] [stderr]    Compiling pretty_assertions v1.4.1
[INFO] [stderr]    Compiling darling_macro v0.14.4
[INFO] [stderr]    Compiling darling v0.14.4
[INFO] [stderr]    Compiling toml_edit v0.19.15
[INFO] [stderr]    Compiling proc-macro-crate v1.3.1
[INFO] [stderr]    Compiling deku_derive v0.15.1
[INFO] [stderr]    Compiling scroll_derive v0.11.1
[INFO] [stderr]    Compiling tracing-attributes v0.1.31
[INFO] [stderr]    Compiling scroll v0.11.0
[INFO] [stderr]    Compiling goblin v0.5.4
[INFO] [stderr]    Compiling deku v0.15.1
[INFO] [stderr]    Compiling tracing v0.1.44
[INFO] [stderr]    Compiling lz4 v1.28.1
[INFO] [stderr]    Compiling cuda_parsers v0.1.0 (/opt/rustwide/workdir)
[INFO] [stderr] warning: unused dependency `pretty_assertions`
[INFO] [stderr]   --> Cargo.toml:14:15
[INFO] [stderr]    |
[INFO] [stderr] 14 | [dependencies.pretty_assertions]
[INFO] [stderr]    |               ^^^^^^^^^^^^^^^^^^
[INFO] [stderr]    |
[INFO] [stderr]    = note: `cargo::unused_dependencies` is set to `warn` by default
[INFO] [stderr] help: consider removing the dependency on `pretty_assertions`
[INFO] [stderr] warning: `cuda_parsers` (manifest) generated 1 warning
[INFO] [stderr]     Finished `release` profile [optimized] target(s) in 31.11s
[INFO] running `Command { std: "docker" "inspect" "f701d5bb648d444155ae4aaee428fcd01ed925d8bd70c0cc76511d8148f79b47", kill_on_drop: false }`
[INFO] running `Command { std: "docker" "exec" "-e" "SOURCE_DIR=/opt/rustwide/workdir" "-e" "CARGO_HOME=/opt/rustwide/cargo-home" "-e" "RUSTUP_HOME=/opt/rustwide/rustup-home" "-e" "CARGO_TARGET_DIR=/opt/rustwide/target" "-e" "CARGO_INCREMENTAL=0" "-e" "RUST_BACKTRACE=full" "-e" "RUSTFLAGS=--cap-lints=warn" "-e" "RUSTDOCFLAGS=--cap-lints=warn" "-w" "/opt/rustwide/workdir" "--user" "0:0" "f701d5bb648d444155ae4aaee428fcd01ed925d8bd70c0cc76511d8148f79b47" "/opt/rustwide/cargo-home/bin/cargo" "+1.100.0-beta.1" "test" "--frozen" "--no-run" "--message-format=json" "--release", kill_on_drop: false }`
[INFO] [stderr]    Compiling libc v0.2.191
[INFO] [stderr]    Compiling zstd-safe v8.2.0
[INFO] [stderr]    Compiling smallvec v1.16.3
[INFO] [stderr]    Compiling futures-sink v0.3.34
[INFO] [stderr]    Compiling futures-core v0.3.34
[INFO] [stderr]    Compiling syn v3.0.9
[INFO] [stderr]    Compiling log v0.4.34
[INFO] [stderr]    Compiling regex-automata v0.4.18
[INFO] [stderr]    Compiling compression-core v0.4.34
[INFO] [stderr]    Compiling is-terminal v0.4.17
[INFO] [stderr]    Compiling futures-channel v0.3.34
[INFO] [stderr]    Compiling goblin v0.5.4
[INFO] [stderr]    Compiling parking_lot_core v0.9.12
[INFO] [stderr]    Compiling parking_lot v0.12.5
[INFO] [stderr]    Compiling jobserver v0.1.35
[INFO] [stderr]    Compiling cc v1.8.0
[INFO] [stderr]    Compiling zstd-sys v2.1.2+zstd.1.5.7
[INFO] [stderr]    Compiling lz4-sys v1.11.1+lz4-1.10.0
[INFO] [stderr]    Compiling regex v1.13.1
[INFO] [stderr]    Compiling futures-macro v0.3.34
[INFO] [stderr]    Compiling tokio-macros v2.7.2
[INFO] [stderr]    Compiling tokio v1.53.3
[INFO] [stderr]    Compiling env_logger v0.10.2
[INFO] [stderr]    Compiling futures-util v0.3.34
[INFO] [stderr]    Compiling futures-executor v0.3.34
[INFO] [stderr]    Compiling futures v0.3.34
[INFO] [stderr]    Compiling lz4 v1.28.1
[INFO] [stderr]    Compiling cuda_parsers v0.1.0 (/opt/rustwide/workdir)
[INFO] [stderr]    Compiling zstd v0.14.3
[INFO] [stderr]    Compiling compression-codecs v0.4.46
[INFO] [stderr]    Compiling async-compression v0.4.51
[INFO] [stderr] warning: unused dependency `pretty_assertions`
[INFO] [stderr]   --> Cargo.toml:14:15
[INFO] [stderr]    |
[INFO] [stderr] 14 | [dependencies.pretty_assertions]
[INFO] [stderr]    |               ^^^^^^^^^^^^^^^^^^
[INFO] [stderr]    |
[INFO] [stderr]    = note: `cargo::unused_dependencies` is set to `warn` by default
[INFO] [stderr] help: consider removing the dependency on `pretty_assertions`
[INFO] [stderr] help: to still use for development builds, move to `dev-dependencies`
[INFO] [stderr] warning: `cuda_parsers` (manifest) generated 1 warning
[INFO] [stderr]     Finished `release` profile [optimized] target(s) in 1m 07s
[INFO] running `Command { std: "docker" "inspect" "f701d5bb648d444155ae4aaee428fcd01ed925d8bd70c0cc76511d8148f79b47", kill_on_drop: false }`
[INFO] running `Command { std: "docker" "exec" "-e" "SOURCE_DIR=/opt/rustwide/workdir" "-e" "CARGO_HOME=/opt/rustwide/cargo-home" "-e" "RUSTUP_HOME=/opt/rustwide/rustup-home" "-e" "CARGO_TARGET_DIR=/opt/rustwide/target" "-e" "CARGO_INCREMENTAL=0" "-e" "RUST_BACKTRACE=full" "-e" "RUSTFLAGS=--cap-lints=warn" "-e" "RUSTDOCFLAGS=--cap-lints=warn" "-w" "/opt/rustwide/workdir" "--user" "0:0" "f701d5bb648d444155ae4aaee428fcd01ed925d8bd70c0cc76511d8148f79b47" "/opt/rustwide/cargo-home/bin/cargo" "+1.100.0-beta.1" "test" "--frozen" "--release", kill_on_drop: false }`
[INFO] [stderr] warning: unused dependency `pretty_assertions`
[INFO] [stderr]   --> Cargo.toml:14:15
[INFO] [stderr]    |
[INFO] [stderr] 14 | [dependencies.pretty_assertions]
[INFO] [stderr]    |               ^^^^^^^^^^^^^^^^^^
[INFO] [stderr]    |
[INFO] [stderr]    = note: `cargo::unused_dependencies` is set to `warn` by default
[INFO] [stderr] help: consider removing the dependency on `pretty_assertions`
[INFO] [stderr] help: to still use for development builds, move to `dev-dependencies`
[INFO] [stderr] warning: `cuda_parsers` (manifest) generated 1 warning
[INFO] [stderr]     Finished `release` profile [optimized] target(s) in 0.11s
[INFO] [stderr]      Running unittests src/lib.rs (/opt/rustwide/target/release/build/cuda_parsers/11ea5dbc73d0e2f0/out/cuda_parsers-11ea5dbc73d0e2f0)
[INFO] [stdout] 
[INFO] [stdout] running 0 tests
[INFO] [stdout] 
[INFO] [stdout] test result: ok. 0 passed; 0 failed; 0 ignored; 0 measured; 0 filtered out; finished in 0.00s
[INFO] [stdout] 
[INFO] [stderr]      Running tests/cuobjdump.rs (/opt/rustwide/target/release/build/cuda_parsers/52904df7bc06eaa5/out/cuobjdump-52904df7bc06eaa5)
[INFO] [stdout] 
[INFO] [stdout] running 1 test
[INFO] [stdout] test test_validate_output ... FAILED
[INFO] [stdout] 
[INFO] [stdout] failures:
[INFO] [stdout] 
[INFO] [stdout] ---- test_validate_output stdout ----
[INFO] [stdout] 
[INFO] [stdout] thread 'test_validate_output' (1283) panicked at tests/cuobjdump.rs:184:65:
[INFO] [stdout] called `Result::unwrap()` on an `Err` value: Os { code: 30, kind: ReadOnlyFilesystem, message: "Read-only file system" }
[INFO] [stdout] stack backtrace:
[INFO] [stdout]    0:     0x60f1139ed411 - <<std[617be2ca0a6fd877]::sys::backtrace::BacktraceLock>::print::DisplayBacktrace as core[a373ad73a504971]::fmt::Display>::fmt
[INFO] [stdout]    1:     0x60f113a033ba - core[a373ad73a504971]::fmt::write
[INFO] [stdout]    2:     0x60f1139f1f0c - <alloc[2e1b2a31b91974c5]::vec::Vec<u8> as core[a373ad73a504971]::io::write::Write>::write_fmt
[INFO] [stdout]    3:     0x60f1139c8176 - std[617be2ca0a6fd877]::panicking::default_hook::{closure#0}
[INFO] [stdout]    4:     0x60f1139e53c9 - std[617be2ca0a6fd877]::panicking::default_hook
[INFO] [stdout]    5:     0x60f11388c790 - test[aada8e7e76ba119b]::test_main_inner::{closure#0}
[INFO] [stdout]    6:     0x60f1139e56f2 - std[617be2ca0a6fd877]::panicking::panic_with_hook
[INFO] [stdout]    7:     0x60f1139c8222 - std[617be2ca0a6fd877]::panicking::panic_handler::{closure#0}
[INFO] [stdout]    8:     0x60f1139c0bb9 - std[617be2ca0a6fd877]::sys::backtrace::__rust_end_short_backtrace::<std[617be2ca0a6fd877]::panicking::panic_handler::{closure#0}, !>
[INFO] [stdout]    9:     0x60f1139c8e2d - __rustc[ea4f61d10b84890b]::rust_begin_unwind
[INFO] [stdout]   10:     0x60f113a03b9c - core[a373ad73a504971]::panicking::panic_fmt
[INFO] [stdout]   11:     0x60f113a03972 - core[a373ad73a504971]::result::unwrap_failed
[INFO] [stdout]   12:     0x60f1137a88df - cuobjdump[e81c2df57e89363b]::test_validate_output::{closure#0}
[INFO] [stdout]   13:     0x60f1137af2c3 - <tokio[e44f7d8cfbde4c54]::runtime::scheduler::current_thread::Context>::enter::<core[a373ad73a504971]::task::poll::Poll<()>, <tokio[e44f7d8cfbde4c54]::runtime::scheduler::current_thread::CoreGuard>::block_on<core[a373ad73a504971]::pin::Pin<&mut core[a373ad73a504971]::pin::Pin<&mut dyn core[a373ad73a504971]::future::future::Future<Output = ()>>>>::{closure#0}::{closure#0}>
[INFO] [stdout]   14:     0x60f1137a93f9 - <std[617be2ca0a6fd877]::thread::local::LocalKey<tokio[e44f7d8cfbde4c54]::runtime::context::Context>>::with::<tokio[e44f7d8cfbde4c54]::runtime::context::set_scheduler<(alloc[2e1b2a31b91974c5]::boxed::Box<tokio[e44f7d8cfbde4c54]::runtime::scheduler::current_thread::Core>, core[a373ad73a504971]::option::Option<()>), <tokio[e44f7d8cfbde4c54]::runtime::scheduler::current_thread::CoreGuard>::enter<<tokio[e44f7d8cfbde4c54]::runtime::scheduler::current_thread::CoreGuard>::block_on<core[a373ad73a504971]::pin::Pin<&mut core[a373ad73a504971]::pin::Pin<&mut dyn core[a373ad73a504971]::future::future::Future<Output = ()>>>>::{closure#0}, core[a373ad73a504971]::option::Option<()>>::{closure#0}>::{closure#0}, (alloc[2e1b2a31b91974c5]::boxed::Box<tokio[e44f7d8cfbde4c54]::runtime::scheduler::current_thread::Core>, core[a373ad73a504971]::option::Option<()>)>
[INFO] [stdout]   15:     0x60f1137af717 - <tokio[e44f7d8cfbde4c54]::runtime::scheduler::current_thread::CoreGuard>::block_on::<core[a373ad73a504971]::pin::Pin<&mut core[a373ad73a504971]::pin::Pin<&mut dyn core[a373ad73a504971]::future::future::Future<Output = ()>>>>
[INFO] [stdout]   16:     0x60f1137ac04b - tokio[e44f7d8cfbde4c54]::runtime::context::runtime::enter_runtime::<<tokio[e44f7d8cfbde4c54]::runtime::scheduler::current_thread::CurrentThread>::block_on<core[a373ad73a504971]::pin::Pin<&mut dyn core[a373ad73a504971]::future::future::Future<Output = ()>>>::{closure#0}, ()>
[INFO] [stdout]   17:     0x60f1137aae8b - <tokio[e44f7d8cfbde4c54]::runtime::runtime::Runtime>::block_on::<core[a373ad73a504971]::pin::Pin<&mut dyn core[a373ad73a504971]::future::future::Future<Output = ()>>>
[INFO] [stdout]   18:     0x60f1137a924e - <cuobjdump[e81c2df57e89363b]::test_validate_output::{closure#0} as core[a373ad73a504971]::ops::function::FnOnce<()>>::call_once
[INFO] [stdout]   19:     0x60f11387fbdb - test[aada8e7e76ba119b]::__rust_begin_short_backtrace::<core[a373ad73a504971]::result::Result<(), alloc[2e1b2a31b91974c5]::string::String>, fn() -> core[a373ad73a504971]::result::Result<(), alloc[2e1b2a31b91974c5]::string::String>>
[INFO] [stdout]   20:     0x60f11388cdb5 - test[aada8e7e76ba119b]::run_test::{closure#0}
[INFO] [stdout]   21:     0x60f1138866a4 - std[617be2ca0a6fd877]::sys::backtrace::__rust_begin_short_backtrace::<test[aada8e7e76ba119b]::run_test::{closure#1}, ()>
[INFO] [stdout]   22:     0x60f11388fe42 - <std[617be2ca0a6fd877]::thread::lifecycle::spawn_unchecked<test[aada8e7e76ba119b]::run_test::{closure#1}, ()>::{closure#1} as core[a373ad73a504971]::ops::function::FnOnce<()>>::call_once::{shim:vtable#0}
[INFO] [stdout]   23:     0x60f1139ec94f - <std[617be2ca0a6fd877]::sys::thread::unix::Thread>::new::thread_start
[INFO] [stdout]   24:     0x75a46c6bbdfa - <unknown>
[INFO] [stdout]   25:     0x75a46c74f3d4 - clone
[INFO] [stdout]   26:                0x0 - <unknown>
[INFO] [stdout] 
[INFO] [stdout] 
[INFO] [stdout] failures:
[INFO] [stdout]     test_validate_output
[INFO] [stdout] 
[INFO] [stdout] test result: FAILED. 0 passed; 1 failed; 0 ignored; 0 measured; 0 filtered out; finished in 0.01s
[INFO] [stdout] 
[INFO] [stderr] error: test failed, to rerun pass `--test cuobjdump`
[INFO] running `Command { std: "docker" "inspect" "f701d5bb648d444155ae4aaee428fcd01ed925d8bd70c0cc76511d8148f79b47", kill_on_drop: false }`
[INFO] running `Command { std: "docker" "rm" "-f" "f701d5bb648d444155ae4aaee428fcd01ed925d8bd70c0cc76511d8148f79b47", kill_on_drop: false }`
[INFO] [stdout] f701d5bb648d444155ae4aaee428fcd01ed925d8bd70c0cc76511d8148f79b47
