[INFO] fetching crate cubr-core 0.2.0...
[INFO] testing cubr-core-0.2.0 against 1.100.0-beta.1+cargoflags=--release for beta-release-1.100-2
[INFO] extracting crate cubr-core 0.2.0 into /workspace/builds/worker-1-tc2/source
[INFO] started tweaking crates.io crate cubr-core 0.2.0
[INFO] removed 0 missing tests
[INFO] finished tweaking crates.io crate cubr-core 0.2.0
[INFO] tweaked toml for crates.io crate cubr-core 0.2.0 written to /workspace/builds/worker-1-tc2/source/Cargo.toml
[INFO] validating manifest of crates.io crate cubr-core 0.2.0 on toolchain 1.100.0-beta.1
[INFO] running `Command { std: CARGO_HOME="/workspace/cargo-home" RUSTUP_HOME="/workspace/rustup-home" "/workspace/cargo-home/bin/cargo" "+1.100.0-beta.1" "metadata" "--manifest-path" "Cargo.toml" "--no-deps", kill_on_drop: false }`
[INFO] crate crates.io crate cubr-core 0.2.0 already has a lockfile, it will not be regenerated
[INFO] running `Command { std: CARGO_HOME="/workspace/cargo-home" RUSTUP_HOME="/workspace/rustup-home" "/workspace/cargo-home/bin/cargo" "+1.100.0-beta.1" "fetch" "--manifest-path" "Cargo.toml", kill_on_drop: false }`
[INFO] running `Command { std: "docker" "create" "-v" "/var/lib/crater-agent-workspace/builds/worker-1-tc2/source:/opt/rustwide/workdir:ro,Z" "-v" "/var/lib/crater-agent-workspace/builds/worker-1-tc2/target:/opt/rustwide/target:rw,Z" "-v" "/var/lib/crater-agent-workspace/cargo-home:/opt/rustwide/cargo-home:ro,Z" "-v" "/var/lib/crater-agent-workspace/rustup-home:/opt/rustwide/rustup-home:ro,Z" "-m" "1610612736" "--network" "none" "ghcr.io/rust-lang/crates-build-env/linux@sha256:77db811e55d90add9212f6832c23229e3de5f1c1f9905e8cb07319ea15df73ac" "sleep" "infinity", kill_on_drop: false }`
[INFO] [stdout] 190426c5dd10d6acaf299b76ec700af6ee26421eecf8fc257aa4e0809fee66a2
[INFO] running `Command { std: "docker" "start" "190426c5dd10d6acaf299b76ec700af6ee26421eecf8fc257aa4e0809fee66a2", kill_on_drop: false }`
[INFO] running `Command { std: "docker" "inspect" "190426c5dd10d6acaf299b76ec700af6ee26421eecf8fc257aa4e0809fee66a2", kill_on_drop: false }`
[INFO] running `Command { std: "docker" "exec" "-e" "SOURCE_DIR=/opt/rustwide/workdir" "-e" "CARGO_HOME=/opt/rustwide/cargo-home" "-e" "RUSTUP_HOME=/opt/rustwide/rustup-home" "-e" "CARGO_TARGET_DIR=/opt/rustwide/target" "-w" "/opt/rustwide/workdir" "--user" "0:0" "190426c5dd10d6acaf299b76ec700af6ee26421eecf8fc257aa4e0809fee66a2" "/opt/rustwide/cargo-home/bin/cargo" "+1.100.0-beta.1" "metadata" "--no-deps" "--format-version=1", kill_on_drop: false }`
[INFO] running `Command { std: "docker" "inspect" "190426c5dd10d6acaf299b76ec700af6ee26421eecf8fc257aa4e0809fee66a2", kill_on_drop: false }`
[INFO] running `Command { std: "docker" "exec" "-e" "SOURCE_DIR=/opt/rustwide/workdir" "-e" "CARGO_HOME=/opt/rustwide/cargo-home" "-e" "RUSTUP_HOME=/opt/rustwide/rustup-home" "-e" "CARGO_TARGET_DIR=/opt/rustwide/target" "-e" "CARGO_INCREMENTAL=0" "-e" "RUST_BACKTRACE=full" "-e" "RUSTFLAGS=--cap-lints=warn" "-e" "RUSTDOCFLAGS=--cap-lints=warn" "-w" "/opt/rustwide/workdir" "--user" "0:0" "190426c5dd10d6acaf299b76ec700af6ee26421eecf8fc257aa4e0809fee66a2" "/opt/rustwide/cargo-home/bin/cargo" "+1.100.0-beta.1" "build" "--frozen" "--message-format=json" "--release", kill_on_drop: false }`
[INFO] [stderr]    Compiling glam v0.30.10
[INFO] [stderr]    Compiling syn v2.0.117
[INFO] [stderr]    Compiling serde_derive v1.0.228
[INFO] [stderr]    Compiling serde v1.0.228
[INFO] [stderr]    Compiling cubr-core v0.2.0 (/opt/rustwide/workdir)
[INFO] [stderr]     Finished `release` profile [optimized] target(s) in 9.62s
[INFO] running `Command { std: "docker" "inspect" "190426c5dd10d6acaf299b76ec700af6ee26421eecf8fc257aa4e0809fee66a2", kill_on_drop: false }`
[INFO] running `Command { std: "docker" "exec" "-e" "SOURCE_DIR=/opt/rustwide/workdir" "-e" "CARGO_HOME=/opt/rustwide/cargo-home" "-e" "RUSTUP_HOME=/opt/rustwide/rustup-home" "-e" "CARGO_TARGET_DIR=/opt/rustwide/target" "-e" "CARGO_INCREMENTAL=0" "-e" "RUST_BACKTRACE=full" "-e" "RUSTFLAGS=--cap-lints=warn" "-e" "RUSTDOCFLAGS=--cap-lints=warn" "-w" "/opt/rustwide/workdir" "--user" "0:0" "190426c5dd10d6acaf299b76ec700af6ee26421eecf8fc257aa4e0809fee66a2" "/opt/rustwide/cargo-home/bin/cargo" "+1.100.0-beta.1" "test" "--frozen" "--no-run" "--message-format=json" "--release", kill_on_drop: false }`
[INFO] [stderr]    Compiling zerocopy v0.8.50
[INFO] [stderr]    Compiling virtue v0.0.18
[INFO] [stderr]    Compiling unty v0.0.4
[INFO] [stderr]    Compiling getrandom v0.3.4
[INFO] [stderr]    Compiling serde_derive v1.0.228
[INFO] [stderr]    Compiling rand_core v0.9.5
[INFO] [stderr]    Compiling bincode_derive v2.0.1
[INFO] [stderr]    Compiling serde v1.0.228
[INFO] [stderr]    Compiling bincode v2.0.1
[INFO] [stderr]    Compiling cubr-core v0.2.0 (/opt/rustwide/workdir)
[INFO] [stderr]    Compiling ppv-lite86 v0.2.21
[INFO] [stderr]    Compiling rand_chacha v0.9.0
[INFO] [stderr]    Compiling rand v0.9.4
[INFO] [stderr]    Compiling kewb v0.4.3
[INFO] [stderr]     Finished `release` profile [optimized] target(s) in 11.97s
[INFO] running `Command { std: "docker" "inspect" "190426c5dd10d6acaf299b76ec700af6ee26421eecf8fc257aa4e0809fee66a2", kill_on_drop: false }`
[INFO] running `Command { std: "docker" "exec" "-e" "SOURCE_DIR=/opt/rustwide/workdir" "-e" "CARGO_HOME=/opt/rustwide/cargo-home" "-e" "RUSTUP_HOME=/opt/rustwide/rustup-home" "-e" "CARGO_TARGET_DIR=/opt/rustwide/target" "-e" "CARGO_INCREMENTAL=0" "-e" "RUST_BACKTRACE=full" "-e" "RUSTFLAGS=--cap-lints=warn" "-e" "RUSTDOCFLAGS=--cap-lints=warn" "-w" "/opt/rustwide/workdir" "--user" "0:0" "190426c5dd10d6acaf299b76ec700af6ee26421eecf8fc257aa4e0809fee66a2" "/opt/rustwide/cargo-home/bin/cargo" "+1.100.0-beta.1" "test" "--frozen" "--release", kill_on_drop: false }`
[INFO] [stderr]     Finished `release` profile [optimized] target(s) in 0.02s
[INFO] [stderr]      Running unittests src/lib.rs (/opt/rustwide/target/release/build/cubr-core/9e2014e812994f0e/out/cubr_core-9e2014e812994f0e)
[INFO] [stdout] 
[INFO] [stdout] running 69 tests
[INFO] [stdout] test core::tests::index_mapping_anchor_points ... ok
[INFO] [stdout] test core::tests::index_mapping_is_a_bijection_inverse ... ok
[INFO] [stdout] test core::tests::paint_round_trip ... ok
[INFO] [stdout] test core::tests::move_then_inverse_is_identity ... ok
[INFO] [stdout] test core::tests::move_orders ... ok
[INFO] [stdout] test core::tests::rot_cw_u_convention ... ok
[INFO] [stdout] test core::tests::sexy_move_order_six ... ok
[INFO] [stdout] test core::tests::paint_round_trip_after_scramble ... ok
[INFO] [stdout] test core::tests::solved_core_has_26_cubies ... ok
[INFO] [stdout] test core::tests::solved_core_matches_solved_state_and_readme ... ok
[INFO] [stdout] test core::tests::u_move_direction_anchor ... ok
[INFO] [stdout] test model::tests::cube_state_serde_round_trip ... ok
[INFO] [stdout] test model::tests::cube_state_solved_matches_readme_example ... ok
[INFO] [stdout] test model::tests::face_normals_and_colors ... ok
[INFO] [stdout] test model::tests::inverse_undoes_each_move ... ok
[INFO] [stdout] test model::tests::parse_notation_round_trip ... ok
[INFO] [stdout] test model::tests::parse_rejects_junk ... ok
[INFO] [stdout] test model::tests::quarter_turns ... ok
[INFO] [stdout] test model::tests::sanity_warnings_clean_for_solved_and_warns_for_impossible ... ok
[INFO] [stdout] test model::tests::sticker_color_serializes_to_single_letter ... ok
[INFO] [stdout] test solver::cache::tests::rejects_missing_file ... ok
[INFO] [stdout] test solver::coords::tests::compose_matches_kewb_single_moves ... ok
[INFO] [stdout] test solver::coords::tests::compose_matches_kewb_random_sequences ... ok
[INFO] [stdout] test solver::coords::tests::e_ep_roundtrip_and_bijection ... ok
[INFO] [stdout] test solver::coords::tests::edge_ori_roundtrip_and_bijection ... ok
[INFO] [stdout] test solver::coords::tests::eo12_roundtrip_and_parity ... ok
[INFO] [stdout] test solver::coords::tests::eslice_combo_roundtrip_and_bijection ... ok
[INFO] [stdout] test solver::coords::tests::move_index_mapping_is_consistent ... ok
[INFO] [stdout] test solver::pdb::tests::full_corner_pdb_build ... ignored, full corner PDB build is slow (tens of seconds)
[INFO] [stdout] test solver::pdb::tests::full_edge_a_pdb_build ... ignored, full edge PDB build is slow (tens of seconds)
[INFO] [stdout] test solver::coords::tests::corner_ori_roundtrip_and_parity ... ok
[INFO] [stdout] test solver::coords::tests::build_pdb_corner_orientation_matches_brute_bfs ... ok
[INFO] [stdout] test solver::coords::tests::perm8_roundtrip_and_bijection ... ok
[INFO] [stdout] test solver::pdb::tests::solved_indices ... ok
[INFO] [stdout] test solver::search::tests::full_pdb_matches_zero_heuristic_on_shallow_states ... ignored, builds the full PDBs; compares PDB-guided vs zero-heuristic optimum on shallow states
[INFO] [stdout] test solver::coords::tests::ud_ep_roundtrip_and_bijection ... ok
[INFO] [stdout] test solver::search::tests::full_pdb_optimality ... ignored, builds the full ~85 MB PDBs and runs deep optimal solves (slow; run in release)
[INFO] [stdout] test solver::search::tests::parallel_matches_single_optimum ... ignored, builds the full ~85 MB PDBs and runs ~20 medium-depth optimal solves on both drivers (slow; run in release with --ignored)
[INFO] [stdout] test solver::search::tests::redundant_never_blocks_all_moves ... ok
[INFO] [stdout] test solver::search::tests::solved_needs_no_moves ... ok
[INFO] [stdout] test solver::pdb::tests::indices_in_range ... ok
[INFO] [stdout] test solver::search::tests::redundant_root_allows_everything ... ok
[INFO] [stdout] test solver::tests::conversion_pipeline_matches_coords_apply ... ok
[INFO] [stdout] test solver::search::tests::redundant_rules_are_exact ... ok
[INFO] [stdout] test solver::search::tests::single_move_solves_in_one ... ok
[INFO] [stdout] test solver::tests::hybrid_end_to_end ... ignored, builds the full ~85 MB PDBs; exercises both hybrid paths (slow; run in release)
[INFO] [stdout] test solver::tests::facelet_conversion_matches_kewb ... ok
[INFO] [stdout] test solver::tests::impossible_state_is_unsolvable ... ok
[INFO] [stdout] test solver::tests::solve_end_to_end ... ignored, builds the full ~85 MB PDBs and runs optimal solves (slow; run in release)
[INFO] [stdout] test solver::tests::solved_facelets_string_is_canonical ... ok
[INFO] [stdout] test solver::two_phase::tests::phase2_moves_are_valid_distinct ... ok
[INFO] [stdout] test solver::pdb::tests::small_corner_ori_pdb_matches_brute ... ok
[INFO] [stdout] test solver::pdb::tests::neighbor_consistency ... ok
[INFO] [stdout] test solver::coords::tests::partial_perm_roundtrip_and_bijection ... ok
[INFO] [stdout] test solver::coords::tests::corner_perm_move_tables_are_permutations ... ok
[INFO] [stdout] test solver::cache::tests::rejects_bad_magic ... FAILED
[INFO] [stdout] test solver::cache::tests::rejects_truncated_blob ... FAILED
[INFO] [stdout] test solver::cache::tests::save_load_roundtrip ... FAILED
[INFO] [stdout] test solver::cache::tests::rejects_wrong_version ... FAILED
[INFO] [stdout] test solver::two_phase::tests::move_tables_match_apply ... ok
[INFO] [stdout] test solver::two_phase::tests::two_phase_cancel_returns_none ... ok
[INFO] [stdout] test solver::pdb::tests::search_tables_edge_neighbor_consistency ... ok
[INFO] [stdout] test solver::pdb::tests::search_tables_footprint_is_about_62mb ... ok
[INFO] [stdout] test solver::two_phase::tests::pruning_tables_consistent ... ok
[INFO] [stdout] test solver::tests::hybrid_korf_success_on_solved ... ok
[INFO] [stdout] test solver::tests::hybrid_falls_back_to_two_phase ... ok
[INFO] [stdout] test solver::search::tests::emitted_moves_solve_the_core_engine ... ok
[INFO] [stdout] test solver::search::tests::zero_heuristic_matches_brute_optimal_distances ... ok
[INFO] [stdout] test solver::two_phase::tests::two_phase_solutions_solve_the_cube ... ok
[INFO] [stdout] 
[INFO] [stdout] failures:
[INFO] [stdout] 
[INFO] [stdout] ---- solver::cache::tests::rejects_bad_magic stdout ----
[INFO] [stdout] 
[INFO] [stdout] thread 'solver::cache::tests::rejects_bad_magic' (561) panicked at src/solver/cache.rs:178:35:
[INFO] [stdout] save failed: Os { code: 28, kind: StorageFull, message: "No space left on device" }
[INFO] [stdout] stack backtrace:
[INFO] [stdout]    0:     0x64fcfde907f1 - <<std[617be2ca0a6fd877]::sys::backtrace::BacktraceLock>::print::DisplayBacktrace as core[a373ad73a504971]::fmt::Display>::fmt
[INFO] [stdout]    1:     0x64fcfdea574a - core[a373ad73a504971]::fmt::write
[INFO] [stdout]    2:     0x64fcfde94b0c - <alloc[2e1b2a31b91974c5]::vec::Vec<u8> as core[a373ad73a504971]::io::write::Write>::write_fmt
[INFO] [stdout]    3:     0x64fcfde6b496 - std[617be2ca0a6fd877]::panicking::default_hook::{closure#0}
[INFO] [stdout]    4:     0x64fcfde88489 - std[617be2ca0a6fd877]::panicking::default_hook
[INFO] [stdout]    5:     0x64fcfde215c0 - test[aada8e7e76ba119b]::test_main_inner::{closure#0}
[INFO] [stdout]    6:     0x64fcfde887b2 - std[617be2ca0a6fd877]::panicking::panic_with_hook
[INFO] [stdout]    7:     0x64fcfde6b542 - std[617be2ca0a6fd877]::panicking::panic_handler::{closure#0}
[INFO] [stdout]    8:     0x64fcfde63f49 - std[617be2ca0a6fd877]::sys::backtrace::__rust_end_short_backtrace::<std[617be2ca0a6fd877]::panicking::panic_handler::{closure#0}, !>
[INFO] [stdout]    9:     0x64fcfde6c23d - __rustc[ea4f61d10b84890b]::rust_begin_unwind
[INFO] [stdout]   10:     0x64fcfdea5e7c - core[a373ad73a504971]::panicking::panic_fmt
[INFO] [stdout]   11:     0x64fcfdea5c52 - core[a373ad73a504971]::result::unwrap_failed
[INFO] [stdout]   12:     0x64fcfddf05c8 - <cubr_core[3d4e1c91dc475b1a]::solver::cache::tests::rejects_bad_magic::{closure#0} as core[a373ad73a504971]::ops::function::FnOnce<()>>::call_once
[INFO] [stdout]   13:     0x64fcfde14a0b - test[aada8e7e76ba119b]::__rust_begin_short_backtrace::<core[a373ad73a504971]::result::Result<(), alloc[2e1b2a31b91974c5]::string::String>, fn() -> core[a373ad73a504971]::result::Result<(), alloc[2e1b2a31b91974c5]::string::String>>
[INFO] [stdout]   14:     0x64fcfde21be5 - test[aada8e7e76ba119b]::run_test::{closure#0}
[INFO] [stdout]   15:     0x64fcfde1b4d4 - std[617be2ca0a6fd877]::sys::backtrace::__rust_begin_short_backtrace::<test[aada8e7e76ba119b]::run_test::{closure#1}, ()>
[INFO] [stdout]   16:     0x64fcfde24c72 - <std[617be2ca0a6fd877]::thread::lifecycle::spawn_unchecked<test[aada8e7e76ba119b]::run_test::{closure#1}, ()>::{closure#1} as core[a373ad73a504971]::ops::function::FnOnce<()>>::call_once::{shim:vtable#0}
[INFO] [stdout]   17:     0x64fcfde8fb4f - <std[617be2ca0a6fd877]::sys::thread::unix::Thread>::new::thread_start
[INFO] [stdout]   18:     0x7f2b3c008dfa - <unknown>
[INFO] [stdout]   19:     0x7f2b3c09c3d4 - clone
[INFO] [stdout]   20:                0x0 - <unknown>
[INFO] [stdout] 
[INFO] [stdout] ---- solver::cache::tests::rejects_truncated_blob stdout ----
[INFO] [stdout] 
[INFO] [stdout] thread 'solver::cache::tests::rejects_truncated_blob' (563) panicked at src/solver/cache.rs:202:35:
[INFO] [stdout] save failed: Os { code: 28, kind: StorageFull, message: "No space left on device" }
[INFO] [stdout] stack backtrace:
[INFO] [stdout]    0:     0x64fcfde907f1 - <<std[617be2ca0a6fd877]::sys::backtrace::BacktraceLock>::print::DisplayBacktrace as core[a373ad73a504971]::fmt::Display>::fmt
[INFO] [stdout]    1:     0x64fcfdea574a - core[a373ad73a504971]::fmt::write
[INFO] [stdout]    2:     0x64fcfde94b0c - <alloc[2e1b2a31b91974c5]::vec::Vec<u8> as core[a373ad73a504971]::io::write::Write>::write_fmt
[INFO] [stdout]    3:     0x64fcfde6b496 - std[617be2ca0a6fd877]::panicking::default_hook::{closure#0}
[INFO] [stdout]    4:     0x64fcfde88489 - std[617be2ca0a6fd877]::panicking::default_hook
[INFO] [stdout]    5:     0x64fcfde215c0 - test[aada8e7e76ba119b]::test_main_inner::{closure#0}
[INFO] [stdout]    6:     0x64fcfde887b2 - std[617be2ca0a6fd877]::panicking::panic_with_hook
[INFO] [stdout]    7:     0x64fcfde6b542 - std[617be2ca0a6fd877]::panicking::panic_handler::{closure#0}
[INFO] [stdout]    8:     0x64fcfde63f49 - std[617be2ca0a6fd877]::sys::backtrace::__rust_end_short_backtrace::<std[617be2ca0a6fd877]::panicking::panic_handler::{closure#0}, !>
[INFO] [stdout]    9:     0x64fcfde6c23d - __rustc[ea4f61d10b84890b]::rust_begin_unwind
[INFO] [stdout]   10:     0x64fcfdea5e7c - core[a373ad73a504971]::panicking::panic_fmt
[INFO] [stdout]   11:     0x64fcfdea5c52 - core[a373ad73a504971]::result::unwrap_failed
[INFO] [stdout]   12:     0x64fcfddf0ff5 - <cubr_core[3d4e1c91dc475b1a]::solver::cache::tests::rejects_truncated_blob::{closure#0} as core[a373ad73a504971]::ops::function::FnOnce<()>>::call_once
[INFO] [stdout]   13:     0x64fcfde14a0b - test[aada8e7e76ba119b]::__rust_begin_short_backtrace::<core[a373ad73a504971]::result::Result<(), alloc[2e1b2a31b91974c5]::string::String>, fn() -> core[a373ad73a504971]::result::Result<(), alloc[2e1b2a31b91974c5]::string::String>>
[INFO] [stdout]   14:     0x64fcfde21be5 - test[aada8e7e76ba119b]::run_test::{closure#0}
[INFO] [stdout]   15:     0x64fcfde1b4d4 - std[617be2ca0a6fd877]::sys::backtrace::__rust_begin_short_backtrace::<test[aada8e7e76ba119b]::run_test::{closure#1}, ()>
[INFO] [stdout]   16:     0x64fcfde24c72 - <std[617be2ca0a6fd877]::thread::lifecycle::spawn_unchecked<test[aada8e7e76ba119b]::run_test::{closure#1}, ()>::{closure#1} as core[a373ad73a504971]::ops::function::FnOnce<()>>::call_once::{shim:vtable#0}
[INFO] [stdout]   17:     0x64fcfde8fb4f - <std[617be2ca0a6fd877]::sys::thread::unix::Thread>::new::thread_start
[INFO] [stdout]   18:     0x7f2b3c008dfa - <unknown>
[INFO] [stdout]   19:     0x7f2b3c09c3d4 - clone
[INFO] [stdout]   20:                0x0 - <unknown>
[INFO] [stdout] 
[INFO] [stdout] ---- solver::cache::tests::save_load_roundtrip stdout ----
[INFO] [stdout] 
[INFO] [stdout] thread 'solver::cache::tests::save_load_roundtrip' (565) panicked at src/solver/cache.rs:167:28:
[INFO] [stdout] save failed: Os { code: 28, kind: StorageFull, message: "No space left on device" }
[INFO] [stdout] stack backtrace:
[INFO] [stdout]    0:     0x64fcfde907f1 - <<std[617be2ca0a6fd877]::sys::backtrace::BacktraceLock>::print::DisplayBacktrace as core[a373ad73a504971]::fmt::Display>::fmt
[INFO] [stdout]    1:     0x64fcfdea574a - core[a373ad73a504971]::fmt::write
[INFO] [stdout]    2:     0x64fcfde94b0c - <alloc[2e1b2a31b91974c5]::vec::Vec<u8> as core[a373ad73a504971]::io::write::Write>::write_fmt
[INFO] [stdout]    3:     0x64fcfde6b496 - std[617be2ca0a6fd877]::panicking::default_hook::{closure#0}
[INFO] [stdout]    4:     0x64fcfde88489 - std[617be2ca0a6fd877]::panicking::default_hook
[INFO] [stdout]    5:     0x64fcfde215c0 - test[aada8e7e76ba119b]::test_main_inner::{closure#0}
[INFO] [stdout]    6:     0x64fcfde887b2 - std[617be2ca0a6fd877]::panicking::panic_with_hook
[INFO] [stdout]    7:     0x64fcfde6b542 - std[617be2ca0a6fd877]::panicking::panic_handler::{closure#0}
[INFO] [stdout]    8:     0x64fcfde63f49 - std[617be2ca0a6fd877]::sys::backtrace::__rust_end_short_backtrace::<std[617be2ca0a6fd877]::panicking::panic_handler::{closure#0}, !>
[INFO] [stdout]    9:     0x64fcfde6c23d - __rustc[ea4f61d10b84890b]::rust_begin_unwind
[INFO] [stdout]   10:     0x64fcfdea5e7c - core[a373ad73a504971]::panicking::panic_fmt
[INFO] [stdout]   11:     0x64fcfdea5c52 - core[a373ad73a504971]::result::unwrap_failed
[INFO] [stdout]   12:     0x64fcfddf09e9 - <cubr_core[3d4e1c91dc475b1a]::solver::cache::tests::save_load_roundtrip::{closure#0} as core[a373ad73a504971]::ops::function::FnOnce<()>>::call_once
[INFO] [stdout]   13:     0x64fcfde14a0b - test[aada8e7e76ba119b]::__rust_begin_short_backtrace::<core[a373ad73a504971]::result::Result<(), alloc[2e1b2a31b91974c5]::string::String>, fn() -> core[a373ad73a504971]::result::Result<(), alloc[2e1b2a31b91974c5]::string::String>>
[INFO] [stdout]   14:     0x64fcfde21be5 - test[aada8e7e76ba119b]::run_test::{closure#0}
[INFO] [stdout]   15:     0x64fcfde1b4d4 - std[617be2ca0a6fd877]::sys::backtrace::__rust_begin_short_backtrace::<test[aada8e7e76ba119b]::run_test::{closure#1}, ()>
[INFO] [stdout]   16:     0x64fcfde24c72 - <std[617be2ca0a6fd877]::thread::lifecycle::spawn_unchecked<test[aada8e7e76ba119b]::run_test::{closure#1}, ()>::{closure#1} as core[a373ad73a504971]::ops::function::FnOnce<()>>::call_once::{shim:vtable#0}
[INFO] [stdout]   17:     0x64fcfde8fb4f - <std[617be2ca0a6fd877]::sys::thread::unix::Thread>::new::thread_start
[INFO] [stdout]   18:     0x7f2b3c008dfa - <unknown>
[INFO] [stdout]   19:     0x7f2b3c09c3d4 - clone
[INFO] [stdout]   20:                0x0 - <unknown>
[INFO] [stdout] 
[INFO] [stdout] ---- solver::cache::tests::rejects_wrong_version stdout ----
[INFO] [stdout] 
[INFO] [stdout] thread 'solver::cache::tests::rejects_wrong_version' (564) panicked at src/solver/cache.rs:189:35:
[INFO] [stdout] save failed: Os { code: 28, kind: StorageFull, message: "No space left on device" }
[INFO] [stdout] stack backtrace:
[INFO] [stdout]    0:     0x64fcfde907f1 - <<std[617be2ca0a6fd877]::sys::backtrace::BacktraceLock>::print::DisplayBacktrace as core[a373ad73a504971]::fmt::Display>::fmt
[INFO] [stdout]    1:     0x64fcfdea574a - core[a373ad73a504971]::fmt::write
[INFO] [stdout]    2:     0x64fcfde94b0c - <alloc[2e1b2a31b91974c5]::vec::Vec<u8> as core[a373ad73a504971]::io::write::Write>::write_fmt
[INFO] [stdout]    3:     0x64fcfde6b496 - std[617be2ca0a6fd877]::panicking::default_hook::{closure#0}
[INFO] [stdout]    4:     0x64fcfde88489 - std[617be2ca0a6fd877]::panicking::default_hook
[INFO] [stdout]    5:     0x64fcfde215c0 - test[aada8e7e76ba119b]::test_main_inner::{closure#0}
[INFO] [stdout]    6:     0x64fcfde887b2 - std[617be2ca0a6fd877]::panicking::panic_with_hook
[INFO] [stdout]    7:     0x64fcfde6b542 - std[617be2ca0a6fd877]::panicking::panic_handler::{closure#0}
[INFO] [stdout]    8:     0x64fcfde63f49 - std[617be2ca0a6fd877]::sys::backtrace::__rust_end_short_backtrace::<std[617be2ca0a6fd877]::panicking::panic_handler::{closure#0}, !>
[INFO] [stdout]    9:     0x64fcfde6c23d - __rustc[ea4f61d10b84890b]::rust_begin_unwind
[INFO] [stdout]   10:     0x64fcfdea5e7c - core[a373ad73a504971]::panicking::panic_fmt
[INFO] [stdout]   11:     0x64fcfdea5c52 - core[a373ad73a504971]::result::unwrap_failed
[INFO] [stdout]   12:     0x64fcfddf0d09 - <cubr_core[3d4e1c91dc475b1a]::solver::cache::tests::rejects_wrong_version::{closure#0} as core[a373ad73a504971]::ops::function::FnOnce<()>>::call_once
[INFO] [stdout]   13:     0x64fcfde14a0b - test[aada8e7e76ba119b]::__rust_begin_short_backtrace::<core[a373ad73a504971]::result::Result<(), alloc[2e1b2a31b91974c5]::string::String>, fn() -> core[a373ad73a504971]::result::Result<(), alloc[2e1b2a31b91974c5]::string::String>>
[INFO] [stdout]   14:     0x64fcfde21be5 - test[aada8e7e76ba119b]::run_test::{closure#0}
[INFO] [stdout]   15:     0x64fcfde1b4d4 - std[617be2ca0a6fd877]::sys::backtrace::__rust_begin_short_backtrace::<test[aada8e7e76ba119b]::run_test::{closure#1}, ()>
[INFO] [stdout]   16:     0x64fcfde24c72 - <std[617be2ca0a6fd877]::thread::lifecycle::spawn_unchecked<test[aada8e7e76ba119b]::run_test::{closure#1}, ()>::{closure#1} as core[a373ad73a504971]::ops::function::FnOnce<()>>::call_once::{shim:vtable#0}
[INFO] [stdout]   17:     0x64fcfde8fb4f - <std[617be2ca0a6fd877]::sys::thread::unix::Thread>::new::thread_start
[INFO] [stdout]   18:     0x7f2b3c008dfa - <unknown>
[INFO] [stdout]   19:     0x7f2b3c09c3d4 - clone
[INFO] [stdout]   20:                0x0 - <unknown>
[INFO] [stdout] 
[INFO] [stdout] 
[INFO] [stdout] failures:
[INFO] [stdout]     solver::cache::tests::rejects_bad_magic
[INFO] [stdout]     solver::cache::tests::rejects_truncated_blob
[INFO] [stdout]     solver::cache::tests::rejects_wrong_version
[INFO] [stdout]     solver::cache::tests::save_load_roundtrip
[INFO] [stdout] 
[INFO] [stdout] test result: FAILED. 58 passed; 4 failed; 7 ignored; 0 measured; 0 filtered out; finished in 9.37s
[INFO] [stdout] 
[INFO] [stderr] error: test failed, to rerun pass `--lib`
[INFO] running `Command { std: "docker" "inspect" "190426c5dd10d6acaf299b76ec700af6ee26421eecf8fc257aa4e0809fee66a2", kill_on_drop: false }`
[INFO] running `Command { std: "docker" "rm" "-f" "190426c5dd10d6acaf299b76ec700af6ee26421eecf8fc257aa4e0809fee66a2", kill_on_drop: false }`
[INFO] [stdout] 190426c5dd10d6acaf299b76ec700af6ee26421eecf8fc257aa4e0809fee66a2
