[INFO] fetching crate cube-lib 0.2.2...
[INFO] testing cube-lib-0.2.2 against 1.99.0-beta.8+cargoflags=--release for beta-release-1.100-2
[INFO] extracting crate cube-lib 0.2.2 into /workspace/builds/worker-5-tc1/source
[INFO] started tweaking crates.io crate cube-lib 0.2.2
[INFO] finished tweaking crates.io crate cube-lib 0.2.2
[INFO] tweaked toml for crates.io crate cube-lib 0.2.2 written to /workspace/builds/worker-5-tc1/source/Cargo.toml
[INFO] validating manifest of crates.io crate cube-lib 0.2.2 on toolchain 1.99.0-beta.8
[INFO] running `Command { std: CARGO_HOME="/workspace/cargo-home" RUSTUP_HOME="/workspace/rustup-home" "/workspace/cargo-home/bin/cargo" "+1.99.0-beta.8" "metadata" "--manifest-path" "Cargo.toml" "--no-deps", kill_on_drop: false }`
[INFO] running `Command { std: CARGO_HOME="/workspace/cargo-home" RUSTUP_HOME="/workspace/rustup-home" "/workspace/cargo-home/bin/cargo" "+1.99.0-beta.8" "generate-lockfile" "--manifest-path" "Cargo.toml", kill_on_drop: false }`
[INFO] [stderr]     Updating crates.io index
[INFO] [stderr]      Locking 75 packages to highest compatible versions
[INFO] [stderr]       Adding base64 v0.22.1 (available: v0.23.1)
[INFO] [stderr]       Adding rand v0.8.8 (available: v0.10.3)
[INFO] [stderr]       Adding resvg v0.43.0 (available: v0.48.1)
[INFO] running `Command { std: CARGO_HOME="/workspace/cargo-home" RUSTUP_HOME="/workspace/rustup-home" "/workspace/cargo-home/bin/cargo" "+1.99.0-beta.8" "fetch" "--manifest-path" "Cargo.toml", kill_on_drop: false }`
[INFO] [stderr]  Downloading crates ...
[INFO] [stderr]   Downloaded resvg v0.43.0
[INFO] [stderr]   Downloaded siphasher v1.0.4
[INFO] [stderr]   Downloaded unicode-ccc v0.3.0
[INFO] [stderr]   Downloaded unicode-bidi-mirroring v0.3.0
[INFO] [stderr]   Downloaded zune-jpeg v0.4.21
[INFO] [stderr]   Downloaded svgtypes v0.15.3
[INFO] [stderr]   Downloaded imagesize v0.13.0
[INFO] [stderr]   Downloaded rgb v0.8.53
[INFO] [stderr]   Downloaded image-webp v0.1.3
[INFO] [stderr]   Downloaded usvg v0.43.0
[INFO] [stderr]   Downloaded fontdb v0.21.0
[INFO] [stderr]   Downloaded kurbo v0.11.3
[INFO] [stderr]   Downloaded ttf-parser v0.24.1
[INFO] [stderr]   Downloaded rustybuzz v0.18.0
[INFO] running `Command { std: "docker" "create" "-v" "/var/lib/crater-agent-workspace/builds/worker-5-tc1/source:/opt/rustwide/workdir:ro,Z" "-v" "/var/lib/crater-agent-workspace/builds/worker-5-tc1/target:/opt/rustwide/target:rw,Z" "-v" "/var/lib/crater-agent-workspace/cargo-home:/opt/rustwide/cargo-home:ro,Z" "-v" "/var/lib/crater-agent-workspace/rustup-home:/opt/rustwide/rustup-home:ro,Z" "-m" "1610612736" "--network" "none" "ghcr.io/rust-lang/crates-build-env/linux@sha256:77db811e55d90add9212f6832c23229e3de5f1c1f9905e8cb07319ea15df73ac" "sleep" "infinity", kill_on_drop: false }`
[INFO] [stdout] 53e31b7378f560ad761043ff280e626dc31a659381fc868136d7420297466b35
[INFO] running `Command { std: "docker" "start" "53e31b7378f560ad761043ff280e626dc31a659381fc868136d7420297466b35", kill_on_drop: false }`
[INFO] running `Command { std: "docker" "inspect" "53e31b7378f560ad761043ff280e626dc31a659381fc868136d7420297466b35", kill_on_drop: false }`
[INFO] running `Command { std: "docker" "exec" "-e" "SOURCE_DIR=/opt/rustwide/workdir" "-e" "CARGO_HOME=/opt/rustwide/cargo-home" "-e" "RUSTUP_HOME=/opt/rustwide/rustup-home" "-e" "CARGO_TARGET_DIR=/opt/rustwide/target" "-w" "/opt/rustwide/workdir" "--user" "0:0" "53e31b7378f560ad761043ff280e626dc31a659381fc868136d7420297466b35" "/opt/rustwide/cargo-home/bin/cargo" "+1.99.0-beta.8" "metadata" "--no-deps" "--format-version=1", kill_on_drop: false }`
[INFO] running `Command { std: "docker" "inspect" "53e31b7378f560ad761043ff280e626dc31a659381fc868136d7420297466b35", kill_on_drop: false }`
[INFO] running `Command { std: "docker" "exec" "-e" "SOURCE_DIR=/opt/rustwide/workdir" "-e" "CARGO_HOME=/opt/rustwide/cargo-home" "-e" "RUSTUP_HOME=/opt/rustwide/rustup-home" "-e" "CARGO_TARGET_DIR=/opt/rustwide/target" "-e" "CARGO_INCREMENTAL=0" "-e" "RUST_BACKTRACE=full" "-e" "RUSTFLAGS=--cap-lints=warn" "-e" "RUSTDOCFLAGS=--cap-lints=warn" "-w" "/opt/rustwide/workdir" "--user" "0:0" "53e31b7378f560ad761043ff280e626dc31a659381fc868136d7420297466b35" "/opt/rustwide/cargo-home/bin/cargo" "+1.99.0-beta.8" "build" "--frozen" "--message-format=json" "--release", kill_on_drop: false }`
[INFO] [stderr]    Compiling simd-adler32 v0.3.10
[INFO] [stderr]    Compiling libm v0.2.16
[INFO] [stderr]    Compiling adler2 v2.0.1
[INFO] [stderr]    Compiling crc32fast v1.5.2
[INFO] [stderr]    Compiling log v0.4.34
[INFO] [stderr]    Compiling bytemuck v1.25.2
[INFO] [stderr]    Compiling float-cmp v0.9.0
[INFO] [stderr]    Compiling smallvec v1.16.3
[INFO] [stderr]    Compiling arrayvec v0.7.8
[INFO] [stderr]    Compiling roxmltree v0.20.0
[INFO] [stderr]    Compiling bitflags v2.13.2
[INFO] [stderr]    Compiling tinyvec v1.13.3
[INFO] [stderr]    Compiling slotmap v1.1.1
[INFO] [stderr]    Compiling siphasher v1.0.4
[INFO] [stderr]    Compiling getrandom v0.2.17
[INFO] [stderr]    Compiling unicode-bidi-mirroring v0.3.0
[INFO] [stderr]    Compiling unicode-properties v0.1.4
[INFO] [stderr]    Compiling strict-num v0.1.1
[INFO] [stderr]    Compiling miniz_oxide v0.9.1
[INFO] [stderr]    Compiling fdeflate v0.3.7
[INFO] [stderr]    Compiling miniz_oxide v0.8.9
[INFO] [stderr]    Compiling unicode-script v0.5.8
[INFO] [stderr]    Compiling bitflags v1.3.2
[INFO] [stderr]    Compiling unicode-ccc v0.3.0
[INFO] [stderr]    Compiling simplecss v0.2.2
[INFO] [stderr]    Compiling rand_core v0.6.4
[INFO] [stderr]    Compiling tiny-skia-path v0.11.4
[INFO] [stderr]    Compiling ppv-lite86 v0.2.21
[INFO] [stderr]    Compiling kurbo v0.11.3
[INFO] [stderr]    Compiling pico-args v0.5.0
[INFO] [stderr]    Compiling xmlwriter v0.1.0
[INFO] [stderr]    Compiling unicode-vo v0.1.0
[INFO] [stderr]    Compiling quick-error v2.0.1
[INFO] [stderr]    Compiling data-url v0.3.2
[INFO] [stderr]    Compiling byteorder-lite v0.1.0
[INFO] [stderr]    Compiling unicode-bidi v0.3.18
[INFO] [stderr]    Compiling color_quant v1.1.0
[INFO] [stderr]    Compiling zune-core v0.4.12
[INFO] [stderr]    Compiling weezl v0.1.12
[INFO] [stderr]    Compiling imagesize v0.13.0
[INFO] [stderr]    Compiling fontconfig-parser v0.5.8
[INFO] [stderr]    Compiling rand_chacha v0.3.1
[INFO] [stderr]    Compiling zune-jpeg v0.4.21
[INFO] [stderr]    Compiling image-webp v0.1.3
[INFO] [stderr]    Compiling flate2 v1.1.10
[INFO] [stderr]    Compiling rgb v0.8.53
[INFO] [stderr]    Compiling gif v0.13.3
[INFO] [stderr]    Compiling png v0.17.16
[INFO] [stderr]    Compiling rand v0.8.8
[INFO] [stderr]    Compiling core_maths v0.1.1
[INFO] [stderr]    Compiling ttf-parser v0.24.1
[INFO] [stderr]    Compiling svgtypes v0.15.3
[INFO] [stderr]    Compiling tiny-skia v0.11.4
[INFO] [stderr]    Compiling fontdb v0.21.0
[INFO] [stderr]    Compiling rustybuzz v0.18.0
[INFO] [stderr]    Compiling usvg v0.43.0
[INFO] [stderr]    Compiling resvg v0.43.0
[INFO] [stderr]    Compiling cube-lib v0.2.2 (/opt/rustwide/workdir)
[INFO] [stdout] warning: unused import: `super::*`
[INFO] [stdout]    --> src/utils.rs:318:9
[INFO] [stdout]     |
[INFO] [stdout] 318 |     use super::*;
[INFO] [stdout]     |         ^^^^^^^^
[INFO] [stdout]     |
[INFO] [stdout]     = note: `#[warn(unused_imports)]` (part of `#[warn(unused)]`) on by default
[INFO] [stdout] 
[INFO] [stdout] 
[INFO] [stdout] warning: unused import: `crate::resvg::render`
[INFO] [stdout]   --> src/resvg.rs:70:9
[INFO] [stdout]    |
[INFO] [stdout] 70 |     use crate::resvg::render;
[INFO] [stdout]    |         ^^^^^^^^^^^^^^^^^^^^
[INFO] [stdout] 
[INFO] [stdout] 
[INFO] [stderr]     Finished `release` profile [optimized] target(s) in 44.49s
[INFO] running `Command { std: "docker" "inspect" "53e31b7378f560ad761043ff280e626dc31a659381fc868136d7420297466b35", kill_on_drop: false }`
[INFO] running `Command { std: "docker" "exec" "-e" "SOURCE_DIR=/opt/rustwide/workdir" "-e" "CARGO_HOME=/opt/rustwide/cargo-home" "-e" "RUSTUP_HOME=/opt/rustwide/rustup-home" "-e" "CARGO_TARGET_DIR=/opt/rustwide/target" "-e" "CARGO_INCREMENTAL=0" "-e" "RUST_BACKTRACE=full" "-e" "RUSTFLAGS=--cap-lints=warn" "-e" "RUSTDOCFLAGS=--cap-lints=warn" "-w" "/opt/rustwide/workdir" "--user" "0:0" "53e31b7378f560ad761043ff280e626dc31a659381fc868136d7420297466b35" "/opt/rustwide/cargo-home/bin/cargo" "+1.99.0-beta.8" "test" "--frozen" "--no-run" "--message-format=json" "--release", kill_on_drop: false }`
[INFO] [stderr]    Compiling cube-lib v0.2.2 (/opt/rustwide/workdir)
[INFO] [stdout] warning: unused import: `super::*`
[INFO] [stdout]    --> src/utils.rs:318:9
[INFO] [stdout]     |
[INFO] [stdout] 318 |     use super::*;
[INFO] [stdout]     |         ^^^^^^^^
[INFO] [stdout]     |
[INFO] [stdout]     = note: `#[warn(unused_imports)]` (part of `#[warn(unused)]`) on by default
[INFO] [stdout] 
[INFO] [stdout] 
[INFO] [stdout] warning: unused import: `crate::resvg::render`
[INFO] [stdout]   --> src/resvg.rs:70:9
[INFO] [stdout]    |
[INFO] [stdout] 70 |     use crate::resvg::render;
[INFO] [stdout]    |         ^^^^^^^^^^^^^^^^^^^^
[INFO] [stdout] 
[INFO] [stdout] 
[INFO] [stdout] warning: variable does not need to be mutable
[INFO] [stdout]    --> src/lib.rs:734:13
[INFO] [stdout]     |
[INFO] [stdout] 734 |         let mut cube = Cube::new();
[INFO] [stdout]     |             ----^^^^
[INFO] [stdout]     |             |
[INFO] [stdout]     |             help: remove this `mut`
[INFO] [stdout]     |
[INFO] [stdout]     = note: `#[warn(unused_mut)]` (part of `#[warn(unused)]`) on by default
[INFO] [stdout] 
[INFO] [stdout] 
[INFO] [stdout] warning: variable does not need to be mutable
[INFO] [stdout]    --> src/lib.rs:741:13
[INFO] [stdout]     |
[INFO] [stdout] 741 |         let mut cube = Cube::new();
[INFO] [stdout]     |             ----^^^^
[INFO] [stdout]     |             |
[INFO] [stdout]     |             help: remove this `mut`
[INFO] [stdout] 
[INFO] [stdout] 
[INFO] [stderr]     Finished `release` profile [optimized] target(s) in 1.07s
[INFO] running `Command { std: "docker" "inspect" "53e31b7378f560ad761043ff280e626dc31a659381fc868136d7420297466b35", kill_on_drop: false }`
[INFO] running `Command { std: "docker" "exec" "-e" "SOURCE_DIR=/opt/rustwide/workdir" "-e" "CARGO_HOME=/opt/rustwide/cargo-home" "-e" "RUSTUP_HOME=/opt/rustwide/rustup-home" "-e" "CARGO_TARGET_DIR=/opt/rustwide/target" "-e" "CARGO_INCREMENTAL=0" "-e" "RUST_BACKTRACE=full" "-e" "RUSTFLAGS=--cap-lints=warn" "-e" "RUSTDOCFLAGS=--cap-lints=warn" "-w" "/opt/rustwide/workdir" "--user" "0:0" "53e31b7378f560ad761043ff280e626dc31a659381fc868136d7420297466b35" "/opt/rustwide/cargo-home/bin/cargo" "+1.99.0-beta.8" "test" "--frozen" "--release", kill_on_drop: false }`
[INFO] [stderr] warning: unused import: `super::*`
[INFO] [stderr]    --> src/utils.rs:318:9
[INFO] [stderr]     |
[INFO] [stderr] 318 |     use super::*;
[INFO] [stderr]     |         ^^^^^^^^
[INFO] [stderr]     |
[INFO] [stderr]     = note: `#[warn(unused_imports)]` (part of `#[warn(unused)]`) on by default
[INFO] [stderr] 
[INFO] [stderr] warning: unused import: `crate::resvg::render`
[INFO] [stderr]   --> src/resvg.rs:70:9
[INFO] [stderr]    |
[INFO] [stderr] 70 |     use crate::resvg::render;
[INFO] [stderr]    |         ^^^^^^^^^^^^^^^^^^^^
[INFO] [stderr] 
[INFO] [stderr] warning: variable does not need to be mutable
[INFO] [stderr]    --> src/lib.rs:734:13
[INFO] [stderr]     |
[INFO] [stderr] 734 |         let mut cube = Cube::new();
[INFO] [stderr]     |             ----^^^^
[INFO] [stderr]     |             |
[INFO] [stderr]     |             help: remove this `mut`
[INFO] [stderr]     |
[INFO] [stderr]     = note: `#[warn(unused_mut)]` (part of `#[warn(unused)]`) on by default
[INFO] [stderr] 
[INFO] [stderr] warning: variable does not need to be mutable
[INFO] [stderr]    --> src/lib.rs:741:13
[INFO] [stderr]     |
[INFO] [stderr] 741 |         let mut cube = Cube::new();
[INFO] [stderr]     |             ----^^^^
[INFO] [stderr]     |             |
[INFO] [stderr]     |             help: remove this `mut`
[INFO] [stderr] 
[INFO] [stderr] warning: `cube-lib` (lib) generated 2 warnings (run `cargo fix --lib -p cube-lib` to apply 2 suggestions)
[INFO] [stderr] warning: `cube-lib` (lib test) generated 2 warnings (run `cargo fix --lib -p cube-lib --tests` to apply 2 suggestions)
[INFO] [stderr]     Finished `release` profile [optimized] target(s) in 0.08s
[INFO] [stderr]      Running unittests src/lib.rs (/opt/rustwide/target/release/deps/cube_lib-84211f5754266b4f)
[INFO] [stdout] 
[INFO] [stdout] running 19 tests
[INFO] [stdout] test tests::it_works_rot_back ... ok
[INFO] [stdout] test tests::it_works_rot_down ... ok
[INFO] [stdout] test tests::it_works_get_svg ... ok
[INFO] [stdout] test tests::it_works_rot_down_rev ... ok
[INFO] [stdout] test tests::it_works_rot_front_rev ... ok
[INFO] [stdout] test tests::it_works_is_solved ... ok
[INFO] [stdout] test tests::it_works_rot_back_rev ... ok
[INFO] [stdout] test tests::it_works_rot ... ok
[INFO] [stdout] test tests::it_works_rot_left_rev ... ok
[INFO] [stdout] test tests::it_works_rot_right ... ok
[INFO] [stdout] test tests::it_works_rot_right_rev ... ok
[INFO] [stdout] test tests::it_works_rot_up ... ok
[INFO] [stdout] test tests::it_works_rot_up_rev ... ok
[INFO] [stdout] test tests::it_works_rot_front ... ok
[INFO] [stdout] test utils::tests::it_works_rev ... ok
[INFO] [stdout] test tests::it_works_rot_left ... ok
[INFO] [stdout] test utils::tests::it_works ... ok
[INFO] [stdout] test resvg::tests::it_works ... FAILED
[INFO] [stdout] test tests::it_works_get_svg_base64_png ... FAILED
[INFO] [stdout] 
[INFO] [stdout] failures:
[INFO] [stdout] 
[INFO] [stdout] ---- resvg::tests::it_works stdout ----
[INFO] [stdout] 
[INFO] [stdout] thread 'resvg::tests::it_works' (1045) panicked at src/resvg.rs:56:34:
[INFO] [stdout] called `Result::unwrap()` on an `Err` value: IoError(Os { code: 30, kind: ReadOnlyFilesystem, message: "Read-only file system" })
[INFO] [stdout] stack backtrace:
[INFO] [stdout]    0:     0x59cf02b0cc31 - <<std[70759c8f55707aa4]::sys::backtrace::BacktraceLock>::print::DisplayBacktrace as core[df12db4294e9bfd3]::fmt::Display>::fmt
[INFO] [stdout]    1:     0x59cf02b237fa - core[df12db4294e9bfd3]::fmt::write
[INFO] [stdout]    2:     0x59cf02b1117c - <alloc[2182bb758b4b3781]::vec::Vec<u8> as core[df12db4294e9bfd3]::io::write::Write>::write_fmt
[INFO] [stdout]    3:     0x59cf02ae8756 - std[70759c8f55707aa4]::panicking::default_hook::{closure#0}
[INFO] [stdout]    4:     0x59cf02b04c59 - std[70759c8f55707aa4]::panicking::default_hook
[INFO] [stdout]    5:     0x59cf028d80b0 - test[9d35eded1c95d3be]::test_main_inner::<test[9d35eded1c95d3be]::test_main_static::{closure#0}>::{closure#0}
[INFO] [stdout]    6:     0x59cf02b04e12 - std[70759c8f55707aa4]::panicking::panic_with_hook
[INFO] [stdout]    7:     0x59cf02ae8802 - std[70759c8f55707aa4]::panicking::panic_handler::{closure#0}
[INFO] [stdout]    8:     0x59cf02ae13c9 - std[70759c8f55707aa4]::sys::backtrace::__rust_end_short_backtrace::<std[70759c8f55707aa4]::panicking::panic_handler::{closure#0}, !>
[INFO] [stdout]    9:     0x59cf02ae93fd - __rustc[8fa7c3cbc660c2b3]::rust_begin_unwind
[INFO] [stdout]   10:     0x59cf02b23f2c - core[df12db4294e9bfd3]::panicking::panic_fmt
[INFO] [stdout]   11:     0x59cf02b23d02 - core[df12db4294e9bfd3]::result::unwrap_failed
[INFO] [stdout]   12:     0x59cf028ca3dd - cube_lib[7d46e6757b4da8cc]::resvg::render
[INFO] [stdout]   13:     0x59cf028cb263 - <cube_lib[7d46e6757b4da8cc]::resvg::tests::it_works::{closure#0} as core[df12db4294e9bfd3]::ops::function::FnOnce<()>>::call_once
[INFO] [stdout]   14:     0x59cf028cb39b - test[9d35eded1c95d3be]::__rust_begin_short_backtrace::<core[df12db4294e9bfd3]::result::Result<(), alloc[2182bb758b4b3781]::string::String>, fn() -> core[df12db4294e9bfd3]::result::Result<(), alloc[2182bb758b4b3781]::string::String>>
[INFO] [stdout]   15:     0x59cf028d8a05 - test[9d35eded1c95d3be]::run_test::{closure#0}
[INFO] [stdout]   16:     0x59cf028d22c4 - std[70759c8f55707aa4]::sys::backtrace::__rust_begin_short_backtrace::<test[9d35eded1c95d3be]::run_test::{closure#1}, ()>
[INFO] [stderr] error: test failed, to rerun pass `--lib`
[INFO] [stdout]   17:     0x59cf028dbb62 - <std[70759c8f55707aa4]::thread::lifecycle::spawn_unchecked<test[9d35eded1c95d3be]::run_test::{closure#1}, ()>::{closure#1} as core[df12db4294e9bfd3]::ops::function::FnOnce<()>>::call_once::{shim:vtable#0}
[INFO] [stdout]   18:     0x59cf02b0bfc9 - <std[70759c8f55707aa4]::sys::thread::unix::Thread>::new::thread_start
[INFO] [stdout]   19:     0x77e4b0f8fdfa - <unknown>
[INFO] [stdout]   20:     0x77e4b10233d4 - clone
[INFO] [stdout]   21:                0x0 - <unknown>
[INFO] [stdout] 
[INFO] [stdout] ---- tests::it_works_get_svg_base64_png stdout ----
[INFO] [stdout] 
[INFO] [stdout] thread 'tests::it_works_get_svg_base64_png' (1047) panicked at src/resvg.rs:56:34:
[INFO] [stdout] called `Result::unwrap()` on an `Err` value: IoError(Os { code: 30, kind: ReadOnlyFilesystem, message: "Read-only file system" })
[INFO] [stdout] stack backtrace:
[INFO] [stdout]    0:     0x59cf02b0cc31 - <<std[70759c8f55707aa4]::sys::backtrace::BacktraceLock>::print::DisplayBacktrace as core[df12db4294e9bfd3]::fmt::Display>::fmt
[INFO] [stdout]    1:     0x59cf02b237fa - core[df12db4294e9bfd3]::fmt::write
[INFO] [stdout]    2:     0x59cf02b1117c - <alloc[2182bb758b4b3781]::vec::Vec<u8> as core[df12db4294e9bfd3]::io::write::Write>::write_fmt
[INFO] [stdout]    3:     0x59cf02ae8756 - std[70759c8f55707aa4]::panicking::default_hook::{closure#0}
[INFO] [stdout]    4:     0x59cf02b04c59 - std[70759c8f55707aa4]::panicking::default_hook
[INFO] [stdout]    5:     0x59cf028d80b0 - test[9d35eded1c95d3be]::test_main_inner::<test[9d35eded1c95d3be]::test_main_static::{closure#0}>::{closure#0}
[INFO] [stdout]    6:     0x59cf02b04e12 - std[70759c8f55707aa4]::panicking::panic_with_hook
[INFO] [stdout]    7:     0x59cf02ae8802 - std[70759c8f55707aa4]::panicking::panic_handler::{closure#0}
[INFO] [stdout]    8:     0x59cf02ae13c9 - std[70759c8f55707aa4]::sys::backtrace::__rust_end_short_backtrace::<std[70759c8f55707aa4]::panicking::panic_handler::{closure#0}, !>
[INFO] [stdout]    9:     0x59cf02ae93fd - __rustc[8fa7c3cbc660c2b3]::rust_begin_unwind
[INFO] [stdout]   10:     0x59cf02b23f2c - core[df12db4294e9bfd3]::panicking::panic_fmt
[INFO] [stdout]   11:     0x59cf02b23d02 - core[df12db4294e9bfd3]::result::unwrap_failed
[INFO] [stdout]   12:     0x59cf028ca3dd - cube_lib[7d46e6757b4da8cc]::resvg::render
[INFO] [stdout]   13:     0x59cf028c69ca - cube_lib[7d46e6757b4da8cc]::tests::it_works_get_svg_base64_png
[INFO] [stdout]   14:     0x59cf028cb1e9 - <cube_lib[7d46e6757b4da8cc]::tests::it_works_get_svg_base64_png::{closure#0} as core[df12db4294e9bfd3]::ops::function::FnOnce<()>>::call_once
[INFO] [stdout]   15:     0x59cf028cb39b - test[9d35eded1c95d3be]::__rust_begin_short_backtrace::<core[df12db4294e9bfd3]::result::Result<(), alloc[2182bb758b4b3781]::string::String>, fn() -> core[df12db4294e9bfd3]::result::Result<(), alloc[2182bb758b4b3781]::string::String>>
[INFO] [stdout]   16:     0x59cf028d8a05 - test[9d35eded1c95d3be]::run_test::{closure#0}
[INFO] [stdout]   17:     0x59cf028d22c4 - std[70759c8f55707aa4]::sys::backtrace::__rust_begin_short_backtrace::<test[9d35eded1c95d3be]::run_test::{closure#1}, ()>
[INFO] [stdout]   18:     0x59cf028dbb62 - <std[70759c8f55707aa4]::thread::lifecycle::spawn_unchecked<test[9d35eded1c95d3be]::run_test::{closure#1}, ()>::{closure#1} as core[df12db4294e9bfd3]::ops::function::FnOnce<()>>::call_once::{shim:vtable#0}
[INFO] [stdout]   19:     0x59cf02b0bfc9 - <std[70759c8f55707aa4]::sys::thread::unix::Thread>::new::thread_start
[INFO] [stdout]   20:     0x77e4b0f8fdfa - <unknown>
[INFO] [stdout]   21:     0x77e4b10233d4 - clone
[INFO] [stdout]   22:                0x0 - <unknown>
[INFO] [stdout] 
[INFO] [stdout] 
[INFO] [stdout] failures:
[INFO] [stdout]     resvg::tests::it_works
[INFO] [stdout]     tests::it_works_get_svg_base64_png
[INFO] [stdout] 
[INFO] [stdout] test result: FAILED. 17 passed; 2 failed; 0 ignored; 0 measured; 0 filtered out; finished in 0.03s
[INFO] [stdout] 
[INFO] running `Command { std: "docker" "inspect" "53e31b7378f560ad761043ff280e626dc31a659381fc868136d7420297466b35", kill_on_drop: false }`
[INFO] running `Command { std: "docker" "rm" "-f" "53e31b7378f560ad761043ff280e626dc31a659381fc868136d7420297466b35", kill_on_drop: false }`
[INFO] [stdout] 53e31b7378f560ad761043ff280e626dc31a659381fc868136d7420297466b35
