[INFO] fetching crate ctx-config 0.2.5...
[INFO] testing ctx-config-0.2.5 against 1.99.0-beta.8+cargoflags=--release for beta-release-1.100-2
[INFO] extracting crate ctx-config 0.2.5 into /workspace/builds/worker-1-tc1/source
[INFO] started tweaking crates.io crate ctx-config 0.2.5
[INFO] removed 0 missing tests
[INFO] finished tweaking crates.io crate ctx-config 0.2.5
[INFO] tweaked toml for crates.io crate ctx-config 0.2.5 written to /workspace/builds/worker-1-tc1/source/Cargo.toml
[INFO] validating manifest of crates.io crate ctx-config 0.2.5 on toolchain 1.99.0-beta.8
[INFO] running `Command { std: CARGO_HOME="/workspace/cargo-home" RUSTUP_HOME="/workspace/rustup-home" "/workspace/cargo-home/bin/cargo" "+1.99.0-beta.8" "metadata" "--manifest-path" "Cargo.toml" "--no-deps", kill_on_drop: false }`
[INFO] crate crates.io crate ctx-config 0.2.5 already has a lockfile, it will not be regenerated
[INFO] running `Command { std: CARGO_HOME="/workspace/cargo-home" RUSTUP_HOME="/workspace/rustup-home" "/workspace/cargo-home/bin/cargo" "+1.99.0-beta.8" "fetch" "--manifest-path" "Cargo.toml", kill_on_drop: false }`
[INFO] running `Command { std: "docker" "create" "-v" "/var/lib/crater-agent-workspace/builds/worker-1-tc1/source:/opt/rustwide/workdir:ro,Z" "-v" "/var/lib/crater-agent-workspace/builds/worker-1-tc1/target:/opt/rustwide/target:rw,Z" "-v" "/var/lib/crater-agent-workspace/cargo-home:/opt/rustwide/cargo-home:ro,Z" "-v" "/var/lib/crater-agent-workspace/rustup-home:/opt/rustwide/rustup-home:ro,Z" "-m" "1610612736" "--network" "none" "ghcr.io/rust-lang/crates-build-env/linux@sha256:77db811e55d90add9212f6832c23229e3de5f1c1f9905e8cb07319ea15df73ac" "sleep" "infinity", kill_on_drop: false }`
[INFO] [stdout] 525497236a0d21f4cb12e3b5737da7e11480e1bbe2876fed596d76e974f8ce4d
[INFO] running `Command { std: "docker" "start" "525497236a0d21f4cb12e3b5737da7e11480e1bbe2876fed596d76e974f8ce4d", kill_on_drop: false }`
[INFO] running `Command { std: "docker" "inspect" "525497236a0d21f4cb12e3b5737da7e11480e1bbe2876fed596d76e974f8ce4d", kill_on_drop: false }`
[INFO] running `Command { std: "docker" "exec" "-e" "SOURCE_DIR=/opt/rustwide/workdir" "-e" "CARGO_HOME=/opt/rustwide/cargo-home" "-e" "RUSTUP_HOME=/opt/rustwide/rustup-home" "-e" "CARGO_TARGET_DIR=/opt/rustwide/target" "-w" "/opt/rustwide/workdir" "--user" "0:0" "525497236a0d21f4cb12e3b5737da7e11480e1bbe2876fed596d76e974f8ce4d" "/opt/rustwide/cargo-home/bin/cargo" "+1.99.0-beta.8" "metadata" "--no-deps" "--format-version=1", kill_on_drop: false }`
[INFO] running `Command { std: "docker" "inspect" "525497236a0d21f4cb12e3b5737da7e11480e1bbe2876fed596d76e974f8ce4d", kill_on_drop: false }`
[INFO] running `Command { std: "docker" "exec" "-e" "SOURCE_DIR=/opt/rustwide/workdir" "-e" "CARGO_HOME=/opt/rustwide/cargo-home" "-e" "RUSTUP_HOME=/opt/rustwide/rustup-home" "-e" "CARGO_TARGET_DIR=/opt/rustwide/target" "-e" "CARGO_INCREMENTAL=0" "-e" "RUST_BACKTRACE=full" "-e" "RUSTFLAGS=--cap-lints=warn" "-e" "RUSTDOCFLAGS=--cap-lints=warn" "-w" "/opt/rustwide/workdir" "--user" "0:0" "525497236a0d21f4cb12e3b5737da7e11480e1bbe2876fed596d76e974f8ce4d" "/opt/rustwide/cargo-home/bin/cargo" "+1.99.0-beta.8" "build" "--frozen" "--message-format=json" "--release", kill_on_drop: false }`
[INFO] [stderr]    Compiling serde_core v1.0.228
[INFO] [stderr]    Compiling proc-macro2 v1.0.106
[INFO] [stderr]    Compiling quote v1.0.45
[INFO] [stderr]    Compiling winnow v1.0.2
[INFO] [stderr]    Compiling toml_writer v1.1.1+spec-1.1.0
[INFO] [stderr]    Compiling anyhow v1.0.102
[INFO] [stderr]    Compiling winnow v0.7.15
[INFO] [stderr]    Compiling toml_parser v1.1.2+spec-1.1.0
[INFO] [stderr]    Compiling syn v2.0.117
[INFO] [stderr]    Compiling serde_spanned v1.1.1
[INFO] [stderr]    Compiling toml_datetime v0.7.5+spec-1.1.0
[INFO] [stderr]    Compiling serde_derive v1.0.228
[INFO] [stderr]    Compiling toml v0.9.12+spec-1.1.0
[INFO] [stderr]    Compiling serde v1.0.228
[INFO] [stderr]    Compiling ctx-config v0.2.5 (/opt/rustwide/workdir)
[INFO] [stderr]     Finished `release` profile [optimized] target(s) in 26.99s
[INFO] running `Command { std: "docker" "inspect" "525497236a0d21f4cb12e3b5737da7e11480e1bbe2876fed596d76e974f8ce4d", kill_on_drop: false }`
[INFO] running `Command { std: "docker" "exec" "-e" "SOURCE_DIR=/opt/rustwide/workdir" "-e" "CARGO_HOME=/opt/rustwide/cargo-home" "-e" "RUSTUP_HOME=/opt/rustwide/rustup-home" "-e" "CARGO_TARGET_DIR=/opt/rustwide/target" "-e" "CARGO_INCREMENTAL=0" "-e" "RUST_BACKTRACE=full" "-e" "RUSTFLAGS=--cap-lints=warn" "-e" "RUSTDOCFLAGS=--cap-lints=warn" "-w" "/opt/rustwide/workdir" "--user" "0:0" "525497236a0d21f4cb12e3b5737da7e11480e1bbe2876fed596d76e974f8ce4d" "/opt/rustwide/cargo-home/bin/cargo" "+1.99.0-beta.8" "test" "--frozen" "--no-run" "--message-format=json" "--release", kill_on_drop: false }`
[INFO] [stderr]    Compiling libc v0.2.186
[INFO] [stderr]    Compiling bitflags v2.11.1
[INFO] [stderr]    Compiling fastrand v2.4.1
[INFO] [stderr]    Compiling rustix v1.1.4
[INFO] [stderr]    Compiling getrandom v0.4.2
[INFO] [stderr]    Compiling tempfile v3.27.0
[INFO] [stderr]    Compiling ctx-config v0.2.5 (/opt/rustwide/workdir)
[INFO] [stderr]     Finished `release` profile [optimized] target(s) in 8.20s
[INFO] running `Command { std: "docker" "inspect" "525497236a0d21f4cb12e3b5737da7e11480e1bbe2876fed596d76e974f8ce4d", kill_on_drop: false }`
[INFO] running `Command { std: "docker" "exec" "-e" "SOURCE_DIR=/opt/rustwide/workdir" "-e" "CARGO_HOME=/opt/rustwide/cargo-home" "-e" "RUSTUP_HOME=/opt/rustwide/rustup-home" "-e" "CARGO_TARGET_DIR=/opt/rustwide/target" "-e" "CARGO_INCREMENTAL=0" "-e" "RUST_BACKTRACE=full" "-e" "RUSTFLAGS=--cap-lints=warn" "-e" "RUSTDOCFLAGS=--cap-lints=warn" "-w" "/opt/rustwide/workdir" "--user" "0:0" "525497236a0d21f4cb12e3b5737da7e11480e1bbe2876fed596d76e974f8ce4d" "/opt/rustwide/cargo-home/bin/cargo" "+1.99.0-beta.8" "test" "--frozen" "--release", kill_on_drop: false }`
[INFO] [stderr]     Finished `release` profile [optimized] target(s) in 0.07s
[INFO] [stderr]      Running unittests src/lib.rs (/opt/rustwide/target/release/deps/ctx_config-9d26066696df9063)
[INFO] [stdout] 
[INFO] [stdout] running 1 test
[INFO] [stdout] test tests::default_config_is_valid ... ok
[INFO] [stdout] 
[INFO] [stdout] test result: ok. 1 passed; 0 failed; 0 ignored; 0 measured; 0 filtered out; finished in 0.01s
[INFO] [stdout] 
[INFO] [stderr]      Running tests/config_behavior.rs (/opt/rustwide/target/release/deps/config_behavior-0360082e8d18cda9)
[INFO] [stdout] 
[INFO] [stdout] running 7 tests
[INFO] [stdout] test security_defaults_are_local_first_and_telemetry_opt_in ... ok
[INFO] [stdout] test write_default_config_creates_ctx_structure ... ok
[INFO] [stdout] test template_config_is_valid ... FAILED
[INFO] [stdout] test invalid_budget_fails_validation ... ok
[INFO] [stdout] test parses_minimal_toml_into_defaults ... ok
[INFO] [stdout] test semantic_config_supports_onnx_paths_and_fallback_policy ... ok
[INFO] [stderr] error: test failed, to rerun pass `--test config_behavior`
[INFO] [stdout] test security_rejects_remote_upload_when_local_only_is_enabled ... ok
[INFO] [stdout] 
[INFO] [stdout] failures:
[INFO] [stdout] 
[INFO] [stdout] ---- template_config_is_valid stdout ----
[INFO] [stdout] 
[INFO] [stdout] thread 'template_config_is_valid' (556) panicked at tests/config_behavior.rs:79:10:
[INFO] [stdout] template config should exist: Os { code: 2, kind: NotFound, message: "No such file or directory" }
[INFO] [stdout] stack backtrace:
[INFO] [stdout]    0:     0x570c714bfdc1 - <<std[70759c8f55707aa4]::sys::backtrace::BacktraceLock>::print::DisplayBacktrace as core[df12db4294e9bfd3]::fmt::Display>::fmt
[INFO] [stdout]    1:     0x570c714d626a - core[df12db4294e9bfd3]::fmt::write
[INFO] [stdout]    2:     0x570c714c49dc - <alloc[2182bb758b4b3781]::vec::Vec<u8> as core[df12db4294e9bfd3]::io::write::Write>::write_fmt
[INFO] [stdout]    3:     0x570c7149a2c6 - std[70759c8f55707aa4]::panicking::default_hook::{closure#0}
[INFO] [stdout]    4:     0x570c714b7899 - std[70759c8f55707aa4]::panicking::default_hook
[INFO] [stdout]    5:     0x570c7140f2d0 - test[9d35eded1c95d3be]::test_main_inner::<test[9d35eded1c95d3be]::test_main_static::{closure#0}>::{closure#0}
[INFO] [stdout]    6:     0x570c714b7a52 - std[70759c8f55707aa4]::panicking::panic_with_hook
[INFO] [stdout]    7:     0x570c7149a372 - std[70759c8f55707aa4]::panicking::panic_handler::{closure#0}
[INFO] [stdout]    8:     0x570c714928b9 - std[70759c8f55707aa4]::sys::backtrace::__rust_end_short_backtrace::<std[70759c8f55707aa4]::panicking::panic_handler::{closure#0}, !>
[INFO] [stdout]    9:     0x570c7149b07d - __rustc[8fa7c3cbc660c2b3]::rust_begin_unwind
[INFO] [stdout]   10:     0x570c714d69dc - core[df12db4294e9bfd3]::panicking::panic_fmt
[INFO] [stdout]   11:     0x570c714d67b2 - core[df12db4294e9bfd3]::result::unwrap_failed
[INFO] [stdout]   12:     0x570c714014b1 - <config_behavior[bc18f5730eae67c5]::template_config_is_valid::{closure#0} as core[df12db4294e9bfd3]::ops::function::FnOnce<()>>::call_once
[INFO] [stdout]   13:     0x570c714025bb - test[9d35eded1c95d3be]::__rust_begin_short_backtrace::<core[df12db4294e9bfd3]::result::Result<(), alloc[2182bb758b4b3781]::string::String>, fn() -> core[df12db4294e9bfd3]::result::Result<(), alloc[2182bb758b4b3781]::string::String>>
[INFO] [stdout]   14:     0x570c7140fc25 - test[9d35eded1c95d3be]::run_test::{closure#0}
[INFO] [stdout]   15:     0x570c714094e4 - std[70759c8f55707aa4]::sys::backtrace::__rust_begin_short_backtrace::<test[9d35eded1c95d3be]::run_test::{closure#1}, ()>
[INFO] [stdout]   16:     0x570c71412d82 - <std[70759c8f55707aa4]::thread::lifecycle::spawn_unchecked<test[9d35eded1c95d3be]::run_test::{closure#1}, ()>::{closure#1} as core[df12db4294e9bfd3]::ops::function::FnOnce<()>>::call_once::{shim:vtable#0}
[INFO] [stdout]   17:     0x570c714bf139 - <std[70759c8f55707aa4]::sys::thread::unix::Thread>::new::thread_start
[INFO] [stdout]   18:     0x7abf0e79bdfa - <unknown>
[INFO] [stdout]   19:     0x7abf0e82f3d4 - clone
[INFO] [stdout]   20:                0x0 - <unknown>
[INFO] [stdout] 
[INFO] [stdout] 
[INFO] [stdout] failures:
[INFO] [stdout]     template_config_is_valid
[INFO] [stdout] 
[INFO] [stdout] test result: FAILED. 6 passed; 1 failed; 0 ignored; 0 measured; 0 filtered out; finished in 0.01s
[INFO] [stdout] 
[INFO] running `Command { std: "docker" "inspect" "525497236a0d21f4cb12e3b5737da7e11480e1bbe2876fed596d76e974f8ce4d", kill_on_drop: false }`
[INFO] running `Command { std: "docker" "rm" "-f" "525497236a0d21f4cb12e3b5737da7e11480e1bbe2876fed596d76e974f8ce4d", kill_on_drop: false }`
[INFO] [stdout] 525497236a0d21f4cb12e3b5737da7e11480e1bbe2876fed596d76e974f8ce4d
