[INFO] fetching crate ctx-cli 0.2.5...
[INFO] testing ctx-cli-0.2.5 against 1.99.0-beta.8+cargoflags=--release for beta-release-1.100-2
[INFO] extracting crate ctx-cli 0.2.5 into /workspace/builds/worker-4-tc1/source
[INFO] started tweaking crates.io crate ctx-cli 0.2.5
[INFO] removed 0 missing tests
[INFO] finished tweaking crates.io crate ctx-cli 0.2.5
[INFO] tweaked toml for crates.io crate ctx-cli 0.2.5 written to /workspace/builds/worker-4-tc1/source/Cargo.toml
[INFO] validating manifest of crates.io crate ctx-cli 0.2.5 on toolchain 1.99.0-beta.8
[INFO] running `Command { std: CARGO_HOME="/workspace/cargo-home" RUSTUP_HOME="/workspace/rustup-home" "/workspace/cargo-home/bin/cargo" "+1.99.0-beta.8" "metadata" "--manifest-path" "Cargo.toml" "--no-deps", kill_on_drop: false }`
[INFO] crate crates.io crate ctx-cli 0.2.5 already has a lockfile, it will not be regenerated
[INFO] running `Command { std: CARGO_HOME="/workspace/cargo-home" RUSTUP_HOME="/workspace/rustup-home" "/workspace/cargo-home/bin/cargo" "+1.99.0-beta.8" "fetch" "--manifest-path" "Cargo.toml", kill_on_drop: false }`
[INFO] [stderr]     Updating crates.io index
[INFO] [stderr]  Downloading crates ...
[INFO] [stderr]   Downloaded bitflags v2.11.1
[INFO] [stderr]   Downloaded predicates v3.1.4
[INFO] [stderr]   Downloaded predicates-core v1.0.10
[INFO] [stderr]   Downloaded chunked_transfer v1.5.0
[INFO] [stderr]   Downloaded serde_spanned v1.1.1
[INFO] [stderr]   Downloaded ctx-intake v0.2.5
[INFO] [stderr]   Downloaded ctx-config v0.2.5
[INFO] [stderr]   Downloaded ctx-token v0.2.5
[INFO] [stderr]   Downloaded ctx-pack v0.2.5
[INFO] [stderr]   Downloaded ctx-ast v0.2.5
[INFO] [stderr]   Downloaded ctx-hooks v0.2.5
[INFO] [stderr]   Downloaded ctx-telemetry v0.2.5
[INFO] [stderr]   Downloaded ctx-prune v0.2.5
[INFO] [stderr]   Downloaded ctx-graph v0.2.5
[INFO] [stderr]   Downloaded tree-sitter-language v0.1.7
[INFO] [stderr]   Downloaded toml_writer v1.1.1+spec-1.1.0
[INFO] [stderr]   Downloaded ctx-semantic v0.2.5
[INFO] [stderr]   Downloaded predicates-tree v1.0.13
[INFO] [stderr]   Downloaded wasip2 v1.0.3+wasi-0.2.9
[INFO] [stderr]   Downloaded ctx-mcp v0.2.5
[INFO] [stderr]   Downloaded streaming-iterator v0.1.9
[INFO] [stderr]   Downloaded ctx-core v0.2.5
[INFO] [stderr]   Downloaded toml_datetime v0.7.5+spec-1.1.0
[INFO] [stderr]   Downloaded hashlink v0.10.0
[INFO] [stderr]   Downloaded globset v0.4.18
[INFO] [stderr]   Downloaded assert_cmd v2.2.1
[INFO] [stderr]   Downloaded ascii v1.1.0
[INFO] [stderr]   Downloaded tiny_http v0.12.0
[INFO] [stderr]   Downloaded toml v0.9.12+spec-1.1.0
[INFO] [stderr]   Downloaded cc v1.2.61
[INFO] [stderr]   Downloaded hashbrown v0.17.0
[INFO] [stderr]   Downloaded tree-sitter-javascript v0.23.1
[INFO] [stderr]   Downloaded winnow v1.0.2
[INFO] [stderr]   Downloaded tree-sitter-python v0.25.0
[INFO] [stderr]   Downloaded tree-sitter v0.25.10
[INFO] [stderr]   Downloaded rusqlite v0.37.0
[INFO] [stderr]   Downloaded tree-sitter-rust v0.24.2
[INFO] [stderr]   Downloaded tree-sitter-typescript v0.23.2
[INFO] [stderr]   Downloaded libsqlite3-sys v0.35.0
[INFO] running `Command { std: "docker" "create" "-v" "/var/lib/crater-agent-workspace/builds/worker-4-tc1/source:/opt/rustwide/workdir:ro,Z" "-v" "/var/lib/crater-agent-workspace/builds/worker-4-tc1/target:/opt/rustwide/target:rw,Z" "-v" "/var/lib/crater-agent-workspace/cargo-home:/opt/rustwide/cargo-home:ro,Z" "-v" "/var/lib/crater-agent-workspace/rustup-home:/opt/rustwide/rustup-home:ro,Z" "-m" "1610612736" "--network" "none" "ghcr.io/rust-lang/crates-build-env/linux@sha256:77db811e55d90add9212f6832c23229e3de5f1c1f9905e8cb07319ea15df73ac" "sleep" "infinity", kill_on_drop: false }`
[INFO] [stdout] ede007fb86f781f2569e5b18221dc2973e0bbe94ca46accdcf942afa2f138aeb
[INFO] running `Command { std: "docker" "start" "ede007fb86f781f2569e5b18221dc2973e0bbe94ca46accdcf942afa2f138aeb", kill_on_drop: false }`
[INFO] running `Command { std: "docker" "inspect" "ede007fb86f781f2569e5b18221dc2973e0bbe94ca46accdcf942afa2f138aeb", kill_on_drop: false }`
[INFO] running `Command { std: "docker" "exec" "-e" "SOURCE_DIR=/opt/rustwide/workdir" "-e" "CARGO_HOME=/opt/rustwide/cargo-home" "-e" "RUSTUP_HOME=/opt/rustwide/rustup-home" "-e" "CARGO_TARGET_DIR=/opt/rustwide/target" "-w" "/opt/rustwide/workdir" "--user" "0:0" "ede007fb86f781f2569e5b18221dc2973e0bbe94ca46accdcf942afa2f138aeb" "/opt/rustwide/cargo-home/bin/cargo" "+1.99.0-beta.8" "metadata" "--no-deps" "--format-version=1", kill_on_drop: false }`
[INFO] running `Command { std: "docker" "inspect" "ede007fb86f781f2569e5b18221dc2973e0bbe94ca46accdcf942afa2f138aeb", kill_on_drop: false }`
[INFO] running `Command { std: "docker" "exec" "-e" "SOURCE_DIR=/opt/rustwide/workdir" "-e" "CARGO_HOME=/opt/rustwide/cargo-home" "-e" "RUSTUP_HOME=/opt/rustwide/rustup-home" "-e" "CARGO_TARGET_DIR=/opt/rustwide/target" "-e" "CARGO_INCREMENTAL=0" "-e" "RUST_BACKTRACE=full" "-e" "RUSTFLAGS=--cap-lints=warn" "-e" "RUSTDOCFLAGS=--cap-lints=warn" "-w" "/opt/rustwide/workdir" "--user" "0:0" "ede007fb86f781f2569e5b18221dc2973e0bbe94ca46accdcf942afa2f138aeb" "/opt/rustwide/cargo-home/bin/cargo" "+1.99.0-beta.8" "build" "--frozen" "--message-format=json" "--release", kill_on_drop: false }`
[INFO] [stderr]    Compiling cc v1.2.61
[INFO] [stderr]    Compiling tree-sitter-language v0.1.7
[INFO] [stderr]    Compiling serde v1.0.228
[INFO] [stderr]    Compiling memchr v2.8.0
[INFO] [stderr]    Compiling serde_core v1.0.228
[INFO] [stderr]    Compiling equivalent v1.0.2
[INFO] [stderr]    Compiling serde_json v1.0.149
[INFO] [stderr]    Compiling hashbrown v0.17.0
[INFO] [stderr]    Compiling itoa v1.0.18
[INFO] [stderr]    Compiling zmij v1.0.21
[INFO] [stderr]    Compiling pkg-config v0.3.33
[INFO] [stderr]    Compiling anyhow v1.0.102
[INFO] [stderr]    Compiling vcpkg v0.2.15
[INFO] [stderr]    Compiling syn v2.0.117
[INFO] [stderr]    Compiling foldhash v0.1.5
[INFO] [stderr]    Compiling winnow v1.0.2
[INFO] [stderr]    Compiling toml_datetime v0.7.5+spec-1.1.0
[INFO] [stderr]    Compiling serde_spanned v1.1.1
[INFO] [stderr]    Compiling hashbrown v0.15.5
[INFO] [stderr]    Compiling winnow v0.7.15
[INFO] [stderr]    Compiling toml_writer v1.1.1+spec-1.1.0
[INFO] [stderr]    Compiling smallvec v1.15.1
[INFO] [stderr]    Compiling bitflags v2.11.1
[INFO] [stderr]    Compiling fallible-streaming-iterator v0.1.9
[INFO] [stderr]    Compiling streaming-iterator v0.1.9
[INFO] [stderr]    Compiling aho-corasick v1.1.4
[INFO] [stderr]    Compiling toml_parser v1.1.2+spec-1.1.0
[INFO] [stderr]    Compiling fallible-iterator v0.3.0
[INFO] [stderr]    Compiling utf8parse v0.2.2
[INFO] [stderr]    Compiling anstyle-parse v1.0.0
[INFO] [stderr]    Compiling bstr v1.12.1
[INFO] [stderr]    Compiling same-file v1.0.6
[INFO] [stderr]    Compiling colorchoice v1.0.5
[INFO] [stderr]    Compiling indexmap v2.14.0
[INFO] [stderr]    Compiling anstyle v1.0.14
[INFO] [stderr]    Compiling is_terminal_polyfill v1.70.2
[INFO] [stderr]    Compiling anstyle-query v1.1.5
[INFO] [stderr]    Compiling ctx-token v0.2.5
[INFO] [stderr]    Compiling walkdir v2.5.0
[INFO] [stderr]    Compiling chunked_transfer v1.5.0
[INFO] [stderr]    Compiling ascii v1.1.0
[INFO] [stderr]    Compiling strsim v0.11.1
[INFO] [stderr]    Compiling anstream v1.0.0
[INFO] [stderr]    Compiling clap_lex v1.1.0
[INFO] [stderr]    Compiling heck v0.5.0
[INFO] [stderr]    Compiling tiny_http v0.12.0
[INFO] [stderr]    Compiling clap_builder v4.6.0
[INFO] [stderr]    Compiling hashlink v0.10.0
[INFO] [stderr]    Compiling libsqlite3-sys v0.35.0
[INFO] [stderr]    Compiling tree-sitter-javascript v0.23.1
[INFO] [stderr]    Compiling tree-sitter-python v0.25.0
[INFO] [stderr]    Compiling tree-sitter-rust v0.24.2
[INFO] [stderr]    Compiling tree-sitter-typescript v0.23.2
[INFO] [stderr]    Compiling regex-automata v0.4.14
[INFO] [stderr]    Compiling toml v0.9.12+spec-1.1.0
[INFO] [stderr]    Compiling serde_derive v1.0.228
[INFO] [stderr]    Compiling thiserror-impl v2.0.18
[INFO] [stderr]    Compiling clap_derive v4.6.1
[INFO] [stderr]    Compiling tree-sitter v0.25.10
[INFO] [stderr]    Compiling regex v1.12.3
[INFO] [stderr]    Compiling globset v0.4.18
[INFO] [stderr]    Compiling clap v4.6.1
[INFO] [stderr]    Compiling thiserror v2.0.18
[INFO] [stderr]    Compiling ctx-telemetry v0.2.5
[INFO] [stderr]    Compiling ctx-prune v0.2.5
[INFO] [stderr]    Compiling ctx-config v0.2.5
[INFO] [stderr]    Compiling ctx-intake v0.2.5
[INFO] [stderr]    Compiling ctx-semantic v0.2.5
[INFO] [stderr]    Compiling ctx-pack v0.2.5
[INFO] [stderr]    Compiling ctx-hooks v0.2.5
[INFO] [stderr]    Compiling ctx-ast v0.2.5
[INFO] [stderr]    Compiling rusqlite v0.37.0
[INFO] [stderr]    Compiling ctx-graph v0.2.5
[INFO] [stderr]    Compiling ctx-core v0.2.5
[INFO] [stderr]    Compiling ctx-mcp v0.2.5
[INFO] [stderr]    Compiling ctx-cli v0.2.5 (/opt/rustwide/workdir)
[INFO] [stderr]     Finished `release` profile [optimized] target(s) in 2m 23s
[INFO] running `Command { std: "docker" "inspect" "ede007fb86f781f2569e5b18221dc2973e0bbe94ca46accdcf942afa2f138aeb", kill_on_drop: false }`
[INFO] running `Command { std: "docker" "exec" "-e" "SOURCE_DIR=/opt/rustwide/workdir" "-e" "CARGO_HOME=/opt/rustwide/cargo-home" "-e" "RUSTUP_HOME=/opt/rustwide/rustup-home" "-e" "CARGO_TARGET_DIR=/opt/rustwide/target" "-e" "CARGO_INCREMENTAL=0" "-e" "RUST_BACKTRACE=full" "-e" "RUSTFLAGS=--cap-lints=warn" "-e" "RUSTDOCFLAGS=--cap-lints=warn" "-w" "/opt/rustwide/workdir" "--user" "0:0" "ede007fb86f781f2569e5b18221dc2973e0bbe94ca46accdcf942afa2f138aeb" "/opt/rustwide/cargo-home/bin/cargo" "+1.99.0-beta.8" "test" "--frozen" "--no-run" "--message-format=json" "--release", kill_on_drop: false }`
[INFO] [stderr]    Compiling regex-automata v0.4.14
[INFO] [stderr]    Compiling bitflags v2.11.1
[INFO] [stderr]    Compiling libc v0.2.186
[INFO] [stderr]    Compiling predicates-core v1.0.10
[INFO] [stderr]    Compiling getrandom v0.4.2
[INFO] [stderr]    Compiling rustix v1.1.4
[INFO] [stderr]    Compiling float-cmp v0.10.0
[INFO] [stderr]    Compiling linux-raw-sys v0.12.1
[INFO] [stderr]    Compiling termtree v0.5.1
[INFO] [stderr]    Compiling difflib v0.4.0
[INFO] [stderr]    Compiling assert_cmd v2.2.1
[INFO] [stderr]    Compiling normalize-line-endings v0.3.0
[INFO] [stderr]    Compiling once_cell v1.21.4
[INFO] [stderr]    Compiling fastrand v2.4.1
[INFO] [stderr]    Compiling rusqlite v0.37.0
[INFO] [stderr]    Compiling predicates-tree v1.0.13
[INFO] [stderr]    Compiling wait-timeout v0.2.1
[INFO] [stderr]    Compiling ctx-graph v0.2.5
[INFO] [stderr]    Compiling tempfile v3.27.0
[INFO] [stderr]    Compiling regex v1.12.3
[INFO] [stderr]    Compiling bstr v1.12.1
[INFO] [stderr]    Compiling globset v0.4.18
[INFO] [stderr]    Compiling tree-sitter v0.25.10
[INFO] [stderr]    Compiling ctx-prune v0.2.5
[INFO] [stderr]    Compiling predicates v3.1.4
[INFO] [stderr]    Compiling ctx-ast v0.2.5
[INFO] [stderr]    Compiling ctx-core v0.2.5
[INFO] [stderr]    Compiling ctx-mcp v0.2.5
[INFO] [stderr]    Compiling ctx-cli v0.2.5 (/opt/rustwide/workdir)
[INFO] [stderr]     Finished `release` profile [optimized] target(s) in 31.52s
[INFO] running `Command { std: "docker" "inspect" "ede007fb86f781f2569e5b18221dc2973e0bbe94ca46accdcf942afa2f138aeb", kill_on_drop: false }`
[INFO] running `Command { std: "docker" "exec" "-e" "SOURCE_DIR=/opt/rustwide/workdir" "-e" "CARGO_HOME=/opt/rustwide/cargo-home" "-e" "RUSTUP_HOME=/opt/rustwide/rustup-home" "-e" "CARGO_TARGET_DIR=/opt/rustwide/target" "-e" "CARGO_INCREMENTAL=0" "-e" "RUST_BACKTRACE=full" "-e" "RUSTFLAGS=--cap-lints=warn" "-e" "RUSTDOCFLAGS=--cap-lints=warn" "-w" "/opt/rustwide/workdir" "--user" "0:0" "ede007fb86f781f2569e5b18221dc2973e0bbe94ca46accdcf942afa2f138aeb" "/opt/rustwide/cargo-home/bin/cargo" "+1.99.0-beta.8" "test" "--frozen" "--release", kill_on_drop: false }`
[INFO] [stderr]     Finished `release` profile [optimized] target(s) in 0.11s
[INFO] [stderr]      Running unittests src/main.rs (/opt/rustwide/target/release/deps/ctx-2a0ef444a6b02d18)
[INFO] [stdout] 
[INFO] [stderr]      Running tests/cli_behavior.rs (/opt/rustwide/target/release/deps/cli_behavior-15082604ccbc3a62)
[INFO] [stdout] running 0 tests
[INFO] [stdout] 
[INFO] [stdout] test result: ok. 0 passed; 0 failed; 0 ignored; 0 measured; 0 filtered out; finished in 0.00s
[INFO] [stdout] 
[INFO] [stdout] 
[INFO] [stdout] running 45 tests
[INFO] [stdout] test help_command_prints_command_guide_with_examples ... ok
[INFO] [stdout] test doctor_reports_missing_first_run_state_and_next_step ... ok
[INFO] [stdout] test demo_fixture_cli_smoke_runs_successfully ... FAILED
[INFO] [stdout] test mcp_config_rejects_unknown_host_clients ... ok
[INFO] [stdout] test legacy_wrapper_commands_are_removed_from_public_cli ... ok
[INFO] [stdout] test mcp_config_opencode_outputs_local_mcp_configuration ... ok
[INFO] [stdout] test demo_fixture_benchmark_script_writes_reports ... FAILED
[INFO] [stdout] test doctor_reports_ready_repo_after_init ... ok
[INFO] [stdout] test menu_reflects_the_installed_core_profile ... ok
[INFO] [stdout] test opencode_install_core_profile_writes_a_leaner_surface ... ok
[INFO] [stdout] test explain_returns_intent_information ... ok
[INFO] [stdout] test opencode_install_creates_project_config_and_command_files ... ok
[INFO] [stdout] test ask_command_builds_compact_context_without_invoking_agent ... ok
[INFO] [stdout] test init_creates_ctx_config ... ok
[INFO] [stdout] test hook_command_outputs_pre_prompt_payload_for_agent_hooks ... ok
[INFO] [stdout] test opencode_release_smoke_script_bootstraps_host_first_assets ... FAILED
[INFO] [stdout] test readme_is_product_focused_and_guide_holds_operational_details ... FAILED
[INFO] [stdout] test release_assets_are_present_and_document_install_paths ... FAILED
[INFO] [stdout] test release_docs_cover_qa_and_community_assets ... FAILED
[INFO] [stdout] test release_publish_scripts_cover_public_channels ... FAILED
[INFO] [stdout] test benchmark_memory_ab_outputs_comparison_metrics ... ok
[INFO] [stdout] test prune_diff_accepts_query_flag_and_keeps_matching_hunks ... ok
[INFO] [stdout] test release_workflow_covers_public_build_matrix ... FAILED
[INFO] [stdout] test release_version_references_target_v0_2_4 ... FAILED
[INFO] [stdout] test mcp_stdio_handles_initialize_message ... ok
[INFO] [stdout] test opencode_install_merges_existing_mcp_config ... ok
[INFO] [stdout] test memory_import_and_export_commands_work_with_markdown_files ... ok
[INFO] [stdout] test mcp_serve_once_handles_rpc_tools_list ... ok
[INFO] [stdout] test prune_logs_reads_stdin_and_outputs_error_lines ... ok
[INFO] [stdout] test update_check_reports_versions_and_channel_override ... ok
[INFO] [stdout] test graph_rebuild_alias_works ... ok
[INFO] [stdout] test update_detects_installer_channel_from_marker ... ok
[INFO] [stdout] test update_without_detection_falls_back_to_guided_commands ... ok
[INFO] [stdout] test update_channel_brew_prints_exact_upgrade_command ... ok
[INFO] [stdout] test doctor_reports_ready_repo_after_index ... ok
[INFO] [stdout] test memory_commands_support_set_get_list_delete ... ok
[INFO] [stdout] test host_dashboard_text_render_includes_refined_sections ... ok
[INFO] [stdout] test host_dashboard_reports_savings_and_cache_sections ... ok
[INFO] [stdout] test memory_bootstrap_and_search_commands_cover_agents_to_graph_flow ... ok
[INFO] [stdout] test pack_json_outputs_expected_shape ... ok
[INFO] [stdout] test benchmark_memory_suite_writes_markdown_and_json_reports ... ok
[INFO] [stdout] test stats_shows_latest_snapshot_after_pack ... ok
[INFO] [stdout] test retrieve_returns_ranked_hits ... ok
[INFO] [stdout] test stats_history_reports_gain_summary_after_multiple_packs ... ok
[INFO] [stdout] test release_verify_script_validates_packaged_artifact ... FAILED
[INFO] [stdout] 
[INFO] [stdout] failures:
[INFO] [stdout] 
[INFO] [stdout] ---- demo_fixture_cli_smoke_runs_successfully stdout ----
[INFO] [stdout] 
[INFO] [stdout] thread 'demo_fixture_cli_smoke_runs_successfully' (2560) panicked at tests/cli_behavior.rs:1184:10:
[INFO] [stdout] run demo smoke: Os { code: 2, kind: NotFound, message: "No such file or directory" }
[INFO] [stdout] stack backtrace:
[INFO] [stdout]    0:     0x65068d754fe1 - <<std[70759c8f55707aa4]::sys::backtrace::BacktraceLock>::print::DisplayBacktrace as core[df12db4294e9bfd3]::fmt::Display>::fmt
[INFO] [stdout]    1:     0x65068d76ce3a - core[df12db4294e9bfd3]::fmt::write
[INFO] [stdout]    2:     0x65068d75b15c - <alloc[2182bb758b4b3781]::vec::Vec<u8> as core[df12db4294e9bfd3]::io::write::Write>::write_fmt
[INFO] [stdout]    3:     0x65068d72cc76 - std[70759c8f55707aa4]::panicking::default_hook::{closure#0}
[INFO] [stdout]    4:     0x65068d74b1c9 - std[70759c8f55707aa4]::panicking::default_hook
[INFO] [stdout]    5:     0x65068d6d1bb0 - test[9d35eded1c95d3be]::test_main_inner::<test[9d35eded1c95d3be]::test_main_static::{closure#0}>::{closure#0}
[INFO] [stdout]    6:     0x65068d74b382 - std[70759c8f55707aa4]::panicking::panic_with_hook
[INFO] [stdout]    7:     0x65068d72cd22 - std[70759c8f55707aa4]::panicking::panic_handler::{closure#0}
[INFO] [stdout]    8:     0x65068d7256a9 - std[70759c8f55707aa4]::sys::backtrace::__rust_end_short_backtrace::<std[70759c8f55707aa4]::panicking::panic_handler::{closure#0}, !>
[INFO] [stdout]    9:     0x65068d72db0d - __rustc[8fa7c3cbc660c2b3]::rust_begin_unwind
[INFO] [stdout]   10:     0x65068d76d5ec - core[df12db4294e9bfd3]::panicking::panic_fmt
[INFO] [stdout]   11:     0x65068d76d3c2 - core[df12db4294e9bfd3]::result::unwrap_failed
[INFO] [stdout]   12:     0x65068d69f87b - <cli_behavior[3abbb95b8d134a47]::demo_fixture_cli_smoke_runs_successfully::{closure#0} as core[df12db4294e9bfd3]::ops::function::FnOnce<()>>::call_once
[INFO] [stdout]   13:     0x65068d6c4e9b - test[9d35eded1c95d3be]::__rust_begin_short_backtrace::<core[df12db4294e9bfd3]::result::Result<(), alloc[2182bb758b4b3781]::string::String>, fn() -> core[df12db4294e9bfd3]::result::Result<(), alloc[2182bb758b4b3781]::string::String>>
[INFO] [stdout]   14:     0x65068d6d2505 - test[9d35eded1c95d3be]::run_test::{closure#0}
[INFO] [stdout]   15:     0x65068d6cbdc4 - std[70759c8f55707aa4]::sys::backtrace::__rust_begin_short_backtrace::<test[9d35eded1c95d3be]::run_test::{closure#1}, ()>
[INFO] [stdout]   16:     0x65068d6d5662 - <std[70759c8f55707aa4]::thread::lifecycle::spawn_unchecked<test[9d35eded1c95d3be]::run_test::{closure#1}, ()>::{closure#1} as core[df12db4294e9bfd3]::ops::function::FnOnce<()>>::call_once::{shim:vtable#0}
[INFO] [stdout]   17:     0x65068d753aa9 - <std[70759c8f55707aa4]::sys::thread::unix::Thread>::new::thread_start
[INFO] [stdout]   18:     0x7347c493ddfa - <unknown>
[INFO] [stdout]   19:     0x7347c49d13d4 - clone
[INFO] [stdout]   20:                0x0 - <unknown>
[INFO] [stdout] 
[INFO] [stdout] ---- demo_fixture_benchmark_script_writes_reports stdout ----
[INFO] [stdout] 
[INFO] [stdout] thread 'demo_fixture_benchmark_script_writes_reports' (2559) panicked at tests/cli_behavior.rs:1206:10:
[INFO] [stdout] run benchmark smoke: Os { code: 2, kind: NotFound, message: "No such file or directory" }
[INFO] [stdout] stack backtrace:
[INFO] [stdout]    0:     0x65068d754fe1 - <<std[70759c8f55707aa4]::sys::backtrace::BacktraceLock>::print::DisplayBacktrace as core[df12db4294e9bfd3]::fmt::Display>::fmt
[INFO] [stdout]    1:     0x65068d76ce3a - core[df12db4294e9bfd3]::fmt::write
[INFO] [stdout]    2:     0x65068d75b15c - <alloc[2182bb758b4b3781]::vec::Vec<u8> as core[df12db4294e9bfd3]::io::write::Write>::write_fmt
[INFO] [stdout]    3:     0x65068d72cc76 - std[70759c8f55707aa4]::panicking::default_hook::{closure#0}
[INFO] [stdout]    4:     0x65068d74b1c9 - std[70759c8f55707aa4]::panicking::default_hook
[INFO] [stdout]    5:     0x65068d6d1bb0 - test[9d35eded1c95d3be]::test_main_inner::<test[9d35eded1c95d3be]::test_main_static::{closure#0}>::{closure#0}
[INFO] [stdout]    6:     0x65068d74b382 - std[70759c8f55707aa4]::panicking::panic_with_hook
[INFO] [stdout]    7:     0x65068d72cd22 - std[70759c8f55707aa4]::panicking::panic_handler::{closure#0}
[INFO] [stdout]    8:     0x65068d7256a9 - std[70759c8f55707aa4]::sys::backtrace::__rust_end_short_backtrace::<std[70759c8f55707aa4]::panicking::panic_handler::{closure#0}, !>
[INFO] [stdout]    9:     0x65068d72db0d - __rustc[8fa7c3cbc660c2b3]::rust_begin_unwind
[INFO] [stdout]   10:     0x65068d76d5ec - core[df12db4294e9bfd3]::panicking::panic_fmt
[INFO] [stdout]   11:     0x65068d76d3c2 - core[df12db4294e9bfd3]::result::unwrap_failed
[INFO] [stdout]   12:     0x65068d6a3d19 - <cli_behavior[3abbb95b8d134a47]::demo_fixture_benchmark_script_writes_reports::{closure#0} as core[df12db4294e9bfd3]::ops::function::FnOnce<()>>::call_once
[INFO] [stdout]   13:     0x65068d6c4e9b - test[9d35eded1c95d3be]::__rust_begin_short_backtrace::<core[df12db4294e9bfd3]::result::Result<(), alloc[2182bb758b4b3781]::string::String>, fn() -> core[df12db4294e9bfd3]::result::Result<(), alloc[2182bb758b4b3781]::string::String>>
[INFO] [stdout]   14:     0x65068d6d2505 - test[9d35eded1c95d3be]::run_test::{closure#0}
[INFO] [stdout]   15:     0x65068d6cbdc4 - std[70759c8f55707aa4]::sys::backtrace::__rust_begin_short_backtrace::<test[9d35eded1c95d3be]::run_test::{closure#1}, ()>
[INFO] [stdout]   16:     0x65068d6d5662 - <std[70759c8f55707aa4]::thread::lifecycle::spawn_unchecked<test[9d35eded1c95d3be]::run_test::{closure#1}, ()>::{closure#1} as core[df12db4294e9bfd3]::ops::function::FnOnce<()>>::call_once::{shim:vtable#0}
[INFO] [stdout]   17:     0x65068d753aa9 - <std[70759c8f55707aa4]::sys::thread::unix::Thread>::new::thread_start
[INFO] [stdout]   18:     0x7347c493ddfa - <unknown>
[INFO] [stdout]   19:     0x7347c49d13d4 - clone
[INFO] [stdout]   20:                0x0 - <unknown>
[INFO] [stdout] 
[INFO] [stdout] ---- opencode_release_smoke_script_bootstraps_host_first_assets stdout ----
[INFO] [stdout] 
[INFO] [stdout] thread 'opencode_release_smoke_script_bootstraps_host_first_assets' (2708) panicked at tests/cli_behavior.rs:1169:10:
[INFO] [stdout] run opencode smoke script: Os { code: 2, kind: NotFound, message: "No such file or directory" }
[INFO] [stdout] stack backtrace:
[INFO] [stdout]    0:     0x65068d754fe1 - <<std[70759c8f55707aa4]::sys::backtrace::BacktraceLock>::print::DisplayBacktrace as core[df12db4294e9bfd3]::fmt::Display>::fmt
[INFO] [stdout]    1:     0x65068d76ce3a - core[df12db4294e9bfd3]::fmt::write
[INFO] [stdout]    2:     0x65068d75b15c - <alloc[2182bb758b4b3781]::vec::Vec<u8> as core[df12db4294e9bfd3]::io::write::Write>::write_fmt
[INFO] [stdout]    3:     0x65068d72cc76 - std[70759c8f55707aa4]::panicking::default_hook::{closure#0}
[INFO] [stdout]    4:     0x65068d74b1c9 - std[70759c8f55707aa4]::panicking::default_hook
[INFO] [stdout]    5:     0x65068d6d1bb0 - test[9d35eded1c95d3be]::test_main_inner::<test[9d35eded1c95d3be]::test_main_static::{closure#0}>::{closure#0}
[INFO] [stdout]    6:     0x65068d74b382 - std[70759c8f55707aa4]::panicking::panic_with_hook
[INFO] [stdout]    7:     0x65068d72cd22 - std[70759c8f55707aa4]::panicking::panic_handler::{closure#0}
[INFO] [stdout]    8:     0x65068d7256a9 - std[70759c8f55707aa4]::sys::backtrace::__rust_end_short_backtrace::<std[70759c8f55707aa4]::panicking::panic_handler::{closure#0}, !>
[INFO] [stdout]    9:     0x65068d72db0d - __rustc[8fa7c3cbc660c2b3]::rust_begin_unwind
[INFO] [stdout]   10:     0x65068d76d5ec - core[df12db4294e9bfd3]::panicking::panic_fmt
[INFO] [stdout]   11:     0x65068d76d3c2 - core[df12db4294e9bfd3]::result::unwrap_failed
[INFO] [stdout]   12:     0x65068d6b609e - <cli_behavior[3abbb95b8d134a47]::opencode_release_smoke_script_bootstraps_host_first_assets::{closure#0} as core[df12db4294e9bfd3]::ops::function::FnOnce<()>>::call_once
[INFO] [stdout]   13:     0x65068d6c4e9b - test[9d35eded1c95d3be]::__rust_begin_short_backtrace::<core[df12db4294e9bfd3]::result::Result<(), alloc[2182bb758b4b3781]::string::String>, fn() -> core[df12db4294e9bfd3]::result::Result<(), alloc[2182bb758b4b3781]::string::String>>
[INFO] [stdout]   14:     0x65068d6d2505 - test[9d35eded1c95d3be]::run_test::{closure#0}
[INFO] [stdout]   15:     0x65068d6cbdc4 - std[70759c8f55707aa4]::sys::backtrace::__rust_begin_short_backtrace::<test[9d35eded1c95d3be]::run_test::{closure#1}, ()>
[INFO] [stdout]   16:     0x65068d6d5662 - <std[70759c8f55707aa4]::thread::lifecycle::spawn_unchecked<test[9d35eded1c95d3be]::run_test::{closure#1}, ()>::{closure#1} as core[df12db4294e9bfd3]::ops::function::FnOnce<()>>::call_once::{shim:vtable#0}
[INFO] [stdout]   17:     0x65068d753aa9 - <std[70759c8f55707aa4]::sys::thread::unix::Thread>::new::thread_start
[INFO] [stdout]   18:     0x7347c493ddfa - <unknown>
[INFO] [stdout]   19:     0x7347c49d13d4 - clone
[INFO] [stdout]   20:                0x0 - <unknown>
[INFO] [stdout] 
[INFO] [stdout] ---- readme_is_product_focused_and_guide_holds_operational_details stdout ----
[INFO] [stdout] 
[INFO] [stdout] thread 'readme_is_product_focused_and_guide_holds_operational_details' (2722) panicked at tests/cli_behavior.rs:1139:61:
[INFO] [stdout] readme should exist: Os { code: 2, kind: NotFound, message: "No such file or directory" }
[INFO] [stdout] stack backtrace:
[INFO] [stdout]    0:     0x65068d754fe1 - <<std[70759c8f55707aa4]::sys::backtrace::BacktraceLock>::print::DisplayBacktrace as core[df12db4294e9bfd3]::fmt::Display>::fmt
[INFO] [stdout]    1:     0x65068d76ce3a - core[df12db4294e9bfd3]::fmt::write
[INFO] [stdout]    2:     0x65068d75b15c - <alloc[2182bb758b4b3781]::vec::Vec<u8> as core[df12db4294e9bfd3]::io::write::Write>::write_fmt
[INFO] [stdout]    3:     0x65068d72cc76 - std[70759c8f55707aa4]::panicking::default_hook::{closure#0}
[INFO] [stdout]    4:     0x65068d74b1c9 - std[70759c8f55707aa4]::panicking::default_hook
[INFO] [stdout]    5:     0x65068d6d1bb0 - test[9d35eded1c95d3be]::test_main_inner::<test[9d35eded1c95d3be]::test_main_static::{closure#0}>::{closure#0}
[INFO] [stdout]    6:     0x65068d74b382 - std[70759c8f55707aa4]::panicking::panic_with_hook
[INFO] [stdout]    7:     0x65068d72cd22 - std[70759c8f55707aa4]::panicking::panic_handler::{closure#0}
[INFO] [stdout]    8:     0x65068d7256a9 - std[70759c8f55707aa4]::sys::backtrace::__rust_end_short_backtrace::<std[70759c8f55707aa4]::panicking::panic_handler::{closure#0}, !>
[INFO] [stdout]    9:     0x65068d72db0d - __rustc[8fa7c3cbc660c2b3]::rust_begin_unwind
[INFO] [stdout]   10:     0x65068d76d5ec - core[df12db4294e9bfd3]::panicking::panic_fmt
[INFO] [stdout]   11:     0x65068d76d3c2 - core[df12db4294e9bfd3]::result::unwrap_failed
[INFO] [stdout]   12:     0x65068d6b65f2 - <cli_behavior[3abbb95b8d134a47]::readme_is_product_focused_and_guide_holds_operational_details::{closure#0} as core[df12db4294e9bfd3]::ops::function::FnOnce<()>>::call_once
[INFO] [stdout]   13:     0x65068d6c4e9b - test[9d35eded1c95d3be]::__rust_begin_short_backtrace::<core[df12db4294e9bfd3]::result::Result<(), alloc[2182bb758b4b3781]::string::String>, fn() -> core[df12db4294e9bfd3]::result::Result<(), alloc[2182bb758b4b3781]::string::String>>
[INFO] [stdout]   14:     0x65068d6d2505 - test[9d35eded1c95d3be]::run_test::{closure#0}
[INFO] [stdout]   15:     0x65068d6cbdc4 - std[70759c8f55707aa4]::sys::backtrace::__rust_begin_short_backtrace::<test[9d35eded1c95d3be]::run_test::{closure#1}, ()>
[INFO] [stdout]   16:     0x65068d6d5662 - <std[70759c8f55707aa4]::thread::lifecycle::spawn_unchecked<test[9d35eded1c95d3be]::run_test::{closure#1}, ()>::{closure#1} as core[df12db4294e9bfd3]::ops::function::FnOnce<()>>::call_once::{shim:vtable#0}
[INFO] [stdout]   17:     0x65068d753aa9 - <std[70759c8f55707aa4]::sys::thread::unix::Thread>::new::thread_start
[INFO] [stdout]   18:     0x7347c493ddfa - <unknown>
[INFO] [stdout]   19:     0x7347c49d13d4 - clone
[INFO] [stdout]   20:                0x0 - <unknown>
[INFO] [stdout] 
[INFO] [stdout] ---- release_assets_are_present_and_document_install_paths stdout ----
[INFO] [stdout] 
[INFO] [stdout] thread 'release_assets_are_present_and_document_install_paths' (2726) panicked at tests/cli_behavior.rs:1066:10:
[INFO] [stdout] release build script should exist: Os { code: 2, kind: NotFound, message: "No such file or directory" }
[INFO] [stdout] stack backtrace:
[INFO] [stdout]    0:     0x65068d754fe1 - <<std[70759c8f55707aa4]::sys::backtrace::BacktraceLock>::print::DisplayBacktrace as core[df12db4294e9bfd3]::fmt::Display>::fmt
[INFO] [stdout]    1:     0x65068d76ce3a - core[df12db4294e9bfd3]::fmt::write
[INFO] [stdout]    2:     0x65068d75b15c - <alloc[2182bb758b4b3781]::vec::Vec<u8> as core[df12db4294e9bfd3]::io::write::Write>::write_fmt
[INFO] [stdout]    3:     0x65068d72cc76 - std[70759c8f55707aa4]::panicking::default_hook::{closure#0}
[INFO] [stdout]    4:     0x65068d74b1c9 - std[70759c8f55707aa4]::panicking::default_hook
[INFO] [stdout]    5:     0x65068d6d1bb0 - test[9d35eded1c95d3be]::test_main_inner::<test[9d35eded1c95d3be]::test_main_static::{closure#0}>::{closure#0}
[INFO] [stdout]    6:     0x65068d74b382 - std[70759c8f55707aa4]::panicking::panic_with_hook
[INFO] [stdout]    7:     0x65068d72cd22 - std[70759c8f55707aa4]::panicking::panic_handler::{closure#0}
[INFO] [stdout]    8:     0x65068d7256a9 - std[70759c8f55707aa4]::sys::backtrace::__rust_end_short_backtrace::<std[70759c8f55707aa4]::panicking::panic_handler::{closure#0}, !>
[INFO] [stdout]    9:     0x65068d72db0d - __rustc[8fa7c3cbc660c2b3]::rust_begin_unwind
[INFO] [stdout]   10:     0x65068d76d5ec - core[df12db4294e9bfd3]::panicking::panic_fmt
[INFO] [stdout]   11:     0x65068d76d3c2 - core[df12db4294e9bfd3]::result::unwrap_failed
[INFO] [stdout]   12:     0x65068d6b05c8 - <cli_behavior[3abbb95b8d134a47]::release_assets_are_present_and_document_install_paths::{closure#0} as core[df12db4294e9bfd3]::ops::function::FnOnce<()>>::call_once
[INFO] [stdout]   13:     0x65068d6c4e9b - test[9d35eded1c95d3be]::__rust_begin_short_backtrace::<core[df12db4294e9bfd3]::result::Result<(), alloc[2182bb758b4b3781]::string::String>, fn() -> core[df12db4294e9bfd3]::result::Result<(), alloc[2182bb758b4b3781]::string::String>>
[INFO] [stdout]   14:     0x65068d6d2505 - test[9d35eded1c95d3be]::run_test::{closure#0}
[INFO] [stdout]   15:     0x65068d6cbdc4 - std[70759c8f55707aa4]::sys::backtrace::__rust_begin_short_backtrace::<test[9d35eded1c95d3be]::run_test::{closure#1}, ()>
[INFO] [stdout]   16:     0x65068d6d5662 - <std[70759c8f55707aa4]::thread::lifecycle::spawn_unchecked<test[9d35eded1c95d3be]::run_test::{closure#1}, ()>::{closure#1} as core[df12db4294e9bfd3]::ops::function::FnOnce<()>>::call_once::{shim:vtable#0}
[INFO] [stdout]   17:     0x65068d753aa9 - <std[70759c8f55707aa4]::sys::thread::unix::Thread>::new::thread_start
[INFO] [stdout]   18:     0x7347c493ddfa - <unknown>
[INFO] [stdout]   19:     0x7347c49d13d4 - clone
[INFO] [stdout]   20:                0x0 - <unknown>
[INFO] [stdout] 
[INFO] [stdout] ---- release_docs_cover_qa_and_community_assets stdout ----
[INFO] [stdout] 
[INFO] [stdout] thread 'release_docs_cover_qa_and_community_assets' (2727) panicked at tests/cli_behavior.rs:1298:61:
[INFO] [stdout] readme should exist: Os { code: 2, kind: NotFound, message: "No such file or directory" }
[INFO] [stdout] stack backtrace:
[INFO] [stdout]    0:     0x65068d754fe1 - <<std[70759c8f55707aa4]::sys::backtrace::BacktraceLock>::print::DisplayBacktrace as core[df12db4294e9bfd3]::fmt::Display>::fmt
[INFO] [stdout]    1:     0x65068d76ce3a - core[df12db4294e9bfd3]::fmt::write
[INFO] [stdout]    2:     0x65068d75b15c - <alloc[2182bb758b4b3781]::vec::Vec<u8> as core[df12db4294e9bfd3]::io::write::Write>::write_fmt
[INFO] [stdout]    3:     0x65068d72cc76 - std[70759c8f55707aa4]::panicking::default_hook::{closure#0}
[INFO] [stdout]    4:     0x65068d74b1c9 - std[70759c8f55707aa4]::panicking::default_hook
[INFO] [stdout]    5:     0x65068d6d1bb0 - test[9d35eded1c95d3be]::test_main_inner::<test[9d35eded1c95d3be]::test_main_static::{closure#0}>::{closure#0}
[INFO] [stdout]    6:     0x65068d74b382 - std[70759c8f55707aa4]::panicking::panic_with_hook
[INFO] [stdout]    7:     0x65068d72cd22 - std[70759c8f55707aa4]::panicking::panic_handler::{closure#0}
[INFO] [stdout]    8:     0x65068d7256a9 - std[70759c8f55707aa4]::sys::backtrace::__rust_end_short_backtrace::<std[70759c8f55707aa4]::panicking::panic_handler::{closure#0}, !>
[INFO] [stdout]    9:     0x65068d72db0d - __rustc[8fa7c3cbc660c2b3]::rust_begin_unwind
[INFO] [stdout]   10:     0x65068d76d5ec - core[df12db4294e9bfd3]::panicking::panic_fmt
[INFO] [stdout]   11:     0x65068d76d3c2 - core[df12db4294e9bfd3]::result::unwrap_failed
[INFO] [stdout]   12:     0x65068d6a160a - <cli_behavior[3abbb95b8d134a47]::release_docs_cover_qa_and_community_assets::{closure#0} as core[df12db4294e9bfd3]::ops::function::FnOnce<()>>::call_once
[INFO] [stdout]   13:     0x65068d6c4e9b - test[9d35eded1c95d3be]::__rust_begin_short_backtrace::<core[df12db4294e9bfd3]::result::Result<(), alloc[2182bb758b4b3781]::string::String>, fn() -> core[df12db4294e9bfd3]::result::Result<(), alloc[2182bb758b4b3781]::string::String>>
[INFO] [stdout]   14:     0x65068d6d2505 - test[9d35eded1c95d3be]::run_test::{closure#0}
[INFO] [stdout]   15:     0x65068d6cbdc4 - std[70759c8f55707aa4]::sys::backtrace::__rust_begin_short_backtrace::<test[9d35eded1c95d3be]::run_test::{closure#1}, ()>
[INFO] [stdout]   16:     0x65068d6d5662 - <std[70759c8f55707aa4]::thread::lifecycle::spawn_unchecked<test[9d35eded1c95d3be]::run_test::{closure#1}, ()>::{closure#1} as core[df12db4294e9bfd3]::ops::function::FnOnce<()>>::call_once::{shim:vtable#0}
[INFO] [stdout]   17:     0x65068d753aa9 - <std[70759c8f55707aa4]::sys::thread::unix::Thread>::new::thread_start
[INFO] [stdout]   18:     0x7347c493ddfa - <unknown>
[INFO] [stdout]   19:     0x7347c49d13d4 - clone
[INFO] [stdout]   20:                0x0 - <unknown>
[INFO] [stdout] 
[INFO] [stdout] ---- release_publish_scripts_cover_public_channels stdout ----
[INFO] [stdout] 
[INFO] [stdout] thread 'release_publish_scripts_cover_public_channels' (2728) panicked at tests/cli_behavior.rs:1329:75:
[INFO] [stdout] crate script: Os { code: 2, kind: NotFound, message: "No such file or directory" }
[INFO] [stdout] stack backtrace:
[INFO] [stdout]    0:     0x65068d754fe1 - <<std[70759c8f55707aa4]::sys::backtrace::BacktraceLock>::print::DisplayBacktrace as core[df12db4294e9bfd3]::fmt::Display>::fmt
[INFO] [stdout]    1:     0x65068d76ce3a - core[df12db4294e9bfd3]::fmt::write
[INFO] [stdout]    2:     0x65068d75b15c - <alloc[2182bb758b4b3781]::vec::Vec<u8> as core[df12db4294e9bfd3]::io::write::Write>::write_fmt
[INFO] [stdout]    3:     0x65068d72cc76 - std[70759c8f55707aa4]::panicking::default_hook::{closure#0}
[INFO] [stdout]    4:     0x65068d74b1c9 - std[70759c8f55707aa4]::panicking::default_hook
[INFO] [stdout]    5:     0x65068d6d1bb0 - test[9d35eded1c95d3be]::test_main_inner::<test[9d35eded1c95d3be]::test_main_static::{closure#0}>::{closure#0}
[INFO] [stdout]    6:     0x65068d74b382 - std[70759c8f55707aa4]::panicking::panic_with_hook
[INFO] [stdout]    7:     0x65068d72cd22 - std[70759c8f55707aa4]::panicking::panic_handler::{closure#0}
[INFO] [stdout]    8:     0x65068d7256a9 - std[70759c8f55707aa4]::sys::backtrace::__rust_end_short_backtrace::<std[70759c8f55707aa4]::panicking::panic_handler::{closure#0}, !>
[INFO] [stdout]    9:     0x65068d72db0d - __rustc[8fa7c3cbc660c2b3]::rust_begin_unwind
[INFO] [stdout]   10:     0x65068d76d5ec - core[df12db4294e9bfd3]::panicking::panic_fmt
[INFO] [stdout]   11:     0x65068d76d3c2 - core[df12db4294e9bfd3]::result::unwrap_failed
[INFO] [stdout]   12:     0x65068d6a4d77 - <cli_behavior[3abbb95b8d134a47]::release_publish_scripts_cover_public_channels::{closure#0} as core[df12db4294e9bfd3]::ops::function::FnOnce<()>>::call_once
[INFO] [stdout]   13:     0x65068d6c4e9b - test[9d35eded1c95d3be]::__rust_begin_short_backtrace::<core[df12db4294e9bfd3]::result::Result<(), alloc[2182bb758b4b3781]::string::String>, fn() -> core[df12db4294e9bfd3]::result::Result<(), alloc[2182bb758b4b3781]::string::String>>
[INFO] [stdout]   14:     0x65068d6d2505 - test[9d35eded1c95d3be]::run_test::{closure#0}
[INFO] [stdout]   15:     0x65068d6cbdc4 - std[70759c8f55707aa4]::sys::backtrace::__rust_begin_short_backtrace::<test[9d35eded1c95d3be]::run_test::{closure#1}, ()>
[INFO] [stdout]   16:     0x65068d6d5662 - <std[70759c8f55707aa4]::thread::lifecycle::spawn_unchecked<test[9d35eded1c95d3be]::run_test::{closure#1}, ()>::{closure#1} as core[df12db4294e9bfd3]::ops::function::FnOnce<()>>::call_once::{shim:vtable#0}
[INFO] [stdout]   17:     0x65068d753aa9 - <std[70759c8f55707aa4]::sys::thread::unix::Thread>::new::thread_start
[INFO] [stdout]   18:     0x7347c493ddfa - <unknown>
[INFO] [stdout]   19:     0x7347c49d13d4 - clone
[INFO] [stdout]   20:                0x0 - <unknown>
[INFO] [stdout] 
[INFO] [stdout] ---- release_workflow_covers_public_build_matrix stdout ----
[INFO] [stdout] 
[INFO] [stdout] thread 'release_workflow_covers_public_build_matrix' (2736) panicked at tests/cli_behavior.rs:1354:10:
[INFO] [stdout] release workflow should exist: Os { code: 2, kind: NotFound, message: "No such file or directory" }
[INFO] [stdout] stack backtrace:
[INFO] [stdout]    0:     0x65068d754fe1 - <<std[70759c8f55707aa4]::sys::backtrace::BacktraceLock>::print::DisplayBacktrace as core[df12db4294e9bfd3]::fmt::Display>::fmt
[INFO] [stdout]    1:     0x65068d76ce3a - core[df12db4294e9bfd3]::fmt::write
[INFO] [stdout]    2:     0x65068d75b15c - <alloc[2182bb758b4b3781]::vec::Vec<u8> as core[df12db4294e9bfd3]::io::write::Write>::write_fmt
[INFO] [stdout]    3:     0x65068d72cc76 - std[70759c8f55707aa4]::panicking::default_hook::{closure#0}
[INFO] [stdout]    4:     0x65068d74b1c9 - std[70759c8f55707aa4]::panicking::default_hook
[INFO] [stdout]    5:     0x65068d6d1bb0 - test[9d35eded1c95d3be]::test_main_inner::<test[9d35eded1c95d3be]::test_main_static::{closure#0}>::{closure#0}
[INFO] [stdout]    6:     0x65068d74b382 - std[70759c8f55707aa4]::panicking::panic_with_hook
[INFO] [stdout]    7:     0x65068d72cd22 - std[70759c8f55707aa4]::panicking::panic_handler::{closure#0}
[INFO] [stdout]    8:     0x65068d7256a9 - std[70759c8f55707aa4]::sys::backtrace::__rust_end_short_backtrace::<std[70759c8f55707aa4]::panicking::panic_handler::{closure#0}, !>
[INFO] [stdout]    9:     0x65068d72db0d - __rustc[8fa7c3cbc660c2b3]::rust_begin_unwind
[INFO] [stdout]   10:     0x65068d76d5ec - core[df12db4294e9bfd3]::panicking::panic_fmt
[INFO] [stdout]   11:     0x65068d76d3c2 - core[df12db4294e9bfd3]::result::unwrap_failed
[INFO] [stdout]   12:     0x65068d6a37fb - <cli_behavior[3abbb95b8d134a47]::release_workflow_covers_public_build_matrix::{closure#0} as core[df12db4294e9bfd3]::ops::function::FnOnce<()>>::call_once
[INFO] [stdout]   13:     0x65068d6c4e9b - test[9d35eded1c95d3be]::__rust_begin_short_backtrace::<core[df12db4294e9bfd3]::result::Result<(), alloc[2182bb758b4b3781]::string::String>, fn() -> core[df12db4294e9bfd3]::result::Result<(), alloc[2182bb758b4b3781]::string::String>>
[INFO] [stdout]   14:     0x65068d6d2505 - test[9d35eded1c95d3be]::run_test::{closure#0}
[INFO] [stdout]   15:     0x65068d6cbdc4 - std[70759c8f55707aa4]::sys::backtrace::__rust_begin_short_backtrace::<test[9d35eded1c95d3be]::run_test::{closure#1}, ()>
[INFO] [stdout]   16:     0x65068d6d5662 - <std[70759c8f55707aa4]::thread::lifecycle::spawn_unchecked<test[9d35eded1c95d3be]::run_test::{closure#1}, ()>::{closure#1} as core[df12db4294e9bfd3]::ops::function::FnOnce<()>>::call_once::{shim:vtable#0}
[INFO] [stdout]   17:     0x65068d753aa9 - <std[70759c8f55707aa4]::sys::thread::unix::Thread>::new::thread_start
[INFO] [stdout]   18:     0x7347c493ddfa - <unknown>
[INFO] [stdout]   19:     0x7347c49d13d4 - clone
[INFO] [stdout]   20:                0x0 - <unknown>
[INFO] [stdout] 
[INFO] [stdout] ---- release_version_references_target_v0_2_4 stdout ----
[INFO] [stdout] 
[INFO] [stdout] thread 'release_version_references_target_v0_2_4' (2735) panicked at tests/cli_behavior.rs:1277:69:
[INFO] [stdout] root cargo manifest: Os { code: 2, kind: NotFound, message: "No such file or directory" }
[INFO] [stdout] stack backtrace:
[INFO] [stdout]    0:     0x65068d754fe1 - <<std[70759c8f55707aa4]::sys::backtrace::BacktraceLock>::print::DisplayBacktrace as core[df12db4294e9bfd3]::fmt::Display>::fmt
[INFO] [stdout]    1:     0x65068d76ce3a - core[df12db4294e9bfd3]::fmt::write
[INFO] [stdout]    2:     0x65068d75b15c - <alloc[2182bb758b4b3781]::vec::Vec<u8> as core[df12db4294e9bfd3]::io::write::Write>::write_fmt
[INFO] [stdout]    3:     0x65068d72cc76 - std[70759c8f55707aa4]::panicking::default_hook::{closure#0}
[INFO] [stdout]    4:     0x65068d74b1c9 - std[70759c8f55707aa4]::panicking::default_hook
[INFO] [stdout]    5:     0x65068d6d1bb0 - test[9d35eded1c95d3be]::test_main_inner::<test[9d35eded1c95d3be]::test_main_static::{closure#0}>::{closure#0}
[INFO] [stdout]    6:     0x65068d74b382 - std[70759c8f55707aa4]::panicking::panic_with_hook
[INFO] [stdout]    7:     0x65068d72cd22 - std[70759c8f55707aa4]::panicking::panic_handler::{closure#0}
[INFO] [stdout]    8:     0x65068d7256a9 - std[70759c8f55707aa4]::sys::backtrace::__rust_end_short_backtrace::<std[70759c8f55707aa4]::panicking::panic_handler::{closure#0}, !>
[INFO] [stdout]    9:     0x65068d72db0d - __rustc[8fa7c3cbc660c2b3]::rust_begin_unwind
[INFO] [stdout]   10:     0x65068d76d5ec - core[df12db4294e9bfd3]::panicking::panic_fmt
[INFO] [stdout]   11:     0x65068d76d3c2 - core[df12db4294e9bfd3]::result::unwrap_failed
[INFO] [stdout]   12:     0x65068d6a0bae - <cli_behavior[3abbb95b8d134a47]::release_version_references_target_v0_2_4::{closure#0} as core[df12db4294e9bfd3]::ops::function::FnOnce<()>>::call_once
[INFO] [stdout]   13:     0x65068d6c4e9b - test[9d35eded1c95d3be]::__rust_begin_short_backtrace::<core[df12db4294e9bfd3]::result::Result<(), alloc[2182bb758b4b3781]::string::String>, fn() -> core[df12db4294e9bfd3]::result::Result<(), alloc[2182bb758b4b3781]::string::String>>
[INFO] [stdout]   14:     0x65068d6d2505 - test[9d35eded1c95d3be]::run_test::{closure#0}
[INFO] [stdout]   15:     0x65068d6cbdc4 - std[70759c8f55707aa4]::sys::backtrace::__rust_begin_short_backtrace::<test[9d35eded1c95d3be]::run_test::{closure#1}, ()>
[INFO] [stdout]   16:     0x65068d6d5662 - <std[70759c8f55707aa4]::thread::lifecycle::spawn_unchecked<test[9d35eded1c95d3be]::run_test::{closure#1}, ()>::{closure#1} as core[df12db4294e9bfd3]::ops::function::FnOnce<()>>::call_once::{shim:vtable#0}
[INFO] [stdout]   17:     0x65068d753aa9 - <std[70759c8f55707aa4]::sys::thread::unix::Thread>::new::thread_start
[INFO] [stdout]   18:     0x7347c493ddfa - <unknown>
[INFO] [stdout]   19:     0x7347c49d13d4 - clone
[INFO] [stdout]   20:                0x0 - <unknown>
[INFO] [stdout] 
[INFO] [stdout] ---- release_verify_script_validates_packaged_artifact stdout ----
[INFO] [stdout] 
[INFO] [stdout] thread 'release_verify_script_validates_packaged_artifact' (2729) panicked at tests/cli_behavior.rs:1259:10:
[INFO] [stdout] run artifact verify script: Os { code: 2, kind: NotFound, message: "No such file or directory" }
[INFO] [stdout] stack backtrace:
[INFO] [stdout]    0:     0x65068d754fe1 - <<std[70759c8f55707aa4]::sys::backtrace::BacktraceLock>::print::DisplayBacktrace as core[df12db4294e9bfd3]::fmt::Display>::fmt
[INFO] [stdout]    1:     0x65068d76ce3a - core[df12db4294e9bfd3]::fmt::write
[INFO] [stdout]    2:     0x65068d75b15c - <alloc[2182bb758b4b3781]::vec::Vec<u8> as core[df12db4294e9bfd3]::io::write::Write>::write_fmt
[INFO] [stdout]    3:     0x65068d72cc76 - std[70759c8f55707aa4]::panicking::default_hook::{closure#0}
[INFO] [stdout]    4:     0x65068d74b1c9 - std[70759c8f55707aa4]::panicking::default_hook
[INFO] [stdout]    5:     0x65068d6d1bb0 - test[9d35eded1c95d3be]::test_main_inner::<test[9d35eded1c95d3be]::test_main_static::{closure#0}>::{closure#0}
[INFO] [stdout]    6:     0x65068d74b382 - std[70759c8f55707aa4]::panicking::panic_with_hook
[INFO] [stdout]    7:     0x65068d72cd22 - std[70759c8f55707aa4]::panicking::panic_handler::{closure#0}
[INFO] [stdout]    8:     0x65068d7256a9 - std[70759c8f55707aa4]::sys::backtrace::__rust_end_short_backtrace::<std[70759c8f55707aa4]::panicking::panic_handler::{closure#0}, !>
[INFO] [stdout]    9:     0x65068d72db0d - __rustc[8fa7c3cbc660c2b3]::rust_begin_unwind
[INFO] [stdout]   10:     0x65068d76d5ec - core[df12db4294e9bfd3]::panicking::panic_fmt
[INFO] [stdout]   11:     0x65068d76d3c2 - core[df12db4294e9bfd3]::result::unwrap_failed
[INFO] [stdout]   12:     0x65068d6aa137 - <cli_behavior[3abbb95b8d134a47]::release_verify_script_validates_packaged_artifact::{closure#0} as core[df12db4294e9bfd3]::ops::function::FnOnce<()>>::call_once
[INFO] [stdout]   13:     0x65068d6c4e9b - test[9d35eded1c95d3be]::__rust_begin_short_backtrace::<core[df12db4294e9bfd3]::result::Result<(), alloc[2182bb758b4b3781]::string::String>, fn() -> core[df12db4294e9bfd3]::result::Result<(), alloc[2182bb758b4b3781]::string::String>>
[INFO] [stdout]   14:     0x65068d6d2505 - test[9d35eded1c95d3be]::run_test::{closure#0}
[INFO] [stdout]   15:     0x65068d6cbdc4 - std[70759c8f55707aa4]::sys::backtrace::__rust_begin_short_backtrace::<test[9d35eded1c95d3be]::run_test::{closure#1}, ()>
[INFO] [stdout]   16:     0x65068d6d5662 - <std[70759c8f55707aa4]::thread::lifecycle::spawn_unchecked<test[9d35eded1c95d3be]::run_test::{closure#1}, ()>::{closure#1} as core[df12db4294e9bfd3]::ops::function::FnOnce<()>>::call_once::{shim:vtable#0}
[INFO] [stdout]   17:     0x65068d753aa9 - <std[70759c8f55707aa4]::sys::thread::unix::Thread>::new::thread_start
[INFO] [stdout]   18:     0x7347c493ddfa - <unknown>
[INFO] [stdout]   19:     0x7347c49d13d4 - clone
[INFO] [stdout]   20:                0x0 - <unknown>
[INFO] [stdout] 
[INFO] [stdout] 
[INFO] [stdout] failures:
[INFO] [stdout]     demo_fixture_benchmark_script_writes_reports
[INFO] [stdout]     demo_fixture_cli_smoke_runs_successfully
[INFO] [stdout]     opencode_release_smoke_script_bootstraps_host_first_assets
[INFO] [stdout]     readme_is_product_focused_and_guide_holds_operational_details
[INFO] [stdout]     release_assets_are_present_and_document_install_paths
[INFO] [stdout]     release_docs_cover_qa_and_community_assets
[INFO] [stdout]     release_publish_scripts_cover_public_channels
[INFO] [stdout]     release_verify_script_validates_packaged_artifact
[INFO] [stdout]     release_version_references_target_v0_2_4
[INFO] [stdout]     release_workflow_covers_public_build_matrix
[INFO] [stdout] 
[INFO] [stdout] test result: FAILED. 35 passed; 10 failed; 0 ignored; 0 measured; 0 filtered out; finished in 1.19s
[INFO] [stdout] 
[INFO] [stderr] error: test failed, to rerun pass `--test cli_behavior`
[INFO] running `Command { std: "docker" "inspect" "ede007fb86f781f2569e5b18221dc2973e0bbe94ca46accdcf942afa2f138aeb", kill_on_drop: false }`
[INFO] running `Command { std: "docker" "rm" "-f" "ede007fb86f781f2569e5b18221dc2973e0bbe94ca46accdcf942afa2f138aeb", kill_on_drop: false }`
[INFO] [stdout] ede007fb86f781f2569e5b18221dc2973e0bbe94ca46accdcf942afa2f138aeb
