[INFO] fetching crate ctx-budget 0.3.1...
[INFO] testing ctx-budget-0.3.1 against 1.99.0-beta.8+cargoflags=--release for beta-release-1.100-2
[INFO] extracting crate ctx-budget 0.3.1 into /workspace/builds/worker-4-tc1/source
[INFO] started tweaking crates.io crate ctx-budget 0.3.1
[INFO] removed 0 missing tests
[INFO] finished tweaking crates.io crate ctx-budget 0.3.1
[INFO] tweaked toml for crates.io crate ctx-budget 0.3.1 written to /workspace/builds/worker-4-tc1/source/Cargo.toml
[INFO] validating manifest of crates.io crate ctx-budget 0.3.1 on toolchain 1.99.0-beta.8
[INFO] running `Command { std: CARGO_HOME="/workspace/cargo-home" RUSTUP_HOME="/workspace/rustup-home" "/workspace/cargo-home/bin/cargo" "+1.99.0-beta.8" "metadata" "--manifest-path" "Cargo.toml" "--no-deps", kill_on_drop: false }`
[INFO] crate crates.io crate ctx-budget 0.3.1 already has a lockfile, it will not be regenerated
[INFO] running `Command { std: CARGO_HOME="/workspace/cargo-home" RUSTUP_HOME="/workspace/rustup-home" "/workspace/cargo-home/bin/cargo" "+1.99.0-beta.8" "fetch" "--manifest-path" "Cargo.toml", kill_on_drop: false }`
[INFO] [stderr]  Downloading crates ...
[INFO] [stderr]   Downloaded wasm-bindgen-macro v0.2.128
[INFO] [stderr]   Downloaded wasm-bindgen-shared v0.2.128
[INFO] [stderr]   Downloaded android_system_properties v0.1.6
[INFO] [stderr]   Downloaded fastrand v2.5.0
[INFO] [stderr]   Downloaded hermit-abi v0.5.3
[INFO] [stderr]   Downloaded find-msvc-tools v0.1.12
[INFO] [stderr]   Downloaded rand v0.8.8
[INFO] [stderr]   Downloaded clap v4.6.6
[INFO] [stderr]   Downloaded wasm-bindgen v0.2.128
[INFO] [stderr]   Downloaded cc v1.4.5
[INFO] [stderr]   Downloaded zerocopy-derive v0.8.57
[INFO] [stderr]   Downloaded wasm-bindgen-macro-support v0.2.128
[INFO] [stderr]   Downloaded js-sys v0.3.105
[INFO] [stderr]   Downloaded zerocopy v0.8.57
[INFO] [stderr]   Downloaded clap_builder v4.6.6
[INFO] [stderr]   Downloaded syn v3.0.5
[INFO] running `Command { std: "docker" "create" "-v" "/var/lib/crater-agent-workspace/builds/worker-4-tc1/source:/opt/rustwide/workdir:ro,Z" "-v" "/var/lib/crater-agent-workspace/builds/worker-4-tc1/target:/opt/rustwide/target:rw,Z" "-v" "/var/lib/crater-agent-workspace/cargo-home:/opt/rustwide/cargo-home:ro,Z" "-v" "/var/lib/crater-agent-workspace/rustup-home:/opt/rustwide/rustup-home:ro,Z" "-m" "1610612736" "--network" "none" "ghcr.io/rust-lang/crates-build-env/linux@sha256:77db811e55d90add9212f6832c23229e3de5f1c1f9905e8cb07319ea15df73ac" "sleep" "infinity", kill_on_drop: false }`
[INFO] [stdout] aa5b4398f5d63a36e59bca3daea167b59121fd14d3dd61543d350e6d98672a0f
[INFO] running `Command { std: "docker" "start" "aa5b4398f5d63a36e59bca3daea167b59121fd14d3dd61543d350e6d98672a0f", kill_on_drop: false }`
[INFO] running `Command { std: "docker" "inspect" "aa5b4398f5d63a36e59bca3daea167b59121fd14d3dd61543d350e6d98672a0f", kill_on_drop: false }`
[INFO] running `Command { std: "docker" "exec" "-e" "SOURCE_DIR=/opt/rustwide/workdir" "-e" "CARGO_HOME=/opt/rustwide/cargo-home" "-e" "RUSTUP_HOME=/opt/rustwide/rustup-home" "-e" "CARGO_TARGET_DIR=/opt/rustwide/target" "-w" "/opt/rustwide/workdir" "--user" "0:0" "aa5b4398f5d63a36e59bca3daea167b59121fd14d3dd61543d350e6d98672a0f" "/opt/rustwide/cargo-home/bin/cargo" "+1.99.0-beta.8" "metadata" "--no-deps" "--format-version=1", kill_on_drop: false }`
[INFO] running `Command { std: "docker" "inspect" "aa5b4398f5d63a36e59bca3daea167b59121fd14d3dd61543d350e6d98672a0f", kill_on_drop: false }`
[INFO] running `Command { std: "docker" "exec" "-e" "SOURCE_DIR=/opt/rustwide/workdir" "-e" "CARGO_HOME=/opt/rustwide/cargo-home" "-e" "RUSTUP_HOME=/opt/rustwide/rustup-home" "-e" "CARGO_TARGET_DIR=/opt/rustwide/target" "-e" "CARGO_INCREMENTAL=0" "-e" "RUST_BACKTRACE=full" "-e" "RUSTFLAGS=--cap-lints=warn" "-e" "RUSTDOCFLAGS=--cap-lints=warn" "-w" "/opt/rustwide/workdir" "--user" "0:0" "aa5b4398f5d63a36e59bca3daea167b59121fd14d3dd61543d350e6d98672a0f" "/opt/rustwide/cargo-home/bin/cargo" "+1.99.0-beta.8" "build" "--frozen" "--message-format=json" "--release", kill_on_drop: false }`
[INFO] [stderr]    Compiling proc-macro2 v1.0.107
[INFO] [stderr]    Compiling quote v1.0.47
[INFO] [stderr]    Compiling unicode-ident v1.0.24
[INFO] [stderr]    Compiling serde_core v1.0.229
[INFO] [stderr]    Compiling serde v1.0.229
[INFO] [stderr]    Compiling utf8parse v0.2.2
[INFO] [stderr]    Compiling autocfg v1.5.1
[INFO] [stderr]    Compiling is_terminal_polyfill v1.70.2
[INFO] [stderr]    Compiling colorchoice v1.0.5
[INFO] [stderr]    Compiling hashbrown v0.17.1
[INFO] [stderr]    Compiling anstyle-query v1.1.5
[INFO] [stderr]    Compiling equivalent v1.0.2
[INFO] [stderr]    Compiling anstyle v1.0.14
[INFO] [stderr]    Compiling zmij v1.0.23
[INFO] [stderr]    Compiling memchr v2.8.3
[INFO] [stderr]    Compiling libc v0.2.189
[INFO] [stderr]    Compiling itoa v1.0.18
[INFO] [stderr]    Compiling winnow v0.7.15
[INFO] [stderr]    Compiling anstyle-parse v1.0.0
[INFO] [stderr]    Compiling toml_write v0.1.2
[INFO] [stderr]    Compiling heck v0.5.0
[INFO] [stderr]    Compiling strsim v0.11.1
[INFO] [stderr]    Compiling anyhow v1.0.104
[INFO] [stderr]    Compiling serde_json v1.0.151
[INFO] [stderr]    Compiling clap_lex v1.1.0
[INFO] [stderr]    Compiling iana-time-zone v0.1.65
[INFO] [stderr]    Compiling anstream v1.0.0
[INFO] [stderr]    Compiling same-file v1.0.6
[INFO] [stderr]    Compiling ryu v1.0.23
[INFO] [stderr]    Compiling walkdir v2.5.0
[INFO] [stderr]    Compiling num-traits v0.2.19
[INFO] [stderr]    Compiling clap_builder v4.6.6
[INFO] [stderr]    Compiling csv-core v0.1.13
[INFO] [stderr]    Compiling indexmap v2.14.2
[INFO] [stderr]    Compiling syn v3.0.5
[INFO] [stderr]    Compiling chrono v0.4.45
[INFO] [stderr]    Compiling is-terminal v0.4.17
[INFO] [stderr]    Compiling csv v1.4.0
[INFO] [stderr]    Compiling serde_derive v1.0.229
[INFO] [stderr]    Compiling clap_derive v4.6.4
[INFO] [stderr]    Compiling clap v4.6.6
[INFO] [stderr]    Compiling toml_datetime v0.6.11
[INFO] [stderr]    Compiling serde_spanned v0.6.9
[INFO] [stderr]    Compiling toml_edit v0.22.27
[INFO] [stderr]    Compiling toml v0.8.23
[INFO] [stderr]    Compiling ctx-budget v0.3.1 (/opt/rustwide/workdir)
[INFO] [stdout] warning: associated items `default_model` and `new_default` are never used
[INFO] [stdout]   --> src/model_registry.rs:72:12
[INFO] [stdout]    |
[INFO] [stdout] 22 | impl ModelRegistry {
[INFO] [stdout]    | ------------------ associated items in this implementation
[INFO] [stdout] ...
[INFO] [stdout] 72 |     pub fn default_model(&self) -> String {
[INFO] [stdout]    |            ^^^^^^^^^^^^^
[INFO] [stdout] ...
[INFO] [stdout] 87 |     pub fn new_default() -> Self {
[INFO] [stdout]    |            ^^^^^^^^^^^
[INFO] [stdout]    |
[INFO] [stdout]    = note: `#[warn(dead_code)]` (part of `#[warn(unused)]`) on by default
[INFO] [stdout] 
[INFO] [stdout] 
[INFO] [stderr]     Finished `release` profile [optimized] target(s) in 42.81s
[INFO] running `Command { std: "docker" "inspect" "aa5b4398f5d63a36e59bca3daea167b59121fd14d3dd61543d350e6d98672a0f", kill_on_drop: false }`
[INFO] running `Command { std: "docker" "exec" "-e" "SOURCE_DIR=/opt/rustwide/workdir" "-e" "CARGO_HOME=/opt/rustwide/cargo-home" "-e" "RUSTUP_HOME=/opt/rustwide/rustup-home" "-e" "CARGO_TARGET_DIR=/opt/rustwide/target" "-e" "CARGO_INCREMENTAL=0" "-e" "RUST_BACKTRACE=full" "-e" "RUSTFLAGS=--cap-lints=warn" "-e" "RUSTDOCFLAGS=--cap-lints=warn" "-w" "/opt/rustwide/workdir" "--user" "0:0" "aa5b4398f5d63a36e59bca3daea167b59121fd14d3dd61543d350e6d98672a0f" "/opt/rustwide/cargo-home/bin/cargo" "+1.99.0-beta.8" "test" "--frozen" "--no-run" "--message-format=json" "--release", kill_on_drop: false }`
[INFO] [stderr]    Compiling libc v0.2.189
[INFO] [stderr]    Compiling serde_core v1.0.229
[INFO] [stderr]    Compiling cfg-if v1.0.4
[INFO] [stderr]    Compiling zerocopy v0.8.57
[INFO] [stderr]    Compiling utf8parse v0.2.2
[INFO] [stderr]    Compiling rustix v1.1.4
[INFO] [stderr]    Compiling getrandom v0.4.3
[INFO] [stderr]    Compiling colorchoice v1.0.5
[INFO] [stderr]    Compiling memchr v2.8.3
[INFO] [stderr]    Compiling hashbrown v0.17.1
[INFO] [stderr]    Compiling equivalent v1.0.2
[INFO] [stderr]    Compiling anstyle v1.0.14
[INFO] [stderr]    Compiling is_terminal_polyfill v1.70.2
[INFO] [stderr]    Compiling anstyle-query v1.1.5
[INFO] [stderr]    Compiling winnow v0.7.15
[INFO] [stderr]    Compiling toml_write v0.1.2
[INFO] [stderr]    Compiling linux-raw-sys v0.12.1
[INFO] [stderr]    Compiling clap_lex v1.1.0
[INFO] [stderr]    Compiling itoa v1.0.18
[INFO] [stderr]    Compiling bitflags v2.13.2
[INFO] [stderr]    Compiling strsim v0.11.1
[INFO] [stderr]    Compiling num-traits v0.2.19
[INFO] [stderr]    Compiling anstyle-parse v1.0.0
[INFO] [stderr]    Compiling zmij v1.0.23
[INFO] [stderr]    Compiling anstream v1.0.0
[INFO] [stderr]    Compiling ryu v1.0.23
[INFO] [stderr]    Compiling same-file v1.0.6
[INFO] [stderr]    Compiling iana-time-zone v0.1.65
[INFO] [stderr]    Compiling fastrand v2.5.0
[INFO] [stderr]    Compiling once_cell v1.21.4
[INFO] [stderr]    Compiling walkdir v2.5.0
[INFO] [stderr]    Compiling anyhow v1.0.104
[INFO] [stdout] warning: associated items `default_model` and `new_default` are never used
[INFO] [stdout]   --> src/model_registry.rs:72:12
[INFO] [stdout]    |
[INFO] [stdout] 22 | impl ModelRegistry {
[INFO] [stdout]    | ------------------ associated items in this implementation
[INFO] [stdout] ...
[INFO] [stdout] 72 |     pub fn default_model(&self) -> String {
[INFO] [stdout]    |            ^^^^^^^^^^^^^
[INFO] [stdout] ...
[INFO] [stdout] 87 |     pub fn new_default() -> Self {
[INFO] [stdout]    |            ^^^^^^^^^^^
[INFO] [stdout]    |
[INFO] [stdout]    = note: `#[warn(dead_code)]` (part of `#[warn(unused)]`) on by default
[INFO] [stdout] 
[INFO] [stdout] 
[INFO] [stderr]    Compiling clap_builder v4.6.6
[INFO] [stderr]    Compiling indexmap v2.14.2
[INFO] [stderr]    Compiling csv-core v0.1.13
[INFO] [stderr]    Compiling chrono v0.4.45
[INFO] [stderr]    Compiling getrandom v0.2.17
[INFO] [stderr]    Compiling is-terminal v0.4.17
[INFO] [stderr]    Compiling rand_core v0.6.4
[INFO] [stderr]    Compiling tempfile v3.27.0
[INFO] [stderr]    Compiling clap v4.6.6
[INFO] [stderr]    Compiling serde v1.0.229
[INFO] [stderr]    Compiling csv v1.4.0
[INFO] [stderr]    Compiling serde_json v1.0.151
[INFO] [stderr]    Compiling toml_datetime v0.6.11
[INFO] [stderr]    Compiling serde_spanned v0.6.9
[INFO] [stderr]    Compiling toml_edit v0.22.27
[INFO] [stderr]    Compiling ppv-lite86 v0.2.21
[INFO] [stderr]    Compiling rand_chacha v0.3.1
[INFO] [stderr]    Compiling rand v0.8.8
[INFO] [stderr]    Compiling toml v0.8.23
[INFO] [stderr]    Compiling ctx-budget v0.3.1 (/opt/rustwide/workdir)
[INFO] [stdout] warning: unused import: `super::*`
[INFO] [stdout]    --> src/model_registry.rs:104:9
[INFO] [stdout]     |
[INFO] [stdout] 104 |     use super::*;
[INFO] [stdout]     |         ^^^^^^^^
[INFO] [stdout]     |
[INFO] [stdout]     = note: `#[warn(unused_imports)]` (part of `#[warn(unused)]`) on by default
[INFO] [stdout] 
[INFO] [stdout] 
[INFO] [stdout] warning: associated items `default_model` and `new_default` are never used
[INFO] [stdout]   --> src/model_registry.rs:72:12
[INFO] [stdout]    |
[INFO] [stdout] 22 | impl ModelRegistry {
[INFO] [stdout]    | ------------------ associated items in this implementation
[INFO] [stdout] ...
[INFO] [stdout] 72 |     pub fn default_model(&self) -> String {
[INFO] [stdout]    |            ^^^^^^^^^^^^^
[INFO] [stdout] ...
[INFO] [stdout] 87 |     pub fn new_default() -> Self {
[INFO] [stdout]    |            ^^^^^^^^^^^
[INFO] [stdout]    |
[INFO] [stdout]    = note: `#[warn(dead_code)]` (part of `#[warn(unused)]`) on by default
[INFO] [stdout] 
[INFO] [stdout] 
[INFO] [stderr]     Finished `release` profile [optimized] target(s) in 36.88s
[INFO] running `Command { std: "docker" "inspect" "aa5b4398f5d63a36e59bca3daea167b59121fd14d3dd61543d350e6d98672a0f", kill_on_drop: false }`
[INFO] running `Command { std: "docker" "exec" "-e" "SOURCE_DIR=/opt/rustwide/workdir" "-e" "CARGO_HOME=/opt/rustwide/cargo-home" "-e" "RUSTUP_HOME=/opt/rustwide/rustup-home" "-e" "CARGO_TARGET_DIR=/opt/rustwide/target" "-e" "CARGO_INCREMENTAL=0" "-e" "RUST_BACKTRACE=full" "-e" "RUSTFLAGS=--cap-lints=warn" "-e" "RUSTDOCFLAGS=--cap-lints=warn" "-w" "/opt/rustwide/workdir" "--user" "0:0" "aa5b4398f5d63a36e59bca3daea167b59121fd14d3dd61543d350e6d98672a0f" "/opt/rustwide/cargo-home/bin/cargo" "+1.99.0-beta.8" "test" "--frozen" "--release", kill_on_drop: false }`
[INFO] [stderr] warning: unused import: `super::*`
[INFO] [stderr]    --> src/model_registry.rs:104:9
[INFO] [stderr]     |
[INFO] [stderr] 104 |     use super::*;
[INFO] [stderr]     |         ^^^^^^^^
[INFO] [stderr]     |
[INFO] [stderr]     = note: `#[warn(unused_imports)]` (part of `#[warn(unused)]`) on by default
[INFO] [stderr] 
[INFO] [stderr] warning: associated items `default_model` and `new_default` are never used
[INFO] [stderr]   --> src/model_registry.rs:72:12
[INFO] [stderr]    |
[INFO] [stderr] 22 | impl ModelRegistry {
[INFO] [stderr]    | ------------------ associated items in this implementation
[INFO] [stderr] ...
[INFO] [stderr] 72 |     pub fn default_model(&self) -> String {
[INFO] [stderr]    |            ^^^^^^^^^^^^^
[INFO] [stderr] ...
[INFO] [stderr] 87 |     pub fn new_default() -> Self {
[INFO] [stderr]    |            ^^^^^^^^^^^
[INFO] [stderr]    |
[INFO] [stderr]    = note: `#[warn(dead_code)]` (part of `#[warn(unused)]`) on by default
[INFO] [stderr] 
[INFO] [stderr] warning: `ctx-budget` (bin "ctx-budget" test) generated 2 warnings (run `cargo fix --bin "ctx-budget" -p ctx-budget --tests` to apply 1 suggestion)
[INFO] [stderr] warning: `ctx-budget` (bin "ctx-budget") generated 1 warning (1 duplicate)
[INFO] [stderr]     Finished `release` profile [optimized] target(s) in 0.10s
[INFO] [stdout] 
[INFO] [stdout] running 12 tests
[INFO] [stdout] test model_registry::tests::test_model_registry_load ... ok
[INFO] [stdout] test tests::output_format_parsing ... ok
[INFO] [stderr]      Running unittests src/main.rs (/opt/rustwide/target/release/deps/ctx_budget-8fcb7e0269eb8173)
[INFO] [stdout] test tokenizer::tests::scaling_roughly_linear ... ok
[INFO] [stdout] test tests::detect_language_from_filename_works ... ok
[INFO] [stdout] test tokenizer::tests::single_word_one_token ... ok
[INFO] [stdout] test tests::detect_language_works ... ok
[INFO] [stdout] test tests::format_number_test ... ok
[INFO] [stdout] test tests::should_not_exclude_normal_path ... ok
[INFO] [stdout] test tests::should_exclude_node_modules ... ok
[INFO] [stderr]      Running tests/integration_tests.rs (/opt/rustwide/target/release/deps/integration_tests-2990ff46bafdb9cb)
[INFO] [stdout] test tokenizer::tests::code_snippet_reasonable ... ok
[INFO] [stdout] test tokenizer::tests::consistent_results ... ok
[INFO] [stdout] test tokenizer::tests::empty_string_zero_tokens ... ok
[INFO] [stdout] 
[INFO] [stdout] test result: ok. 12 passed; 0 failed; 0 ignored; 0 measured; 0 filtered out; finished in 0.01s
[INFO] [stdout] 
[INFO] [stdout] 
[INFO] [stdout] running 4 tests
[INFO] [stdout] test integration_tests::handle_permission_denied_gracefully ... FAILED
[INFO] [stdout] test integration_tests::scan_mixed_encoding_files ... FAILED
[INFO] [stdout] test integration_tests::exclude_symlinks_safely ... FAILED
[INFO] [stdout] test integration_tests::streaming_large_files ... FAILED
[INFO] [stdout] 
[INFO] [stdout] failures:
[INFO] [stdout] 
[INFO] [stdout] ---- integration_tests::handle_permission_denied_gracefully stdout ----
[INFO] [stdout] 
[INFO] [stdout] thread 'integration_tests::handle_permission_denied_gracefully' (1352) panicked at tests/integration_tests.rs:86:9:
[INFO] [stdout] scan should not crash on permission denied
[INFO] [stdout] stack backtrace:
[INFO] [stdout]    0:     0x6084daf60295 - <unknown>
[INFO] [stdout]    1:     0x6084daf487ba - <unknown>
[INFO] [stdout]    2:     0x6084daf5f92b - <unknown>
[INFO] [stdout]    3:     0x6084daf5f40f - <unknown>
[INFO] [stdout]    4:     0x6084daf5f03a - <unknown>
[INFO] [stdout]    5:     0x6084daf5eb72 - <unknown>
[INFO] [stdout]    6:     0x6084daf860a2 - <unknown>
[INFO] [stdout]    7:     0x6084daf86029 - <unknown>
[INFO] [stdout]    8:     0x6084daf8653c - <unknown>
[INFO] [stdout]    9:     0x6084daf4864b - <unknown>
[INFO] [stdout]   10:     0x6084daf46e90 - <unknown>
[INFO] [stdout]   11:     0x6084dafa045b - <unknown>
[INFO] [stdout]   12:     0x6084daf9c5d1 - <unknown>
[INFO] [stdout]   13:     0x6084daf9bdbc - <unknown>
[INFO] [stdout]   14:     0x6084dafb86ac - <unknown>
[INFO] [stdout]   15:     0x6084daf87992 - <unknown>
[INFO] [stdout]   16:     0x73088f027dfa - <unknown>
[INFO] [stdout]   17:     0x73088f0bb3d4 - clone
[INFO] [stdout]   18:                0x0 - <unknown>
[INFO] [stdout] 
[INFO] [stdout] ---- integration_tests::scan_mixed_encoding_files stdout ----
[INFO] [stdout] 
[INFO] [stdout] thread 'integration_tests::scan_mixed_encoding_files' (1353) panicked at tests/integration_tests.rs:32:9:
[INFO] [stdout] scan should complete even with mixed encodings
[INFO] [stdout] stack backtrace:
[INFO] [stdout]    0:     0x6084daf60295 - <unknown>
[INFO] [stdout]    1:     0x6084daf487ba - <unknown>
[INFO] [stdout]    2:     0x6084daf5f92b - <unknown>
[INFO] [stdout]    3:     0x6084daf5f40f - <unknown>
[INFO] [stdout]    4:     0x6084daf5f03a - <unknown>
[INFO] [stdout]    5:     0x6084daf5eb72 - <unknown>
[INFO] [stdout]    6:     0x6084daf860a2 - <unknown>
[INFO] [stdout]    7:     0x6084daf86029 - <unknown>
[INFO] [stdout]    8:     0x6084daf8653c - <unknown>
[INFO] [stdout]    9:     0x6084daf4864b - <unknown>
[INFO] [stdout]   10:     0x6084daf46649 - <unknown>
[INFO] [stdout]   11:     0x6084dafa045b - <unknown>
[INFO] [stdout]   12:     0x6084daf9c5d1 - <unknown>
[INFO] [stdout]   13:     0x6084daf9bdbc - <unknown>
[INFO] [stdout]   14:     0x6084dafb86ac - <unknown>
[INFO] [stdout]   15:     0x6084daf87992 - <unknown>
[INFO] [stdout]   16:     0x73088f027dfa - <unknown>
[INFO] [stdout]   17:     0x73088f0bb3d4 - clone
[INFO] [stdout]   18:                0x0 - <unknown>
[INFO] [stdout] 
[INFO] [stdout] ---- integration_tests::exclude_symlinks_safely stdout ----
[INFO] [stdout] 
[INFO] [stdout] thread 'integration_tests::exclude_symlinks_safely' (1351) panicked at tests/integration_tests.rs:60:9:
[INFO] [stdout] scan should handle symlinks gracefully
[INFO] [stdout] stack backtrace:
[INFO] [stdout]    0:     0x6084daf60295 - <unknown>
[INFO] [stdout]    1:     0x6084daf487ba - <unknown>
[INFO] [stdout]    2:     0x6084daf5f92b - <unknown>
[INFO] [stdout]    3:     0x6084daf5f40f - <unknown>
[INFO] [stdout]    4:     0x6084daf5f03a - <unknown>
[INFO] [stdout]    5:     0x6084daf5eb72 - <unknown>
[INFO] [stdout]    6:     0x6084daf860a2 - <unknown>
[INFO] [stdout]    7:     0x6084daf86029 - <unknown>
[INFO] [stdout]    8:     0x6084daf8653c - <unknown>
[INFO] [stdout]    9:     0x6084daf4864b - <unknown>
[INFO] [stdout]   10:     0x6084daf45fce - <unknown>
[INFO] [stdout]   11:     0x6084dafa045b - <unknown>
[INFO] [stdout]   12:     0x6084daf9c5d1 - <unknown>
[INFO] [stdout]   13:     0x6084daf9bdbc - <unknown>
[INFO] [stdout]   14:     0x6084dafb86ac - <unknown>
[INFO] [stdout]   15:     0x6084daf87992 - <unknown>
[INFO] [stdout]   16:     0x73088f027dfa - <unknown>
[INFO] [stdout]   17:     0x73088f0bb3d4 - clone
[INFO] [stdout]   18:                0x0 - <unknown>
[INFO] [stdout] 
[INFO] [stdout] ---- integration_tests::streaming_large_files stdout ----
[INFO] [stdout] 
[INFO] [stdout] thread 'integration_tests::streaming_large_files' (1354) panicked at tests/integration_tests.rs:117:9:
[INFO] [stdout] scan should handle 10MB file
[INFO] [stdout] stack backtrace:
[INFO] [stdout]    0:     0x6084daf60295 - <unknown>
[INFO] [stdout]    1:     0x6084daf487ba - <unknown>
[INFO] [stdout]    2:     0x6084daf5f92b - <unknown>
[INFO] [stdout]    3:     0x6084daf5f40f - <unknown>
[INFO] [stdout]    4:     0x6084daf5f03a - <unknown>
[INFO] [stdout]    5:     0x6084daf5eb72 - <unknown>
[INFO] [stdout]    6:     0x6084daf860a2 - <unknown>
[INFO] [stdout]    7:     0x6084daf86029 - <unknown>
[INFO] [stdout]    8:     0x6084daf8653c - <unknown>
[INFO] [stdout]    9:     0x6084daf4864b - <unknown>
[INFO] [stdout]   10:     0x6084daf4585d - <unknown>
[INFO] [stdout]   11:     0x6084dafa045b - <unknown>
[INFO] [stdout]   12:     0x6084daf9c5d1 - <unknown>
[INFO] [stdout]   13:     0x6084daf9bdbc - <unknown>
[INFO] [stdout]   14:     0x6084dafb86ac - <unknown>
[INFO] [stdout]   15:     0x6084daf87992 - <unknown>
[INFO] [stdout]   16:     0x73088f027dfa - <unknown>
[INFO] [stdout]   17:     0x73088f0bb3d4 - clone
[INFO] [stdout]   18:                0x0 - <unknown>
[INFO] [stdout] 
[INFO] [stdout] 
[INFO] [stdout] failures:
[INFO] [stdout]     integration_tests::exclude_symlinks_safely
[INFO] [stdout]     integration_tests::handle_permission_denied_gracefully
[INFO] [stdout]     integration_tests::scan_mixed_encoding_files
[INFO] [stdout]     integration_tests::streaming_large_files
[INFO] [stdout] 
[INFO] [stdout] test result: FAILED. 0 passed; 4 failed; 0 ignored; 0 measured; 0 filtered out; finished in 1.14s
[INFO] [stdout] 
[INFO] [stderr] error: test failed, to rerun pass `--test integration_tests`
[INFO] running `Command { std: "docker" "inspect" "aa5b4398f5d63a36e59bca3daea167b59121fd14d3dd61543d350e6d98672a0f", kill_on_drop: false }`
[INFO] running `Command { std: "docker" "rm" "-f" "aa5b4398f5d63a36e59bca3daea167b59121fd14d3dd61543d350e6d98672a0f", kill_on_drop: false }`
[INFO] [stdout] aa5b4398f5d63a36e59bca3daea167b59121fd14d3dd61543d350e6d98672a0f
