[INFO] fetching crate ctmuxd 0.1.1...
[INFO] testing ctmuxd-0.1.1 against 1.99.0-beta.8+cargoflags=--release for beta-release-1.100-2
[INFO] extracting crate ctmuxd 0.1.1 into /workspace/builds/worker-4-tc1/source
[INFO] started tweaking crates.io crate ctmuxd 0.1.1
[INFO] removed 0 missing examples
[INFO] removed 0 missing tests
[INFO] finished tweaking crates.io crate ctmuxd 0.1.1
[INFO] tweaked toml for crates.io crate ctmuxd 0.1.1 written to /workspace/builds/worker-4-tc1/source/Cargo.toml
[INFO] validating manifest of crates.io crate ctmuxd 0.1.1 on toolchain 1.99.0-beta.8
[INFO] running `Command { std: CARGO_HOME="/workspace/cargo-home" RUSTUP_HOME="/workspace/rustup-home" "/workspace/cargo-home/bin/cargo" "+1.99.0-beta.8" "metadata" "--manifest-path" "Cargo.toml" "--no-deps", kill_on_drop: false }`
[INFO] crate crates.io crate ctmuxd 0.1.1 already has a lockfile, it will not be regenerated
[INFO] running `Command { std: CARGO_HOME="/workspace/cargo-home" RUSTUP_HOME="/workspace/rustup-home" "/workspace/cargo-home/bin/cargo" "+1.99.0-beta.8" "fetch" "--manifest-path" "Cargo.toml", kill_on_drop: false }`
[INFO] [stderr]     Updating crates.io index
[INFO] [stderr]  Downloading crates ...
[INFO] [stderr]   Downloaded serial2 v0.2.38
[INFO] [stderr]   Downloaded ctmux-proto v0.1.1
[INFO] [stderr]   Downloaded ctmux-process-info v0.1.1
[INFO] [stderr]   Downloaded tokn-ctl-core v0.1.1
[INFO] [stderr]   Downloaded hashlink v0.12.1
[INFO] [stderr]   Downloaded doctest-file v1.1.1
[INFO] [stderr]   Downloaded ctmux-core v0.1.1
[INFO] [stderr]   Downloaded ctmux-ipc v0.1.1
[INFO] [stderr]   Downloaded recvmsg v1.0.0
[INFO] [stderr]   Downloaded ctmux-avt v0.1.1
[INFO] [stderr]   Downloaded libproc v0.14.11
[INFO] [stderr]   Downloaded interprocess v2.4.4
[INFO] running `Command { std: "docker" "create" "-v" "/var/lib/crater-agent-workspace/builds/worker-4-tc1/source:/opt/rustwide/workdir:ro,Z" "-v" "/var/lib/crater-agent-workspace/builds/worker-4-tc1/target:/opt/rustwide/target:rw,Z" "-v" "/var/lib/crater-agent-workspace/cargo-home:/opt/rustwide/cargo-home:ro,Z" "-v" "/var/lib/crater-agent-workspace/rustup-home:/opt/rustwide/rustup-home:ro,Z" "-m" "1610612736" "--network" "none" "ghcr.io/rust-lang/crates-build-env/linux@sha256:77db811e55d90add9212f6832c23229e3de5f1c1f9905e8cb07319ea15df73ac" "sleep" "infinity", kill_on_drop: false }`
[INFO] [stdout] eb29ab85d6420183588e63d3fa8367e28a9057fed2f0f321dc57a8ab2b5c33da
[INFO] running `Command { std: "docker" "start" "eb29ab85d6420183588e63d3fa8367e28a9057fed2f0f321dc57a8ab2b5c33da", kill_on_drop: false }`
[INFO] running `Command { std: "docker" "inspect" "eb29ab85d6420183588e63d3fa8367e28a9057fed2f0f321dc57a8ab2b5c33da", kill_on_drop: false }`
[INFO] running `Command { std: "docker" "exec" "-e" "SOURCE_DIR=/opt/rustwide/workdir" "-e" "CARGO_HOME=/opt/rustwide/cargo-home" "-e" "RUSTUP_HOME=/opt/rustwide/rustup-home" "-e" "CARGO_TARGET_DIR=/opt/rustwide/target" "-w" "/opt/rustwide/workdir" "--user" "0:0" "eb29ab85d6420183588e63d3fa8367e28a9057fed2f0f321dc57a8ab2b5c33da" "/opt/rustwide/cargo-home/bin/cargo" "+1.99.0-beta.8" "metadata" "--no-deps" "--format-version=1", kill_on_drop: false }`
[INFO] running `Command { std: "docker" "inspect" "eb29ab85d6420183588e63d3fa8367e28a9057fed2f0f321dc57a8ab2b5c33da", kill_on_drop: false }`
[INFO] running `Command { std: "docker" "exec" "-e" "SOURCE_DIR=/opt/rustwide/workdir" "-e" "CARGO_HOME=/opt/rustwide/cargo-home" "-e" "RUSTUP_HOME=/opt/rustwide/rustup-home" "-e" "CARGO_TARGET_DIR=/opt/rustwide/target" "-e" "CARGO_INCREMENTAL=0" "-e" "RUST_BACKTRACE=full" "-e" "RUSTFLAGS=--cap-lints=warn" "-e" "RUSTDOCFLAGS=--cap-lints=warn" "-w" "/opt/rustwide/workdir" "--user" "0:0" "eb29ab85d6420183588e63d3fa8367e28a9057fed2f0f321dc57a8ab2b5c33da" "/opt/rustwide/cargo-home/bin/cargo" "+1.99.0-beta.8" "build" "--frozen" "--message-format=json" "--release", kill_on_drop: false }`
[INFO] [stderr]    Compiling libc v0.2.189
[INFO] [stderr]    Compiling syn v3.0.4
[INFO] [stderr]    Compiling typenum v1.20.1
[INFO] [stderr]    Compiling serde_core v1.0.229
[INFO] [stderr]    Compiling find-msvc-tools v0.1.11
[INFO] [stderr]    Compiling getrandom v0.4.3
[INFO] [stderr]    Compiling serde_json v1.0.151
[INFO] [stderr]    Compiling memchr v2.8.3
[INFO] [stderr]    Compiling foldhash v0.2.0
[INFO] [stderr]    Compiling zmij v1.0.23
[INFO] [stderr]    Compiling rustix v1.1.4
[INFO] [stderr]    Compiling linux-raw-sys v0.12.1
[INFO] [stderr]    Compiling deranged v0.5.8
[INFO] [stderr]    Compiling fallible-streaming-iterator v0.1.9
[INFO] [stderr]    Compiling fallible-iterator v0.3.0
[INFO] [stderr]    Compiling syn v2.0.119
[INFO] [stderr]    Compiling nix v0.28.0
[INFO] [stderr]    Compiling cfg_aliases v0.2.2
[INFO] [stderr]    Compiling bytemuck v1.25.2
[INFO] [stderr]    Compiling hashbrown v0.17.1
[INFO] [stderr]    Compiling nix v0.29.0
[INFO] [stderr]    Compiling cc v1.4.4
[INFO] [stderr]    Compiling clap_builder v4.6.6
[INFO] [stderr]    Compiling shell-words v1.1.1
[INFO] [stderr]    Compiling rgb v0.8.53
[INFO] [stderr]    Compiling downcast-rs v1.2.1
[INFO] [stderr]    Compiling ctmux-process-info v0.1.1
[INFO] [stderr]    Compiling hashlink v0.12.1
[INFO] [stderr]    Compiling generic-array v0.14.7
[INFO] [stderr]    Compiling block-buffer v0.10.4
[INFO] [stderr]    Compiling crypto-common v0.1.7
[INFO] [stderr]    Compiling digest v0.10.7
[INFO] [stderr]    Compiling libsqlite3-sys v0.38.2
[INFO] [stderr]    Compiling sha2 v0.10.9
[INFO] [stderr]    Compiling time v0.3.55
[INFO] [stderr]    Compiling thiserror-impl v1.0.69
[INFO] [stderr]    Compiling errno v0.3.14
[INFO] [stderr]    Compiling socket2 v0.6.5
[INFO] [stderr]    Compiling dirs-sys v0.5.0
[INFO] [stderr]    Compiling mio v1.2.2
[INFO] [stderr]    Compiling serial2 v0.2.38
[INFO] [stderr]    Compiling signal-hook-registry v1.4.8
[INFO] [stderr]    Compiling uuid v1.26.0
[INFO] [stderr]    Compiling dirs v6.0.0
[INFO] [stderr]    Compiling thiserror v1.0.69
[INFO] [stderr]    Compiling filedescriptor v0.8.3
[INFO] [stderr]    Compiling portable-pty v0.9.0
[INFO] [stderr]    Compiling tokn-ctl-core v0.1.1
[INFO] [stderr]    Compiling serde_derive v1.0.229
[INFO] [stderr]    Compiling tokio-macros v2.7.2
[INFO] [stderr]    Compiling thiserror-impl v2.0.20
[INFO] [stderr]    Compiling clap_derive v4.6.4
[INFO] [stderr]    Compiling tokio v1.53.1
[INFO] [stderr]    Compiling thiserror v2.0.20
[INFO] [stderr]    Compiling clap v4.6.6
[INFO] [stderr]    Compiling serde v1.0.229
[INFO] [stderr]    Compiling ctmux-avt v0.1.1
[INFO] [stderr]    Compiling rusqlite v0.40.2
[INFO] [stderr]    Compiling ctmux-proto v0.1.1
[INFO] [stderr]    Compiling ctmux-core v0.1.1
[INFO] [stderr]    Compiling ctmux-ipc v0.1.1
[INFO] [stderr]    Compiling ctmuxd v0.1.1 (/opt/rustwide/workdir)
[INFO] [stderr]     Finished `release` profile [optimized] target(s) in 2m 37s
[INFO] running `Command { std: "docker" "inspect" "eb29ab85d6420183588e63d3fa8367e28a9057fed2f0f321dc57a8ab2b5c33da", kill_on_drop: false }`
[INFO] running `Command { std: "docker" "exec" "-e" "SOURCE_DIR=/opt/rustwide/workdir" "-e" "CARGO_HOME=/opt/rustwide/cargo-home" "-e" "RUSTUP_HOME=/opt/rustwide/rustup-home" "-e" "CARGO_TARGET_DIR=/opt/rustwide/target" "-e" "CARGO_INCREMENTAL=0" "-e" "RUST_BACKTRACE=full" "-e" "RUSTFLAGS=--cap-lints=warn" "-e" "RUSTDOCFLAGS=--cap-lints=warn" "-w" "/opt/rustwide/workdir" "--user" "0:0" "eb29ab85d6420183588e63d3fa8367e28a9057fed2f0f321dc57a8ab2b5c33da" "/opt/rustwide/cargo-home/bin/cargo" "+1.99.0-beta.8" "test" "--frozen" "--no-run" "--message-format=json" "--release", kill_on_drop: false }`
[INFO] [stderr]    Compiling nix v0.29.0
[INFO] [stderr]    Compiling ctmuxd v0.1.1 (/opt/rustwide/workdir)
[INFO] [stderr]     Finished `release` profile [optimized] target(s) in 1m 13s
[INFO] running `Command { std: "docker" "inspect" "eb29ab85d6420183588e63d3fa8367e28a9057fed2f0f321dc57a8ab2b5c33da", kill_on_drop: false }`
[INFO] running `Command { std: "docker" "exec" "-e" "SOURCE_DIR=/opt/rustwide/workdir" "-e" "CARGO_HOME=/opt/rustwide/cargo-home" "-e" "RUSTUP_HOME=/opt/rustwide/rustup-home" "-e" "CARGO_TARGET_DIR=/opt/rustwide/target" "-e" "CARGO_INCREMENTAL=0" "-e" "RUST_BACKTRACE=full" "-e" "RUSTFLAGS=--cap-lints=warn" "-e" "RUSTDOCFLAGS=--cap-lints=warn" "-w" "/opt/rustwide/workdir" "--user" "0:0" "eb29ab85d6420183588e63d3fa8367e28a9057fed2f0f321dc57a8ab2b5c33da" "/opt/rustwide/cargo-home/bin/cargo" "+1.99.0-beta.8" "test" "--frozen" "--release", kill_on_drop: false }`
[INFO] [stderr]     Finished `release` profile [optimized] target(s) in 0.13s
[INFO] [stderr]      Running unittests src/lib.rs (/opt/rustwide/target/release/deps/ctmuxd-8d302fa173c20bbd)
[INFO] [stdout] 
[INFO] [stdout] running 68 tests
[INFO] [stdout] test session::tests::alternate_screen_hint_ignores_non_private_csi_sequences ... ok
[INFO] [stdout] test conpty::tests::unrelated_sequences_do_not_complete_startup_and_output_is_bounded ... ok
[INFO] [stdout] test server::tests::checkpoint_suppresses_queued_geometry_but_not_a_later_same_boundary_resize ... ok
[INFO] [stdout] test server::tests::historical_contracts_omit_only_the_captured_keyboard_preamble ... ok
[INFO] [stdout] test conpty::tests::fragmented_query_is_consumed_without_losing_surrounding_output ... ok
[INFO] [stdout] test server::tests::armed_local_control_request_outlasts_gui_detach_window ... ok
[INFO] [stdout] test server::tests::fragmented_output_is_coalesced_into_a_bounded_frame ... ok
[INFO] [stdout] test server::tests::fetching_only_the_last_page_does_not_complete_history_drain ... ok
[INFO] [stdout] test server::tests::cached_history_body_keeps_transfer_metadata_and_progress_independent ... ok
[INFO] [stdout] test server::tests::initial_delivery_defers_replay_until_presentation_credit ... ok
[INFO] [stdout] test session::tests::alternate_resize_bounds_captured_primary_rows_by_the_new_retention_budget ... ok
[INFO] [stdout] test history_snapshot::tests::identical_rows_share_one_encoding_and_wrapped_changes_replace_it ... ok
[INFO] [stdout] test history_snapshot::tests::encoding_matches_exact_jsonl_hash_and_is_shared_between_threads ... ok
[INFO] [stdout] test server::tests::endpoint_startup_lock_is_exclusive_and_owner_only ... ok
[INFO] [stdout] test server::tests::history_snapshot_renews_idle_expiry_and_rejects_stale_ids_and_bounds ... ok
[INFO] [stdout] test server::tests::history_pages_are_byte_bounded_and_preserve_long_unicode_wrapped_rows ... ok
[INFO] [stdout] test session::tests::alternate_screen_hint_tracks_private_modes_across_chunks ... ok
[INFO] [stdout] test session::tests::alternate_screen_output_does_not_replace_primary_history ... ok
[INFO] [stdout] test session::tests::automatic_names_use_the_final_sequence_before_exhaustion ... ok
[INFO] [stdout] test session::tests::bare_line_feed_preserves_next_line_column_in_history ... ok
[INFO] [stdout] test session::tests::clearing_history_during_alternate_resize_keeps_the_primary_reflow_fence ... ok
[INFO] [stdout] test session::tests::checkpoint_parser_retains_bounded_scrollback_behind_the_live_view ... ok
[INFO] [stdout] test session::tests::checkpoint_preserves_a_partial_escape_sequence ... ok
[INFO] [stdout] test session::tests::history_omits_trailing_padding_after_hard_line_breaks ... ok
[INFO] [stdout] test session::tests::native_observations_provide_cwd_and_job_without_inventing_shell_reports ... ok
[INFO] [stdout] test session::tests::history_contains_only_complete_logical_lines_above_the_live_view ... ok
[INFO] [stdout] test session::tests::checkpoint_restores_keyboard_mode_before_a_partial_mode_change ... ok
[INFO] [stdout] test session::tests::bounded_history_discards_whole_oldest_lines ... ok
[INFO] [stdout] test session::tests::output_after_erasing_saved_lines_in_the_same_chunk_is_retained ... ok
[INFO] [stdout] test session::tests::physical_history_and_generation_clear_together ... ok
[INFO] [stdout] test session::tests::physical_history_cache_changes_for_reflow_even_when_logical_revision_does_not ... ok
[INFO] [stdout] test session::tests::physical_history_preserves_partial_wrap_and_primary_rows_before_alternate ... ok
[INFO] [stdout] test session::tests::prompt_resize_redraw_retains_previous_output_and_checkpoint_cursor ... ok
[INFO] [stdout] test session::tests::checkpoint_preserves_application_input_modes_and_partial_mode_sequence ... ok
[INFO] [stdout] test session::tests::automatic_names_are_monotonic_and_safe_under_concurrent_reservations ... ok
[INFO] [stdout] test session::tests::erase_saved_lines_starts_a_new_history_generation ... ok
[INFO] [stdout] test session::tests::returning_to_primary_after_alternate_resize_replaces_the_checkpoint ... ok
[INFO] [stdout] test session::tests::checkpoint_preserves_an_incomplete_utf8_character ... ok
[INFO] [stdout] test session::tests::reports_without_cwd_use_the_latest_native_fallback ... ok
[INFO] [stdout] test session::tests::shell_reports_win_over_native_cwd_and_native_failures_preserve_reports ... ok
[INFO] [stdout] test session::tests::shell_report_tracks_cwd_and_replaces_edit_text_with_running_summary ... ok
[INFO] [stdout] test session::tests::saved_history_controls_replace_a_checkpoint_before_journal_eviction ... ok
[INFO] [stdout] test session::tests::serialized_shell_state_publication_never_regresses_the_watch_snapshot ... ok
[INFO] [stdout] test session::tests::working_directory_display_abbreviates_only_the_home_path_boundary ... ok
[INFO] [stdout] test session::topology::tests::arrangement_edits_preserve_existing_slot_weights_and_reject_lease_bypasses ... ok
[INFO] [stdout] test session::topology::tests::topology_changes_keep_surviving_split_weights_aligned ... ok
[INFO] [stdout] test shell_reporter::tests::accepts_an_empty_active_command_line ... ok
[INFO] [stdout] test shell_reporter::tests::discards_oversized_records_and_resynchronizes ... ok
[INFO] [stdout] test session::tests::soft_wrapped_history_is_one_logical_line_across_resize ... ok
[INFO] [stdout] test shell_reporter::tests::rejects_malformed_records_without_delivery ... ok
[INFO] [stdout] test shell_reporter::tests::parses_a_v2_running_command_from_the_phase_exclusive_active_text ... ok
[INFO] [stdout] test shell_reporter::tests::parses_a_fragmented_record_from_the_fifo ... ok
[INFO] [stdout] test session::tests::attached_pane_moves_recheck_lease_and_observed_source_before_mutation ... ok
[INFO] [stdout] test shell_reporter::tests::v2_rejects_a_running_summary_without_its_advertised_capability ... ok
[INFO] [stdout] test shell_reporter::tests::v2_omits_invalid_running_command_text_without_dropping_the_running_phase ... ok
[INFO] [stdout] test shell_reporter::tests::v2_omits_an_overlong_running_command_without_dropping_the_running_phase ... ok
[INFO] [stdout] test shell_reporter::tests::removes_private_fifo_on_drop ... ok
[INFO] [stdout] test shell_reporter::tests::v2_rejects_running_command_text_outside_running_phase ... ok
[INFO] [stdout] test session::tests::attached_swap_wraps_leaf_order_and_preserves_weighted_slots ... ok
[INFO] [stdout] test session::tests::attached_break_preserves_input_attachment_token_and_publishes_both_views ... ok
[INFO] [stdout] test session::tests::failed_pane_reflow_restores_zoom_layout_revision_and_previous_pty_size ... ok
[INFO] [stdout] test session::tests::attached_moves_restore_weighted_layout_zoom_and_geometry_when_reflow_fails ... ok
[INFO] [stdout] test shell_reporter::tests::dispatcher_coalesces_reports_while_delivery_is_rate_limited ... ok
[INFO] [stdout] test session::tests::session_rename_preserves_identity_layout_leases_and_updates_every_owner ... ok
[INFO] [stdout] test session::tests::delivery_uses_the_keyboard_preamble_from_its_geometry_checkpoint ... ok
[INFO] [stdout] test session::tests::session_rename_rejects_invalid_reserved_managed_and_closing_targets ... ok
[INFO] [stdout] test session::tests::failed_topology_reflow_notifies_current_layout_ownership ... ok
[INFO] [stdout] test session::tests::one_wide_output_batch_bounds_primary_rows_before_entering_alternate_screen ... ok
[INFO] [stdout] 
[INFO] [stdout] test result: ok. 68 passed; 0 failed; 0 ignored; 0 measured; 0 filtered out; finished in 0.30s
[INFO] [stdout] 
[INFO] [stderr]      Running unittests src/main.rs (/opt/rustwide/target/release/deps/ctmuxd-cc54c61af44a6a85)
[INFO] [stderr]      Running tests/exec_hotreload.rs (/opt/rustwide/target/release/deps/exec_hotreload-8e2ec1bb56afd153)
[INFO] [stdout] 
[INFO] [stdout] running 0 tests
[INFO] [stdout] 
[INFO] [stdout] test result: ok. 0 passed; 0 failed; 0 ignored; 0 measured; 0 filtered out; finished in 0.00s
[INFO] [stdout] 
[INFO] [stdout] 
[INFO] [stdout] running 2 tests
[INFO] [stdout] test returned_exec_error_keeps_the_original_shell_usable_before_replacement ... ok
[INFO] [stdout] test unix_exec_replaces_the_image_and_preserves_pty_child_and_buffered_io ... ok
[INFO] [stdout] 
[INFO] [stdout] test result: ok. 2 passed; 0 failed; 0 ignored; 0 measured; 0 filtered out; finished in 0.37s
[INFO] [stdout] 
[INFO] [stderr]      Running tests/history.rs (/opt/rustwide/target/release/deps/history-b7ada43da8c7a8af)
[INFO] [stdout] 
[INFO] [stdout] running 1 test
[INFO] [stdout] test sessions_and_panes_write_redacted_human_logs_with_default_and_trace_levels ... FAILED
[INFO] [stderr] error: test failed, to rerun pass `--test history`
[INFO] [stdout] 
[INFO] [stdout] failures:
[INFO] [stdout] 
[INFO] [stdout] ---- sessions_and_panes_write_redacted_human_logs_with_default_and_trace_levels stdout ----
[INFO] [stdout] 
[INFO] [stdout] thread 'sessions_and_panes_write_redacted_human_logs_with_default_and_trace_levels' (2160) panicked at tests/history.rs:226:64:
[INFO] [stdout] called `Result::unwrap()` on an `Err` value: Custom { kind: Other, error: "history directory has unsafe ownership or permissions" }
[INFO] [stdout] stack backtrace:
[INFO] [stdout]    0:     0x60eb50a0d311 - <<std[70759c8f55707aa4]::sys::backtrace::BacktraceLock>::print::DisplayBacktrace as core[df12db4294e9bfd3]::fmt::Display>::fmt
[INFO] [stdout]    1:     0x60eb50a22d5a - core[df12db4294e9bfd3]::fmt::write
[INFO] [stdout]    2:     0x60eb50a11e6c - <alloc[2182bb758b4b3781]::vec::Vec<u8> as core[df12db4294e9bfd3]::io::write::Write>::write_fmt
[INFO] [stdout]    3:     0x60eb509e63c6 - std[70759c8f55707aa4]::panicking::default_hook::{closure#0}
[INFO] [stdout]    4:     0x60eb50a04679 - std[70759c8f55707aa4]::panicking::default_hook
[INFO] [stdout]    5:     0x60eb507acaf0 - test[9d35eded1c95d3be]::test_main_inner::<test[9d35eded1c95d3be]::test_main_static::{closure#0}>::{closure#0}
[INFO] [stdout]    6:     0x60eb50a049a2 - std[70759c8f55707aa4]::panicking::panic_with_hook
[INFO] [stdout]    7:     0x60eb509e6472 - std[70759c8f55707aa4]::panicking::panic_handler::{closure#0}
[INFO] [stdout]    8:     0x60eb509deea9 - std[70759c8f55707aa4]::sys::backtrace::__rust_end_short_backtrace::<std[70759c8f55707aa4]::panicking::panic_handler::{closure#0}, !>
[INFO] [stdout]    9:     0x60eb509e712d - __rustc[8fa7c3cbc660c2b3]::rust_begin_unwind
[INFO] [stdout]   10:     0x60eb50a234bc - core[df12db4294e9bfd3]::panicking::panic_fmt
[INFO] [stdout]   11:     0x60eb50a23292 - core[df12db4294e9bfd3]::result::unwrap_failed
[INFO] [stdout]   12:     0x60eb5078f40c - history[b477b2e46a0945e]::sessions_and_panes_write_redacted_human_logs_with_default_and_trace_levels::{closure#0}
[INFO] [stdout]   13:     0x60eb50795d83 - <tokio[3c1e08de84a4db40]::runtime::scheduler::current_thread::Context>::enter::<core[df12db4294e9bfd3]::task::poll::Poll<()>, <tokio[3c1e08de84a4db40]::runtime::scheduler::current_thread::CoreGuard>::block_on<core[df12db4294e9bfd3]::pin::Pin<&mut core[df12db4294e9bfd3]::pin::Pin<&mut dyn core[df12db4294e9bfd3]::future::future::Future<Output = ()>>>>::{closure#0}::{closure#0}>
[INFO] [stdout]   14:     0x60eb5079b78c - <tokio[3c1e08de84a4db40]::runtime::context::scoped::Scoped<tokio[3c1e08de84a4db40]::runtime::scheduler::Context>>::set::<<tokio[3c1e08de84a4db40]::runtime::scheduler::current_thread::CoreGuard>::enter<<tokio[3c1e08de84a4db40]::runtime::scheduler::current_thread::CoreGuard>::block_on<core[df12db4294e9bfd3]::pin::Pin<&mut core[df12db4294e9bfd3]::pin::Pin<&mut dyn core[df12db4294e9bfd3]::future::future::Future<Output = ()>>>>::{closure#0}, core[df12db4294e9bfd3]::option::Option<()>>::{closure#0}, (alloc[2182bb758b4b3781]::boxed::Box<tokio[3c1e08de84a4db40]::runtime::scheduler::current_thread::Core>, core[df12db4294e9bfd3]::option::Option<()>)>
[INFO] [stdout]   15:     0x60eb50795f27 - <tokio[3c1e08de84a4db40]::runtime::scheduler::current_thread::CoreGuard>::block_on::<core[df12db4294e9bfd3]::pin::Pin<&mut core[df12db4294e9bfd3]::pin::Pin<&mut dyn core[df12db4294e9bfd3]::future::future::Future<Output = ()>>>>
[INFO] [stdout]   16:     0x60eb5079850b - tokio[3c1e08de84a4db40]::runtime::context::runtime::enter_runtime::<<tokio[3c1e08de84a4db40]::runtime::scheduler::current_thread::CurrentThread>::block_on<core[df12db4294e9bfd3]::pin::Pin<&mut dyn core[df12db4294e9bfd3]::future::future::Future<Output = ()>>>::{closure#0}, ()>
[INFO] [stdout]   17:     0x60eb5079f135 - <tokio[3c1e08de84a4db40]::runtime::runtime::Runtime>::block_on::<core[df12db4294e9bfd3]::pin::Pin<&mut dyn core[df12db4294e9bfd3]::future::future::Future<Output = ()>>>
[INFO] [stdout]   18:     0x60eb5079282e - <history[b477b2e46a0945e]::sessions_and_panes_write_redacted_human_logs_with_default_and_trace_levels::{closure#0} as core[df12db4294e9bfd3]::ops::function::FnOnce<()>>::call_once
[INFO] [stdout]   19:     0x60eb5079fddb - test[9d35eded1c95d3be]::__rust_begin_short_backtrace::<core[df12db4294e9bfd3]::result::Result<(), alloc[2182bb758b4b3781]::string::String>, fn() -> core[df12db4294e9bfd3]::result::Result<(), alloc[2182bb758b4b3781]::string::String>>
[INFO] [stdout]   20:     0x60eb507ad445 - test[9d35eded1c95d3be]::run_test::{closure#0}
[INFO] [stdout]   21:     0x60eb507a6d04 - std[70759c8f55707aa4]::sys::backtrace::__rust_begin_short_backtrace::<test[9d35eded1c95d3be]::run_test::{closure#1}, ()>
[INFO] [stdout]   22:     0x60eb507b05a2 - <std[70759c8f55707aa4]::thread::lifecycle::spawn_unchecked<test[9d35eded1c95d3be]::run_test::{closure#1}, ()>::{closure#1} as core[df12db4294e9bfd3]::ops::function::FnOnce<()>>::call_once::{shim:vtable#0}
[INFO] [stdout]   23:     0x60eb50a0c869 - <std[70759c8f55707aa4]::sys::thread::unix::Thread>::new::thread_start
[INFO] [stdout]   24:     0x7a35ef219dfa - <unknown>
[INFO] [stdout]   25:     0x7a35ef2ad3d4 - clone
[INFO] [stdout]   26:                0x0 - <unknown>
[INFO] [stdout] 
[INFO] [stdout] 
[INFO] [stdout] failures:
[INFO] [stdout]     sessions_and_panes_write_redacted_human_logs_with_default_and_trace_levels
[INFO] [stdout] 
[INFO] [stdout] test result: FAILED. 0 passed; 1 failed; 0 ignored; 0 measured; 0 filtered out; finished in 0.04s
[INFO] [stdout] 
[INFO] running `Command { std: "docker" "inspect" "eb29ab85d6420183588e63d3fa8367e28a9057fed2f0f321dc57a8ab2b5c33da", kill_on_drop: false }`
[INFO] running `Command { std: "docker" "rm" "-f" "eb29ab85d6420183588e63d3fa8367e28a9057fed2f0f321dc57a8ab2b5c33da", kill_on_drop: false }`
[INFO] [stdout] eb29ab85d6420183588e63d3fa8367e28a9057fed2f0f321dc57a8ab2b5c33da
