[INFO] fetching crate ctj 0.1.8...
[INFO] testing ctj-0.1.8 against 1.100.0-beta.1+cargoflags=--release for beta-release-1.100-2
[INFO] extracting crate ctj 0.1.8 into /workspace/builds/worker-7-tc2/source
[INFO] started tweaking crates.io crate ctj 0.1.8
[INFO] removed 0 missing tests
[INFO] finished tweaking crates.io crate ctj 0.1.8
[INFO] tweaked toml for crates.io crate ctj 0.1.8 written to /workspace/builds/worker-7-tc2/source/Cargo.toml
[INFO] validating manifest of crates.io crate ctj 0.1.8 on toolchain 1.100.0-beta.1
[INFO] running `Command { std: CARGO_HOME="/workspace/cargo-home" RUSTUP_HOME="/workspace/rustup-home" "/workspace/cargo-home/bin/cargo" "+1.100.0-beta.1" "metadata" "--manifest-path" "Cargo.toml" "--no-deps", kill_on_drop: false }`
[INFO] crate crates.io crate ctj 0.1.8 already has a lockfile, it will not be regenerated
[INFO] running `Command { std: CARGO_HOME="/workspace/cargo-home" RUSTUP_HOME="/workspace/rustup-home" "/workspace/cargo-home/bin/cargo" "+1.100.0-beta.1" "fetch" "--manifest-path" "Cargo.toml", kill_on_drop: false }`
[INFO] running `Command { std: "docker" "create" "-v" "/var/lib/crater-agent-workspace/builds/worker-7-tc2/source:/opt/rustwide/workdir:ro,Z" "-v" "/var/lib/crater-agent-workspace/builds/worker-7-tc2/target:/opt/rustwide/target:rw,Z" "-v" "/var/lib/crater-agent-workspace/cargo-home:/opt/rustwide/cargo-home:ro,Z" "-v" "/var/lib/crater-agent-workspace/rustup-home:/opt/rustwide/rustup-home:ro,Z" "-m" "1610612736" "--network" "none" "ghcr.io/rust-lang/crates-build-env/linux@sha256:77db811e55d90add9212f6832c23229e3de5f1c1f9905e8cb07319ea15df73ac" "sleep" "infinity", kill_on_drop: false }`
[INFO] [stdout] 08698d5bf66ad13372e1d1b8dd64343cf650c78feddc1cfb580d1d85a7aefedc
[INFO] running `Command { std: "docker" "start" "08698d5bf66ad13372e1d1b8dd64343cf650c78feddc1cfb580d1d85a7aefedc", kill_on_drop: false }`
[INFO] running `Command { std: "docker" "inspect" "08698d5bf66ad13372e1d1b8dd64343cf650c78feddc1cfb580d1d85a7aefedc", kill_on_drop: false }`
[INFO] running `Command { std: "docker" "exec" "-e" "SOURCE_DIR=/opt/rustwide/workdir" "-e" "CARGO_HOME=/opt/rustwide/cargo-home" "-e" "RUSTUP_HOME=/opt/rustwide/rustup-home" "-e" "CARGO_TARGET_DIR=/opt/rustwide/target" "-w" "/opt/rustwide/workdir" "--user" "0:0" "08698d5bf66ad13372e1d1b8dd64343cf650c78feddc1cfb580d1d85a7aefedc" "/opt/rustwide/cargo-home/bin/cargo" "+1.100.0-beta.1" "metadata" "--no-deps" "--format-version=1", kill_on_drop: false }`
[INFO] running `Command { std: "docker" "inspect" "08698d5bf66ad13372e1d1b8dd64343cf650c78feddc1cfb580d1d85a7aefedc", kill_on_drop: false }`
[INFO] running `Command { std: "docker" "exec" "-e" "SOURCE_DIR=/opt/rustwide/workdir" "-e" "CARGO_HOME=/opt/rustwide/cargo-home" "-e" "RUSTUP_HOME=/opt/rustwide/rustup-home" "-e" "CARGO_TARGET_DIR=/opt/rustwide/target" "-e" "CARGO_INCREMENTAL=0" "-e" "RUST_BACKTRACE=full" "-e" "RUSTFLAGS=--cap-lints=warn" "-e" "RUSTDOCFLAGS=--cap-lints=warn" "-w" "/opt/rustwide/workdir" "--user" "0:0" "08698d5bf66ad13372e1d1b8dd64343cf650c78feddc1cfb580d1d85a7aefedc" "/opt/rustwide/cargo-home/bin/cargo" "+1.100.0-beta.1" "build" "--frozen" "--message-format=json" "--release", kill_on_drop: false }`
[INFO] [stderr]    Compiling proc-macro2 v1.0.95
[INFO] [stderr]    Compiling libc v0.2.174
[INFO] [stderr]    Compiling getrandom v0.3.3
[INFO] [stderr]    Compiling rustix v1.0.8
[INFO] [stderr]    Compiling bitflags v2.9.1
[INFO] [stderr]    Compiling linux-raw-sys v0.9.4
[INFO] [stderr]    Compiling serde_json v1.0.140
[INFO] [stderr]    Compiling hashbrown v0.15.4
[INFO] [stderr]    Compiling quote v1.0.40
[INFO] [stderr]    Compiling syn v2.0.104
[INFO] [stderr]    Compiling tempfile v3.20.0
[INFO] [stderr]    Compiling serde_derive v1.0.219
[INFO] [stderr]    Compiling clap_derive v4.5.41
[INFO] [stderr]    Compiling clap v4.5.41
[INFO] [stderr]    Compiling serde v1.0.219
[INFO] [stderr]    Compiling csv v1.3.1
[INFO] [stderr]    Compiling indexmap v2.10.0
[INFO] [stderr]    Compiling ctj v0.1.8 (/opt/rustwide/workdir)
[INFO] [stderr] warning: unused dependency `tempfile`
[INFO] [stderr]   --> Cargo.toml:23:15
[INFO] [stderr]    |
[INFO] [stderr] 23 | [dependencies.tempfile]
[INFO] [stderr]    |               ^^^^^^^^^
[INFO] [stderr]    |
[INFO] [stderr]    = note: `cargo::unused_dependencies` is set to `warn` by default
[INFO] [stderr] help: consider removing the dependency on `tempfile`
[INFO] [stderr] warning: `ctj` (manifest) generated 1 warning
[INFO] [stderr]     Finished `release` profile [optimized] target(s) in 19.61s
[INFO] running `Command { std: "docker" "inspect" "08698d5bf66ad13372e1d1b8dd64343cf650c78feddc1cfb580d1d85a7aefedc", kill_on_drop: false }`
[INFO] running `Command { std: "docker" "exec" "-e" "SOURCE_DIR=/opt/rustwide/workdir" "-e" "CARGO_HOME=/opt/rustwide/cargo-home" "-e" "RUSTUP_HOME=/opt/rustwide/rustup-home" "-e" "CARGO_TARGET_DIR=/opt/rustwide/target" "-e" "CARGO_INCREMENTAL=0" "-e" "RUST_BACKTRACE=full" "-e" "RUSTFLAGS=--cap-lints=warn" "-e" "RUSTDOCFLAGS=--cap-lints=warn" "-w" "/opt/rustwide/workdir" "--user" "0:0" "08698d5bf66ad13372e1d1b8dd64343cf650c78feddc1cfb580d1d85a7aefedc" "/opt/rustwide/cargo-home/bin/cargo" "+1.100.0-beta.1" "test" "--frozen" "--no-run" "--message-format=json" "--release", kill_on_drop: false }`
[INFO] [stderr]    Compiling ctj v0.1.8 (/opt/rustwide/workdir)
[INFO] [stderr]     Finished `release` profile [optimized] target(s) in 3.55s
[INFO] running `Command { std: "docker" "inspect" "08698d5bf66ad13372e1d1b8dd64343cf650c78feddc1cfb580d1d85a7aefedc", kill_on_drop: false }`
[INFO] running `Command { std: "docker" "exec" "-e" "SOURCE_DIR=/opt/rustwide/workdir" "-e" "CARGO_HOME=/opt/rustwide/cargo-home" "-e" "RUSTUP_HOME=/opt/rustwide/rustup-home" "-e" "CARGO_TARGET_DIR=/opt/rustwide/target" "-e" "CARGO_INCREMENTAL=0" "-e" "RUST_BACKTRACE=full" "-e" "RUSTFLAGS=--cap-lints=warn" "-e" "RUSTDOCFLAGS=--cap-lints=warn" "-w" "/opt/rustwide/workdir" "--user" "0:0" "08698d5bf66ad13372e1d1b8dd64343cf650c78feddc1cfb580d1d85a7aefedc" "/opt/rustwide/cargo-home/bin/cargo" "+1.100.0-beta.1" "test" "--frozen" "--release", kill_on_drop: false }`
[INFO] [stderr]     Finished `release` profile [optimized] target(s) in 0.10s
[INFO] [stderr]      Running unittests src/main.rs (/opt/rustwide/target/release/build/ctj/20f28e741ca4f899/out/ctj-20f28e741ca4f899)
[INFO] [stdout] 
[INFO] [stdout] running 12 tests
[INFO] [stdout] test tests::test_convert_csv_no_header_empty_file ... ok
[INFO] [stdout] test tests::test_convert_csv_file_not_found ... ok
[INFO] [stdout] test tests::test_convert_csv_no_data_rows ... ok
[INFO] [stdout] test tests::test_convert_csv_to_json_basic ... ok
[INFO] [stdout] test tests::test_convert_csv_invalid_format ... ok
[INFO] [stdout] test tests::test_integer_vs_float_detection ... ok
[INFO] [stdout] test tests::test_convert_csv_no_header ... ok
[INFO] [stdout] test tests::test_convert_csv_single_column ... ok
[INFO] [stdout] test tests::test_convert_csv_to_json_pretty ... ok
[INFO] [stdout] test tests::test_convert_csv_with_numbers_and_booleans ... ok
[INFO] [stdout] test tests::test_case_insensitive_booleans ... ok
[INFO] [stdout] test tests::test_convert_csv_empty_fields ... ok
[INFO] [stdout] 
[INFO] [stdout] test result: ok. 12 passed; 0 failed; 0 ignored; 0 measured; 0 filtered out; finished in 0.01s
[INFO] [stdout] 
[INFO] [stderr]      Running tests/error_handling_test.rs (/opt/rustwide/target/release/build/ctj/b3ebc395a5cc20b2/out/error_handling_test-b3ebc395a5cc20b2)
[INFO] [stdout] 
[INFO] [stdout] running 10 tests
[INFO] [stdout] test test_cli_mixed_data_types ... ok
[INFO] [stdout] test test_cli_permission_denied ... FAILED
[INFO] [stdout] test test_cli_case_insensitive_booleans ... ok
[INFO] [stdout] test test_cli_large_numbers ... ok
[INFO] [stdout] test test_cli_empty_csv_file ... ok
[INFO] [stdout] test test_cli_invalid_output_path ... ok
[INFO] [stdout] test test_cli_integer_vs_float_detection ... ok
[INFO] [stdout] test test_cli_special_characters_in_csv ... ok
[INFO] [stdout] test test_cli_unicode_csv ... ok
[INFO] [stdout] test test_cli_malformed_csv ... ok
[INFO] [stderr] error: test failed, to rerun pass `--test error_handling_test`
[INFO] [stdout] 
[INFO] [stdout] failures:
[INFO] [stdout] 
[INFO] [stdout] ---- test_cli_permission_denied stdout ----
[INFO] [stdout] 
[INFO] [stdout] thread 'test_cli_permission_denied' (682) panicked at tests/error_handling_test.rs:77:5:
[INFO] [stdout] assertion failed: !output.status.success()
[INFO] [stdout] stack backtrace:
[INFO] [stdout]    0:     0x59bc78febb11 - <<std[617be2ca0a6fd877]::sys::backtrace::BacktraceLock>::print::DisplayBacktrace as core[a373ad73a504971]::fmt::Display>::fmt
[INFO] [stdout]    1:     0x59bc7900097a - core[a373ad73a504971]::fmt::write
[INFO] [stdout]    2:     0x59bc78fefd2c - <alloc[2e1b2a31b91974c5]::vec::Vec<u8> as core[a373ad73a504971]::io::write::Write>::write_fmt
[INFO] [stdout]    3:     0x59bc78fc74d6 - std[617be2ca0a6fd877]::panicking::default_hook::{closure#0}
[INFO] [stdout]    4:     0x59bc78fe3b49 - std[617be2ca0a6fd877]::panicking::default_hook
[INFO] [stdout]    5:     0x59bc78f7e060 - test[aada8e7e76ba119b]::test_main_inner::{closure#0}
[INFO] [stdout]    6:     0x59bc78fe3d02 - std[617be2ca0a6fd877]::panicking::panic_with_hook
[INFO] [stdout]    7:     0x59bc78fc75b4 - std[617be2ca0a6fd877]::panicking::panic_handler::{closure#0}
[INFO] [stdout]    8:     0x59bc78fc0059 - std[617be2ca0a6fd877]::sys::backtrace::__rust_end_short_backtrace::<std[617be2ca0a6fd877]::panicking::panic_handler::{closure#0}, !>
[INFO] [stdout]    9:     0x59bc78fc818d - __rustc[ea4f61d10b84890b]::rust_begin_unwind
[INFO] [stdout]   10:     0x59bc790010ac - core[a373ad73a504971]::panicking::panic_fmt
[INFO] [stdout]   11:     0x59bc79001072 - core[a373ad73a504971]::panicking::panic
[INFO] [stdout]   12:     0x59bc78f679cf - <error_handling_test[2f2b62c481157616]::test_cli_permission_denied::{closure#0} as core[a373ad73a504971]::ops::function::FnOnce<()>>::call_once
[INFO] [stdout]   13:     0x59bc78f714ab - test[aada8e7e76ba119b]::__rust_begin_short_backtrace::<core[a373ad73a504971]::result::Result<(), alloc[2e1b2a31b91974c5]::string::String>, fn() -> core[a373ad73a504971]::result::Result<(), alloc[2e1b2a31b91974c5]::string::String>>
[INFO] [stdout]   14:     0x59bc78f7e685 - test[aada8e7e76ba119b]::run_test::{closure#0}
[INFO] [stdout]   15:     0x59bc78f77f74 - std[617be2ca0a6fd877]::sys::backtrace::__rust_begin_short_backtrace::<test[aada8e7e76ba119b]::run_test::{closure#1}, ()>
[INFO] [stdout]   16:     0x59bc78f81712 - <std[617be2ca0a6fd877]::thread::lifecycle::spawn_unchecked<test[aada8e7e76ba119b]::run_test::{closure#1}, ()>::{closure#1} as core[a373ad73a504971]::ops::function::FnOnce<()>>::call_once::{shim:vtable#0}
[INFO] [stdout]   17:     0x59bc78feae2f - <std[617be2ca0a6fd877]::sys::thread::unix::Thread>::new::thread_start
[INFO] [stdout]   18:     0x7e2e43446dfa - <unknown>
[INFO] [stdout]   19:     0x7e2e434da3d4 - clone
[INFO] [stdout]   20:                0x0 - <unknown>
[INFO] [stdout] 
[INFO] [stdout] 
[INFO] [stdout] failures:
[INFO] [stdout]     test_cli_permission_denied
[INFO] [stdout] 
[INFO] [stdout] test result: FAILED. 9 passed; 1 failed; 0 ignored; 0 measured; 0 filtered out; finished in 20.12s
[INFO] [stdout] 
[INFO] running `Command { std: "docker" "inspect" "08698d5bf66ad13372e1d1b8dd64343cf650c78feddc1cfb580d1d85a7aefedc", kill_on_drop: false }`
[INFO] running `Command { std: "docker" "rm" "-f" "08698d5bf66ad13372e1d1b8dd64343cf650c78feddc1cfb580d1d85a7aefedc", kill_on_drop: false }`
[INFO] [stdout] 08698d5bf66ad13372e1d1b8dd64343cf650c78feddc1cfb580d1d85a7aefedc
