[INFO] fetching crate csvpretty 0.1.0...
[INFO] testing csvpretty-0.1.0 against 1.100.0-beta.1+cargoflags=--release for beta-release-1.100-2
[INFO] extracting crate csvpretty 0.1.0 into /workspace/builds/worker-3-tc2/source
[INFO] started tweaking crates.io crate csvpretty 0.1.0
[INFO] removed 0 missing tests
[INFO] finished tweaking crates.io crate csvpretty 0.1.0
[INFO] tweaked toml for crates.io crate csvpretty 0.1.0 written to /workspace/builds/worker-3-tc2/source/Cargo.toml
[INFO] validating manifest of crates.io crate csvpretty 0.1.0 on toolchain 1.100.0-beta.1
[INFO] running `Command { std: CARGO_HOME="/workspace/cargo-home" RUSTUP_HOME="/workspace/rustup-home" "/workspace/cargo-home/bin/cargo" "+1.100.0-beta.1" "metadata" "--manifest-path" "Cargo.toml" "--no-deps", kill_on_drop: false }`
[INFO] crate crates.io crate csvpretty 0.1.0 already has a lockfile, it will not be regenerated
[INFO] running `Command { std: CARGO_HOME="/workspace/cargo-home" RUSTUP_HOME="/workspace/rustup-home" "/workspace/cargo-home/bin/cargo" "+1.100.0-beta.1" "fetch" "--manifest-path" "Cargo.toml", kill_on_drop: false }`
[INFO] running `Command { std: "docker" "create" "-v" "/var/lib/crater-agent-workspace/builds/worker-3-tc2/source:/opt/rustwide/workdir:ro,Z" "-v" "/var/lib/crater-agent-workspace/builds/worker-3-tc2/target:/opt/rustwide/target:rw,Z" "-v" "/var/lib/crater-agent-workspace/cargo-home:/opt/rustwide/cargo-home:ro,Z" "-v" "/var/lib/crater-agent-workspace/rustup-home:/opt/rustwide/rustup-home:ro,Z" "-m" "1610612736" "--network" "none" "ghcr.io/rust-lang/crates-build-env/linux@sha256:77db811e55d90add9212f6832c23229e3de5f1c1f9905e8cb07319ea15df73ac" "sleep" "infinity", kill_on_drop: false }`
[INFO] [stdout] cb65757ce08b76a9893eba77e2305292d3c0da391c068cd9f99023f834c15992
[INFO] running `Command { std: "docker" "start" "cb65757ce08b76a9893eba77e2305292d3c0da391c068cd9f99023f834c15992", kill_on_drop: false }`
[INFO] running `Command { std: "docker" "inspect" "cb65757ce08b76a9893eba77e2305292d3c0da391c068cd9f99023f834c15992", kill_on_drop: false }`
[INFO] running `Command { std: "docker" "exec" "-e" "SOURCE_DIR=/opt/rustwide/workdir" "-e" "CARGO_HOME=/opt/rustwide/cargo-home" "-e" "RUSTUP_HOME=/opt/rustwide/rustup-home" "-e" "CARGO_TARGET_DIR=/opt/rustwide/target" "-w" "/opt/rustwide/workdir" "--user" "0:0" "cb65757ce08b76a9893eba77e2305292d3c0da391c068cd9f99023f834c15992" "/opt/rustwide/cargo-home/bin/cargo" "+1.100.0-beta.1" "metadata" "--no-deps" "--format-version=1", kill_on_drop: false }`
[INFO] running `Command { std: "docker" "inspect" "cb65757ce08b76a9893eba77e2305292d3c0da391c068cd9f99023f834c15992", kill_on_drop: false }`
[INFO] running `Command { std: "docker" "exec" "-e" "SOURCE_DIR=/opt/rustwide/workdir" "-e" "CARGO_HOME=/opt/rustwide/cargo-home" "-e" "RUSTUP_HOME=/opt/rustwide/rustup-home" "-e" "CARGO_TARGET_DIR=/opt/rustwide/target" "-e" "CARGO_INCREMENTAL=0" "-e" "RUST_BACKTRACE=full" "-e" "RUSTFLAGS=--cap-lints=warn" "-e" "RUSTDOCFLAGS=--cap-lints=warn" "-w" "/opt/rustwide/workdir" "--user" "0:0" "cb65757ce08b76a9893eba77e2305292d3c0da391c068cd9f99023f834c15992" "/opt/rustwide/cargo-home/bin/cargo" "+1.100.0-beta.1" "build" "--frozen" "--message-format=json" "--release", kill_on_drop: false }`
[INFO] [stderr]    Compiling libc v0.2.177
[INFO] [stderr]    Compiling rustix v1.1.2
[INFO] [stderr]    Compiling anstyle v1.0.13
[INFO] [stderr]    Compiling anstyle-query v1.1.4
[INFO] [stderr]    Compiling colorchoice v1.0.4
[INFO] [stderr]    Compiling serde_core v1.0.228
[INFO] [stderr]    Compiling memchr v2.7.6
[INFO] [stderr]    Compiling owo-colors v4.2.3
[INFO] [stderr]    Compiling clap_lex v0.7.6
[INFO] [stderr]    Compiling anstyle-parse v0.2.7
[INFO] [stderr]    Compiling bitflags v2.10.0
[INFO] [stderr]    Compiling xterm-color v1.0.1
[INFO] [stderr]    Compiling syn v2.0.109
[INFO] [stderr]    Compiling anstream v0.6.21
[INFO] [stderr]    Compiling clap_builder v4.5.51
[INFO] [stderr]    Compiling csv-core v0.1.13
[INFO] [stderr]    Compiling mio v1.1.0
[INFO] [stderr]    Compiling terminal-trx v0.2.5
[INFO] [stderr]    Compiling terminal-colorsaurus v1.0.1
[INFO] [stderr]    Compiling terminal_size v0.4.3
[INFO] [stderr]    Compiling clap_derive v4.5.49
[INFO] [stderr]    Compiling csv v1.4.0
[INFO] [stderr]    Compiling clap v4.5.51
[INFO] [stderr]    Compiling csvpretty v0.1.0 (/opt/rustwide/workdir)
[INFO] [stderr]     Finished `release` profile [optimized] target(s) in 19.09s
[INFO] running `Command { std: "docker" "inspect" "cb65757ce08b76a9893eba77e2305292d3c0da391c068cd9f99023f834c15992", kill_on_drop: false }`
[INFO] running `Command { std: "docker" "exec" "-e" "SOURCE_DIR=/opt/rustwide/workdir" "-e" "CARGO_HOME=/opt/rustwide/cargo-home" "-e" "RUSTUP_HOME=/opt/rustwide/rustup-home" "-e" "CARGO_TARGET_DIR=/opt/rustwide/target" "-e" "CARGO_INCREMENTAL=0" "-e" "RUST_BACKTRACE=full" "-e" "RUSTFLAGS=--cap-lints=warn" "-e" "RUSTDOCFLAGS=--cap-lints=warn" "-w" "/opt/rustwide/workdir" "--user" "0:0" "cb65757ce08b76a9893eba77e2305292d3c0da391c068cd9f99023f834c15992" "/opt/rustwide/cargo-home/bin/cargo" "+1.100.0-beta.1" "test" "--frozen" "--no-run" "--message-format=json" "--release", kill_on_drop: false }`
[INFO] [stderr]    Compiling libc v0.2.177
[INFO] [stderr]    Compiling cfg_aliases v0.1.1
[INFO] [stderr]    Compiling similar v2.7.0
[INFO] [stderr]    Compiling shell-words v1.1.0
[INFO] [stderr]    Compiling downcast-rs v1.2.1
[INFO] [stderr]    Compiling thiserror-impl v1.0.69
[INFO] [stderr]    Compiling nix v0.28.0
[INFO] [stderr]    Compiling thiserror v1.0.69
[INFO] [stderr]    Compiling mio v1.1.0
[INFO] [stderr]    Compiling terminal-trx v0.2.5
[INFO] [stderr]    Compiling filedescriptor v0.8.3
[INFO] [stderr]    Compiling serial2 v0.2.33
[INFO] [stderr]    Compiling console v0.15.11
[INFO] [stderr]    Compiling terminal-colorsaurus v1.0.1
[INFO] [stderr]    Compiling insta v1.43.2
[INFO] [stderr]    Compiling csvpretty v0.1.0 (/opt/rustwide/workdir)
[INFO] [stderr]    Compiling portable-pty v0.9.0
[INFO] [stdout] warning: unused import: `PtySystem`
[INFO] [stdout]  --> tests/helpers/mod.rs:1:45
[INFO] [stdout]   |
[INFO] [stdout] 1 | use portable_pty::{CommandBuilder, PtySize, PtySystem, native_pty_system};
[INFO] [stdout]   |                                             ^^^^^^^^^
[INFO] [stdout]   |
[INFO] [stdout]   = note: `#[warn(unused_imports)]` (part of `#[warn(unused)]`) on by default
[INFO] [stdout] 
[INFO] [stdout] 
[INFO] [stdout] warning: function `run_with_width` is never used
[INFO] [stdout]    --> tests/helpers/mod.rs:153:8
[INFO] [stdout]     |
[INFO] [stdout] 153 | pub fn run_with_width(csv_input: &str, width: u16) -> String {
[INFO] [stdout]     |        ^^^^^^^^^^^^^^
[INFO] [stdout]     |
[INFO] [stdout]     = note: `#[warn(dead_code)]` (part of `#[warn(unused)]`) on by default
[INFO] [stdout] 
[INFO] [stdout] 
[INFO] [stdout] warning: function `run_default` is never used
[INFO] [stdout]    --> tests/helpers/mod.rs:159:8
[INFO] [stdout]     |
[INFO] [stdout] 159 | pub fn run_default(csv_input: &str, args: &[&str]) -> String {
[INFO] [stdout]     |        ^^^^^^^^^^^
[INFO] [stdout] 
[INFO] [stdout] 
[INFO] [stdout] warning: unused import: `PtySystem`
[INFO] [stdout]  --> tests/helpers/mod.rs:1:45
[INFO] [stdout]   |
[INFO] [stdout] 1 | use portable_pty::{CommandBuilder, PtySize, PtySystem, native_pty_system};
[INFO] [stdout]   |                                             ^^^^^^^^^
[INFO] [stdout]   |
[INFO] [stdout]   = note: `#[warn(unused_imports)]` (part of `#[warn(unused)]`) on by default
[INFO] [stdout] 
[INFO] [stdout] 
[INFO] [stdout] warning: function `run_with_width` is never used
[INFO] [stdout]    --> tests/helpers/mod.rs:153:8
[INFO] [stdout]     |
[INFO] [stdout] 153 | pub fn run_with_width(csv_input: &str, width: u16) -> String {
[INFO] [stdout]     |        ^^^^^^^^^^^^^^
[INFO] [stdout]     |
[INFO] [stdout]     = note: `#[warn(dead_code)]` (part of `#[warn(unused)]`) on by default
[INFO] [stdout] 
[INFO] [stdout] 
[INFO] [stdout] warning: function `run_default` is never used
[INFO] [stdout]    --> tests/helpers/mod.rs:159:8
[INFO] [stdout]     |
[INFO] [stdout] 159 | pub fn run_default(csv_input: &str, args: &[&str]) -> String {
[INFO] [stdout]     |        ^^^^^^^^^^^
[INFO] [stdout] 
[INFO] [stdout] 
[INFO] [stdout] warning: unused import: `PtySystem`
[INFO] [stdout]  --> tests/helpers/mod.rs:1:45
[INFO] [stdout]   |
[INFO] [stdout] 1 | use portable_pty::{CommandBuilder, PtySize, PtySystem, native_pty_system};
[INFO] [stdout]   |                                             ^^^^^^^^^
[INFO] [stdout]   |
[INFO] [stdout]   = note: `#[warn(unused_imports)]` (part of `#[warn(unused)]`) on by default
[INFO] [stdout] 
[INFO] [stdout] 
[INFO] [stdout] warning: function `run_with_width` is never used
[INFO] [stdout]    --> tests/helpers/mod.rs:153:8
[INFO] [stdout]     |
[INFO] [stdout] 153 | pub fn run_with_width(csv_input: &str, width: u16) -> String {
[INFO] [stdout]     |        ^^^^^^^^^^^^^^
[INFO] [stdout]     |
[INFO] [stdout]     = note: `#[warn(dead_code)]` (part of `#[warn(unused)]`) on by default
[INFO] [stdout] 
[INFO] [stdout] 
[INFO] [stdout] warning: function `run_default` is never used
[INFO] [stdout]    --> tests/helpers/mod.rs:159:8
[INFO] [stdout]     |
[INFO] [stdout] 159 | pub fn run_default(csv_input: &str, args: &[&str]) -> String {
[INFO] [stdout]     |        ^^^^^^^^^^^
[INFO] [stdout] 
[INFO] [stdout] 
[INFO] [stderr]     Finished `release` profile [optimized] target(s) in 20.63s
[INFO] [stderr] warning: the following packages contain code that will be rejected by a future version of Rust: nix v0.28.0
[INFO] [stderr] note: to see what the problems were, use the option `--future-incompat-report`, or run `cargo report future-incompatibilities --id 1`
[INFO] running `Command { std: "docker" "inspect" "cb65757ce08b76a9893eba77e2305292d3c0da391c068cd9f99023f834c15992", kill_on_drop: false }`
[INFO] running `Command { std: "docker" "exec" "-e" "SOURCE_DIR=/opt/rustwide/workdir" "-e" "CARGO_HOME=/opt/rustwide/cargo-home" "-e" "RUSTUP_HOME=/opt/rustwide/rustup-home" "-e" "CARGO_TARGET_DIR=/opt/rustwide/target" "-e" "CARGO_INCREMENTAL=0" "-e" "RUST_BACKTRACE=full" "-e" "RUSTFLAGS=--cap-lints=warn" "-e" "RUSTDOCFLAGS=--cap-lints=warn" "-w" "/opt/rustwide/workdir" "--user" "0:0" "cb65757ce08b76a9893eba77e2305292d3c0da391c068cd9f99023f834c15992" "/opt/rustwide/cargo-home/bin/cargo" "+1.100.0-beta.1" "test" "--frozen" "--release", kill_on_drop: false }`
[INFO] [stderr] warning: unused import: `PtySystem`
[INFO] [stderr]  --> tests/helpers/mod.rs:1:45
[INFO] [stderr]   |
[INFO] [stderr] 1 | use portable_pty::{CommandBuilder, PtySize, PtySystem, native_pty_system};
[INFO] [stderr]   |                                             ^^^^^^^^^
[INFO] [stderr]   |
[INFO] [stderr]   = note: `#[warn(unused_imports)]` (part of `#[warn(unused)]`) on by default
[INFO] [stderr] 
[INFO] [stderr] warning: function `run_with_width` is never used
[INFO] [stderr]    --> tests/helpers/mod.rs:153:8
[INFO] [stderr]     |
[INFO] [stderr] 153 | pub fn run_with_width(csv_input: &str, width: u16) -> String {
[INFO] [stderr]     |        ^^^^^^^^^^^^^^
[INFO] [stderr]     |
[INFO] [stderr]     = note: `#[warn(dead_code)]` (part of `#[warn(unused)]`) on by default
[INFO] [stderr] 
[INFO] [stderr] warning: function `run_default` is never used
[INFO] [stderr]    --> tests/helpers/mod.rs:159:8
[INFO] [stderr]     |
[INFO] [stderr] 159 | pub fn run_default(csv_input: &str, args: &[&str]) -> String {
[INFO] [stderr]     |        ^^^^^^^^^^^
[INFO] [stderr] 
[INFO] [stderr] warning: `csvpretty` (test "line_numbers_tests") generated 3 warnings
[INFO] [stderr] warning: `csvpretty` (test "wrap_mode_tests") generated 3 warnings (3 duplicates)
[INFO] [stderr] warning: `csvpretty` (test "terminal_width_tests") generated 3 warnings (3 duplicates)
[INFO] [stderr]     Finished `release` profile [optimized] target(s) in 0.11s
[INFO] [stderr] warning: the following packages contain code that will be rejected by a future version of Rust: nix v0.28.0
[INFO] [stderr] note: to see what the problems were, use the option `--future-incompat-report`, or run `cargo report future-incompatibilities --id 1`
[INFO] [stderr]      Running unittests src/main.rs (/opt/rustwide/target/release/build/csvpretty/673d84fe6af9f48b/out/csvpretty-673d84fe6af9f48b)
[INFO] [stdout] 
[INFO] [stdout] running 0 tests
[INFO] [stdout] 
[INFO] [stdout] test result: ok. 0 passed; 0 failed; 0 ignored; 0 measured; 0 filtered out; finished in 0.00s
[INFO] [stdout] 
[INFO] [stderr]      Running tests/line_numbers_tests.rs (/opt/rustwide/target/release/build/csvpretty/cec055d3891c689a/out/line_numbers_tests-cec055d3891c689a)
[INFO] [stdout] 
[INFO] [stdout] running 8 tests
[INFO] [stdout] test test_line_numbers_with_char_wrap ... FAILED
[INFO] [stdout] test test_line_numbers_many_rows ... FAILED
[INFO] [stdout] test test_without_line_numbers ... FAILED
[INFO] [stdout] test test_with_line_numbers_long_flag ... FAILED
[INFO] [stdout] test test_line_numbers_with_word_wrap ... FAILED
[INFO] [stdout] test test_no_line_numbers_many_rows ... FAILED
[INFO] [stdout] test test_line_numbers_with_none_wrap ... FAILED
[INFO] [stdout] test test_with_line_numbers_short_flag ... FAILED
[INFO] [stdout] 
[INFO] [stdout] failures:
[INFO] [stdout] 
[INFO] [stdout] ---- test_line_numbers_with_char_wrap stdout ----
[INFO] [stdout] 
[INFO] [stdout] thread 'test_line_numbers_with_char_wrap' (1041) panicked at tests/line_numbers_tests.rs:45:10:
[INFO] [stdout] Failed to run csvpretty: Unable to spawn /opt/rustwide/workdir/target/debug/csvpretty because it doesn't exist on the filesystem (ENOENT: No such file or directory)
[INFO] [stdout] 
[INFO] [stdout] Stack backtrace:
[INFO] [stdout]    0: <anyhow::Error>::msg::<alloc::string::String>
[INFO] [stdout]    1: <portable_pty::cmdbuilder::CommandBuilder>::as_command
[INFO] [stdout]    2: <portable_pty::unix::UnixSlavePty as portable_pty::SlavePty>::spawn_command
[INFO] [stdout]    3: line_numbers_tests::helpers::run_csvpretty_in_pty
[INFO] [stdout]    4: <line_numbers_tests::test_line_numbers_with_char_wrap::{closure#0} as core::ops::function::FnOnce<()>>::call_once
[INFO] [stdout]    5: test::__rust_begin_short_backtrace::<core::result::Result<(), alloc::string::String>, fn() -> core::result::Result<(), alloc::string::String>>
[INFO] [stdout]    6: test::run_test::{closure#0}
[INFO] [stdout]    7: std::sys::backtrace::__rust_begin_short_backtrace::<test::run_test::{closure#1}, ()>
[INFO] [stdout]    8: <std::thread::lifecycle::spawn_unchecked<test::run_test::{closure#1}, ()>::{closure#1} as core::ops::function::FnOnce<()>>::call_once::{shim:vtable#0}
[INFO] [stdout]    9: <std::sys::thread::unix::Thread>::new::thread_start
[INFO] [stdout]   10: <unknown>
[INFO] [stdout]   11: clone
[INFO] [stdout] stack backtrace:
[INFO] [stdout]    0:     0x644761d60811 - <<std[617be2ca0a6fd877]::sys::backtrace::BacktraceLock>::print::DisplayBacktrace as core[a373ad73a504971]::fmt::Display>::fmt
[INFO] [stdout]    1:     0x644761d77dba - core[a373ad73a504971]::fmt::write
[INFO] [stdout]    2:     0x644761d658fc - <alloc[2e1b2a31b91974c5]::vec::Vec<u8> as core[a373ad73a504971]::io::write::Write>::write_fmt
[INFO] [stdout]    3:     0x644761d39776 - std[617be2ca0a6fd877]::panicking::default_hook::{closure#0}
[INFO] [stdout]    4:     0x644761d57f59 - std[617be2ca0a6fd877]::panicking::default_hook
[INFO] [stdout]    5:     0x644761ce1480 - test[aada8e7e76ba119b]::test_main_inner::{closure#0}
[INFO] [stdout]    6:     0x644761d58112 - std[617be2ca0a6fd877]::panicking::panic_with_hook
[INFO] [stdout]    7:     0x644761d39822 - std[617be2ca0a6fd877]::panicking::panic_handler::{closure#0}
[INFO] [stdout]    8:     0x644761d31a99 - std[617be2ca0a6fd877]::sys::backtrace::__rust_end_short_backtrace::<std[617be2ca0a6fd877]::panicking::panic_handler::{closure#0}, !>
[INFO] [stdout]    9:     0x644761d3a5dd - __rustc[ea4f61d10b84890b]::rust_begin_unwind
[INFO] [stdout]   10:     0x644761d7851c - core[a373ad73a504971]::panicking::panic_fmt
[INFO] [stdout]   11:     0x644761d782f2 - core[a373ad73a504971]::result::unwrap_failed
[INFO] [stdout]   12:     0x644761c655dd - <line_numbers_tests[ced0c61f38bfd78d]::test_line_numbers_with_char_wrap::{closure#0} as core[a373ad73a504971]::ops::function::FnOnce<()>>::call_once
[INFO] [stdout]   13:     0x644761cd48cb - test[aada8e7e76ba119b]::__rust_begin_short_backtrace::<core[a373ad73a504971]::result::Result<(), alloc[2e1b2a31b91974c5]::string::String>, fn() -> core[a373ad73a504971]::result::Result<(), alloc[2e1b2a31b91974c5]::string::String>>
[INFO] [stdout]   14:     0x644761ce1aa5 - test[aada8e7e76ba119b]::run_test::{closure#0}
[INFO] [stdout]   15:     0x644761cdb394 - std[617be2ca0a6fd877]::sys::backtrace::__rust_begin_short_backtrace::<test[aada8e7e76ba119b]::run_test::{closure#1}, ()>
[INFO] [stdout]   16:     0x644761ce4b32 - <std[617be2ca0a6fd877]::thread::lifecycle::spawn_unchecked<test[aada8e7e76ba119b]::run_test::{closure#1}, ()>::{closure#1} as core[a373ad73a504971]::ops::function::FnOnce<()>>::call_once::{shim:vtable#0}
[INFO] [stdout]   17:     0x644761d5f7ef - <std[617be2ca0a6fd877]::sys::thread::unix::Thread>::new::thread_start
[INFO] [stdout]   18:     0x7f51a1a55dfa - <unknown>
[INFO] [stdout]   19:     0x7f51a1ae93d4 - clone
[INFO] [stdout]   20:                0x0 - <unknown>
[INFO] [stdout] 
[INFO] [stdout] ---- test_line_numbers_many_rows stdout ----
[INFO] [stdout] 
[INFO] [stdout] thread 'test_line_numbers_many_rows' (1040) panicked at tests/line_numbers_tests.rs:63:10:
[INFO] [stdout] Failed to run csvpretty: Unable to spawn /opt/rustwide/workdir/target/debug/csvpretty because it doesn't exist on the filesystem (ENOENT: No such file or directory)
[INFO] [stdout] 
[INFO] [stdout] Stack backtrace:
[INFO] [stdout]    0: <anyhow::Error>::msg::<alloc::string::String>
[INFO] [stdout]    1: <portable_pty::cmdbuilder::CommandBuilder>::as_command
[INFO] [stdout]    2: <portable_pty::unix::UnixSlavePty as portable_pty::SlavePty>::spawn_command
[INFO] [stdout]    3: line_numbers_tests::helpers::run_csvpretty_in_pty
[INFO] [stdout]    4: <line_numbers_tests::test_line_numbers_many_rows::{closure#0} as core::ops::function::FnOnce<()>>::call_once
[INFO] [stdout]    5: test::__rust_begin_short_backtrace::<core::result::Result<(), alloc::string::String>, fn() -> core::result::Result<(), alloc::string::String>>
[INFO] [stdout]    6: test::run_test::{closure#0}
[INFO] [stdout]    7: std::sys::backtrace::__rust_begin_short_backtrace::<test::run_test::{closure#1}, ()>
[INFO] [stdout]    8: <std::thread::lifecycle::spawn_unchecked<test::run_test::{closure#1}, ()>::{closure#1} as core::ops::function::FnOnce<()>>::call_once::{shim:vtable#0}
[INFO] [stdout]    9: <std::sys::thread::unix::Thread>::new::thread_start
[INFO] [stdout]   10: <unknown>
[INFO] [stdout]   11: clone
[INFO] [stdout] stack backtrace:
[INFO] [stdout]    0:     0x644761d60811 - <<std[617be2ca0a6fd877]::sys::backtrace::BacktraceLock>::print::DisplayBacktrace as core[a373ad73a504971]::fmt::Display>::fmt
[INFO] [stdout]    1:     0x644761d77dba - core[a373ad73a504971]::fmt::write
[INFO] [stdout]    2:     0x644761d658fc - <alloc[2e1b2a31b91974c5]::vec::Vec<u8> as core[a373ad73a504971]::io::write::Write>::write_fmt
[INFO] [stdout]    3:     0x644761d39776 - std[617be2ca0a6fd877]::panicking::default_hook::{closure#0}
[INFO] [stdout]    4:     0x644761d57f59 - std[617be2ca0a6fd877]::panicking::default_hook
[INFO] [stdout]    5:     0x644761ce1480 - test[aada8e7e76ba119b]::test_main_inner::{closure#0}
[INFO] [stdout]    6:     0x644761d58112 - std[617be2ca0a6fd877]::panicking::panic_with_hook
[INFO] [stdout]    7:     0x644761d39822 - std[617be2ca0a6fd877]::panicking::panic_handler::{closure#0}
[INFO] [stdout]    8:     0x644761d31a99 - std[617be2ca0a6fd877]::sys::backtrace::__rust_end_short_backtrace::<std[617be2ca0a6fd877]::panicking::panic_handler::{closure#0}, !>
[INFO] [stdout]    9:     0x644761d3a5dd - __rustc[ea4f61d10b84890b]::rust_begin_unwind
[INFO] [stdout]   10:     0x644761d7851c - core[a373ad73a504971]::panicking::panic_fmt
[INFO] [stdout]   11:     0x644761d782f2 - core[a373ad73a504971]::result::unwrap_failed
[INFO] [stdout]   12:     0x644761c64ffd - <line_numbers_tests[ced0c61f38bfd78d]::test_line_numbers_many_rows::{closure#0} as core[a373ad73a504971]::ops::function::FnOnce<()>>::call_once
[INFO] [stdout]   13:     0x644761cd48cb - test[aada8e7e76ba119b]::__rust_begin_short_backtrace::<core[a373ad73a504971]::result::Result<(), alloc[2e1b2a31b91974c5]::string::String>, fn() -> core[a373ad73a504971]::result::Result<(), alloc[2e1b2a31b91974c5]::string::String>>
[INFO] [stdout]   14:     0x644761ce1aa5 - test[aada8e7e76ba119b]::run_test::{closure#0}
[INFO] [stdout]   15:     0x644761cdb394 - std[617be2ca0a6fd877]::sys::backtrace::__rust_begin_short_backtrace::<test[aada8e7e76ba119b]::run_test::{closure#1}, ()>
[INFO] [stdout]   16:     0x644761ce4b32 - <std[617be2ca0a6fd877]::thread::lifecycle::spawn_unchecked<test[aada8e7e76ba119b]::run_test::{closure#1}, ()>::{closure#1} as core[a373ad73a504971]::ops::function::FnOnce<()>>::call_once::{shim:vtable#0}
[INFO] [stdout]   17:     0x644761d5f7ef - <std[617be2ca0a6fd877]::sys::thread::unix::Thread>::new::thread_start
[INFO] [stdout]   18:     0x7f51a1a55dfa - <unknown>
[INFO] [stdout]   19:     0x7f51a1ae93d4 - clone
[INFO] [stdout]   20:                0x0 - <unknown>
[INFO] [stdout] 
[INFO] [stdout] ---- test_without_line_numbers stdout ----
[INFO] [stdout] 
[INFO] [stdout] thread 'test_without_line_numbers' (1047) panicked at tests/line_numbers_tests.rs:9:10:
[INFO] [stdout] Failed to run csvpretty: Unable to spawn /opt/rustwide/workdir/target/debug/csvpretty because it doesn't exist on the filesystem (ENOENT: No such file or directory)
[INFO] [stdout] 
[INFO] [stdout] Stack backtrace:
[INFO] [stdout]    0: <anyhow::Error>::msg::<alloc::string::String>
[INFO] [stdout]    1: <portable_pty::cmdbuilder::CommandBuilder>::as_command
[INFO] [stdout]    2: <portable_pty::unix::UnixSlavePty as portable_pty::SlavePty>::spawn_command
[INFO] [stdout]    3: line_numbers_tests::helpers::run_csvpretty_in_pty
[INFO] [stdout]    4: <line_numbers_tests::test_without_line_numbers::{closure#0} as core::ops::function::FnOnce<()>>::call_once
[INFO] [stdout]    5: test::__rust_begin_short_backtrace::<core::result::Result<(), alloc::string::String>, fn() -> core::result::Result<(), alloc::string::String>>
[INFO] [stdout]    6: test::run_test::{closure#0}
[INFO] [stdout]    7: std::sys::backtrace::__rust_begin_short_backtrace::<test::run_test::{closure#1}, ()>
[INFO] [stdout]    8: <std::thread::lifecycle::spawn_unchecked<test::run_test::{closure#1}, ()>::{closure#1} as core::ops::function::FnOnce<()>>::call_once::{shim:vtable#0}
[INFO] [stdout]    9: <std::sys::thread::unix::Thread>::new::thread_start
[INFO] [stdout]   10: <unknown>
[INFO] [stdout]   11: clone
[INFO] [stdout] stack backtrace:
[INFO] [stdout]    0:     0x644761d60811 - <<std[617be2ca0a6fd877]::sys::backtrace::BacktraceLock>::print::DisplayBacktrace as core[a373ad73a504971]::fmt::Display>::fmt
[INFO] [stdout]    1:     0x644761d77dba - core[a373ad73a504971]::fmt::write
[INFO] [stdout]    2:     0x644761d658fc - <alloc[2e1b2a31b91974c5]::vec::Vec<u8> as core[a373ad73a504971]::io::write::Write>::write_fmt
[INFO] [stdout]    3:     0x644761d39776 - std[617be2ca0a6fd877]::panicking::default_hook::{closure#0}
[INFO] [stdout]    4:     0x644761d57f59 - std[617be2ca0a6fd877]::panicking::default_hook
[INFO] [stdout]    5:     0x644761ce1480 - test[aada8e7e76ba119b]::test_main_inner::{closure#0}
[INFO] [stdout]    6:     0x644761d58112 - std[617be2ca0a6fd877]::panicking::panic_with_hook
[INFO] [stdout]    7:     0x644761d39822 - std[617be2ca0a6fd877]::panicking::panic_handler::{closure#0}
[INFO] [stdout]    8:     0x644761d31a99 - std[617be2ca0a6fd877]::sys::backtrace::__rust_end_short_backtrace::<std[617be2ca0a6fd877]::panicking::panic_handler::{closure#0}, !>
[INFO] [stdout]    9:     0x644761d3a5dd - __rustc[ea4f61d10b84890b]::rust_begin_unwind
[INFO] [stdout]   10:     0x644761d7851c - core[a373ad73a504971]::panicking::panic_fmt
[INFO] [stdout]   11:     0x644761d782f2 - core[a373ad73a504971]::result::unwrap_failed
[INFO] [stdout]   12:     0x644761c64d09 - <line_numbers_tests[ced0c61f38bfd78d]::test_without_line_numbers::{closure#0} as core[a373ad73a504971]::ops::function::FnOnce<()>>::call_once
[INFO] [stdout]   13:     0x644761cd48cb - test[aada8e7e76ba119b]::__rust_begin_short_backtrace::<core[a373ad73a504971]::result::Result<(), alloc[2e1b2a31b91974c5]::string::String>, fn() -> core[a373ad73a504971]::result::Result<(), alloc[2e1b2a31b91974c5]::string::String>>
[INFO] [stdout]   14:     0x644761ce1aa5 - test[aada8e7e76ba119b]::run_test::{closure#0}
[INFO] [stdout]   15:     0x644761cdb394 - std[617be2ca0a6fd877]::sys::backtrace::__rust_begin_short_backtrace::<test[aada8e7e76ba119b]::run_test::{closure#1}, ()>
[INFO] [stdout]   16:     0x644761ce4b32 - <std[617be2ca0a6fd877]::thread::lifecycle::spawn_unchecked<test[aada8e7e76ba119b]::run_test::{closure#1}, ()>::{closure#1} as core[a373ad73a504971]::ops::function::FnOnce<()>>::call_once::{shim:vtable#0}
[INFO] [stdout]   17:     0x644761d5f7ef - <std[617be2ca0a6fd877]::sys::thread::unix::Thread>::new::thread_start
[INFO] [stdout]   18:     0x7f51a1a55dfa - <unknown>
[INFO] [stdout]   19:     0x7f51a1ae93d4 - clone
[INFO] [stdout]   20:                0x0 - <unknown>
[INFO] [stdout] 
[INFO] [stdout] ---- test_with_line_numbers_long_flag stdout ----
[INFO] [stdout] 
[INFO] [stdout] thread 'test_with_line_numbers_long_flag' (1045) panicked at tests/line_numbers_tests.rs:27:10:
[INFO] [stdout] Failed to run csvpretty: Unable to spawn /opt/rustwide/workdir/target/debug/csvpretty because it doesn't exist on the filesystem (ENOENT: No such file or directory)
[INFO] [stdout] 
[INFO] [stdout] Stack backtrace:
[INFO] [stdout]    0: <anyhow::Error>::msg::<alloc::string::String>
[INFO] [stdout]    1: <portable_pty::cmdbuilder::CommandBuilder>::as_command
[INFO] [stdout]    2: <portable_pty::unix::UnixSlavePty as portable_pty::SlavePty>::spawn_command
[INFO] [stdout]    3: line_numbers_tests::helpers::run_csvpretty_in_pty
[INFO] [stdout]    4: <line_numbers_tests::test_with_line_numbers_long_flag::{closure#0} as core::ops::function::FnOnce<()>>::call_once
[INFO] [stdout]    5: test::__rust_begin_short_backtrace::<core::result::Result<(), alloc::string::String>, fn() -> core::result::Result<(), alloc::string::String>>
[INFO] [stdout]    6: test::run_test::{closure#0}
[INFO] [stdout]    7: std::sys::backtrace::__rust_begin_short_backtrace::<test::run_test::{closure#1}, ()>
[INFO] [stdout]    8: <std::thread::lifecycle::spawn_unchecked<test::run_test::{closure#1}, ()>::{closure#1} as core::ops::function::FnOnce<()>>::call_once::{shim:vtable#0}
[INFO] [stdout]    9: <std::sys::thread::unix::Thread>::new::thread_start
[INFO] [stdout]   10: <unknown>
[INFO] [stdout]   11: clone
[INFO] [stdout] stack backtrace:
[INFO] [stdout]    0:     0x644761d60811 - <<std[617be2ca0a6fd877]::sys::backtrace::BacktraceLock>::print::DisplayBacktrace as core[a373ad73a504971]::fmt::Display>::fmt
[INFO] [stdout]    1:     0x644761d77dba - core[a373ad73a504971]::fmt::write
[INFO] [stdout]    2:     0x644761d658fc - <alloc[2e1b2a31b91974c5]::vec::Vec<u8> as core[a373ad73a504971]::io::write::Write>::write_fmt
[INFO] [stdout]    3:     0x644761d39776 - std[617be2ca0a6fd877]::panicking::default_hook::{closure#0}
[INFO] [stdout]    4:     0x644761d57f59 - std[617be2ca0a6fd877]::panicking::default_hook
[INFO] [stdout]    5:     0x644761ce1480 - test[aada8e7e76ba119b]::test_main_inner::{closure#0}
[INFO] [stdout]    6:     0x644761d58112 - std[617be2ca0a6fd877]::panicking::panic_with_hook
[INFO] [stdout]    7:     0x644761d39822 - std[617be2ca0a6fd877]::panicking::panic_handler::{closure#0}
[INFO] [stdout]    8:     0x644761d31a99 - std[617be2ca0a6fd877]::sys::backtrace::__rust_end_short_backtrace::<std[617be2ca0a6fd877]::panicking::panic_handler::{closure#0}, !>
[INFO] [stdout]    9:     0x644761d3a5dd - __rustc[ea4f61d10b84890b]::rust_begin_unwind
[INFO] [stdout]   10:     0x644761d7851c - core[a373ad73a504971]::panicking::panic_fmt
[INFO] [stdout]   11:     0x644761d782f2 - core[a373ad73a504971]::result::unwrap_failed
[INFO] [stdout]   12:     0x644761c65ead - <line_numbers_tests[ced0c61f38bfd78d]::test_with_line_numbers_long_flag::{closure#0} as core[a373ad73a504971]::ops::function::FnOnce<()>>::call_once
[INFO] [stdout]   13:     0x644761cd48cb - test[aada8e7e76ba119b]::__rust_begin_short_backtrace::<core[a373ad73a504971]::result::Result<(), alloc[2e1b2a31b91974c5]::string::String>, fn() -> core[a373ad73a504971]::result::Result<(), alloc[2e1b2a31b91974c5]::string::String>>
[INFO] [stdout]   14:     0x644761ce1aa5 - test[aada8e7e76ba119b]::run_test::{closure#0}
[INFO] [stdout]   15:     0x644761cdb394 - std[617be2ca0a6fd877]::sys::backtrace::__rust_begin_short_backtrace::<test[aada8e7e76ba119b]::run_test::{closure#1}, ()>
[INFO] [stdout]   16:     0x644761ce4b32 - <std[617be2ca0a6fd877]::thread::lifecycle::spawn_unchecked<test[aada8e7e76ba119b]::run_test::{closure#1}, ()>::{closure#1} as core[a373ad73a504971]::ops::function::FnOnce<()>>::call_once::{shim:vtable#0}
[INFO] [stdout]   17:     0x644761d5f7ef - <std[617be2ca0a6fd877]::sys::thread::unix::Thread>::new::thread_start
[INFO] [stdout]   18:     0x7f51a1a55dfa - <unknown>
[INFO] [stdout]   19:     0x7f51a1ae93d4 - clone
[INFO] [stdout]   20:                0x0 - <unknown>
[INFO] [stdout] 
[INFO] [stdout] ---- test_line_numbers_with_word_wrap stdout ----
[INFO] [stdout] 
[INFO] [stdout] thread 'test_line_numbers_with_word_wrap' (1043) panicked at tests/line_numbers_tests.rs:36:10:
[INFO] [stdout] Failed to run csvpretty: Unable to spawn /opt/rustwide/workdir/target/debug/csvpretty because it doesn't exist on the filesystem (ENOENT: No such file or directory)
[INFO] [stdout] 
[INFO] [stdout] Stack backtrace:
[INFO] [stdout]    0: <anyhow::Error>::msg::<alloc::string::String>
[INFO] [stdout]    1: <portable_pty::cmdbuilder::CommandBuilder>::as_command
[INFO] [stdout]    2: <portable_pty::unix::UnixSlavePty as portable_pty::SlavePty>::spawn_command
[INFO] [stdout]    3: line_numbers_tests::helpers::run_csvpretty_in_pty
[INFO] [stdout]    4: <line_numbers_tests::test_line_numbers_with_word_wrap::{closure#0} as core::ops::function::FnOnce<()>>::call_once
[INFO] [stdout]    5: test::__rust_begin_short_backtrace::<core::result::Result<(), alloc::string::String>, fn() -> core::result::Result<(), alloc::string::String>>
[INFO] [stdout]    6: test::run_test::{closure#0}
[INFO] [stdout]    7: std::sys::backtrace::__rust_begin_short_backtrace::<test::run_test::{closure#1}, ()>
[INFO] [stdout]    8: <std::thread::lifecycle::spawn_unchecked<test::run_test::{closure#1}, ()>::{closure#1} as core::ops::function::FnOnce<()>>::call_once::{shim:vtable#0}
[INFO] [stdout]    9: <std::sys::thread::unix::Thread>::new::thread_start
[INFO] [stdout]   10: <unknown>
[INFO] [stdout]   11: clone
[INFO] [stdout] stack backtrace:
[INFO] [stdout]    0:     0x644761d60811 - <<std[617be2ca0a6fd877]::sys::backtrace::BacktraceLock>::print::DisplayBacktrace as core[a373ad73a504971]::fmt::Display>::fmt
[INFO] [stdout]    1:     0x644761d77dba - core[a373ad73a504971]::fmt::write
[INFO] [stdout]    2:     0x644761d658fc - <alloc[2e1b2a31b91974c5]::vec::Vec<u8> as core[a373ad73a504971]::io::write::Write>::write_fmt
[INFO] [stdout]    3:     0x644761d39776 - std[617be2ca0a6fd877]::panicking::default_hook::{closure#0}
[INFO] [stdout]    4:     0x644761d57f59 - std[617be2ca0a6fd877]::panicking::default_hook
[INFO] [stdout]    5:     0x644761ce1480 - test[aada8e7e76ba119b]::test_main_inner::{closure#0}
[INFO] [stdout]    6:     0x644761d58112 - std[617be2ca0a6fd877]::panicking::panic_with_hook
[INFO] [stdout]    7:     0x644761d39822 - std[617be2ca0a6fd877]::panicking::panic_handler::{closure#0}
[INFO] [stdout]    8:     0x644761d31a99 - std[617be2ca0a6fd877]::sys::backtrace::__rust_end_short_backtrace::<std[617be2ca0a6fd877]::panicking::panic_handler::{closure#0}, !>
[INFO] [stdout]    9:     0x644761d3a5dd - __rustc[ea4f61d10b84890b]::rust_begin_unwind
[INFO] [stdout]   10:     0x644761d7851c - core[a373ad73a504971]::panicking::panic_fmt
[INFO] [stdout]   11:     0x644761d782f2 - core[a373ad73a504971]::result::unwrap_failed
[INFO] [stdout]   12:     0x644761c65bbd - <line_numbers_tests[ced0c61f38bfd78d]::test_line_numbers_with_word_wrap::{closure#0} as core[a373ad73a504971]::ops::function::FnOnce<()>>::call_once
[INFO] [stdout]   13:     0x644761cd48cb - test[aada8e7e76ba119b]::__rust_begin_short_backtrace::<core[a373ad73a504971]::result::Result<(), alloc[2e1b2a31b91974c5]::string::String>, fn() -> core[a373ad73a504971]::result::Result<(), alloc[2e1b2a31b91974c5]::string::String>>
[INFO] [stdout]   14:     0x644761ce1aa5 - test[aada8e7e76ba119b]::run_test::{closure#0}
[INFO] [stdout]   15:     0x644761cdb394 - std[617be2ca0a6fd877]::sys::backtrace::__rust_begin_short_backtrace::<test[aada8e7e76ba119b]::run_test::{closure#1}, ()>
[INFO] [stdout]   16:     0x644761ce4b32 - <std[617be2ca0a6fd877]::thread::lifecycle::spawn_unchecked<test[aada8e7e76ba119b]::run_test::{closure#1}, ()>::{closure#1} as core[a373ad73a504971]::ops::function::FnOnce<()>>::call_once::{shim:vtable#0}
[INFO] [stdout]   17:     0x644761d5f7ef - <std[617be2ca0a6fd877]::sys::thread::unix::Thread>::new::thread_start
[INFO] [stdout]   18:     0x7f51a1a55dfa - <unknown>
[INFO] [stdout]   19:     0x7f51a1ae93d4 - clone
[INFO] [stdout]   20:                0x0 - <unknown>
[INFO] [stdout] 
[INFO] [stdout] ---- test_no_line_numbers_many_rows stdout ----
[INFO] [stdout] 
[INFO] [stdout] thread 'test_no_line_numbers_many_rows' (1044) panicked at tests/line_numbers_tests.rs:72:10:
[INFO] [stdout] Failed to run csvpretty: Unable to spawn /opt/rustwide/workdir/target/debug/csvpretty because it doesn't exist on the filesystem (ENOENT: No such file or directory)
[INFO] [stdout] 
[INFO] [stdout] Stack backtrace:
[INFO] [stdout]    0: <anyhow::Error>::msg::<alloc::string::String>
[INFO] [stdout]    1: <portable_pty::cmdbuilder::CommandBuilder>::as_command
[INFO] [stdout]    2: <portable_pty::unix::UnixSlavePty as portable_pty::SlavePty>::spawn_command
[INFO] [stdout]    3: line_numbers_tests::helpers::run_csvpretty_in_pty
[INFO] [stdout]    4: <line_numbers_tests::test_no_line_numbers_many_rows::{closure#0} as core::ops::function::FnOnce<()>>::call_once
[INFO] [stdout]    5: test::__rust_begin_short_backtrace::<core::result::Result<(), alloc::string::String>, fn() -> core::result::Result<(), alloc::string::String>>
[INFO] [stdout]    6: test::run_test::{closure#0}
[INFO] [stdout]    7: std::sys::backtrace::__rust_begin_short_backtrace::<test::run_test::{closure#1}, ()>
[INFO] [stdout]    8: <std::thread::lifecycle::spawn_unchecked<test::run_test::{closure#1}, ()>::{closure#1} as core::ops::function::FnOnce<()>>::call_once::{shim:vtable#0}
[INFO] [stdout]    9: <std::sys::thread::unix::Thread>::new::thread_start
[INFO] [stdout]   10: <unknown>
[INFO] [stdout]   11: clone
[INFO] [stdout] stack backtrace:
[INFO] [stdout]    0:     0x644761d60811 - <<std[617be2ca0a6fd877]::sys::backtrace::BacktraceLock>::print::DisplayBacktrace as core[a373ad73a504971]::fmt::Display>::fmt
[INFO] [stdout]    1:     0x644761d77dba - core[a373ad73a504971]::fmt::write
[INFO] [stdout]    2:     0x644761d658fc - <alloc[2e1b2a31b91974c5]::vec::Vec<u8> as core[a373ad73a504971]::io::write::Write>::write_fmt
[INFO] [stdout]    3:     0x644761d39776 - std[617be2ca0a6fd877]::panicking::default_hook::{closure#0}
[INFO] [stdout]    4:     0x644761d57f59 - std[617be2ca0a6fd877]::panicking::default_hook
[INFO] [stdout]    5:     0x644761ce1480 - test[aada8e7e76ba119b]::test_main_inner::{closure#0}
[INFO] [stdout]    6:     0x644761d58112 - std[617be2ca0a6fd877]::panicking::panic_with_hook
[INFO] [stdout]    7:     0x644761d39822 - std[617be2ca0a6fd877]::panicking::panic_handler::{closure#0}
[INFO] [stdout]    8:     0x644761d31a99 - std[617be2ca0a6fd877]::sys::backtrace::__rust_end_short_backtrace::<std[617be2ca0a6fd877]::panicking::panic_handler::{closure#0}, !>
[INFO] [stdout]    9:     0x644761d3a5dd - __rustc[ea4f61d10b84890b]::rust_begin_unwind
[INFO] [stdout]   10:     0x644761d7851c - core[a373ad73a504971]::panicking::panic_fmt
[INFO] [stdout]   11:     0x644761d782f2 - core[a373ad73a504971]::result::unwrap_failed
[INFO] [stdout]   12:     0x644761c652e9 - <line_numbers_tests[ced0c61f38bfd78d]::test_no_line_numbers_many_rows::{closure#0} as core[a373ad73a504971]::ops::function::FnOnce<()>>::call_once
[INFO] [stdout]   13:     0x644761cd48cb - test[aada8e7e76ba119b]::__rust_begin_short_backtrace::<core[a373ad73a504971]::result::Result<(), alloc[2e1b2a31b91974c5]::string::String>, fn() -> core[a373ad73a504971]::result::Result<(), alloc[2e1b2a31b91974c5]::string::String>>
[INFO] [stdout]   14:     0x644761ce1aa5 - test[aada8e7e76ba119b]::run_test::{closure#0}
[INFO] [stdout]   15:     0x644761cdb394 - std[617be2ca0a6fd877]::sys::backtrace::__rust_begin_short_backtrace::<test[aada8e7e76ba119b]::run_test::{closure#1}, ()>
[INFO] [stdout]   16:     0x644761ce4b32 - <std[617be2ca0a6fd877]::thread::lifecycle::spawn_unchecked<test[aada8e7e76ba119b]::run_test::{closure#1}, ()>::{closure#1} as core[a373ad73a504971]::ops::function::FnOnce<()>>::call_once::{shim:vtable#0}
[INFO] [stdout]   17:     0x644761d5f7ef - <std[617be2ca0a6fd877]::sys::thread::unix::Thread>::new::thread_start
[INFO] [stdout]   18:     0x7f51a1a55dfa - <unknown>
[INFO] [stdout]   19:     0x7f51a1ae93d4 - clone
[INFO] [stdout]   20:                0x0 - <unknown>
[INFO] [stdout] 
[INFO] [stdout] ---- test_line_numbers_with_none_wrap stdout ----
[INFO] [stdout] 
[INFO] [stdout] thread 'test_line_numbers_with_none_wrap' (1042) panicked at tests/line_numbers_tests.rs:54:10:
[INFO] [stdout] Failed to run csvpretty: Unable to spawn /opt/rustwide/workdir/target/debug/csvpretty because it doesn't exist on the filesystem (ENOENT: No such file or directory)
[INFO] [stdout] 
[INFO] [stdout] Stack backtrace:
[INFO] [stdout]    0: <anyhow::Error>::msg::<alloc::string::String>
[INFO] [stdout]    1: <portable_pty::cmdbuilder::CommandBuilder>::as_command
[INFO] [stdout]    2: <portable_pty::unix::UnixSlavePty as portable_pty::SlavePty>::spawn_command
[INFO] [stdout]    3: line_numbers_tests::helpers::run_csvpretty_in_pty
[INFO] [stdout]    4: <line_numbers_tests::test_line_numbers_with_none_wrap::{closure#0} as core::ops::function::FnOnce<()>>::call_once
[INFO] [stdout]    5: test::__rust_begin_short_backtrace::<core::result::Result<(), alloc::string::String>, fn() -> core::result::Result<(), alloc::string::String>>
[INFO] [stdout]    6: test::run_test::{closure#0}
[INFO] [stdout]    7: std::sys::backtrace::__rust_begin_short_backtrace::<test::run_test::{closure#1}, ()>
[INFO] [stdout]    8: <std::thread::lifecycle::spawn_unchecked<test::run_test::{closure#1}, ()>::{closure#1} as core::ops::function::FnOnce<()>>::call_once::{shim:vtable#0}
[INFO] [stdout]    9: <std::sys::thread::unix::Thread>::new::thread_start
[INFO] [stdout]   10: <unknown>
[INFO] [stdout]   11: clone
[INFO] [stdout] stack backtrace:
[INFO] [stdout]    0:     0x644761d60811 - <<std[617be2ca0a6fd877]::sys::backtrace::BacktraceLock>::print::DisplayBacktrace as core[a373ad73a504971]::fmt::Display>::fmt
[INFO] [stdout]    1:     0x644761d77dba - core[a373ad73a504971]::fmt::write
[INFO] [stdout]    2:     0x644761d658fc - <alloc[2e1b2a31b91974c5]::vec::Vec<u8> as core[a373ad73a504971]::io::write::Write>::write_fmt
[INFO] [stdout]    3:     0x644761d39776 - std[617be2ca0a6fd877]::panicking::default_hook::{closure#0}
[INFO] [stdout]    4:     0x644761d57f59 - std[617be2ca0a6fd877]::panicking::default_hook
[INFO] [stdout]    5:     0x644761ce1480 - test[aada8e7e76ba119b]::test_main_inner::{closure#0}
[INFO] [stdout]    6:     0x644761d58112 - std[617be2ca0a6fd877]::panicking::panic_with_hook
[INFO] [stdout]    7:     0x644761d39822 - std[617be2ca0a6fd877]::panicking::panic_handler::{closure#0}
[INFO] [stdout]    8:     0x644761d31a99 - std[617be2ca0a6fd877]::sys::backtrace::__rust_end_short_backtrace::<std[617be2ca0a6fd877]::panicking::panic_handler::{closure#0}, !>
[INFO] [stdout]    9:     0x644761d3a5dd - __rustc[ea4f61d10b84890b]::rust_begin_unwind
[INFO] [stdout]   10:     0x644761d7851c - core[a373ad73a504971]::panicking::panic_fmt
[INFO] [stdout]   11:     0x644761d782f2 - core[a373ad73a504971]::result::unwrap_failed
[INFO] [stdout]   12:     0x644761c658cd - <line_numbers_tests[ced0c61f38bfd78d]::test_line_numbers_with_none_wrap::{closure#0} as core[a373ad73a504971]::ops::function::FnOnce<()>>::call_once
[INFO] [stdout]   13:     0x644761cd48cb - test[aada8e7e76ba119b]::__rust_begin_short_backtrace::<core[a373ad73a504971]::result::Result<(), alloc[2e1b2a31b91974c5]::string::String>, fn() -> core[a373ad73a504971]::result::Result<(), alloc[2e1b2a31b91974c5]::string::String>>
[INFO] [stdout]   14:     0x644761ce1aa5 - test[aada8e7e76ba119b]::run_test::{closure#0}
[INFO] [stdout]   15:     0x644761cdb394 - std[617be2ca0a6fd877]::sys::backtrace::__rust_begin_short_backtrace::<test[aada8e7e76ba119b]::run_test::{closure#1}, ()>
[INFO] [stdout]   16:     0x644761ce4b32 - <std[617be2ca0a6fd877]::thread::lifecycle::spawn_unchecked<test[aada8e7e76ba119b]::run_test::{closure#1}, ()>::{closure#1} as core[a373ad73a504971]::ops::function::FnOnce<()>>::call_once::{shim:vtable#0}
[INFO] [stdout]   17:     0x644761d5f7ef - <std[617be2ca0a6fd877]::sys::thread::unix::Thread>::new::thread_start
[INFO] [stdout]   18:     0x7f51a1a55dfa - <unknown>
[INFO] [stdout]   19:     0x7f51a1ae93d4 - clone
[INFO] [stdout]   20:                0x0 - <unknown>
[INFO] [stdout] 
[INFO] [stdout] ---- test_with_line_numbers_short_flag stdout ----
[INFO] [stdout] 
[INFO] [stdout] thread 'test_with_line_numbers_short_flag' (1046) panicked at tests/line_numbers_tests.rs:18:10:
[INFO] [stdout] Failed to run csvpretty: Unable to spawn /opt/rustwide/workdir/target/debug/csvpretty because it doesn't exist on the filesystem (ENOENT: No such file or directory)
[INFO] [stdout] 
[INFO] [stdout] Stack backtrace:
[INFO] [stdout]    0: <anyhow::Error>::msg::<alloc::string::String>
[INFO] [stdout]    1: <portable_pty::cmdbuilder::CommandBuilder>::as_command
[INFO] [stdout]    2: <portable_pty::unix::UnixSlavePty as portable_pty::SlavePty>::spawn_command
[INFO] [stdout]    3: line_numbers_tests::helpers::run_csvpretty_in_pty
[INFO] [stdout]    4: <line_numbers_tests::test_with_line_numbers_short_flag::{closure#0} as core::ops::function::FnOnce<()>>::call_once
[INFO] [stdout]    5: test::__rust_begin_short_backtrace::<core::result::Result<(), alloc::string::String>, fn() -> core::result::Result<(), alloc::string::String>>
[INFO] [stdout]    6: test::run_test::{closure#0}
[INFO] [stdout]    7: std::sys::backtrace::__rust_begin_short_backtrace::<test::run_test::{closure#1}, ()>
[INFO] [stdout]    8: <std::thread::lifecycle::spawn_unchecked<test::run_test::{closure#1}, ()>::{closure#1} as core::ops::function::FnOnce<()>>::call_once::{shim:vtable#0}
[INFO] [stdout]    9: <std::sys::thread::unix::Thread>::new::thread_start
[INFO] [stdout]   10: <unknown>
[INFO] [stdout]   11: clone
[INFO] [stdout] stack backtrace:
[INFO] [stdout]    0:     0x644761d60811 - <<std[617be2ca0a6fd877]::sys::backtrace::BacktraceLock>::print::DisplayBacktrace as core[a373ad73a504971]::fmt::Display>::fmt
[INFO] [stdout]    1:     0x644761d77dba - core[a373ad73a504971]::fmt::write
[INFO] [stdout]    2:     0x644761d658fc - <alloc[2e1b2a31b91974c5]::vec::Vec<u8> as core[a373ad73a504971]::io::write::Write>::write_fmt
[INFO] [stdout]    3:     0x644761d39776 - std[617be2ca0a6fd877]::panicking::default_hook::{closure#0}
[INFO] [stdout]    4:     0x644761d57f59 - std[617be2ca0a6fd877]::panicking::default_hook
[INFO] [stdout]    5:     0x644761ce1480 - test[aada8e7e76ba119b]::test_main_inner::{closure#0}
[INFO] [stdout]    6:     0x644761d58112 - std[617be2ca0a6fd877]::panicking::panic_with_hook
[INFO] [stdout]    7:     0x644761d39822 - std[617be2ca0a6fd877]::panicking::panic_handler::{closure#0}
[INFO] [stdout]    8:     0x644761d31a99 - std[617be2ca0a6fd877]::sys::backtrace::__rust_end_short_backtrace::<std[617be2ca0a6fd877]::panicking::panic_handler::{closure#0}, !>
[INFO] [stdout]    9:     0x644761d3a5dd - __rustc[ea4f61d10b84890b]::rust_begin_unwind
[INFO] [stdout]   10:     0x644761d7851c - core[a373ad73a504971]::panicking::panic_fmt
[INFO] [stdout]   11:     0x644761d782f2 - core[a373ad73a504971]::result::unwrap_failed
[INFO] [stdout]   12:     0x644761c6619d - <line_numbers_tests[ced0c61f38bfd78d]::test_with_line_numbers_short_flag::{closure#0} as core[a373ad73a504971]::ops::function::FnOnce<()>>::call_once
[INFO] [stdout]   13:     0x644761cd48cb - test[aada8e7e76ba119b]::__rust_begin_short_backtrace::<core[a373ad73a504971]::result::Result<(), alloc[2e1b2a31b91974c5]::string::String>, fn() -> core[a373ad73a504971]::result::Result<(), alloc[2e1b2a31b91974c5]::string::String>>
[INFO] [stdout]   14:     0x644761ce1aa5 - test[aada8e7e76ba119b]::run_test::{closure#0}
[INFO] [stdout]   15:     0x644761cdb394 - std[617be2ca0a6fd877]::sys::backtrace::__rust_begin_short_backtrace::<test[aada8e7e76ba119b]::run_test::{closure#1}, ()>
[INFO] [stdout]   16:     0x644761ce4b32 - <std[617be2ca0a6fd877]::thread::lifecycle::spawn_unchecked<test[aada8e7e76ba119b]::run_test::{closure#1}, ()>::{closure#1} as core[a373ad73a504971]::ops::function::FnOnce<()>>::call_once::{shim:vtable#0}
[INFO] [stdout]   17:     0x644761d5f7ef - <std[617be2ca0a6fd877]::sys::thread::unix::Thread>::new::thread_start
[INFO] [stdout]   18:     0x7f51a1a55dfa - <unknown>
[INFO] [stdout]   19:     0x7f51a1ae93d4 - clone
[INFO] [stdout]   20:                0x0 - <unknown>
[INFO] [stdout] 
[INFO] [stdout] 
[INFO] [stdout] failures:
[INFO] [stdout]     test_line_numbers_many_rows
[INFO] [stdout]     test_line_numbers_with_char_wrap
[INFO] [stdout]     test_line_numbers_with_none_wrap
[INFO] [stdout]     test_line_numbers_with_word_wrap
[INFO] [stdout]     test_no_line_numbers_many_rows
[INFO] [stdout]     test_with_line_numbers_long_flag
[INFO] [stdout]     test_with_line_numbers_short_flag
[INFO] [stdout]     test_without_line_numbers
[INFO] [stdout] 
[INFO] [stdout] test result: FAILED. 0 passed; 8 failed; 0 ignored; 0 measured; 0 filtered out; finished in 0.01s
[INFO] [stdout] 
[INFO] [stderr] error: test failed, to rerun pass `--test line_numbers_tests`
[INFO] running `Command { std: "docker" "inspect" "cb65757ce08b76a9893eba77e2305292d3c0da391c068cd9f99023f834c15992", kill_on_drop: false }`
[INFO] running `Command { std: "docker" "rm" "-f" "cb65757ce08b76a9893eba77e2305292d3c0da391c068cd9f99023f834c15992", kill_on_drop: false }`
[INFO] [stdout] cb65757ce08b76a9893eba77e2305292d3c0da391c068cd9f99023f834c15992
