[INFO] fetching crate csvmd 0.3.0...
[INFO] testing csvmd-0.3.0 against 1.99.0-beta.8+cargoflags=--release for beta-release-1.100-2
[INFO] extracting crate csvmd 0.3.0 into /workspace/builds/worker-7-tc1/source
[INFO] started tweaking crates.io crate csvmd 0.3.0
[INFO] removed 0 missing tests
[INFO] finished tweaking crates.io crate csvmd 0.3.0
[INFO] tweaked toml for crates.io crate csvmd 0.3.0 written to /workspace/builds/worker-7-tc1/source/Cargo.toml
[INFO] validating manifest of crates.io crate csvmd 0.3.0 on toolchain 1.99.0-beta.8
[INFO] running `Command { std: CARGO_HOME="/workspace/cargo-home" RUSTUP_HOME="/workspace/rustup-home" "/workspace/cargo-home/bin/cargo" "+1.99.0-beta.8" "metadata" "--manifest-path" "Cargo.toml" "--no-deps", kill_on_drop: false }`
[INFO] crate crates.io crate csvmd 0.3.0 already has a lockfile, it will not be regenerated
[INFO] running `Command { std: CARGO_HOME="/workspace/cargo-home" RUSTUP_HOME="/workspace/rustup-home" "/workspace/cargo-home/bin/cargo" "+1.99.0-beta.8" "fetch" "--manifest-path" "Cargo.toml", kill_on_drop: false }`
[INFO] [stderr]  Downloading crates ...
[INFO] [stderr]   Downloaded csv-core v0.1.12
[INFO] [stderr]   Downloaded insta v1.43.1
[INFO] running `Command { std: "docker" "create" "-v" "/var/lib/crater-agent-workspace/builds/worker-7-tc1/source:/opt/rustwide/workdir:ro,Z" "-v" "/var/lib/crater-agent-workspace/builds/worker-7-tc1/target:/opt/rustwide/target:rw,Z" "-v" "/var/lib/crater-agent-workspace/cargo-home:/opt/rustwide/cargo-home:ro,Z" "-v" "/var/lib/crater-agent-workspace/rustup-home:/opt/rustwide/rustup-home:ro,Z" "-m" "1610612736" "--network" "none" "ghcr.io/rust-lang/crates-build-env/linux@sha256:77db811e55d90add9212f6832c23229e3de5f1c1f9905e8cb07319ea15df73ac" "sleep" "infinity", kill_on_drop: false }`
[INFO] [stdout] d8ab2d2151545844ab9674cb05375b7564f55feff1d54881cda8676935376f8a
[INFO] running `Command { std: "docker" "start" "d8ab2d2151545844ab9674cb05375b7564f55feff1d54881cda8676935376f8a", kill_on_drop: false }`
[INFO] running `Command { std: "docker" "inspect" "d8ab2d2151545844ab9674cb05375b7564f55feff1d54881cda8676935376f8a", kill_on_drop: false }`
[INFO] running `Command { std: "docker" "exec" "-e" "SOURCE_DIR=/opt/rustwide/workdir" "-e" "CARGO_HOME=/opt/rustwide/cargo-home" "-e" "RUSTUP_HOME=/opt/rustwide/rustup-home" "-e" "CARGO_TARGET_DIR=/opt/rustwide/target" "-w" "/opt/rustwide/workdir" "--user" "0:0" "d8ab2d2151545844ab9674cb05375b7564f55feff1d54881cda8676935376f8a" "/opt/rustwide/cargo-home/bin/cargo" "+1.99.0-beta.8" "metadata" "--no-deps" "--format-version=1", kill_on_drop: false }`
[INFO] running `Command { std: "docker" "inspect" "d8ab2d2151545844ab9674cb05375b7564f55feff1d54881cda8676935376f8a", kill_on_drop: false }`
[INFO] running `Command { std: "docker" "exec" "-e" "SOURCE_DIR=/opt/rustwide/workdir" "-e" "CARGO_HOME=/opt/rustwide/cargo-home" "-e" "RUSTUP_HOME=/opt/rustwide/rustup-home" "-e" "CARGO_TARGET_DIR=/opt/rustwide/target" "-e" "CARGO_INCREMENTAL=0" "-e" "RUST_BACKTRACE=full" "-e" "RUSTFLAGS=--cap-lints=warn" "-e" "RUSTDOCFLAGS=--cap-lints=warn" "-w" "/opt/rustwide/workdir" "--user" "0:0" "d8ab2d2151545844ab9674cb05375b7564f55feff1d54881cda8676935376f8a" "/opt/rustwide/cargo-home/bin/cargo" "+1.99.0-beta.8" "build" "--frozen" "--message-format=json" "--release", kill_on_drop: false }`
[INFO] [stderr]    Compiling anstyle-query v1.1.3
[INFO] [stderr]    Compiling serde v1.0.219
[INFO] [stderr]    Compiling memchr v2.7.5
[INFO] [stderr]    Compiling thiserror v2.0.16
[INFO] [stderr]    Compiling syn v2.0.103
[INFO] [stderr]    Compiling anstream v0.6.19
[INFO] [stderr]    Compiling clap_builder v4.5.46
[INFO] [stderr]    Compiling csv-core v0.1.12
[INFO] [stderr]    Compiling clap_derive v4.5.45
[INFO] [stderr]    Compiling thiserror-impl v2.0.16
[INFO] [stderr]    Compiling csv v1.3.1
[INFO] [stderr]    Compiling clap v4.5.46
[INFO] [stderr]    Compiling csvmd v0.3.0 (/opt/rustwide/workdir)
[INFO] [stderr]     Finished `release` profile [optimized] target(s) in 14.43s
[INFO] running `Command { std: "docker" "inspect" "d8ab2d2151545844ab9674cb05375b7564f55feff1d54881cda8676935376f8a", kill_on_drop: false }`
[INFO] running `Command { std: "docker" "exec" "-e" "SOURCE_DIR=/opt/rustwide/workdir" "-e" "CARGO_HOME=/opt/rustwide/cargo-home" "-e" "RUSTUP_HOME=/opt/rustwide/rustup-home" "-e" "CARGO_TARGET_DIR=/opt/rustwide/target" "-e" "CARGO_INCREMENTAL=0" "-e" "RUST_BACKTRACE=full" "-e" "RUSTFLAGS=--cap-lints=warn" "-e" "RUSTDOCFLAGS=--cap-lints=warn" "-w" "/opt/rustwide/workdir" "--user" "0:0" "d8ab2d2151545844ab9674cb05375b7564f55feff1d54881cda8676935376f8a" "/opt/rustwide/cargo-home/bin/cargo" "+1.99.0-beta.8" "test" "--frozen" "--no-run" "--message-format=json" "--release", kill_on_drop: false }`
[INFO] [stderr]    Compiling libc v0.2.173
[INFO] [stderr]    Compiling rustix v1.0.7
[INFO] [stderr]    Compiling similar v2.7.0
[INFO] [stderr]    Compiling console v0.15.11
[INFO] [stderr]    Compiling getrandom v0.3.3
[INFO] [stderr]    Compiling insta v1.43.1
[INFO] [stderr]    Compiling tempfile v3.21.0
[INFO] [stderr]    Compiling csvmd v0.3.0 (/opt/rustwide/workdir)
[INFO] [stderr]     Finished `release` profile [optimized] target(s) in 13.31s
[INFO] running `Command { std: "docker" "inspect" "d8ab2d2151545844ab9674cb05375b7564f55feff1d54881cda8676935376f8a", kill_on_drop: false }`
[INFO] running `Command { std: "docker" "exec" "-e" "SOURCE_DIR=/opt/rustwide/workdir" "-e" "CARGO_HOME=/opt/rustwide/cargo-home" "-e" "RUSTUP_HOME=/opt/rustwide/rustup-home" "-e" "CARGO_TARGET_DIR=/opt/rustwide/target" "-e" "CARGO_INCREMENTAL=0" "-e" "RUST_BACKTRACE=full" "-e" "RUSTFLAGS=--cap-lints=warn" "-e" "RUSTDOCFLAGS=--cap-lints=warn" "-w" "/opt/rustwide/workdir" "--user" "0:0" "d8ab2d2151545844ab9674cb05375b7564f55feff1d54881cda8676935376f8a" "/opt/rustwide/cargo-home/bin/cargo" "+1.99.0-beta.8" "test" "--frozen" "--release", kill_on_drop: false }`
[INFO] [stderr]     Finished `release` profile [optimized] target(s) in 0.10s
[INFO] [stderr]      Running unittests src/lib.rs (/opt/rustwide/target/release/deps/csvmd-760edab996597a4b)
[INFO] [stdout] 
[INFO] [stdout] running 21 tests
[INFO] [stdout] test tests::test_csv_with_whitespace ... ok
[INFO] [stdout] test tests::test_csv_with_special_characters ... ok
[INFO] [stdout] test tests::test_csv_with_line_breaks ... ok
[INFO] [stdout] test tests::test_csv_with_uneven_columns ... ok
[INFO] [stdout] test tests::test_csv_with_pipes ... ok
[INFO] [stdout] test tests::test_custom_delimiter ... ok
[INFO] [stdout] test tests::test_no_headers_config ... ok
[INFO] [stdout] test tests::test_header_alignment_left ... ok
[INFO] [stdout] test tests::test_csv_with_quotes_and_commas ... ok
[INFO] [stdout] test tests::test_header_alignment_no_headers ... ok
[INFO] [stdout] test tests::test_header_alignment_right ... ok
[INFO] [stdout] test tests::test_streaming_mode ... ok
[INFO] [stdout] test tests::test_csv_with_empty_cells ... ok
[INFO] [stdout] test tests::test_streaming_mode_no_headers ... ok
[INFO] [stdout] test tests::test_streaming_mode_uneven_columns ... ok
[INFO] [stdout] test tests::test_single_row_csv ... ok
[INFO] [stdout] test tests::test_simple_csv ... ok
[INFO] [stdout] test tests::test_empty_csv ... ok
[INFO] [stdout] test tests::test_streaming_header_alignment_center ... ok
[INFO] [stdout] test tests::test_escape_markdown_cell ... ok
[INFO] [stdout] test tests::test_header_alignment_center ... ok
[INFO] [stdout] 
[INFO] [stdout] test result: ok. 21 passed; 0 failed; 0 ignored; 0 measured; 0 filtered out; finished in 0.01s
[INFO] [stdout] 
[INFO] [stderr]      Running unittests src/main.rs (/opt/rustwide/target/release/deps/csvmd-a3821df8c3eed4f4)
[INFO] [stdout] 
[INFO] [stdout] running 0 tests
[INFO] [stdout] 
[INFO] [stdout] test result: ok. 0 passed; 0 failed; 0 ignored; 0 measured; 0 filtered out; finished in 0.00s
[INFO] [stdout] 
[INFO] [stderr]      Running tests/edge_cases.rs (/opt/rustwide/target/release/deps/edge_cases-67c36fd4eb708dec)
[INFO] [stdout] 
[INFO] [stdout] running 10 tests
[INFO] [stdout] test test_csv_with_embedded_nulls ... ok
[INFO] [stdout] test test_malformed_csv_missing_quotes ... ok
[INFO] [stdout] test test_csv_with_only_newlines ... ok
[INFO] [stdout] test test_csv_with_extreme_unicode ... ok
[INFO] [stdout] test test_csv_with_very_long_content ... ok
[INFO] [stdout] test test_csv_with_mixed_line_endings ... ok
[INFO] [stdout] test test_csv_with_binary_characters ... ok
[INFO] [stdout] test test_csv_with_inconsistent_columns_extreme ... ok
[INFO] [stdout] test test_csv_with_only_commas ... ok
[INFO] [stdout] test test_csv_with_trailing_commas ... ok
[INFO] [stdout] 
[INFO] [stdout] test result: ok. 10 passed; 0 failed; 0 ignored; 0 measured; 0 filtered out; finished in 13.22s
[INFO] [stdout] 
[INFO] [stderr]      Running tests/integration_tests.rs (/opt/rustwide/target/release/deps/integration_tests-e39caa13bfa72aaa)
[INFO] [stdout] 
[INFO] [stdout] running 23 tests
[INFO] [stderr]     Blocking waiting for file lock on build directory
[INFO] [stderr]     Finished `dev` profile [unoptimized + debuginfo] target(s) in 0.11s
[INFO] [stderr]      Running `/opt/rustwide/target/debug/csvmd`
[INFO] [stdout] test test_cli_with_invalid_utf8_file ... ok
[INFO] [stdout] test test_cli_with_invalid_utf8_stdin ... ok
[INFO] [stdout] test test_cli_stdin_with_piped_input_is_fast ... ok
[INFO] [stdout] test test_cli_with_mixed_quote_styles ... ok
[INFO] [stdout] test test_cli_with_center_alignment ... ok
[INFO] [stdout] test test_cli_help_flag ... ok
[INFO] [stdout] test test_cli_with_directory_instead_of_file ... ok
[INFO] [stdout] test test_cli_with_large_field_causing_memory_error ... ok
[INFO] [stdout] test test_cli_with_permission_denied_file ... FAILED
[INFO] [stdout] test test_cli_with_complex_csv ... ok
[INFO] [stdout] test test_cli_with_binary_data_in_csv ... ok
[INFO] [stdout] test test_cli_with_right_alignment ... ok
[INFO] [stderr]     Blocking waiting for file lock on build directory
[INFO] [stdout] test test_cli_with_left_alignment ... ok
[INFO] [stdout] test test_cli_with_streaming_and_alignment ... ok
[INFO] [stdout] test test_cli_with_invalid_utf8_streaming_mode ... ok
[INFO] [stderr]     Finished `dev` profile [unoptimized + debuginfo] target(s) in 0.08s
[INFO] [stdout] test test_cli_with_empty_file ... ok
[INFO] [stderr]      Running `/opt/rustwide/target/debug/csvmd`
[INFO] [stdout] test test_cli_with_stdin ... ok
[INFO] [stdout] test test_cli_with_single_column ... ok
[INFO] [stdout] test test_cli_with_invalid_alignment ... ok
[INFO] [stdout] test test_cli_with_unicode ... ok
[INFO] [stdout] test test_cli_with_mixed_valid_and_invalid_utf8 ... ok
[INFO] [stdout] test test_cli_with_file_input ... ok
[INFO] [stdout] test test_cli_nonexistent_file ... ok
[INFO] [stdout] 
[INFO] [stdout] failures:
[INFO] [stdout] 
[INFO] [stdout] ---- test_cli_with_permission_denied_file stdout ----
[INFO] [stdout] 
[INFO] [stdout] thread 'test_cli_with_permission_denied_file' (1472) panicked at tests/integration_tests.rs:431:17:
[INFO] [stdout] assertion failed: !output.status.success()
[INFO] [stdout] stack backtrace:
[INFO] [stdout]    0:     0x61c07d4abce1 - <<std[70759c8f55707aa4]::sys::backtrace::BacktraceLock>::print::DisplayBacktrace as core[df12db4294e9bfd3]::fmt::Display>::fmt
[INFO] [stdout]    1:     0x61c07d4c275a - core[df12db4294e9bfd3]::fmt::write
[INFO] [stdout]    2:     0x61c07d4b056c - <alloc[2182bb758b4b3781]::vec::Vec<u8> as core[df12db4294e9bfd3]::io::write::Write>::write_fmt
[INFO] [stdout]    3:     0x61c07d484e16 - std[70759c8f55707aa4]::panicking::default_hook::{closure#0}
[INFO] [stdout]    4:     0x61c07d4a2d99 - std[70759c8f55707aa4]::panicking::default_hook
[INFO] [stdout]    5:     0x61c07d43a5b0 - test[9d35eded1c95d3be]::test_main_inner::<test[9d35eded1c95d3be]::test_main_static::{closure#0}>::{closure#0}
[INFO] [stdout]    6:     0x61c07d4a2f52 - std[70759c8f55707aa4]::panicking::panic_with_hook
[INFO] [stdout]    7:     0x61c07d484ef4 - std[70759c8f55707aa4]::panicking::panic_handler::{closure#0}
[INFO] [stdout]    8:     0x61c07d47d769 - std[70759c8f55707aa4]::sys::backtrace::__rust_end_short_backtrace::<std[70759c8f55707aa4]::panicking::panic_handler::{closure#0}, !>
[INFO] [stdout]    9:     0x61c07d485c1d - __rustc[8fa7c3cbc660c2b3]::rust_begin_unwind
[INFO] [stdout]   10:     0x61c07d4c2ebc - core[df12db4294e9bfd3]::panicking::panic_fmt
[INFO] [stdout]   11:     0x61c07d4c2e82 - core[df12db4294e9bfd3]::panicking::panic
[INFO] [stdout]   12:     0x61c07d3c1873 - <integration_tests[93f8c10fe392eb1]::test_cli_with_permission_denied_file::{closure#0} as core[df12db4294e9bfd3]::ops::function::FnOnce<()>>::call_once
[INFO] [stdout]   13:     0x61c07d42d89b - test[9d35eded1c95d3be]::__rust_begin_short_backtrace::<core[df12db4294e9bfd3]::result::Result<(), alloc[2182bb758b4b3781]::string::String>, fn() -> core[df12db4294e9bfd3]::result::Result<(), alloc[2182bb758b4b3781]::string::String>>
[INFO] [stdout]   14:     0x61c07d43af05 - test[9d35eded1c95d3be]::run_test::{closure#0}
[INFO] [stdout]   15:     0x61c07d4347c4 - std[70759c8f55707aa4]::sys::backtrace::__rust_begin_short_backtrace::<test[9d35eded1c95d3be]::run_test::{closure#1}, ()>
[INFO] [stdout]   16:     0x61c07d43e062 - <std[70759c8f55707aa4]::thread::lifecycle::spawn_unchecked<test[9d35eded1c95d3be]::run_test::{closure#1}, ()>::{closure#1} as core[df12db4294e9bfd3]::ops::function::FnOnce<()>>::call_once::{shim:vtable#0}
[INFO] [stdout]   17:     0x61c07d4aad09 - <std[70759c8f55707aa4]::sys::thread::unix::Thread>::new::thread_start
[INFO] [stdout]   18:     0x7bc151436dfa - <unknown>
[INFO] [stdout]   19:     0x7bc1514ca3d4 - clone
[INFO] [stdout]   20:                0x0 - <unknown>
[INFO] [stdout] 
[INFO] [stdout] 
[INFO] [stdout] failures:
[INFO] [stdout]     test_cli_with_permission_denied_file
[INFO] [stdout] 
[INFO] [stdout] test result: FAILED. 22 passed; 1 failed; 0 ignored; 0 measured; 0 filtered out; finished in 0.62s
[INFO] [stdout] 
[INFO] [stderr] error: test failed, to rerun pass `--test integration_tests`
[INFO] running `Command { std: "docker" "inspect" "d8ab2d2151545844ab9674cb05375b7564f55feff1d54881cda8676935376f8a", kill_on_drop: false }`
[INFO] running `Command { std: "docker" "rm" "-f" "d8ab2d2151545844ab9674cb05375b7564f55feff1d54881cda8676935376f8a", kill_on_drop: false }`
[INFO] [stdout] d8ab2d2151545844ab9674cb05375b7564f55feff1d54881cda8676935376f8a
