[INFO] fetching crate csvbinmatrix 0.8.0...
[INFO] testing csvbinmatrix-0.8.0 against 1.100.0-beta.1+cargoflags=--release for beta-release-1.100-2
[INFO] extracting crate csvbinmatrix 0.8.0 into /workspace/builds/worker-6-tc2/source
[INFO] started tweaking crates.io crate csvbinmatrix 0.8.0
[INFO] removed 0 missing tests
[INFO] finished tweaking crates.io crate csvbinmatrix 0.8.0
[INFO] tweaked toml for crates.io crate csvbinmatrix 0.8.0 written to /workspace/builds/worker-6-tc2/source/Cargo.toml
[INFO] validating manifest of crates.io crate csvbinmatrix 0.8.0 on toolchain 1.100.0-beta.1
[INFO] running `Command { std: CARGO_HOME="/workspace/cargo-home" RUSTUP_HOME="/workspace/rustup-home" "/workspace/cargo-home/bin/cargo" "+1.100.0-beta.1" "metadata" "--manifest-path" "Cargo.toml" "--no-deps", kill_on_drop: false }`
[INFO] running `Command { std: CARGO_HOME="/workspace/cargo-home" RUSTUP_HOME="/workspace/rustup-home" "/workspace/cargo-home/bin/cargo" "+1.100.0-beta.1" "generate-lockfile" "--manifest-path" "Cargo.toml", kill_on_drop: false }`
[INFO] [stderr]     Updating crates.io index
[INFO] [stderr]      Locking 58 packages to highest compatible versions
[INFO] [stderr]       Adding rstest v0.23.0 (available: v0.27.0)
[INFO] running `Command { std: CARGO_HOME="/workspace/cargo-home" RUSTUP_HOME="/workspace/rustup-home" "/workspace/cargo-home/bin/cargo" "+1.100.0-beta.1" "fetch" "--manifest-path" "Cargo.toml", kill_on_drop: false }`
[INFO] running `Command { std: "docker" "create" "-v" "/var/lib/crater-agent-workspace/builds/worker-6-tc2/source:/opt/rustwide/workdir:ro,Z" "-v" "/var/lib/crater-agent-workspace/builds/worker-6-tc2/target:/opt/rustwide/target:rw,Z" "-v" "/var/lib/crater-agent-workspace/cargo-home:/opt/rustwide/cargo-home:ro,Z" "-v" "/var/lib/crater-agent-workspace/rustup-home:/opt/rustwide/rustup-home:ro,Z" "-m" "1610612736" "--network" "none" "ghcr.io/rust-lang/crates-build-env/linux@sha256:77db811e55d90add9212f6832c23229e3de5f1c1f9905e8cb07319ea15df73ac" "sleep" "infinity", kill_on_drop: false }`
[INFO] [stdout] aa8559dadd16e8e913cae9163eb2c71739ae5fb27990e71924c612e778581726
[INFO] running `Command { std: "docker" "start" "aa8559dadd16e8e913cae9163eb2c71739ae5fb27990e71924c612e778581726", kill_on_drop: false }`
[INFO] running `Command { std: "docker" "inspect" "aa8559dadd16e8e913cae9163eb2c71739ae5fb27990e71924c612e778581726", kill_on_drop: false }`
[INFO] running `Command { std: "docker" "exec" "-e" "SOURCE_DIR=/opt/rustwide/workdir" "-e" "CARGO_HOME=/opt/rustwide/cargo-home" "-e" "RUSTUP_HOME=/opt/rustwide/rustup-home" "-e" "CARGO_TARGET_DIR=/opt/rustwide/target" "-w" "/opt/rustwide/workdir" "--user" "0:0" "aa8559dadd16e8e913cae9163eb2c71739ae5fb27990e71924c612e778581726" "/opt/rustwide/cargo-home/bin/cargo" "+1.100.0-beta.1" "metadata" "--no-deps" "--format-version=1", kill_on_drop: false }`
[INFO] running `Command { std: "docker" "inspect" "aa8559dadd16e8e913cae9163eb2c71739ae5fb27990e71924c612e778581726", kill_on_drop: false }`
[INFO] running `Command { std: "docker" "exec" "-e" "SOURCE_DIR=/opt/rustwide/workdir" "-e" "CARGO_HOME=/opt/rustwide/cargo-home" "-e" "RUSTUP_HOME=/opt/rustwide/rustup-home" "-e" "CARGO_TARGET_DIR=/opt/rustwide/target" "-e" "CARGO_INCREMENTAL=0" "-e" "RUST_BACKTRACE=full" "-e" "RUSTFLAGS=--cap-lints=warn" "-e" "RUSTDOCFLAGS=--cap-lints=warn" "-w" "/opt/rustwide/workdir" "--user" "0:0" "aa8559dadd16e8e913cae9163eb2c71739ae5fb27990e71924c612e778581726" "/opt/rustwide/cargo-home/bin/cargo" "+1.100.0-beta.1" "build" "--frozen" "--message-format=json" "--release", kill_on_drop: false }`
[INFO] [stderr]    Compiling thiserror v2.0.21
[INFO] [stderr]    Compiling num-traits v0.2.19
[INFO] [stderr]    Compiling thiserror-impl v2.0.21
[INFO] [stderr]    Compiling csvbinmatrix v0.8.0 (/opt/rustwide/workdir)
[INFO] [stdout] warning: hiding a lifetime that's elided elsewhere is confusing
[INFO] [stdout]    --> src/matrix/iter.rs:228:34
[INFO] [stdout]     |
[INFO] [stdout] 228 |     pub fn iter_ones_coordinates(&self) -> IterOnesCoordinates {
[INFO] [stdout]     |                                  ^^^^^     ^^^^^^^^^^^^^^^^^^^ the same lifetime is hidden here
[INFO] [stdout]     |                                  |
[INFO] [stdout]     |                                  the lifetime is elided here
[INFO] [stdout]     |
[INFO] [stdout]     = help: the same lifetime is referred to in inconsistent ways, making the signature confusing
[INFO] [stdout]     = note: `#[warn(mismatched_lifetime_syntaxes)]` on by default
[INFO] [stdout] help: use `'_` for type paths
[INFO] [stdout]     |
[INFO] [stdout] 228 |     pub fn iter_ones_coordinates(&self) -> IterOnesCoordinates<'_> {
[INFO] [stdout]     |                                                               ++++
[INFO] [stdout] 
[INFO] [stdout] 
[INFO] [stdout] warning: hiding a lifetime that's named elsewhere is confusing
[INFO] [stdout]    --> src/matrix/iter.rs:257:62
[INFO] [stdout]     |
[INFO] [stdout] 257 |     pub fn iter_ones_coordinates_from_end(&'distvec self) -> IterOnesCoordinatesFromEnd {
[INFO] [stdout]     |                                            --------          ^^^^^^^^^^^^^^^^^^^^^^^^^^ the same lifetime is hidden here
[INFO] [stdout]     |                                            |
[INFO] [stdout]     |                                            the lifetime is named here
[INFO] [stdout]     |
[INFO] [stdout]     = help: the same lifetime is referred to in inconsistent ways, making the signature confusing
[INFO] [stdout] help: consistently use `'distvec`
[INFO] [stdout]     |
[INFO] [stdout] 257 |     pub fn iter_ones_coordinates_from_end(&'distvec self) -> IterOnesCoordinatesFromEnd<'distvec> {
[INFO] [stdout]     |                                                                                        ++++++++++
[INFO] [stdout] 
[INFO] [stdout] 
[INFO] [stderr]     Finished `release` profile [optimized] target(s) in 2.40s
[INFO] running `Command { std: "docker" "inspect" "aa8559dadd16e8e913cae9163eb2c71739ae5fb27990e71924c612e778581726", kill_on_drop: false }`
[INFO] running `Command { std: "docker" "exec" "-e" "SOURCE_DIR=/opt/rustwide/workdir" "-e" "CARGO_HOME=/opt/rustwide/cargo-home" "-e" "RUSTUP_HOME=/opt/rustwide/rustup-home" "-e" "CARGO_TARGET_DIR=/opt/rustwide/target" "-e" "CARGO_INCREMENTAL=0" "-e" "RUST_BACKTRACE=full" "-e" "RUSTFLAGS=--cap-lints=warn" "-e" "RUSTDOCFLAGS=--cap-lints=warn" "-w" "/opt/rustwide/workdir" "--user" "0:0" "aa8559dadd16e8e913cae9163eb2c71739ae5fb27990e71924c612e778581726" "/opt/rustwide/cargo-home/bin/cargo" "+1.100.0-beta.1" "test" "--frozen" "--no-run" "--message-format=json" "--release", kill_on_drop: false }`
[INFO] [stderr]    Compiling futures-core v0.3.34
[INFO] [stderr]    Compiling equivalent v1.0.3
[INFO] [stderr]    Compiling winnow v1.0.4
[INFO] [stderr]    Compiling hashbrown v0.17.1
[INFO] [stderr]    Compiling futures-sink v0.3.34
[INFO] [stderr]    Compiling futures-task v0.3.34
[INFO] [stderr]    Compiling libc v0.2.191
[INFO] [stderr]    Compiling futures-io v0.3.34
[INFO] [stderr]    Compiling toml_datetime v1.1.2+spec-1.1.0
[INFO] [stderr]    Compiling memchr v2.8.3
[INFO] [stderr]    Compiling rstest_macros v0.23.0
[INFO] [stderr]    Compiling rustix v1.1.5
[INFO] [stderr]    Compiling getrandom v0.4.3
[INFO] [stderr]    Compiling syn v2.0.119
[INFO] [stderr]    Compiling futures-macro v0.3.34
[INFO] [stderr]    Compiling relative-path v1.9.3
[INFO] [stderr]    Compiling bitflags v2.13.2
[INFO] [stderr]    Compiling futures-channel v0.3.34
[INFO] [stderr]    Compiling thiserror v2.0.21
[INFO] [stderr]    Compiling once_cell v1.21.4
[INFO] [stderr]    Compiling yansi v1.0.1
[INFO] [stderr]    Compiling futures-timer v3.0.4
[INFO] [stderr]    Compiling diff v0.1.13
[INFO] [stderr]    Compiling fastrand v2.5.0
[INFO] [stderr]    Compiling csvbinmatrix v0.8.0 (/opt/rustwide/workdir)
[INFO] [stdout] warning: hiding a lifetime that's elided elsewhere is confusing
[INFO] [stdout]    --> src/matrix/iter.rs:228:34
[INFO] [stdout]     |
[INFO] [stdout] 228 |     pub fn iter_ones_coordinates(&self) -> IterOnesCoordinates {
[INFO] [stdout]     |                                  ^^^^^     ^^^^^^^^^^^^^^^^^^^ the same lifetime is hidden here
[INFO] [stdout]     |                                  |
[INFO] [stdout]     |                                  the lifetime is elided here
[INFO] [stdout]     |
[INFO] [stdout]     = help: the same lifetime is referred to in inconsistent ways, making the signature confusing
[INFO] [stdout]     = note: `#[warn(mismatched_lifetime_syntaxes)]` on by default
[INFO] [stdout] help: use `'_` for type paths
[INFO] [stdout]     |
[INFO] [stdout] 228 |     pub fn iter_ones_coordinates(&self) -> IterOnesCoordinates<'_> {
[INFO] [stdout]     |                                                               ++++
[INFO] [stdout] 
[INFO] [stdout] 
[INFO] [stdout] warning: hiding a lifetime that's named elsewhere is confusing
[INFO] [stdout]    --> src/matrix/iter.rs:257:62
[INFO] [stdout]     |
[INFO] [stdout] 257 |     pub fn iter_ones_coordinates_from_end(&'distvec self) -> IterOnesCoordinatesFromEnd {
[INFO] [stdout]     |                                            --------          ^^^^^^^^^^^^^^^^^^^^^^^^^^ the same lifetime is hidden here
[INFO] [stdout]     |                                            |
[INFO] [stdout]     |                                            the lifetime is named here
[INFO] [stdout]     |
[INFO] [stdout]     = help: the same lifetime is referred to in inconsistent ways, making the signature confusing
[INFO] [stdout] help: consistently use `'distvec`
[INFO] [stdout]     |
[INFO] [stdout] 257 |     pub fn iter_ones_coordinates_from_end(&'distvec self) -> IterOnesCoordinatesFromEnd<'distvec> {
[INFO] [stdout]     |                                                                                        ++++++++++
[INFO] [stdout] 
[INFO] [stdout] 
[INFO] [stderr]    Compiling pretty_assertions v1.4.1
[INFO] [stderr]    Compiling futures-util v0.3.34
[INFO] [stderr]    Compiling indexmap v2.14.2
[INFO] [stderr]    Compiling toml_parser v1.1.5+spec-1.1.0
[INFO] [stderr]    Compiling toml_edit v0.25.17+spec-1.1.0
[INFO] [stderr]    Compiling tempfile v3.27.0
[INFO] [stderr]    Compiling proc-macro-crate v3.5.0
[INFO] [stderr]    Compiling futures-executor v0.3.34
[INFO] [stderr]    Compiling futures v0.3.34
[INFO] [stderr]    Compiling rstest v0.23.0
[INFO] [stdout] warning: hiding a lifetime that's elided elsewhere is confusing
[INFO] [stdout]    --> src/matrix/iter.rs:228:34
[INFO] [stdout]     |
[INFO] [stdout] 228 |     pub fn iter_ones_coordinates(&self) -> IterOnesCoordinates {
[INFO] [stdout]     |                                  ^^^^^     ^^^^^^^^^^^^^^^^^^^ the same lifetime is hidden here
[INFO] [stdout]     |                                  |
[INFO] [stdout]     |                                  the lifetime is elided here
[INFO] [stdout]     |
[INFO] [stdout]     = help: the same lifetime is referred to in inconsistent ways, making the signature confusing
[INFO] [stdout]     = note: `#[warn(mismatched_lifetime_syntaxes)]` on by default
[INFO] [stdout] help: use `'_` for type paths
[INFO] [stdout]     |
[INFO] [stdout] 228 |     pub fn iter_ones_coordinates(&self) -> IterOnesCoordinates<'_> {
[INFO] [stdout]     |                                                               ++++
[INFO] [stdout] 
[INFO] [stdout] 
[INFO] [stdout] warning: hiding a lifetime that's named elsewhere is confusing
[INFO] [stdout]    --> src/matrix/iter.rs:257:62
[INFO] [stdout]     |
[INFO] [stdout] 257 |     pub fn iter_ones_coordinates_from_end(&'distvec self) -> IterOnesCoordinatesFromEnd {
[INFO] [stdout]     |                                            --------          ^^^^^^^^^^^^^^^^^^^^^^^^^^ the same lifetime is hidden here
[INFO] [stdout]     |                                            |
[INFO] [stdout]     |                                            the lifetime is named here
[INFO] [stdout]     |
[INFO] [stdout]     = help: the same lifetime is referred to in inconsistent ways, making the signature confusing
[INFO] [stdout] help: consistently use `'distvec`
[INFO] [stdout]     |
[INFO] [stdout] 257 |     pub fn iter_ones_coordinates_from_end(&'distvec self) -> IterOnesCoordinatesFromEnd<'distvec> {
[INFO] [stdout]     |                                                                                        ++++++++++
[INFO] [stdout] 
[INFO] [stdout] 
[INFO] [stderr]     Finished `release` profile [optimized] target(s) in 19.46s
[INFO] running `Command { std: "docker" "inspect" "aa8559dadd16e8e913cae9163eb2c71739ae5fb27990e71924c612e778581726", kill_on_drop: false }`
[INFO] running `Command { std: "docker" "exec" "-e" "SOURCE_DIR=/opt/rustwide/workdir" "-e" "CARGO_HOME=/opt/rustwide/cargo-home" "-e" "RUSTUP_HOME=/opt/rustwide/rustup-home" "-e" "CARGO_TARGET_DIR=/opt/rustwide/target" "-e" "CARGO_INCREMENTAL=0" "-e" "RUST_BACKTRACE=full" "-e" "RUSTFLAGS=--cap-lints=warn" "-e" "RUSTDOCFLAGS=--cap-lints=warn" "-w" "/opt/rustwide/workdir" "--user" "0:0" "aa8559dadd16e8e913cae9163eb2c71739ae5fb27990e71924c612e778581726" "/opt/rustwide/cargo-home/bin/cargo" "+1.100.0-beta.1" "test" "--frozen" "--release", kill_on_drop: false }`
[INFO] [stderr] warning: hiding a lifetime that's elided elsewhere is confusing
[INFO] [stderr]    --> src/matrix/iter.rs:228:34
[INFO] [stderr]     |
[INFO] [stderr] 228 |     pub fn iter_ones_coordinates(&self) -> IterOnesCoordinates {
[INFO] [stderr]     |                                  ^^^^^     ^^^^^^^^^^^^^^^^^^^ the same lifetime is hidden here
[INFO] [stderr]     |                                  |
[INFO] [stderr]     |                                  the lifetime is elided here
[INFO] [stderr]     |
[INFO] [stderr]     = help: the same lifetime is referred to in inconsistent ways, making the signature confusing
[INFO] [stderr]     = note: `#[warn(mismatched_lifetime_syntaxes)]` on by default
[INFO] [stderr] help: use `'_` for type paths
[INFO] [stderr]     |
[INFO] [stderr] 228 |     pub fn iter_ones_coordinates(&self) -> IterOnesCoordinates<'_> {
[INFO] [stderr]     |                                                               ++++
[INFO] [stderr] 
[INFO] [stderr] warning: hiding a lifetime that's named elsewhere is confusing
[INFO] [stderr]    --> src/matrix/iter.rs:257:62
[INFO] [stderr]     |
[INFO] [stderr] 257 |     pub fn iter_ones_coordinates_from_end(&'distvec self) -> IterOnesCoordinatesFromEnd {
[INFO] [stderr]     |                                            --------          ^^^^^^^^^^^^^^^^^^^^^^^^^^ the same lifetime is hidden here
[INFO] [stderr]     |                                            |
[INFO] [stderr]     |                                            the lifetime is named here
[INFO] [stderr]     |
[INFO] [stderr]     = help: the same lifetime is referred to in inconsistent ways, making the signature confusing
[INFO] [stderr] help: consistently use `'distvec`
[INFO] [stderr]     |
[INFO] [stderr] 257 |     pub fn iter_ones_coordinates_from_end(&'distvec self) -> IterOnesCoordinatesFromEnd<'distvec> {
[INFO] [stderr]     |                                                                                        ++++++++++
[INFO] [stderr] 
[INFO] [stderr] warning: `csvbinmatrix` (lib) generated 2 warnings (run `cargo fix --lib -p csvbinmatrix` to apply 2 suggestions)
[INFO] [stderr] warning: `csvbinmatrix` (lib test) generated 2 warnings (2 duplicates)
[INFO] [stderr]     Finished `release` profile [optimized] target(s) in 0.09s
[INFO] [stderr]      Running unittests src/lib.rs (/opt/rustwide/target/release/build/csvbinmatrix/3b46d933145ed2e0/out/csvbinmatrix-3b46d933145ed2e0)
[INFO] [stdout] 
[INFO] [stdout] running 107 tests
[INFO] [stdout] test filters::tests::boolvec_filter::accepts ... ok
[INFO] [stdout] test filters::tests::boolvec_filter::clone ... ok
[INFO] [stdout] test filters::tests::boolvec_filter::new ... ok
[INFO] [stdout] test matrix::cmp::tests::no_equal_distances ... ok
[INFO] [stdout] test matrix::create::tests::csvbm_impl::default ... ok
[INFO] [stdout] test matrix::cmp::tests::no_equal_number_of_columns ... ok
[INFO] [stdout] test matrix::create::tests::csvbm_impl::new ... ok
[INFO] [stdout] test matrix::create::tests::csvbm_impl::new_coordinates_exceed_rows_error ... ok
[INFO] [stdout] test filters::tests::boolvec_filter::new_dimensions_mismatch ... ok
[INFO] [stdout] test filters::tests::closure_filter::new ... ok
[INFO] [stdout] test matrix::cmp::tests::equal_when_rev_bools_differ ... ok
[INFO] [stdout] test filters::tests::closure_filter::accepts ... ok
[INFO] [stdout] test matrix::cmp::tests::no_equal_when_rev_bools_differ ... ok
[INFO] [stdout] test filters::tests::boolvec_filter::debug ... ok
[INFO] [stdout] test filters::tests::boolvec_filter::as_ref ... ok
[INFO] [stdout] test matrix::cmp::tests::no_equal_number_of_rows ... ok
[INFO] [stdout] test filters::tests::boolvec_filter::into_boolean_vector ... ok
[INFO] [stdout] test matrix::cmp::tests::equal_when_rev_bools_equal ... ok
[INFO] [stdout] test matrix::create::tests::csvbm_impl::try_from_coordinates ... ok
[INFO] [stdout] test matrix::create::tests::csvbm_impl::try_from_coordinates_coordinates_exceed_columns_error ... ok
[INFO] [stdout] test matrix::create::tests::csvbm_impl::try_from_coordinates_exceed_rows_error ... ok
[INFO] [stdout] test matrix::create::tests::csvbm_impl::try_from_coordinates_not_sorted_error ... ok
[INFO] [stdout] test matrix::create::tests::try_from_bool_rows::try_from_bool_columns_mismatch_error ... ok
[INFO] [stdout] test matrix::create::tests::try_from_bool_rows::try_from_boolean_rows ... ok
[INFO] [stdout] test matrix::create::tests::try_from_u8_arrays::try_from_invalid_u8 ... ok
[INFO] [stdout] test matrix::create::tests::try_from_u8_arrays::try_from_u8_arrays ... ok
[INFO] [stdout] test matrix::create::tests::try_from_u8_vectors::try_from_invalid_u8_vec ... ok
[INFO] [stdout] test matrix::create::tests::try_from_u8_vectors::try_from_u8_columns_mismatch_error ... ok
[INFO] [stdout] test matrix::create::tests::try_from_u8_vectors::try_from_u8_vec ... ok
[INFO] [stdout] test matrix::io::tests::ok::into_file::case_2 ... ok
[INFO] [stdout] test matrix::io::tests::ok::to_file::case_1 ... ok
[INFO] [stdout] test matrix::io::tests::ok::to_file::case_2 ... ok
[INFO] [stdout] test matrix::io::tests::ok::try_from_file::case_1 ... ok
[INFO] [stdout] test matrix::io::tests::ok::to_file::case_4 ... ok
[INFO] [stdout] test matrix::io::tests::ok::into_file::case_1 ... ok
[INFO] [stdout] test matrix::io::tests::ok::try_from_file::case_2 ... ok
[INFO] [stdout] test matrix::io::tests::ok::into_file::case_3 ... ok
[INFO] [stdout] test matrix::io::tests::ok::into_file::case_4 ... ok
[INFO] [stdout] test matrix::io::tests::ok::to_file::case_3 ... ok
[INFO] [stdout] test matrix::io::tests::ok::try_from_file::case_4 ... ok
[INFO] [stdout] test matrix::io::tests::ok::try_from_file::case_3 ... ok
[INFO] [stdout] test matrix::io::tests::parse_distances_errors::error_derive::case_4 ... ok
[INFO] [stdout] test matrix::io::tests::parse_distances_errors::error_derive::case_5 ... ok
[INFO] [stdout] test matrix::io::tests::parse_distances_errors::from_file_too_few_ones::case_2 ... ok
[INFO] [stdout] test matrix::io::tests::parse_distances_errors::from_file_distances_overflow::case_2 ... ok
[INFO] [stdout] test matrix::io::tests::parse_distances_errors::error_derive::case_1 ... ok
[INFO] [stdout] test matrix::io::tests::parse_distances_errors::from_file_invalid_distance::case_2 ... ok
[INFO] [stdout] test matrix::io::tests::parse_header_errors::debug ... ok
[INFO] [stdout] test matrix::io::tests::parse_header_errors::error_derive::case_1 ... ok
[INFO] [stdout] test matrix::io::tests::parse_header_errors::error_derive::case_2 ... ok
[INFO] [stdout] test matrix::io::tests::parse_header_errors::error_derive::case_3 ... ok
[INFO] [stdout] test matrix::io::tests::parse_header_errors::error_derive::case_4 ... ok
[INFO] [stdout] test matrix::io::tests::parse_header_errors::error_derive::case_5 ... ok
[INFO] [stdout] test matrix::io::tests::parse_header_errors::error_derive::case_6 ... ok
[INFO] [stdout] test matrix::io::tests::parse_header_errors::from_file_invalid_missing_field ... ok
[INFO] [stdout] test matrix::io::tests::parse_header_errors::from_file_invalid_null_columns ... ok
[INFO] [stdout] test matrix::io::tests::parse_header_errors::from_file_invalid_null_rows ... ok
[INFO] [stdout] test matrix::io::tests::parse_csvbm_file_error::debug ... ok
[INFO] [stdout] test matrix::io::tests::ok::try_from_file::case_5 ... ok
[INFO] [stdout] test matrix::io::tests::parse_header_errors::from_file_invalid_number_of_columns ... ok
[INFO] [stdout] test matrix::io::tests::parse_distances_errors::from_file_too_many_ones::case_2 ... ok
[INFO] [stdout] test matrix::io::tests::parse_header_errors::from_file_invalid_number_of_ones ... ok
[INFO] [stdout] test matrix::io::tests::parse_csvbm_file_error::error_derive ... ok
[INFO] [stdout] test matrix::io::tests::ok::try_from_file::case_6 ... ok
[INFO] [stdout] test matrix::items::tests::display ... ok
[INFO] [stdout] test matrix::items::tests::is_origin ... ok
[INFO] [stdout] test matrix::items::tests::from_coordinates_to_couple_usize ... ok
[INFO] [stdout] test matrix::items::tests::mut_column ... ok
[INFO] [stdout] test matrix::io::tests::parse_distances_errors::from_file_invalid_distance::case_1 ... ok
[INFO] [stdout] test matrix::items::tests::from_couple_usize_to_coordinates ... ok
[INFO] [stdout] test matrix::io::tests::parse_header_errors::from_file_invalid_number_of_rows ... ok
[INFO] [stdout] test matrix::io::tests::parse_header_errors::from_file_no_header_error ... ok
[INFO] [stdout] test matrix::io::tests::parse_distances_errors::from_file_too_few_ones::case_1 ... ok
[INFO] [stdout] test matrix::items::tests::debug ... ok
[INFO] [stdout] test matrix::iter::tests::backward_overflow ... ok
[INFO] [stdout] test matrix::ops::tests::into_reversed ... ok
[INFO] [stdout] test matrix::items::tests::new ... ok
[INFO] [stdout] test matrix::items::tests::mut_row ... ok
[INFO] [stdout] test matrix::iter::tests::iter_ones_coordinates ... ok
[INFO] [stdout] test matrix::items::tests::partial_cmp ... ok
[INFO] [stdout] test matrix::items::tests::row ... ok
[INFO] [stdout] test matrix::io::tests::parse_distances_errors::from_file_too_many_ones::case_1 ... ok
[INFO] [stdout] test matrix::iter::tests::iter_ones_coordinates_from_end ... ok
[INFO] [stdout] test matrix::ops::tests::reverse ... ok
[INFO] [stdout] test matrix::tests::number_of_rows ... ok
[INFO] [stdout] test matrix::update::tests::extend_with_rows_columns_mismatch ... ok
[INFO] [stdout] test matrix::views::tests::density ... ok
[INFO] [stdout] test matrix::views::tests::is_complete ... ok
[INFO] [stdout] test matrix::views::tests::is_empty ... ok
[INFO] [stdout] test matrix::ops::tests::into_submatrices ... ok
[INFO] [stdout] test matrix::views::tests::number_of_cells ... ok
[INFO] [stdout] test matrix::views::tests::number_of_ones ... ok
[INFO] [stdout] test matrix::views::tests::sparsity ... ok
[INFO] [stdout] test matrix::items::tests::clone ... ok
[INFO] [stdout] test matrix::io::tests::parse_distances_errors::error_derive::case_3 ... ok
[INFO] [stdout] test matrix::items::tests::column ... ok
[INFO] [stdout] test matrix::io::tests::parse_distances_errors::error_derive::case_2 ... ok
[INFO] [stdout] test matrix::io::tests::parse_distances_errors::from_file_distances_overflow::case_1 ... ok
[INFO] [stdout] test matrix::views::tests::number_of_zeros ... ok
[INFO] [stdout] test matrix::io::tests::parse_header_errors::from_file_invalid_is_reversed ... ok
[INFO] [stdout] test matrix::io::tests::parse_distances_errors::debug ... ok
[INFO] [stdout] test matrix::ops::tests::submatrix ... ok
[INFO] [stdout] test matrix::tests::debug ... ok
[INFO] [stdout] test matrix::tests::number_of_columns ... ok
[INFO] [stdout] test matrix::update::tests::extend_with_columns ... ok
[INFO] [stderr]      Running tests/create_doc.rs (/opt/rustwide/target/release/build/csvbinmatrix/23d5551e52f23dd7/out/create_doc-23d5551e52f23dd7)
[INFO] [stdout] test matrix::update::tests::extend_with_columns_rows_mismatch_error ... ok
[INFO] [stdout] test matrix::update::tests::extend_with_rows ... ok
[INFO] [stdout] 
[INFO] [stdout] test result: ok. 107 passed; 0 failed; 0 ignored; 0 measured; 0 filtered out; finished in 0.03s
[INFO] [stdout] 
[INFO] [stdout] 
[INFO] [stdout] running 5 tests
[INFO] [stdout] test try_from_bool_rows ... ok
[INFO] [stdout] test try_from_coordinates ... ok
[INFO] [stdout] test try_from_usize_coordinates ... ok
[INFO] [stdout] test new ... ok
[INFO] [stdout] test try_from_u8_vectors ... ok
[INFO] [stdout] 
[INFO] [stdout] test result: ok. 5 passed; 0 failed; 0 ignored; 0 measured; 0 filtered out; finished in 0.00s
[INFO] [stdout] 
[INFO] [stderr]      Running tests/filters_doc.rs (/opt/rustwide/target/release/build/csvbinmatrix/9e621d6c9031afd2/out/filters_doc-9e621d6c9031afd2)
[INFO] [stdout] 
[INFO] [stderr]      Running tests/io_doc.rs (/opt/rustwide/target/release/build/csvbinmatrix/dd1c1f89f387f114/out/io_doc-dd1c1f89f387f114)
[INFO] [stdout] running 1 test
[INFO] [stdout] test with_bool_vector_and_closure ... ok
[INFO] [stdout] 
[INFO] [stdout] test result: ok. 1 passed; 0 failed; 0 ignored; 0 measured; 0 filtered out; finished in 0.00s
[INFO] [stdout] 
[INFO] [stdout] 
[INFO] [stdout] running 2 tests
[INFO] [stderr] error: test failed, to rerun pass `--test io_doc`
[INFO] [stdout] test with_consuming ... FAILED
[INFO] [stdout] test without_consuming ... ok
[INFO] [stdout] 
[INFO] [stdout] failures:
[INFO] [stdout] 
[INFO] [stdout] ---- with_consuming stdout ----
[INFO] [stdout] [ERROR] creating file fails: Read-only file system (os error 30)
[INFO] [stdout] 
[INFO] [stdout] thread 'with_consuming' (1124) panicked at tests/io_doc.rs:42:19:
[INFO] [stdout] [ERROR] reading file fails: Opening the file failed: No such file or directory (os error 2)
[INFO] [stdout] stack backtrace:
[INFO] [stdout]    0:     0x577e54dffc51 - <<std[617be2ca0a6fd877]::sys::backtrace::BacktraceLock>::print::DisplayBacktrace as core[a373ad73a504971]::fmt::Display>::fmt
[INFO] [stdout]    1:     0x577e54e13e4a - core[a373ad73a504971]::fmt::write
[INFO] [stdout]    2:     0x577e54e03e6c - <alloc[2e1b2a31b91974c5]::vec::Vec<u8> as core[a373ad73a504971]::io::write::Write>::write_fmt
[INFO] [stdout]    3:     0x577e54ddbfd6 - std[617be2ca0a6fd877]::panicking::default_hook::{closure#0}
[INFO] [stdout]    4:     0x577e54df8209 - std[617be2ca0a6fd877]::panicking::default_hook
[INFO] [stdout]    5:     0x577e54d8ff70 - test[aada8e7e76ba119b]::test_main_inner::{closure#0}
[INFO] [stdout]    6:     0x577e54df83c2 - std[617be2ca0a6fd877]::panicking::panic_with_hook
[INFO] [stdout]    7:     0x577e54ddc082 - std[617be2ca0a6fd877]::panicking::panic_handler::{closure#0}
[INFO] [stdout]    8:     0x577e54dd4ce9 - std[617be2ca0a6fd877]::sys::backtrace::__rust_end_short_backtrace::<std[617be2ca0a6fd877]::panicking::panic_handler::{closure#0}, !>
[INFO] [stdout]    9:     0x577e54ddcc8d - __rustc[ea4f61d10b84890b]::rust_begin_unwind
[INFO] [stdout]   10:     0x577e54e1457c - core[a373ad73a504971]::panicking::panic_fmt
[INFO] [stdout]   11:     0x577e54d7f49e - <io_doc[c58353f20e319fec]::with_consuming::{closure#0} as core[a373ad73a504971]::ops::function::FnOnce<()>>::call_once
[INFO] [stdout]   12:     0x577e54d833bb - test[aada8e7e76ba119b]::__rust_begin_short_backtrace::<core[a373ad73a504971]::result::Result<(), alloc[2e1b2a31b91974c5]::string::String>, fn() -> core[a373ad73a504971]::result::Result<(), alloc[2e1b2a31b91974c5]::string::String>>
[INFO] [stdout]   13:     0x577e54d90595 - test[aada8e7e76ba119b]::run_test::{closure#0}
[INFO] [stdout]   14:     0x577e54d89e84 - std[617be2ca0a6fd877]::sys::backtrace::__rust_begin_short_backtrace::<test[aada8e7e76ba119b]::run_test::{closure#1}, ()>
[INFO] [stdout]   15:     0x577e54d93622 - <std[617be2ca0a6fd877]::thread::lifecycle::spawn_unchecked<test[aada8e7e76ba119b]::run_test::{closure#1}, ()>::{closure#1} as core[a373ad73a504971]::ops::function::FnOnce<()>>::call_once::{shim:vtable#0}
[INFO] [stdout]   16:     0x577e54dff4af - <std[617be2ca0a6fd877]::sys::thread::unix::Thread>::new::thread_start
[INFO] [stdout]   17:     0x78c985ddbdfa - <unknown>
[INFO] [stdout]   18:     0x78c985e6f3d4 - clone
[INFO] [stdout]   19:                0x0 - <unknown>
[INFO] [stdout] 
[INFO] [stdout] 
[INFO] [stdout] failures:
[INFO] [stdout]     with_consuming
[INFO] [stdout] 
[INFO] [stdout] test result: FAILED. 1 passed; 1 failed; 0 ignored; 0 measured; 0 filtered out; finished in 0.00s
[INFO] [stdout] 
[INFO] running `Command { std: "docker" "inspect" "aa8559dadd16e8e913cae9163eb2c71739ae5fb27990e71924c612e778581726", kill_on_drop: false }`
[INFO] running `Command { std: "docker" "rm" "-f" "aa8559dadd16e8e913cae9163eb2c71739ae5fb27990e71924c612e778581726", kill_on_drop: false }`
[INFO] [stdout] aa8559dadd16e8e913cae9163eb2c71739ae5fb27990e71924c612e778581726
