[INFO] fetching crate csv_lib 1.0.7...
[INFO] testing csv_lib-1.0.7 against 1.100.0-beta.1+cargoflags=--release for beta-release-1.100-2
[INFO] extracting crate csv_lib 1.0.7 into /workspace/builds/worker-1-tc2/source
[INFO] removed /workspace/builds/worker-1-tc2/source/.cargo/config.toml
[INFO] started tweaking crates.io crate csv_lib 1.0.7
[INFO] finished tweaking crates.io crate csv_lib 1.0.7
[INFO] tweaked toml for crates.io crate csv_lib 1.0.7 written to /workspace/builds/worker-1-tc2/source/Cargo.toml
[INFO] validating manifest of crates.io crate csv_lib 1.0.7 on toolchain 1.100.0-beta.1
[INFO] running `Command { std: CARGO_HOME="/workspace/cargo-home" RUSTUP_HOME="/workspace/rustup-home" "/workspace/cargo-home/bin/cargo" "+1.100.0-beta.1" "metadata" "--manifest-path" "Cargo.toml" "--no-deps", kill_on_drop: false }`
[INFO] crate crates.io crate csv_lib 1.0.7 already has a lockfile, it will not be regenerated
[INFO] running `Command { std: CARGO_HOME="/workspace/cargo-home" RUSTUP_HOME="/workspace/rustup-home" "/workspace/cargo-home/bin/cargo" "+1.100.0-beta.1" "fetch" "--manifest-path" "Cargo.toml", kill_on_drop: false }`
[INFO] running `Command { std: "docker" "create" "-v" "/var/lib/crater-agent-workspace/builds/worker-1-tc2/source:/opt/rustwide/workdir:ro,Z" "-v" "/var/lib/crater-agent-workspace/builds/worker-1-tc2/target:/opt/rustwide/target:rw,Z" "-v" "/var/lib/crater-agent-workspace/cargo-home:/opt/rustwide/cargo-home:ro,Z" "-v" "/var/lib/crater-agent-workspace/rustup-home:/opt/rustwide/rustup-home:ro,Z" "-m" "1610612736" "--network" "none" "ghcr.io/rust-lang/crates-build-env/linux@sha256:77db811e55d90add9212f6832c23229e3de5f1c1f9905e8cb07319ea15df73ac" "sleep" "infinity", kill_on_drop: false }`
[INFO] [stdout] b2e28e0c92491d775cbe54fbd2350fe9f0d2d620070909118a9e9febc1afc4ae
[INFO] running `Command { std: "docker" "start" "b2e28e0c92491d775cbe54fbd2350fe9f0d2d620070909118a9e9febc1afc4ae", kill_on_drop: false }`
[INFO] running `Command { std: "docker" "inspect" "b2e28e0c92491d775cbe54fbd2350fe9f0d2d620070909118a9e9febc1afc4ae", kill_on_drop: false }`
[INFO] running `Command { std: "docker" "exec" "-e" "SOURCE_DIR=/opt/rustwide/workdir" "-e" "CARGO_HOME=/opt/rustwide/cargo-home" "-e" "RUSTUP_HOME=/opt/rustwide/rustup-home" "-e" "CARGO_TARGET_DIR=/opt/rustwide/target" "-w" "/opt/rustwide/workdir" "--user" "0:0" "b2e28e0c92491d775cbe54fbd2350fe9f0d2d620070909118a9e9febc1afc4ae" "/opt/rustwide/cargo-home/bin/cargo" "+1.100.0-beta.1" "metadata" "--no-deps" "--format-version=1", kill_on_drop: false }`
[INFO] running `Command { std: "docker" "inspect" "b2e28e0c92491d775cbe54fbd2350fe9f0d2d620070909118a9e9febc1afc4ae", kill_on_drop: false }`
[INFO] running `Command { std: "docker" "exec" "-e" "SOURCE_DIR=/opt/rustwide/workdir" "-e" "CARGO_HOME=/opt/rustwide/cargo-home" "-e" "RUSTUP_HOME=/opt/rustwide/rustup-home" "-e" "CARGO_TARGET_DIR=/opt/rustwide/target" "-e" "CARGO_INCREMENTAL=0" "-e" "RUST_BACKTRACE=full" "-e" "RUSTFLAGS=--cap-lints=warn" "-e" "RUSTDOCFLAGS=--cap-lints=warn" "-w" "/opt/rustwide/workdir" "--user" "0:0" "b2e28e0c92491d775cbe54fbd2350fe9f0d2d620070909118a9e9febc1afc4ae" "/opt/rustwide/cargo-home/bin/cargo" "+1.100.0-beta.1" "build" "--frozen" "--message-format=json" "--release", kill_on_drop: false }`
[INFO] [stderr]    Compiling csv_lib v1.0.7 (/opt/rustwide/workdir)
[INFO] [stderr]    Compiling memmap2 v0.9.5
[INFO] [stderr]    Compiling num_cpus v1.16.0
[INFO] [stderr] warning: csv_lib@1.0.7: 🚨 WARNING: AVX2 not enabled! Compile with: RUSTFLAGS="-C target-cpu=native" o $env:RUSTFLAGS = "-C target-cpu=native" in powershell
[INFO] [stdout] warning: unused import: `find_delimiter_bounds`
[INFO] [stdout]  --> src/models/field.rs:2:36
[INFO] [stdout]   |
[INFO] [stdout] 2 | use crate::helpers::bytes_helper::{find_delimiter_bounds, get_cleaned};
[INFO] [stdout]   |                                    ^^^^^^^^^^^^^^^^^^^^^
[INFO] [stdout]   |
[INFO] [stdout]   = note: `#[warn(unused_imports)]` (part of `#[warn(unused)]`) on by default
[INFO] [stdout] 
[INFO] [stdout] 
[INFO] [stdout] warning: unnecessary `unsafe` block
[INFO] [stdout]   --> src/io/number_parser.rs:54:16
[INFO] [stdout]    |
[INFO] [stdout] 54 |     let zero = unsafe { _mm256_set1_epi8(b'0' as i8) };
[INFO] [stdout]    |                ^^^^^^ unnecessary `unsafe` block
[INFO] [stdout]    |
[INFO] [stdout]    = note: `#[warn(unused_unsafe)]` (part of `#[warn(unused)]`) on by default
[INFO] [stdout] 
[INFO] [stdout] 
[INFO] [stdout] warning: unnecessary `unsafe` block
[INFO] [stdout]   --> src/io/number_parser.rs:56:18
[INFO] [stdout]    |
[INFO] [stdout] 56 |     let digits = unsafe { _mm256_sub_epi8(raw, zero) };
[INFO] [stdout]    |                  ^^^^^^ unnecessary `unsafe` block
[INFO] [stdout] 
[INFO] [stdout] 
[INFO] [stdout] warning: hiding a lifetime that's elided elsewhere is confusing
[INFO] [stdout]    --> src/models/row.rs:116:24
[INFO] [stdout]     |
[INFO] [stdout] 116 |     pub fn decode_line(&mut self, enc: Encoding) -> Cow<str> {
[INFO] [stdout]     |                        ^^^^^^^^^                    ^^^^^^^^ the same lifetime is hidden here
[INFO] [stdout]     |                        |
[INFO] [stdout]     |                        the lifetime is elided here
[INFO] [stdout]     |
[INFO] [stdout]     = help: the same lifetime is referred to in inconsistent ways, making the signature confusing
[INFO] [stdout]     = note: `#[warn(mismatched_lifetime_syntaxes)]` on by default
[INFO] [stdout] help: use `'_` for type paths
[INFO] [stdout]     |
[INFO] [stdout] 116 |     pub fn decode_line(&mut self, enc: Encoding) -> Cow<'_, str> {
[INFO] [stdout]     |                                                         +++
[INFO] [stdout] 
[INFO] [stdout] 
[INFO] [stdout] warning: hiding a lifetime that's elided elsewhere is confusing
[INFO] [stdout]   --> src/models/field.rs:51:25
[INFO] [stdout]    |
[INFO] [stdout] 51 |     pub fn decode_bytes(&self, encoding: Encoding) -> Cow<str> {
[INFO] [stdout]    |                         ^^^^^                         ^^^^^^^^ the same lifetime is hidden here
[INFO] [stdout]    |                         |
[INFO] [stdout]    |                         the lifetime is elided here
[INFO] [stdout]    |
[INFO] [stdout]    = help: the same lifetime is referred to in inconsistent ways, making the signature confusing
[INFO] [stdout] help: use `'_` for type paths
[INFO] [stdout]    |
[INFO] [stdout] 51 |     pub fn decode_bytes(&self, encoding: Encoding) -> Cow<'_, str> {
[INFO] [stdout]    |                                                           +++
[INFO] [stdout] 
[INFO] [stdout] 
[INFO] [stdout] warning: hiding a lifetime that's elided elsewhere is confusing
[INFO] [stdout]   --> src/models/field.rs:86:31
[INFO] [stdout]    |
[INFO] [stdout] 86 |     pub fn get_as_cow_decoded(&self, encoding: Encoding) -> Cow<str> {
[INFO] [stdout]    |                               ^^^^^                         ^^^^^^^^ the same lifetime is hidden here
[INFO] [stdout]    |                               |
[INFO] [stdout]    |                               the lifetime is elided here
[INFO] [stdout]    |
[INFO] [stdout]    = help: the same lifetime is referred to in inconsistent ways, making the signature confusing
[INFO] [stdout] help: use `'_` for type paths
[INFO] [stdout]    |
[INFO] [stdout] 86 |     pub fn get_as_cow_decoded(&self, encoding: Encoding) -> Cow<'_, str> {
[INFO] [stdout]    |                                                                 +++
[INFO] [stdout] 
[INFO] [stdout] 
[INFO] [stderr]     Finished `release` profile [optimized] target(s) in 2.79s
[INFO] running `Command { std: "docker" "inspect" "b2e28e0c92491d775cbe54fbd2350fe9f0d2d620070909118a9e9febc1afc4ae", kill_on_drop: false }`
[INFO] running `Command { std: "docker" "exec" "-e" "SOURCE_DIR=/opt/rustwide/workdir" "-e" "CARGO_HOME=/opt/rustwide/cargo-home" "-e" "RUSTUP_HOME=/opt/rustwide/rustup-home" "-e" "CARGO_TARGET_DIR=/opt/rustwide/target" "-e" "CARGO_INCREMENTAL=0" "-e" "RUST_BACKTRACE=full" "-e" "RUSTFLAGS=--cap-lints=warn" "-e" "RUSTDOCFLAGS=--cap-lints=warn" "-w" "/opt/rustwide/workdir" "--user" "0:0" "b2e28e0c92491d775cbe54fbd2350fe9f0d2d620070909118a9e9febc1afc4ae" "/opt/rustwide/cargo-home/bin/cargo" "+1.100.0-beta.1" "test" "--frozen" "--no-run" "--message-format=json" "--release", kill_on_drop: false }`
[INFO] [stderr] warning: csv_lib@1.0.7: 🚨 WARNING: AVX2 not enabled! Compile with: RUSTFLAGS="-C target-cpu=native" o $env:RUSTFLAGS = "-C target-cpu=native" in powershell
[INFO] [stderr]    Compiling csv_lib v1.0.7 (/opt/rustwide/workdir)
[INFO] [stdout] warning: unused import: `find_delimiter_bounds`
[INFO] [stdout]  --> src/models/field.rs:2:36
[INFO] [stdout]   |
[INFO] [stdout] 2 | use crate::helpers::bytes_helper::{find_delimiter_bounds, get_cleaned};
[INFO] [stdout]   |                                    ^^^^^^^^^^^^^^^^^^^^^
[INFO] [stdout]   |
[INFO] [stdout]   = note: `#[warn(unused_imports)]` (part of `#[warn(unused)]`) on by default
[INFO] [stdout] 
[INFO] [stdout] 
[INFO] [stdout] warning: unnecessary `unsafe` block
[INFO] [stdout]   --> src/io/number_parser.rs:54:16
[INFO] [stdout]    |
[INFO] [stdout] 54 |     let zero = unsafe { _mm256_set1_epi8(b'0' as i8) };
[INFO] [stdout]    |                ^^^^^^ unnecessary `unsafe` block
[INFO] [stdout]    |
[INFO] [stdout]    = note: `#[warn(unused_unsafe)]` (part of `#[warn(unused)]`) on by default
[INFO] [stdout] 
[INFO] [stdout] 
[INFO] [stdout] warning: unnecessary `unsafe` block
[INFO] [stdout]   --> src/io/number_parser.rs:56:18
[INFO] [stdout]    |
[INFO] [stdout] 56 |     let digits = unsafe { _mm256_sub_epi8(raw, zero) };
[INFO] [stdout]    |                  ^^^^^^ unnecessary `unsafe` block
[INFO] [stdout] 
[INFO] [stdout] 
[INFO] [stdout] warning: hiding a lifetime that's elided elsewhere is confusing
[INFO] [stdout]    --> src/models/row.rs:116:24
[INFO] [stdout]     |
[INFO] [stdout] 116 |     pub fn decode_line(&mut self, enc: Encoding) -> Cow<str> {
[INFO] [stdout]     |                        ^^^^^^^^^                    ^^^^^^^^ the same lifetime is hidden here
[INFO] [stdout]     |                        |
[INFO] [stdout]     |                        the lifetime is elided here
[INFO] [stdout]     |
[INFO] [stdout]     = help: the same lifetime is referred to in inconsistent ways, making the signature confusing
[INFO] [stdout]     = note: `#[warn(mismatched_lifetime_syntaxes)]` on by default
[INFO] [stdout] help: use `'_` for type paths
[INFO] [stdout]     |
[INFO] [stdout] 116 |     pub fn decode_line(&mut self, enc: Encoding) -> Cow<'_, str> {
[INFO] [stdout]     |                                                         +++
[INFO] [stdout] 
[INFO] [stdout] 
[INFO] [stdout] warning: hiding a lifetime that's elided elsewhere is confusing
[INFO] [stdout]   --> src/models/field.rs:51:25
[INFO] [stdout]    |
[INFO] [stdout] 51 |     pub fn decode_bytes(&self, encoding: Encoding) -> Cow<str> {
[INFO] [stdout]    |                         ^^^^^                         ^^^^^^^^ the same lifetime is hidden here
[INFO] [stdout]    |                         |
[INFO] [stdout]    |                         the lifetime is elided here
[INFO] [stdout]    |
[INFO] [stdout]    = help: the same lifetime is referred to in inconsistent ways, making the signature confusing
[INFO] [stdout] help: use `'_` for type paths
[INFO] [stdout]    |
[INFO] [stdout] 51 |     pub fn decode_bytes(&self, encoding: Encoding) -> Cow<'_, str> {
[INFO] [stdout]    |                                                           +++
[INFO] [stdout] 
[INFO] [stdout] 
[INFO] [stdout] warning: hiding a lifetime that's elided elsewhere is confusing
[INFO] [stdout]   --> src/models/field.rs:86:31
[INFO] [stdout]    |
[INFO] [stdout] 86 |     pub fn get_as_cow_decoded(&self, encoding: Encoding) -> Cow<str> {
[INFO] [stdout]    |                               ^^^^^                         ^^^^^^^^ the same lifetime is hidden here
[INFO] [stdout]    |                               |
[INFO] [stdout]    |                               the lifetime is elided here
[INFO] [stdout]    |
[INFO] [stdout]    = help: the same lifetime is referred to in inconsistent ways, making the signature confusing
[INFO] [stdout] help: use `'_` for type paths
[INFO] [stdout]    |
[INFO] [stdout] 86 |     pub fn get_as_cow_decoded(&self, encoding: Encoding) -> Cow<'_, str> {
[INFO] [stdout]    |                                                                 +++
[INFO] [stdout] 
[INFO] [stdout] 
[INFO] [stdout] warning: unused import: `find_delimiter_bounds`
[INFO] [stdout]  --> src/models/field.rs:2:36
[INFO] [stdout]   |
[INFO] [stdout] 2 | use crate::helpers::bytes_helper::{find_delimiter_bounds, get_cleaned};
[INFO] [stdout]   |                                    ^^^^^^^^^^^^^^^^^^^^^
[INFO] [stdout]   |
[INFO] [stdout]   = note: `#[warn(unused_imports)]` (part of `#[warn(unused)]`) on by default
[INFO] [stdout] 
[INFO] [stdout] 
[INFO] [stdout] warning: unnecessary `unsafe` block
[INFO] [stdout]   --> src/io/number_parser.rs:54:16
[INFO] [stdout]    |
[INFO] [stdout] 54 |     let zero = unsafe { _mm256_set1_epi8(b'0' as i8) };
[INFO] [stdout]    |                ^^^^^^ unnecessary `unsafe` block
[INFO] [stdout]    |
[INFO] [stdout]    = note: `#[warn(unused_unsafe)]` (part of `#[warn(unused)]`) on by default
[INFO] [stdout] 
[INFO] [stdout] 
[INFO] [stdout] warning: unnecessary `unsafe` block
[INFO] [stdout]   --> src/io/number_parser.rs:56:18
[INFO] [stdout]    |
[INFO] [stdout] 56 |     let digits = unsafe { _mm256_sub_epi8(raw, zero) };
[INFO] [stdout]    |                  ^^^^^^ unnecessary `unsafe` block
[INFO] [stdout] 
[INFO] [stdout] 
[INFO] [stdout] warning: hiding a lifetime that's elided elsewhere is confusing
[INFO] [stdout]    --> src/models/row.rs:116:24
[INFO] [stdout]     |
[INFO] [stdout] 116 |     pub fn decode_line(&mut self, enc: Encoding) -> Cow<str> {
[INFO] [stdout]     |                        ^^^^^^^^^                    ^^^^^^^^ the same lifetime is hidden here
[INFO] [stdout]     |                        |
[INFO] [stdout]     |                        the lifetime is elided here
[INFO] [stdout]     |
[INFO] [stdout]     = help: the same lifetime is referred to in inconsistent ways, making the signature confusing
[INFO] [stdout]     = note: `#[warn(mismatched_lifetime_syntaxes)]` on by default
[INFO] [stdout] help: use `'_` for type paths
[INFO] [stdout]     |
[INFO] [stdout] 116 |     pub fn decode_line(&mut self, enc: Encoding) -> Cow<'_, str> {
[INFO] [stdout]     |                                                         +++
[INFO] [stdout] 
[INFO] [stdout] 
[INFO] [stdout] warning: hiding a lifetime that's elided elsewhere is confusing
[INFO] [stdout]   --> src/models/field.rs:51:25
[INFO] [stdout]    |
[INFO] [stdout] 51 |     pub fn decode_bytes(&self, encoding: Encoding) -> Cow<str> {
[INFO] [stdout]    |                         ^^^^^                         ^^^^^^^^ the same lifetime is hidden here
[INFO] [stdout]    |                         |
[INFO] [stdout]    |                         the lifetime is elided here
[INFO] [stdout]    |
[INFO] [stdout]    = help: the same lifetime is referred to in inconsistent ways, making the signature confusing
[INFO] [stdout] help: use `'_` for type paths
[INFO] [stdout]    |
[INFO] [stdout] 51 |     pub fn decode_bytes(&self, encoding: Encoding) -> Cow<'_, str> {
[INFO] [stdout]    |                                                           +++
[INFO] [stdout] 
[INFO] [stdout] 
[INFO] [stdout] warning: hiding a lifetime that's elided elsewhere is confusing
[INFO] [stdout]   --> src/models/field.rs:86:31
[INFO] [stdout]    |
[INFO] [stdout] 86 |     pub fn get_as_cow_decoded(&self, encoding: Encoding) -> Cow<str> {
[INFO] [stdout]    |                               ^^^^^                         ^^^^^^^^ the same lifetime is hidden here
[INFO] [stdout]    |                               |
[INFO] [stdout]    |                               the lifetime is elided here
[INFO] [stdout]    |
[INFO] [stdout]    = help: the same lifetime is referred to in inconsistent ways, making the signature confusing
[INFO] [stdout] help: use `'_` for type paths
[INFO] [stdout]    |
[INFO] [stdout] 86 |     pub fn get_as_cow_decoded(&self, encoding: Encoding) -> Cow<'_, str> {
[INFO] [stdout]    |                                                                 +++
[INFO] [stdout] 
[INFO] [stdout] 
[INFO] [stderr]     Finished `release` profile [optimized] target(s) in 2.57s
[INFO] running `Command { std: "docker" "inspect" "b2e28e0c92491d775cbe54fbd2350fe9f0d2d620070909118a9e9febc1afc4ae", kill_on_drop: false }`
[INFO] running `Command { std: "docker" "exec" "-e" "SOURCE_DIR=/opt/rustwide/workdir" "-e" "CARGO_HOME=/opt/rustwide/cargo-home" "-e" "RUSTUP_HOME=/opt/rustwide/rustup-home" "-e" "CARGO_TARGET_DIR=/opt/rustwide/target" "-e" "CARGO_INCREMENTAL=0" "-e" "RUST_BACKTRACE=full" "-e" "RUSTFLAGS=--cap-lints=warn" "-e" "RUSTDOCFLAGS=--cap-lints=warn" "-w" "/opt/rustwide/workdir" "--user" "0:0" "b2e28e0c92491d775cbe54fbd2350fe9f0d2d620070909118a9e9febc1afc4ae" "/opt/rustwide/cargo-home/bin/cargo" "+1.100.0-beta.1" "test" "--frozen" "--release", kill_on_drop: false }`
[INFO] [stderr] warning: csv_lib@1.0.7: 🚨 WARNING: AVX2 not enabled! Compile with: RUSTFLAGS="-C target-cpu=native" o $env:RUSTFLAGS = "-C target-cpu=native" in powershell
[INFO] [stderr] warning: unused import: `find_delimiter_bounds`
[INFO] [stderr]  --> src/models/field.rs:2:36
[INFO] [stderr]   |
[INFO] [stderr] 2 | use crate::helpers::bytes_helper::{find_delimiter_bounds, get_cleaned};
[INFO] [stderr]   |                                    ^^^^^^^^^^^^^^^^^^^^^
[INFO] [stderr]   |
[INFO] [stderr]   = note: `#[warn(unused_imports)]` (part of `#[warn(unused)]`) on by default
[INFO] [stderr] 
[INFO] [stderr] warning: unnecessary `unsafe` block
[INFO] [stderr]   --> src/io/number_parser.rs:54:16
[INFO] [stderr]    |
[INFO] [stderr] 54 |     let zero = unsafe { _mm256_set1_epi8(b'0' as i8) };
[INFO] [stderr]    |                ^^^^^^ unnecessary `unsafe` block
[INFO] [stderr]    |
[INFO] [stderr]    = note: `#[warn(unused_unsafe)]` (part of `#[warn(unused)]`) on by default
[INFO] [stderr] 
[INFO] [stderr] warning: unnecessary `unsafe` block
[INFO] [stderr]   --> src/io/number_parser.rs:56:18
[INFO] [stderr]    |
[INFO] [stderr] 56 |     let digits = unsafe { _mm256_sub_epi8(raw, zero) };
[INFO] [stderr]    |                  ^^^^^^ unnecessary `unsafe` block
[INFO] [stderr] 
[INFO] [stderr] warning: hiding a lifetime that's elided elsewhere is confusing
[INFO] [stderr]    --> src/models/row.rs:116:24
[INFO] [stderr]     |
[INFO] [stderr] 116 |     pub fn decode_line(&mut self, enc: Encoding) -> Cow<str> {
[INFO] [stderr]     |                        ^^^^^^^^^                    ^^^^^^^^ the same lifetime is hidden here
[INFO] [stderr]     |                        |
[INFO] [stderr]     |                        the lifetime is elided here
[INFO] [stderr]     |
[INFO] [stderr]     = help: the same lifetime is referred to in inconsistent ways, making the signature confusing
[INFO] [stderr]     = note: `#[warn(mismatched_lifetime_syntaxes)]` on by default
[INFO] [stderr] help: use `'_` for type paths
[INFO] [stderr]     |
[INFO] [stderr] 116 |     pub fn decode_line(&mut self, enc: Encoding) -> Cow<'_, str> {
[INFO] [stderr]     |                                                         +++
[INFO] [stderr] 
[INFO] [stderr] warning: hiding a lifetime that's elided elsewhere is confusing
[INFO] [stderr]   --> src/models/field.rs:51:25
[INFO] [stderr]    |
[INFO] [stderr] 51 |     pub fn decode_bytes(&self, encoding: Encoding) -> Cow<str> {
[INFO] [stderr]    |                         ^^^^^                         ^^^^^^^^ the same lifetime is hidden here
[INFO] [stderr]    |                         |
[INFO] [stderr]    |                         the lifetime is elided here
[INFO] [stderr]    |
[INFO] [stderr]    = help: the same lifetime is referred to in inconsistent ways, making the signature confusing
[INFO] [stderr] help: use `'_` for type paths
[INFO] [stderr]    |
[INFO] [stderr] 51 |     pub fn decode_bytes(&self, encoding: Encoding) -> Cow<'_, str> {
[INFO] [stderr]    |                                                           +++
[INFO] [stderr] 
[INFO] [stderr] warning: hiding a lifetime that's elided elsewhere is confusing
[INFO] [stderr]   --> src/models/field.rs:86:31
[INFO] [stderr]    |
[INFO] [stderr] 86 |     pub fn get_as_cow_decoded(&self, encoding: Encoding) -> Cow<str> {
[INFO] [stderr]    |                               ^^^^^                         ^^^^^^^^ the same lifetime is hidden here
[INFO] [stderr]    |                               |
[INFO] [stderr]    |                               the lifetime is elided here
[INFO] [stderr]    |
[INFO] [stderr]    = help: the same lifetime is referred to in inconsistent ways, making the signature confusing
[INFO] [stderr] help: use `'_` for type paths
[INFO] [stderr]    |
[INFO] [stderr] 86 |     pub fn get_as_cow_decoded(&self, encoding: Encoding) -> Cow<'_, str> {
[INFO] [stderr]    |                                                                 +++
[INFO] [stderr] 
[INFO] [stderr] warning: `csv_lib` (lib) generated 6 warnings (run `cargo fix --lib -p csv_lib` to apply 4 suggestions)
[INFO] [stderr] warning: `csv_lib` (lib test) generated 6 warnings (6 duplicates)
[INFO] [stderr]     Finished `release` profile [optimized] target(s) in 0.05s
[INFO] [stderr]      Running unittests src/lib.rs (/opt/rustwide/target/release/build/csv_lib/f621bf85f5fe1404/out/csv_lib-f621bf85f5fe1404)
[INFO] [stdout] 
[INFO] [stdout] running 66 tests
[INFO] [stdout] test csv::csv_reader::tests::test_file_raw ... ok
[INFO] [stdout] test csv::csv_writer::tests::test_write_row ... ok
[INFO] [stdout] test csv::csv_writer::tests::test_write_row_fast ... ok
[INFO] [stdout] test decoders::big5::tests::test_decode_big5_scalar_doublebyte ... ok
[INFO] [stdout] test csv::csv_writer::tests::test_write_empty_row ... ok
[INFO] [stdout] test csv::csv_reader::tests::test_open_file_dont_exists ... ok
[INFO] [stdout] test decoders::big5::tests::test_decode_big5_avx2_or_neon_ascii ... ok
[INFO] [stdout] test csv::csv_writer::tests::test_write_row_simd ... ok
[INFO] [stdout] test csv::csv_reader::tests::test_open_correct_file ... FAILED
[INFO] [stdout] test decoders::big5::tests::test_decode_big5_public ... ok
[INFO] [stdout] test decoders::big5::tests::test_decode_big5_scalar_ascii ... ok
[INFO] [stdout] test decoders::gbk::tests::test_decode_gbk_avx2_or_neon_ascii ... ok
[INFO] [stdout] test decoders::koi8r::tests::test_decode_koi8r_avx2_or_neon_valid ... ok
[INFO] [stdout] test decoders::gbk::tests::test_decode_gbk_scalar_multibyte ... ok
[INFO] [stdout] test decoders::latin1::tests::test_decode_latin1_avx2_or_neon_valid ... ok
[INFO] [stdout] test decoders::koi8r::tests::test_decode_koi8r_public ... ok
[INFO] [stdout] test decoders::koi8r::tests::test_decode_koi8r_scalar_extended ... ok
[INFO] [stdout] test decoders::koi8r::tests::test_decode_koi8r_scalar_valid ... ok
[INFO] [stdout] test decoders::gbk::tests::test_decode_gbk_public ... ok
[INFO] [stdout] test decoders::gbk::tests::test_decode_gbk_scalar_ascii ... ok
[INFO] [stdout] test decoders::latin1::tests::test_decode_latin1_public ... ok
[INFO] [stdout] test decoders::latin2::tests::test_decode_latin2_scalar_valid ... ok
[INFO] [stdout] test decoders::latin9::tests::test_decode_latin9_public ... ok
[INFO] [stdout] test decoders::latin1::tests::test_decode_latin1_scalar_extended ... ok
[INFO] [stdout] test decoders::latin2::tests::test_decode_latin2_public ... ok
[INFO] [stdout] test decoders::latin9::tests::test_decode_latin9_avx2_or_neon_valid ... ok
[INFO] [stdout] test decoders::latin9::tests::test_decode_latin9_scalar_valid ... ok
[INFO] [stdout] test decoders::latin1::tests::test_decode_latin1_scalar_valid ... ok
[INFO] [stdout] test decoders::latin2::tests::test_decode_latin2_avx2_or_neon_valid ... ok
[INFO] [stdout] test decoders::latin2::tests::test_decode_latin2_scalar_extended ... ok
[INFO] [stdout] test decoders::latin9::tests::test_decode_latin9_scalar_extended ... ok
[INFO] [stdout] test decoders::shiftjis::tests::test_decode_shiftjis_scalar_ascii ... ok
[INFO] [stdout] test decoders::windows1251::tests::test_decode_windows1251_avx2_or_neon_valid ... ok
[INFO] [stdout] test decoders::windows1251::tests::test_decode_windows1251_public ... ok
[INFO] [stdout] test decoders::windows1251::tests::test_decode_windows1251_scalar_extended ... ok
[INFO] [stdout] test decoders::windows1251::tests::test_decode_windows1251_scalar_valid ... ok
[INFO] [stdout] test decoders::windows1252::tests::test_decode_windows1252_avx2_or_neon_valid ... ok
[INFO] [stdout] test decoders::windows1252::tests::test_decode_windows1252_public ... ok
[INFO] [stdout] test decoders::shiftjis::tests::test_decode_shiftjis_avx2_or_neon_ascii ... ok
[INFO] [stdout] test decoders::shiftjis::tests::test_decode_shiftjis_public ... ok
[INFO] [stdout] test decoders::utf8::tests::test_decode_utf8_scalar_invalid ... ok
[INFO] [stdout] test decoders::utf8::tests::test_decode_utf8_scalar_valid ... ok
[INFO] [stdout] test decoders::windows1252::tests::test_decode_windows1252_scalar_extended ... ok
[INFO] [stdout] test decoders::utf8::tests::test_decode_utf8_avx2_or_neon_valid ... ok
[INFO] [stdout] test encoders::latin2::tests::test_encode_latin2 ... ok
[INFO] [stdout] test decoders::windows1252::tests::test_decode_windows1252_scalar_valid ... ok
[INFO] [stdout] test encoders::koi8r::tests::test_encode_koi8r ... ok
[INFO] [stdout] test decoders::shiftjis::tests::test_decode_shiftjis_scalar_katakana ... ok
[INFO] [stdout] test encoders::latin9::tests::test_encode_latin9 ... ok
[INFO] [stdout] test encoders::shiftjis::tests::test_encode_shiftjis ... ok
[INFO] [stdout] test encoders::windows1251::tests::test_encode_windows1251 ... ok
[INFO] [stdout] test encoders::utf8::tests::test_encode_utf8 ... ok
[INFO] [stdout] test io::number_parser::tests::test_parse_f64 ... ok
[INFO] [stdout] test io::number_parser::tests::test_parse_u32 ... ok
[INFO] [stdout] test io::number_parser::tests::test_parse_i32 ... FAILED
[INFO] [stdout] test encoders::windows1252::tests::test_encode_windows1252 ... ok
[INFO] [stdout] test io::number_parser::tests::test_parse_f32 ... ok
[INFO] [stdout] test test::read_csv_multicore ... FAILED
[INFO] [stdout] test parallel::parallel_reader::tests::test_parallel_read ... FAILED
[INFO] [stdout] test parallel::row_parallel::tests::test_execute_task_in_thread_with_field_extraction ... ok
[INFO] [stdout] test models::in_row_iter::tests::test_iter_next ... ok
[INFO] [stdout] test test::read_csv_one_core ... FAILED
[INFO] [stdout] test encoders::big5::tests::test_encode_big5 ... ok
[INFO] [stdout] test encoders::latin1::tests::test_encode_latin1 ... ok
[INFO] [stdout] test decoders::utf8::tests::test_decode_utf8_public ... ok
[INFO] [stdout] test encoders::gbk::tests::test_encode_gbk ... ok
[INFO] [stdout] 
[INFO] [stdout] failures:
[INFO] [stdout] 
[INFO] [stdout] ---- csv::csv_reader::tests::test_open_correct_file stdout ----
[INFO] [stdout] Performed in :10.32µs
[INFO] [stdout] 
[INFO] [stdout] thread 'csv::csv_reader::tests::test_open_correct_file' (201) panicked at src/csv/csv_reader.rs:253:9:
[INFO] [stdout] assertion failed: file.is_ok()
[INFO] [stdout] stack backtrace:
[INFO] [stdout]    0:     0x64c238ae4bc1 - <<std[617be2ca0a6fd877]::sys::backtrace::BacktraceLock>::print::DisplayBacktrace as core[a373ad73a504971]::fmt::Display>::fmt
[INFO] [stdout]    1:     0x64c238afae6a - core[a373ad73a504971]::fmt::write
[INFO] [stdout]    2:     0x64c238ae8e4c - <alloc[2e1b2a31b91974c5]::vec::Vec<u8> as core[a373ad73a504971]::io::write::Write>::write_fmt
[INFO] [stdout]    3:     0x64c238ac0b26 - std[617be2ca0a6fd877]::panicking::default_hook::{closure#0}
[INFO] [stdout]    4:     0x64c238add049 - std[617be2ca0a6fd877]::panicking::default_hook
[INFO] [stdout]    5:     0x64c238a77f40 - test[aada8e7e76ba119b]::test_main_inner::{closure#0}
[INFO] [stdout]    6:     0x64c238add372 - std[617be2ca0a6fd877]::panicking::panic_with_hook
[INFO] [stdout]    7:     0x64c238ac0c04 - std[617be2ca0a6fd877]::panicking::panic_handler::{closure#0}
[INFO] [stdout]    8:     0x64c238ab98e9 - std[617be2ca0a6fd877]::sys::backtrace::__rust_end_short_backtrace::<std[617be2ca0a6fd877]::panicking::panic_handler::{closure#0}, !>
[INFO] [stdout]    9:     0x64c238ac17dd - __rustc[ea4f61d10b84890b]::rust_begin_unwind
[INFO] [stdout]   10:     0x64c238afb59c - core[a373ad73a504971]::panicking::panic_fmt
[INFO] [stdout]   11:     0x64c238afb562 - core[a373ad73a504971]::panicking::panic
[INFO] [stdout]   12:     0x64c238a646b3 - <csv_lib[74210bf4627ce6d7]::csv::csv_reader::tests::test_open_correct_file::{closure#0} as core[a373ad73a504971]::ops::function::FnOnce<()>>::call_once
[INFO] [stdout]   13:     0x64c238a6b38b - test[aada8e7e76ba119b]::__rust_begin_short_backtrace::<core[a373ad73a504971]::result::Result<(), alloc[2e1b2a31b91974c5]::string::String>, fn() -> core[a373ad73a504971]::result::Result<(), alloc[2e1b2a31b91974c5]::string::String>>
[INFO] [stdout]   14:     0x64c238a78565 - test[aada8e7e76ba119b]::run_test::{closure#0}
[INFO] [stdout]   15:     0x64c238a71e54 - std[617be2ca0a6fd877]::sys::backtrace::__rust_begin_short_backtrace::<test[aada8e7e76ba119b]::run_test::{closure#1}, ()>
[INFO] [stdout]   16:     0x64c238a7b5f2 - <std[617be2ca0a6fd877]::thread::lifecycle::spawn_unchecked<test[aada8e7e76ba119b]::run_test::{closure#1}, ()>::{closure#1} as core[a373ad73a504971]::ops::function::FnOnce<()>>::call_once::{shim:vtable#0}
[INFO] [stdout]   17:     0x64c238ae440f - <std[617be2ca0a6fd877]::sys::thread::unix::Thread>::new::thread_start
[INFO] [stdout]   18:     0x7331f6355dfa - <unknown>
[INFO] [stdout]   19:     0x7331f63e93d4 - clone
[INFO] [stdout]   20:                0x0 - <unknown>
[INFO] [stdout] 
[INFO] [stdout] ---- io::number_parser::tests::test_parse_i32 stdout ----
[INFO] [stdout] 
[INFO] [stdout] thread 'io::number_parser::tests::test_parse_i32' (259) panicked at src/io/number_parser.rs:272:9:
[INFO] [stdout] assertion `left == right` failed
[INFO] [stdout]   left: 253123
[INFO] [stdout]  right: -123
[INFO] [stdout] stack backtrace:
[INFO] [stdout]    0:     0x64c238ae4bc1 - <<std[617be2ca0a6fd877]::sys::backtrace::BacktraceLock>::print::DisplayBacktrace as core[a373ad73a504971]::fmt::Display>::fmt
[INFO] [stdout]    1:     0x64c238afae6a - core[a373ad73a504971]::fmt::write
[INFO] [stdout]    2:     0x64c238ae8e4c - <alloc[2e1b2a31b91974c5]::vec::Vec<u8> as core[a373ad73a504971]::io::write::Write>::write_fmt
[INFO] [stdout]    3:     0x64c238ac0b26 - std[617be2ca0a6fd877]::panicking::default_hook::{closure#0}
[INFO] [stdout]    4:     0x64c238add049 - std[617be2ca0a6fd877]::panicking::default_hook
[INFO] [stdout]    5:     0x64c238a77f40 - test[aada8e7e76ba119b]::test_main_inner::{closure#0}
[INFO] [stdout]    6:     0x64c238add372 - std[617be2ca0a6fd877]::panicking::panic_with_hook
[INFO] [stdout]    7:     0x64c238ac0bd2 - std[617be2ca0a6fd877]::panicking::panic_handler::{closure#0}
[INFO] [stdout]    8:     0x64c238ab98e9 - std[617be2ca0a6fd877]::sys::backtrace::__rust_end_short_backtrace::<std[617be2ca0a6fd877]::panicking::panic_handler::{closure#0}, !>
[INFO] [stdout]    9:     0x64c238ac17dd - __rustc[ea4f61d10b84890b]::rust_begin_unwind
[INFO] [stdout]   10:     0x64c238afb59c - core[a373ad73a504971]::panicking::panic_fmt
[INFO] [stdout]   11:     0x64c238afb4b3 - core[a373ad73a504971]::panicking::assert_failed_inner
[INFO] [stdout]   12:     0x64c238ab9485 - core[a373ad73a504971]::panicking::assert_failed::<i32, i32>
[INFO] [stdout]   13:     0x64c238a5f49e - <csv_lib[74210bf4627ce6d7]::io::number_parser::tests::test_parse_i32::{closure#0} as core[a373ad73a504971]::ops::function::FnOnce<()>>::call_once
[INFO] [stdout]   14:     0x64c238a6b38b - test[aada8e7e76ba119b]::__rust_begin_short_backtrace::<core[a373ad73a504971]::result::Result<(), alloc[2e1b2a31b91974c5]::string::String>, fn() -> core[a373ad73a504971]::result::Result<(), alloc[2e1b2a31b91974c5]::string::String>>
[INFO] [stdout]   15:     0x64c238a78565 - test[aada8e7e76ba119b]::run_test::{closure#0}
[INFO] [stdout]   16:     0x64c238a71e54 - std[617be2ca0a6fd877]::sys::backtrace::__rust_begin_short_backtrace::<test[aada8e7e76ba119b]::run_test::{closure#1}, ()>
[INFO] [stdout]   17:     0x64c238a7b5f2 - <std[617be2ca0a6fd877]::thread::lifecycle::spawn_unchecked<test[aada8e7e76ba119b]::run_test::{closure#1}, ()>::{closure#1} as core[a373ad73a504971]::ops::function::FnOnce<()>>::call_once::{shim:vtable#0}
[INFO] [stdout]   18:     0x64c238ae440f - <std[617be2ca0a6fd877]::sys::thread::unix::Thread>::new::thread_start
[INFO] [stdout]   19:     0x7331f6355dfa - <unknown>
[INFO] [stdout]   20:     0x7331f63e93d4 - clone
[INFO] [stdout]   21:                0x0 - <unknown>
[INFO] [stdout] 
[INFO] [stdout] ---- test::read_csv_multicore stdout ----
[INFO] [stdout] 
[INFO] [stdout] thread 'test::read_csv_multicore' (264) panicked at src/lib.rs:113:23:
[INFO] [stdout] File Error: Cannot open file. Detail: No such file or directory (os error 2)
[INFO] [stdout] stack backtrace:
[INFO] [stdout]    0:     0x64c238ae4bc1 - <<std[617be2ca0a6fd877]::sys::backtrace::BacktraceLock>::print::DisplayBacktrace as core[a373ad73a504971]::fmt::Display>::fmt
[INFO] [stdout]    1:     0x64c238afae6a - core[a373ad73a504971]::fmt::write
[INFO] [stdout]    2:     0x64c238ae8e4c - <alloc[2e1b2a31b91974c5]::vec::Vec<u8> as core[a373ad73a504971]::io::write::Write>::write_fmt
[INFO] [stdout]    3:     0x64c238ac0b26 - std[617be2ca0a6fd877]::panicking::default_hook::{closure#0}
[INFO] [stdout]    4:     0x64c238add049 - std[617be2ca0a6fd877]::panicking::default_hook
[INFO] [stdout]    5:     0x64c238a77f40 - test[aada8e7e76ba119b]::test_main_inner::{closure#0}
[INFO] [stdout]    6:     0x64c238add372 - std[617be2ca0a6fd877]::panicking::panic_with_hook
[INFO] [stdout]    7:     0x64c238ac0bd2 - std[617be2ca0a6fd877]::panicking::panic_handler::{closure#0}
[INFO] [stdout]    8:     0x64c238ab98e9 - std[617be2ca0a6fd877]::sys::backtrace::__rust_end_short_backtrace::<std[617be2ca0a6fd877]::panicking::panic_handler::{closure#0}, !>
[INFO] [stdout]    9:     0x64c238ac17dd - __rustc[ea4f61d10b84890b]::rust_begin_unwind
[INFO] [stdout]   10:     0x64c238afb59c - core[a373ad73a504971]::panicking::panic_fmt
[INFO] [stdout]   11:     0x64c238a5b6c2 - <csv_lib[74210bf4627ce6d7]::test::read_csv_multicore::{closure#0} as core[a373ad73a504971]::ops::function::FnOnce<()>>::call_once
[INFO] [stdout]   12:     0x64c238a6b38b - test[aada8e7e76ba119b]::__rust_begin_short_backtrace::<core[a373ad73a504971]::result::Result<(), alloc[2e1b2a31b91974c5]::string::String>, fn() -> core[a373ad73a504971]::result::Result<(), alloc[2e1b2a31b91974c5]::string::String>>
[INFO] [stdout]   13:     0x64c238a78565 - test[aada8e7e76ba119b]::run_test::{closure#0}
[INFO] [stdout]   14:     0x64c238a71e54 - std[617be2ca0a6fd877]::sys::backtrace::__rust_begin_short_backtrace::<test[aada8e7e76ba119b]::run_test::{closure#1}, ()>
[INFO] [stdout]   15:     0x64c238a7b5f2 - <std[617be2ca0a6fd877]::thread::lifecycle::spawn_unchecked<test[aada8e7e76ba119b]::run_test::{closure#1}, ()>::{closure#1} as core[a373ad73a504971]::ops::function::FnOnce<()>>::call_once::{shim:vtable#0}
[INFO] [stdout]   16:     0x64c238ae440f - <std[617be2ca0a6fd877]::sys::thread::unix::Thread>::new::thread_start
[INFO] [stdout]   17:     0x7331f6355dfa - <unknown>
[INFO] [stdout]   18:     0x7331f63e93d4 - clone
[INFO] [stdout]   19:                0x0 - <unknown>
[INFO] [stdout] 
[INFO] [stdout] ---- parallel::parallel_reader::tests::test_parallel_read stdout ----
[INFO] [stdout] 
[INFO] [stdout] thread 'parallel::parallel_reader::tests::test_parallel_read' (262) panicked at src/parallel/parallel_reader.rs:77:23:
[INFO] [stdout] File Error: Cannot open file. Detail: No such file or directory (os error 2)
[INFO] [stdout] stack backtrace:
[INFO] [stdout]    0:     0x64c238ae4bc1 - <<std[617be2ca0a6fd877]::sys::backtrace::BacktraceLock>::print::DisplayBacktrace as core[a373ad73a504971]::fmt::Display>::fmt
[INFO] [stdout]    1:     0x64c238afae6a - core[a373ad73a504971]::fmt::write
[INFO] [stdout]    2:     0x64c238ae8e4c - <alloc[2e1b2a31b91974c5]::vec::Vec<u8> as core[a373ad73a504971]::io::write::Write>::write_fmt
[INFO] [stdout]    3:     0x64c238ac0b26 - std[617be2ca0a6fd877]::panicking::default_hook::{closure#0}
[INFO] [stdout]    4:     0x64c238add049 - std[617be2ca0a6fd877]::panicking::default_hook
[INFO] [stdout]    5:     0x64c238a77f40 - test[aada8e7e76ba119b]::test_main_inner::{closure#0}
[INFO] [stdout]    6:     0x64c238add372 - std[617be2ca0a6fd877]::panicking::panic_with_hook
[INFO] [stdout]    7:     0x64c238ac0bd2 - std[617be2ca0a6fd877]::panicking::panic_handler::{closure#0}
[INFO] [stdout]    8:     0x64c238ab98e9 - std[617be2ca0a6fd877]::sys::backtrace::__rust_end_short_backtrace::<std[617be2ca0a6fd877]::panicking::panic_handler::{closure#0}, !>
[INFO] [stdout]    9:     0x64c238ac17dd - __rustc[ea4f61d10b84890b]::rust_begin_unwind
[INFO] [stdout]   10:     0x64c238afb59c - core[a373ad73a504971]::panicking::panic_fmt
[INFO] [stdout]   11:     0x64c238a5c1e2 - <csv_lib[74210bf4627ce6d7]::parallel::parallel_reader::tests::test_parallel_read::{closure#0} as core[a373ad73a504971]::ops::function::FnOnce<()>>::call_once
[INFO] [stdout]   12:     0x64c238a6b38b - test[aada8e7e76ba119b]::__rust_begin_short_backtrace::<core[a373ad73a504971]::result::Result<(), alloc[2e1b2a31b91974c5]::string::String>, fn() -> core[a373ad73a504971]::result::Result<(), alloc[2e1b2a31b91974c5]::string::String>>
[INFO] [stdout]   13:     0x64c238a78565 - test[aada8e7e76ba119b]::run_test::{closure#0}
[INFO] [stdout]   14:     0x64c238a71e54 - std[617be2ca0a6fd877]::sys::backtrace::__rust_begin_short_backtrace::<test[aada8e7e76ba119b]::run_test::{closure#1}, ()>
[INFO] [stdout]   15:     0x64c238a7b5f2 - <std[617be2ca0a6fd877]::thread::lifecycle::spawn_unchecked<test[aada8e7e76ba119b]::run_test::{closure#1}, ()>::{closure#1} as core[a373ad73a504971]::ops::function::FnOnce<()>>::call_once::{shim:vtable#0}
[INFO] [stdout]   16:     0x64c238ae440f - <std[617be2ca0a6fd877]::sys::thread::unix::Thread>::new::thread_start
[INFO] [stdout]   17:     0x7331f6355dfa - <unknown>
[INFO] [stdout]   18:     0x7331f63e93d4 - clone
[INFO] [stdout]   19:                0x0 - <unknown>
[INFO] [stdout] 
[INFO] [stdout] ---- test::read_csv_one_core stdout ----
[INFO] [stdout] 
[INFO] [stdout] thread 'test::read_csv_one_core' (265) panicked at src/lib.rs:71:23:
[INFO] [stdout] File Error: Cannot open file. Detail: No such file or directory (os error 2)
[INFO] [stdout] stack backtrace:
[INFO] [stdout]    0:     0x64c238ae4bc1 - <<std[617be2ca0a6fd877]::sys::backtrace::BacktraceLock>::print::DisplayBacktrace as core[a373ad73a504971]::fmt::Display>::fmt
[INFO] [stdout]    1:     0x64c238afae6a - core[a373ad73a504971]::fmt::write
[INFO] [stdout]    2:     0x64c238ae8e4c - <alloc[2e1b2a31b91974c5]::vec::Vec<u8> as core[a373ad73a504971]::io::write::Write>::write_fmt
[INFO] [stdout]    3:     0x64c238ac0b26 - std[617be2ca0a6fd877]::panicking::default_hook::{closure#0}
[INFO] [stdout]    4:     0x64c238add049 - std[617be2ca0a6fd877]::panicking::default_hook
[INFO] [stdout]    5:     0x64c238a77f40 - test[aada8e7e76ba119b]::test_main_inner::{closure#0}
[INFO] [stdout]    6:     0x64c238add372 - std[617be2ca0a6fd877]::panicking::panic_with_hook
[INFO] [stdout]    7:     0x64c238ac0bd2 - std[617be2ca0a6fd877]::panicking::panic_handler::{closure#0}
[INFO] [stdout]    8:     0x64c238ab98e9 - std[617be2ca0a6fd877]::sys::backtrace::__rust_end_short_backtrace::<std[617be2ca0a6fd877]::panicking::panic_handler::{closure#0}, !>
[INFO] [stdout]    9:     0x64c238ac17dd - __rustc[ea4f61d10b84890b]::rust_begin_unwind
[INFO] [stdout]   10:     0x64c238afb59c - core[a373ad73a504971]::panicking::panic_fmt
[INFO] [stdout]   11:     0x64c238a5b3d5 - <csv_lib[74210bf4627ce6d7]::test::read_csv_one_core::{closure#0} as core[a373ad73a504971]::ops::function::FnOnce<()>>::call_once
[INFO] [stdout]   12:     0x64c238a6b38b - test[aada8e7e76ba119b]::__rust_begin_short_backtrace::<core[a373ad73a504971]::result::Result<(), alloc[2e1b2a31b91974c5]::string::String>, fn() -> core[a373ad73a504971]::result::Result<(), alloc[2e1b2a31b91974c5]::string::String>>
[INFO] [stdout]   13:     0x64c238a78565 - test[aada8e7e76ba119b]::run_test::{closure#0}
[INFO] [stdout]   14:     0x64c238a71e54 - std[617be2ca0a6fd877]::sys::backtrace::__rust_begin_short_backtrace::<test[aada8e7e76ba119b]::run_test::{closure#1}, ()>
[INFO] [stdout]   15:     0x64c238a7b5f2 - <std[617be2ca0a6fd877]::thread::lifecycle::spawn_unchecked<test[aada8e7e76ba119b]::run_test::{closure#1}, ()>::{closure#1} as core[a373ad73a504971]::ops::function::FnOnce<()>>::call_once::{shim:vtable#0}
[INFO] [stdout]   16:     0x64c238ae440f - <std[617be2ca0a6fd877]::sys::thread::unix::Thread>::new::thread_start
[INFO] [stdout]   17:     0x7331f6355dfa - <unknown>
[INFO] [stdout]   18:     0x7331f63e93d4 - clone
[INFO] [stdout]   19:                0x0 - <unknown>
[INFO] [stdout] 
[INFO] [stdout] 
[INFO] [stdout] failures:
[INFO] [stdout]     csv::csv_reader::tests::test_open_correct_file
[INFO] [stdout]     io::number_parser::tests::test_parse_i32
[INFO] [stdout]     parallel::parallel_reader::tests::test_parallel_read
[INFO] [stdout]     test::read_csv_multicore
[INFO] [stdout]     test::read_csv_one_core
[INFO] [stdout] 
[INFO] [stdout] test result: FAILED. 61 passed; 5 failed; 0 ignored; 0 measured; 0 filtered out; finished in 0.03s
[INFO] [stdout] 
[INFO] [stderr] error: test failed, to rerun pass `--lib`
[INFO] running `Command { std: "docker" "inspect" "b2e28e0c92491d775cbe54fbd2350fe9f0d2d620070909118a9e9febc1afc4ae", kill_on_drop: false }`
[INFO] running `Command { std: "docker" "rm" "-f" "b2e28e0c92491d775cbe54fbd2350fe9f0d2d620070909118a9e9febc1afc4ae", kill_on_drop: false }`
[INFO] [stdout] b2e28e0c92491d775cbe54fbd2350fe9f0d2d620070909118a9e9febc1afc4ae
