[INFO] fetching crate csv_converter 1.0.1...
[INFO] testing csv_converter-1.0.1 against 1.99.0-beta.8+cargoflags=--release for beta-release-1.100-2
[INFO] extracting crate csv_converter 1.0.1 into /workspace/builds/worker-5-tc1/source
[INFO] removed /workspace/builds/worker-5-tc1/source/rust-toolchain.toml
[INFO] started tweaking crates.io crate csv_converter 1.0.1
[INFO] removed 0 missing tests
[INFO] finished tweaking crates.io crate csv_converter 1.0.1
[INFO] tweaked toml for crates.io crate csv_converter 1.0.1 written to /workspace/builds/worker-5-tc1/source/Cargo.toml
[INFO] validating manifest of crates.io crate csv_converter 1.0.1 on toolchain 1.99.0-beta.8
[INFO] running `Command { std: CARGO_HOME="/workspace/cargo-home" RUSTUP_HOME="/workspace/rustup-home" "/workspace/cargo-home/bin/cargo" "+1.99.0-beta.8" "metadata" "--manifest-path" "Cargo.toml" "--no-deps", kill_on_drop: false }`
[INFO] crate crates.io crate csv_converter 1.0.1 already has a lockfile, it will not be regenerated
[INFO] running `Command { std: CARGO_HOME="/workspace/cargo-home" RUSTUP_HOME="/workspace/rustup-home" "/workspace/cargo-home/bin/cargo" "+1.99.0-beta.8" "fetch" "--manifest-path" "Cargo.toml", kill_on_drop: false }`
[INFO] running `Command { std: "docker" "create" "-v" "/var/lib/crater-agent-workspace/builds/worker-5-tc1/source:/opt/rustwide/workdir:ro,Z" "-v" "/var/lib/crater-agent-workspace/builds/worker-5-tc1/target:/opt/rustwide/target:rw,Z" "-v" "/var/lib/crater-agent-workspace/cargo-home:/opt/rustwide/cargo-home:ro,Z" "-v" "/var/lib/crater-agent-workspace/rustup-home:/opt/rustwide/rustup-home:ro,Z" "-m" "1610612736" "--network" "none" "ghcr.io/rust-lang/crates-build-env/linux@sha256:77db811e55d90add9212f6832c23229e3de5f1c1f9905e8cb07319ea15df73ac" "sleep" "infinity", kill_on_drop: false }`
[INFO] [stdout] 014c6e183fed6eac8dbe8f616756ff1170394838664646229d8ed1cd85e90e43
[INFO] running `Command { std: "docker" "start" "014c6e183fed6eac8dbe8f616756ff1170394838664646229d8ed1cd85e90e43", kill_on_drop: false }`
[INFO] running `Command { std: "docker" "inspect" "014c6e183fed6eac8dbe8f616756ff1170394838664646229d8ed1cd85e90e43", kill_on_drop: false }`
[INFO] running `Command { std: "docker" "exec" "-e" "SOURCE_DIR=/opt/rustwide/workdir" "-e" "CARGO_HOME=/opt/rustwide/cargo-home" "-e" "RUSTUP_HOME=/opt/rustwide/rustup-home" "-e" "CARGO_TARGET_DIR=/opt/rustwide/target" "-w" "/opt/rustwide/workdir" "--user" "0:0" "014c6e183fed6eac8dbe8f616756ff1170394838664646229d8ed1cd85e90e43" "/opt/rustwide/cargo-home/bin/cargo" "+1.99.0-beta.8" "metadata" "--no-deps" "--format-version=1", kill_on_drop: false }`
[INFO] running `Command { std: "docker" "inspect" "014c6e183fed6eac8dbe8f616756ff1170394838664646229d8ed1cd85e90e43", kill_on_drop: false }`
[INFO] running `Command { std: "docker" "exec" "-e" "SOURCE_DIR=/opt/rustwide/workdir" "-e" "CARGO_HOME=/opt/rustwide/cargo-home" "-e" "RUSTUP_HOME=/opt/rustwide/rustup-home" "-e" "CARGO_TARGET_DIR=/opt/rustwide/target" "-e" "CARGO_INCREMENTAL=0" "-e" "RUST_BACKTRACE=full" "-e" "RUSTFLAGS=--cap-lints=warn" "-e" "RUSTDOCFLAGS=--cap-lints=warn" "-w" "/opt/rustwide/workdir" "--user" "0:0" "014c6e183fed6eac8dbe8f616756ff1170394838664646229d8ed1cd85e90e43" "/opt/rustwide/cargo-home/bin/cargo" "+1.99.0-beta.8" "build" "--frozen" "--message-format=json" "--release", kill_on_drop: false }`
[INFO] [stderr]    Compiling csv_converter v1.0.1 (/opt/rustwide/workdir)
[INFO] [stderr]     Finished `release` profile [optimized] target(s) in 2.98s
[INFO] running `Command { std: "docker" "inspect" "014c6e183fed6eac8dbe8f616756ff1170394838664646229d8ed1cd85e90e43", kill_on_drop: false }`
[INFO] running `Command { std: "docker" "exec" "-e" "SOURCE_DIR=/opt/rustwide/workdir" "-e" "CARGO_HOME=/opt/rustwide/cargo-home" "-e" "RUSTUP_HOME=/opt/rustwide/rustup-home" "-e" "CARGO_TARGET_DIR=/opt/rustwide/target" "-e" "CARGO_INCREMENTAL=0" "-e" "RUST_BACKTRACE=full" "-e" "RUSTFLAGS=--cap-lints=warn" "-e" "RUSTDOCFLAGS=--cap-lints=warn" "-w" "/opt/rustwide/workdir" "--user" "0:0" "014c6e183fed6eac8dbe8f616756ff1170394838664646229d8ed1cd85e90e43" "/opt/rustwide/cargo-home/bin/cargo" "+1.99.0-beta.8" "test" "--frozen" "--no-run" "--message-format=json" "--release", kill_on_drop: false }`
[INFO] [stderr]    Compiling csv_converter v1.0.1 (/opt/rustwide/workdir)
[INFO] [stderr]     Finished `release` profile [optimized] target(s) in 5.01s
[INFO] running `Command { std: "docker" "inspect" "014c6e183fed6eac8dbe8f616756ff1170394838664646229d8ed1cd85e90e43", kill_on_drop: false }`
[INFO] running `Command { std: "docker" "exec" "-e" "SOURCE_DIR=/opt/rustwide/workdir" "-e" "CARGO_HOME=/opt/rustwide/cargo-home" "-e" "RUSTUP_HOME=/opt/rustwide/rustup-home" "-e" "CARGO_TARGET_DIR=/opt/rustwide/target" "-e" "CARGO_INCREMENTAL=0" "-e" "RUST_BACKTRACE=full" "-e" "RUSTFLAGS=--cap-lints=warn" "-e" "RUSTDOCFLAGS=--cap-lints=warn" "-w" "/opt/rustwide/workdir" "--user" "0:0" "014c6e183fed6eac8dbe8f616756ff1170394838664646229d8ed1cd85e90e43" "/opt/rustwide/cargo-home/bin/cargo" "+1.99.0-beta.8" "test" "--frozen" "--release", kill_on_drop: false }`
[INFO] [stderr]     Finished `release` profile [optimized] target(s) in 0.02s
[INFO] [stderr]      Running unittests src/lib.rs (/opt/rustwide/target/release/deps/csv_converter-a92eb56f41033e19)
[INFO] [stdout] 
[INFO] [stdout] running 42 tests
[INFO] [stdout] test cli::tests::parsing_args_longform_test ... ok
[INFO] [stdout] test config::tests::conditional_greaterthan_test ... ok
[INFO] [stdout] test config::tests::conditional_contains_test ... ok
[INFO] [stdout] test config::tests::conditional_isnumeric_test ... ok
[INFO] [stdout] test config::tests::conditional_notequals_test ... ok
[INFO] [stdout] test config::tests::conditional_equals_test ... ok
[INFO] [stdout] test config::tests::filter_test ... ok
[INFO] [stdout] test cli::tests::parsing_args_shortcut_test ... ok
[INFO] [stdout] test cli::tests::missing_config_shortcut_test - should panic ... ok
[INFO] [stdout] test config::tests::conditional_modulo_test ... ok
[INFO] [stdout] test config::tests::item_parse_test ... ok
[INFO] [stdout] test config::tests::conditional_starteswith_test ... ok
[INFO] [stdout] test config::tests::length_test ... ok
[INFO] [stdout] test cli::tests::missing_output_shortcut_test - should panic ... ok
[INFO] [stdout] test config::tests::filter_parsing_test ... ok
[INFO] [stdout] test config::tests::append_test ... ok
[INFO] [stdout] test cli::tests::missing_all_test - should panic ... ok
[INFO] [stdout] test config::tests::conditional_lessthan_test ... ok
[INFO] [stdout] test config::tests::conditional_isnotempty_test ... ok
[INFO] [stdout] test config::tests::lower_case_test ... ok
[INFO] [stdout] test config::tests::new_test ... ok
[INFO] [stdout] test config::tests::prepend_test ... ok
[INFO] [stdout] test cli::tests::missing_input_longform_test - should panic ... ok
[INFO] [stdout] test config::tests::sub_string_test ... ok
[INFO] [stdout] test config::tests::replace_test ... ok
[INFO] [stdout] test config::tests::split_test ... ok
[INFO] [stdout] test config::tests::trim_end_test ... ok
[INFO] [stdout] test config::tests::upper_case_test ... ok
[INFO] [stdout] test config::tests::trim_start_test ... ok
[INFO] [stdout] test config::tests::trim_test ... ok
[INFO] [stdout] test process::tests::run_everything_test ... ok
[INFO] [stdout] test csv::tests::csvparser_iterator_test ... ok
[INFO] [stdout] test config::tests::conditional_endswith_test ... ok
[INFO] [stdout] test config::tests::conditional_isempty_test ... ok
[INFO] [stdout] test process::tests::run_value_test ... ok
[INFO] [stdout] test process::tests::run_multiple_lines_test ... ok
[INFO] [stdout] test process::tests::skip_line_test ... ok
[INFO] [stdout] test csv::tests::export_test ... ok
[INFO] [stdout] test cli::tests::missing_input_shortcut_test - should panic ... ok
[INFO] [stdout] test csv::tests::quote_csv_cell_test ... ok
[INFO] [stdout] test cli::tests::missing_output_longform_test - should panic ... ok
[INFO] [stdout] test process::tests::run_cell_test ... ok
[INFO] [stdout] 
[INFO] [stdout] test result: ok. 42 passed; 0 failed; 0 ignored; 0 measured; 0 filtered out; finished in 0.01s
[INFO] [stdout] 
[INFO] [stderr]      Running unittests src/main.rs (/opt/rustwide/target/release/deps/csv_converter-c8caefa9908576fc)
[INFO] [stdout] 
[INFO] [stdout] running 42 tests
[INFO] [stdout] test config::tests::conditional_contains_test ... ok
[INFO] [stdout] test config::tests::conditional_isnotempty_test ... ok
[INFO] [stdout] test cli::tests::missing_input_longform_test - should panic ... ok
[INFO] [stdout] test cli::tests::missing_input_shortcut_test - should panic ... ok
[INFO] [stdout] test cli::tests::parsing_args_shortcut_test ... ok
[INFO] [stdout] test cli::tests::missing_all_test - should panic ... ok
[INFO] [stdout] test config::tests::conditional_isnumeric_test ... ok
[INFO] [stdout] test config::tests::conditional_greaterthan_test ... ok
[INFO] [stdout] test cli::tests::parsing_args_longform_test ... ok
[INFO] [stdout] test cli::tests::missing_config_shortcut_test - should panic ... ok
[INFO] [stdout] test config::tests::conditional_starteswith_test ... ok
[INFO] [stdout] test config::tests::append_test ... ok
[INFO] [stdout] test cli::tests::missing_output_longform_test - should panic ... ok
[INFO] [stdout] test config::tests::filter_parsing_test ... ok
[INFO] [stdout] test config::tests::conditional_equals_test ... ok
[INFO] [stdout] test config::tests::conditional_notequals_test ... ok
[INFO] [stdout] test config::tests::prepend_test ... ok
[INFO] [stdout] test config::tests::length_test ... ok
[INFO] [stdout] test config::tests::trim_start_test ... ok
[INFO] [stdout] test config::tests::conditional_isempty_test ... ok
[INFO] [stdout] test config::tests::conditional_endswith_test ... ok
[INFO] [stdout] test csv::tests::export_test ... ok
[INFO] [stdout] test csv::tests::quote_csv_cell_test ... ok
[INFO] [stdout] test process::tests::run_cell_test ... ok
[INFO] [stdout] test process::tests::run_everything_test ... ok
[INFO] [stdout] test process::tests::run_multiple_lines_test ... ok
[INFO] [stdout] test process::tests::run_value_test ... ok
[INFO] [stdout] test config::tests::trim_test ... ok
[INFO] [stdout] test csv::tests::csvparser_iterator_test ... ok
[INFO] [stdout] test config::tests::upper_case_test ... ok
[INFO] [stdout] test process::tests::skip_line_test ... ok
[INFO] [stdout] test config::tests::split_test ... ok
[INFO] [stdout] test config::tests::replace_test ... ok
[INFO] [stdout] test config::tests::conditional_lessthan_test ... ok
[INFO] [stdout] test config::tests::conditional_modulo_test ... ok
[INFO] [stdout] test config::tests::filter_test ... ok
[INFO] [stdout] test config::tests::item_parse_test ... ok
[INFO] [stdout] test config::tests::lower_case_test ... ok
[INFO] [stdout] test cli::tests::missing_output_shortcut_test - should panic ... ok
[INFO] [stdout] test config::tests::new_test ... ok
[INFO] [stdout] test config::tests::sub_string_test ... ok
[INFO] [stdout] test config::tests::trim_end_test ... ok
[INFO] [stdout] 
[INFO] [stdout] test result: ok. 42 passed; 0 failed; 0 ignored; 0 measured; 0 filtered out; finished in 0.01s
[INFO] [stdout] 
[INFO] [stderr]      Running tests/end2end_test.rs (/opt/rustwide/target/release/deps/end2end_test-4eb0abce6c4ab41a)
[INFO] [stdout] 
[INFO] [stdout] running 1 test
[INFO] [stdout] test test_csv_converter_end_to_end ... FAILED
[INFO] [stderr] error: test failed, to rerun pass `--test end2end_test`
[INFO] [stdout] 
[INFO] [stdout] failures:
[INFO] [stdout] 
[INFO] [stdout] ---- test_csv_converter_end_to_end stdout ----
[INFO] [stdout] 
[INFO] [stdout] thread 'test_csv_converter_end_to_end' (362) panicked at tests/end2end_test.rs:26:5:
[INFO] [stdout] csv_converter did not run successfully:  [31mERROR[39m [33m[33mI/O[39m:[39m Could not create output file "tests/output.csv": "[31mRead-only file system (os error 30)[39m"
[INFO] [stdout] 
[INFO] [stdout] stack backtrace:
[INFO] [stdout]    0:     0x63c0039959e1 - <<std[70759c8f55707aa4]::sys::backtrace::BacktraceLock>::print::DisplayBacktrace as core[df12db4294e9bfd3]::fmt::Display>::fmt
[INFO] [stdout]    1:     0x63c0039a9c8a - core[df12db4294e9bfd3]::fmt::write
[INFO] [stdout]    2:     0x63c003999e7c - <alloc[2182bb758b4b3781]::vec::Vec<u8> as core[df12db4294e9bfd3]::io::write::Write>::write_fmt
[INFO] [stdout]    3:     0x63c003971a86 - std[70759c8f55707aa4]::panicking::default_hook::{closure#0}
[INFO] [stdout]    4:     0x63c00398dcf9 - std[70759c8f55707aa4]::panicking::default_hook
[INFO] [stdout]    5:     0x63c003929a80 - test[9d35eded1c95d3be]::test_main_inner::<test[9d35eded1c95d3be]::test_main_static::{closure#0}>::{closure#0}
[INFO] [stdout]    6:     0x63c00398deb2 - std[70759c8f55707aa4]::panicking::panic_with_hook
[INFO] [stdout]    7:     0x63c003971b32 - std[70759c8f55707aa4]::panicking::panic_handler::{closure#0}
[INFO] [stdout]    8:     0x63c00396a679 - std[70759c8f55707aa4]::sys::backtrace::__rust_end_short_backtrace::<std[70759c8f55707aa4]::panicking::panic_handler::{closure#0}, !>
[INFO] [stdout]    9:     0x63c00397272d - __rustc[8fa7c3cbc660c2b3]::rust_begin_unwind
[INFO] [stdout]   10:     0x63c0039aa3bc - core[df12db4294e9bfd3]::panicking::panic_fmt
[INFO] [stdout]   11:     0x63c00391cb39 - <end2end_test[81c77a3cc6b7b39f]::test_csv_converter_end_to_end::{closure#0} as core[df12db4294e9bfd3]::ops::function::FnOnce<()>>::call_once
[INFO] [stdout]   12:     0x63c00391cd6b - test[9d35eded1c95d3be]::__rust_begin_short_backtrace::<core[df12db4294e9bfd3]::result::Result<(), alloc[2182bb758b4b3781]::string::String>, fn() -> core[df12db4294e9bfd3]::result::Result<(), alloc[2182bb758b4b3781]::string::String>>
[INFO] [stdout]   13:     0x63c00392a3d5 - test[9d35eded1c95d3be]::run_test::{closure#0}
[INFO] [stdout]   14:     0x63c003923c94 - std[70759c8f55707aa4]::sys::backtrace::__rust_begin_short_backtrace::<test[9d35eded1c95d3be]::run_test::{closure#1}, ()>
[INFO] [stdout]   15:     0x63c00392d532 - <std[70759c8f55707aa4]::thread::lifecycle::spawn_unchecked<test[9d35eded1c95d3be]::run_test::{closure#1}, ()>::{closure#1} as core[df12db4294e9bfd3]::ops::function::FnOnce<()>>::call_once::{shim:vtable#0}
[INFO] [stdout]   16:     0x63c003994f49 - <std[70759c8f55707aa4]::sys::thread::unix::Thread>::new::thread_start
[INFO] [stdout]   17:     0x772b3564edfa - <unknown>
[INFO] [stdout]   18:     0x772b356e23d4 - clone
[INFO] [stdout]   19:                0x0 - <unknown>
[INFO] [stdout] 
[INFO] [stdout] 
[INFO] [stdout] failures:
[INFO] [stdout]     test_csv_converter_end_to_end
[INFO] [stdout] 
[INFO] [stdout] test result: FAILED. 0 passed; 1 failed; 0 ignored; 0 measured; 0 filtered out; finished in 0.00s
[INFO] [stdout] 
[INFO] running `Command { std: "docker" "inspect" "014c6e183fed6eac8dbe8f616756ff1170394838664646229d8ed1cd85e90e43", kill_on_drop: false }`
[INFO] running `Command { std: "docker" "rm" "-f" "014c6e183fed6eac8dbe8f616756ff1170394838664646229d8ed1cd85e90e43", kill_on_drop: false }`
[INFO] [stdout] 014c6e183fed6eac8dbe8f616756ff1170394838664646229d8ed1cd85e90e43
