[INFO] fetching crate csv2arrow 0.26.1...
[INFO] testing csv2arrow-0.26.1 against 1.99.0-beta.8+cargoflags=--release for beta-release-1.100-2
[INFO] extracting crate csv2arrow 0.26.1 into /workspace/builds/worker-3-tc1/source
[INFO] started tweaking crates.io crate csv2arrow 0.26.1
[INFO] finished tweaking crates.io crate csv2arrow 0.26.1
[INFO] tweaked toml for crates.io crate csv2arrow 0.26.1 written to /workspace/builds/worker-3-tc1/source/Cargo.toml
[INFO] validating manifest of crates.io crate csv2arrow 0.26.1 on toolchain 1.99.0-beta.8
[INFO] running `Command { std: CARGO_HOME="/workspace/cargo-home" RUSTUP_HOME="/workspace/rustup-home" "/workspace/cargo-home/bin/cargo" "+1.99.0-beta.8" "metadata" "--manifest-path" "Cargo.toml" "--no-deps", kill_on_drop: false }`
[INFO] crate crates.io crate csv2arrow 0.26.1 already has a lockfile, it will not be regenerated
[INFO] running `Command { std: CARGO_HOME="/workspace/cargo-home" RUSTUP_HOME="/workspace/rustup-home" "/workspace/cargo-home/bin/cargo" "+1.99.0-beta.8" "fetch" "--manifest-path" "Cargo.toml", kill_on_drop: false }`
[INFO] [stderr]     Updating crates.io index
[INFO] [stderr]  Downloading crates ...
[INFO] [stderr]   Downloaded zmij v1.0.7
[INFO] [stderr]   Downloaded proc-macro2 v1.0.104
[INFO] [stderr]   Downloaded predicates-core v1.0.9
[INFO] [stderr]   Downloaded predicates-tree v1.0.12
[INFO] [stderr]   Downloaded arrow-tools v0.26.1
[INFO] [stderr]   Downloaded lexical-core v1.0.6
[INFO] [stderr]   Downloaded flatbuffers v25.12.19
[INFO] [stderr]   Downloaded assert_cmd v2.1.2
[INFO] [stderr]   Downloaded lexical-parse-integer v1.0.6
[INFO] [stderr]   Downloaded arrow-string v58.1.0
[INFO] [stderr]   Downloaded arrow-csv v58.1.0
[INFO] [stderr]   Downloaded arrow-arith v58.1.0
[INFO] [stderr]   Downloaded arrow-row v58.1.0
[INFO] [stderr]   Downloaded arrow-ord v58.1.0
[INFO] [stderr]   Downloaded lexical-write-integer v1.0.6
[INFO] [stderr]   Downloaded flate2 v1.1.8
[INFO] [stderr]   Downloaded clap v4.5.56
[INFO] [stderr]   Downloaded arrow-data v58.1.0
[INFO] [stderr]   Downloaded arrow-schema v58.1.0
[INFO] [stderr]   Downloaded arrow-json v58.1.0
[INFO] [stderr]   Downloaded arrow v58.1.0
[INFO] [stderr]   Downloaded arrow-select v58.1.0
[INFO] [stderr]   Downloaded arrow-buffer v58.1.0
[INFO] [stderr]   Downloaded lexical-write-float v1.0.6
[INFO] [stderr]   Downloaded lexical-util v1.0.7
[INFO] [stderr]   Downloaded arrow-cast v58.1.0
[INFO] [stderr]   Downloaded arrow-ipc v58.1.0
[INFO] [stderr]   Downloaded lexical-parse-float v1.0.6
[INFO] [stderr]   Downloaded clap_builder v4.5.56
[INFO] [stderr]   Downloaded syn v2.0.112
[INFO] [stderr]   Downloaded arrow-array v58.1.0
[INFO] [stderr]   Downloaded libz-ng-sys v1.1.23
[INFO] running `Command { std: "docker" "create" "-v" "/var/lib/crater-agent-workspace/builds/worker-3-tc1/source:/opt/rustwide/workdir:ro,Z" "-v" "/var/lib/crater-agent-workspace/builds/worker-3-tc1/target:/opt/rustwide/target:rw,Z" "-v" "/var/lib/crater-agent-workspace/cargo-home:/opt/rustwide/cargo-home:ro,Z" "-v" "/var/lib/crater-agent-workspace/rustup-home:/opt/rustwide/rustup-home:ro,Z" "-m" "1610612736" "--network" "none" "ghcr.io/rust-lang/crates-build-env/linux@sha256:77db811e55d90add9212f6832c23229e3de5f1c1f9905e8cb07319ea15df73ac" "sleep" "infinity", kill_on_drop: false }`
[INFO] [stdout] 904dd6f8065d737c5fc4bc425cb8bfc4f596add5c7177676048fc85115ae80f4
[INFO] running `Command { std: "docker" "start" "904dd6f8065d737c5fc4bc425cb8bfc4f596add5c7177676048fc85115ae80f4", kill_on_drop: false }`
[INFO] running `Command { std: "docker" "inspect" "904dd6f8065d737c5fc4bc425cb8bfc4f596add5c7177676048fc85115ae80f4", kill_on_drop: false }`
[INFO] running `Command { std: "docker" "exec" "-e" "SOURCE_DIR=/opt/rustwide/workdir" "-e" "CARGO_HOME=/opt/rustwide/cargo-home" "-e" "RUSTUP_HOME=/opt/rustwide/rustup-home" "-e" "CARGO_TARGET_DIR=/opt/rustwide/target" "-w" "/opt/rustwide/workdir" "--user" "0:0" "904dd6f8065d737c5fc4bc425cb8bfc4f596add5c7177676048fc85115ae80f4" "/opt/rustwide/cargo-home/bin/cargo" "+1.99.0-beta.8" "metadata" "--no-deps" "--format-version=1", kill_on_drop: false }`
[INFO] running `Command { std: "docker" "inspect" "904dd6f8065d737c5fc4bc425cb8bfc4f596add5c7177676048fc85115ae80f4", kill_on_drop: false }`
[INFO] running `Command { std: "docker" "exec" "-e" "SOURCE_DIR=/opt/rustwide/workdir" "-e" "CARGO_HOME=/opt/rustwide/cargo-home" "-e" "RUSTUP_HOME=/opt/rustwide/rustup-home" "-e" "CARGO_TARGET_DIR=/opt/rustwide/target" "-e" "CARGO_INCREMENTAL=0" "-e" "RUST_BACKTRACE=full" "-e" "RUSTFLAGS=--cap-lints=warn" "-e" "RUSTDOCFLAGS=--cap-lints=warn" "-w" "/opt/rustwide/workdir" "--user" "0:0" "904dd6f8065d737c5fc4bc425cb8bfc4f596add5c7177676048fc85115ae80f4" "/opt/rustwide/cargo-home/bin/cargo" "+1.99.0-beta.8" "build" "--frozen" "--message-format=json" "--release", kill_on_drop: false }`
[INFO] [stderr]    Compiling proc-macro2 v1.0.104
[INFO] [stderr]    Compiling quote v1.0.42
[INFO] [stderr]    Compiling libm v0.2.15
[INFO] [stderr]    Compiling serde_core v1.0.228
[INFO] [stderr]    Compiling libc v0.2.178
[INFO] [stderr]    Compiling zerocopy v0.8.31
[INFO] [stderr]    Compiling getrandom v0.3.4
[INFO] [stderr]    Compiling bytes v1.11.0
[INFO] [stderr]    Compiling once_cell v1.21.3
[INFO] [stderr]    Compiling iana-time-zone v0.1.64
[INFO] [stderr]    Compiling num-traits v0.2.19
[INFO] [stderr]    Compiling ahash v0.8.12
[INFO] [stderr]    Compiling lexical-util v1.0.7
[INFO] [stderr]    Compiling find-msvc-tools v0.1.6
[INFO] [stderr]    Compiling semver v1.0.27
[INFO] [stderr]    Compiling regex-syntax v0.8.8
[INFO] [stderr]    Compiling zmij v1.0.7
[INFO] [stderr]    Compiling csv-core v0.1.13
[INFO] [stderr]    Compiling simd-adler32 v0.3.8
[INFO] [stderr]    Compiling bitflags v2.10.0
[INFO] [stderr]    Compiling cc v1.2.51
[INFO] [stderr]    Compiling indexmap v2.12.1
[INFO] [stderr]    Compiling simdutf8 v0.1.5
[INFO] [stderr]    Compiling clap_lex v0.7.6
[INFO] [stderr]    Compiling rustc_version v0.4.1
[INFO] [stderr]    Compiling lexical-parse-integer v1.0.6
[INFO] [stderr]    Compiling lexical-write-integer v1.0.6
[INFO] [stderr]    Compiling miniz_oxide v0.8.9
[INFO] [stderr]    Compiling clap_builder v4.5.56
[INFO] [stderr]    Compiling flatbuffers v25.12.19
[INFO] [stderr]    Compiling lexical-parse-float v1.0.6
[INFO] [stderr]    Compiling lexical-write-float v1.0.6
[INFO] [stderr]    Compiling syn v2.0.112
[INFO] [stderr]    Compiling cmake v0.1.57
[INFO] [stderr]    Compiling lexical-core v1.0.6
[INFO] [stderr]    Compiling libz-ng-sys v1.1.23
[INFO] [stderr]    Compiling regex-automata v0.4.13
[INFO] [stderr]    Compiling num-integer v0.1.46
[INFO] [stderr]    Compiling num-complex v0.4.6
[INFO] [stderr]    Compiling chrono v0.4.42
[INFO] [stderr]    Compiling num-bigint v0.4.6
[INFO] [stderr]    Compiling atoi v2.0.0
[INFO] [stderr]    Compiling serde_json v1.0.149
[INFO] [stderr]    Compiling csv v1.4.0
[INFO] [stderr]    Compiling zerocopy-derive v0.8.31
[INFO] [stderr]    Compiling serde_derive v1.0.228
[INFO] [stderr]    Compiling clap_derive v4.5.55
[INFO] [stderr]    Compiling regex v1.12.2
[INFO] [stderr]    Compiling clap v4.5.56
[INFO] [stderr]    Compiling serde v1.0.228
[INFO] [stderr]    Compiling half v2.7.1
[INFO] [stderr]    Compiling arrow-schema v58.1.0
[INFO] [stderr]    Compiling arrow-buffer v58.1.0
[INFO] [stderr]    Compiling arrow-data v58.1.0
[INFO] [stderr]    Compiling arrow-array v58.1.0
[INFO] [stderr]    Compiling flate2 v1.1.8
[INFO] [stderr]    Compiling arrow-tools v0.26.1
[INFO] [stderr]    Compiling arrow-select v58.1.0
[INFO] [stderr]    Compiling arrow-arith v58.1.0
[INFO] [stderr]    Compiling arrow-row v58.1.0
[INFO] [stderr]    Compiling arrow-ord v58.1.0
[INFO] [stderr]    Compiling arrow-ipc v58.1.0
[INFO] [stderr]    Compiling arrow-string v58.1.0
[INFO] [stderr]    Compiling arrow-cast v58.1.0
[INFO] [stderr]    Compiling arrow-json v58.1.0
[INFO] [stderr]    Compiling arrow-csv v58.1.0
[INFO] [stderr]    Compiling arrow v58.1.0
[INFO] [stderr]    Compiling csv2arrow v0.26.1 (/opt/rustwide/workdir)
[INFO] [stderr]     Finished `release` profile [optimized] target(s) in 3m 37s
[INFO] running `Command { std: "docker" "inspect" "904dd6f8065d737c5fc4bc425cb8bfc4f596add5c7177676048fc85115ae80f4", kill_on_drop: false }`
[INFO] running `Command { std: "docker" "exec" "-e" "SOURCE_DIR=/opt/rustwide/workdir" "-e" "CARGO_HOME=/opt/rustwide/cargo-home" "-e" "RUSTUP_HOME=/opt/rustwide/rustup-home" "-e" "CARGO_TARGET_DIR=/opt/rustwide/target" "-e" "CARGO_INCREMENTAL=0" "-e" "RUST_BACKTRACE=full" "-e" "RUSTFLAGS=--cap-lints=warn" "-e" "RUSTDOCFLAGS=--cap-lints=warn" "-w" "/opt/rustwide/workdir" "--user" "0:0" "904dd6f8065d737c5fc4bc425cb8bfc4f596add5c7177676048fc85115ae80f4" "/opt/rustwide/cargo-home/bin/cargo" "+1.99.0-beta.8" "test" "--frozen" "--no-run" "--message-format=json" "--release", kill_on_drop: false }`
[INFO] [stderr]    Compiling regex-automata v0.4.13
[INFO] [stderr]    Compiling predicates-core v1.0.9
[INFO] [stderr]    Compiling float-cmp v0.10.0
[INFO] [stderr]    Compiling assert_cmd v2.1.2
[INFO] [stderr]    Compiling wait-timeout v0.2.1
[INFO] [stderr]    Compiling predicates-tree v1.0.12
[INFO] [stderr]    Compiling regex v1.12.2
[INFO] [stderr]    Compiling bstr v1.12.1
[INFO] [stderr]    Compiling predicates v3.1.3
[INFO] [stderr]    Compiling arrow-csv v58.1.0
[INFO] [stderr]    Compiling arrow-string v58.1.0
[INFO] [stderr]    Compiling arrow v58.1.0
[INFO] [stderr]    Compiling csv2arrow v0.26.1 (/opt/rustwide/workdir)
[INFO] [stderr]     Finished `release` profile [optimized] target(s) in 27.51s
[INFO] running `Command { std: "docker" "inspect" "904dd6f8065d737c5fc4bc425cb8bfc4f596add5c7177676048fc85115ae80f4", kill_on_drop: false }`
[INFO] running `Command { std: "docker" "exec" "-e" "SOURCE_DIR=/opt/rustwide/workdir" "-e" "CARGO_HOME=/opt/rustwide/cargo-home" "-e" "RUSTUP_HOME=/opt/rustwide/rustup-home" "-e" "CARGO_TARGET_DIR=/opt/rustwide/target" "-e" "CARGO_INCREMENTAL=0" "-e" "RUST_BACKTRACE=full" "-e" "RUSTFLAGS=--cap-lints=warn" "-e" "RUSTDOCFLAGS=--cap-lints=warn" "-w" "/opt/rustwide/workdir" "--user" "0:0" "904dd6f8065d737c5fc4bc425cb8bfc4f596add5c7177676048fc85115ae80f4" "/opt/rustwide/cargo-home/bin/cargo" "+1.99.0-beta.8" "test" "--frozen" "--release", kill_on_drop: false }`
[INFO] [stderr]     Finished `release` profile [optimized] target(s) in 0.11s
[INFO] [stderr]      Running unittests src/main.rs (/opt/rustwide/target/release/deps/csv2arrow-315fcc98b0f50b46)
[INFO] [stdout] 
[INFO] [stdout] running 3 tests
[INFO] [stdout] test test::help ... ok
[INFO] [stdout] test test::get_schema_gz ... FAILED
[INFO] [stdout] test test::get_schema ... FAILED
[INFO] [stdout] 
[INFO] [stdout] failures:
[INFO] [stdout] 
[INFO] [stdout] ---- test::get_schema_gz stdout ----
[INFO] [stdout] 
[INFO] [stdout] thread 'test::get_schema_gz' (2830) panicked at /rustc/dfb0accb7f508ae8be965d8629557221c889dd98/library/core/src/ops/function.rs:250:5:
[INFO] [stdout] Unexpected failure.
[INFO] [stdout] code=1
[INFO] [stdout] stderr=```"Error: IoError(\"No such file or directory (os error 2)\", Os { code: 2, kind: NotFound, message: \"No such file or directory\" })\n"```
[INFO] [stdout] command=`"/opt/rustwide/target/release/csv2arrow" "../../data/simple.csv.gz" "-n"`
[INFO] [stdout] code=1
[INFO] [stdout] stdout=""
[INFO] [stdout] stderr="Error: IoError(\"No such file or directory (os error 2)\", Os { code: 2, kind: NotFound, message: \"No such file or directory\" })\n"
[INFO] [stdout] 
[INFO] [stdout] stack backtrace:
[INFO] [stdout]    0:     0x5ddd1d1c2811 - <<std[70759c8f55707aa4]::sys::backtrace::BacktraceLock>::print::DisplayBacktrace as core[df12db4294e9bfd3]::fmt::Display>::fmt
[INFO] [stdout]    1:     0x5ddd1d1d8fca - core[df12db4294e9bfd3]::fmt::write
[INFO] [stdout]    2:     0x5ddd1d1c7f5c - <alloc[2182bb758b4b3781]::vec::Vec<u8> as core[df12db4294e9bfd3]::io::write::Write>::write_fmt
[INFO] [stdout]    3:     0x5ddd1d19e7f6 - std[70759c8f55707aa4]::panicking::default_hook::{closure#0}
[INFO] [stdout]    4:     0x5ddd1d1bae79 - std[70759c8f55707aa4]::panicking::default_hook
[INFO] [stdout]    5:     0x5ddd1d14e760 - test[9d35eded1c95d3be]::test_main_inner::<test[9d35eded1c95d3be]::test_main_static::{closure#0}>::{closure#0}
[INFO] [stdout]    6:     0x5ddd1d1bb032 - std[70759c8f55707aa4]::panicking::panic_with_hook
[INFO] [stdout]    7:     0x5ddd1d19e8a2 - std[70759c8f55707aa4]::panicking::panic_handler::{closure#0}
[INFO] [stdout]    8:     0x5ddd1d197629 - std[70759c8f55707aa4]::sys::backtrace::__rust_end_short_backtrace::<std[70759c8f55707aa4]::panicking::panic_handler::{closure#0}, !>
[INFO] [stdout]    9:     0x5ddd1d19f49d - __rustc[8fa7c3cbc660c2b3]::rust_begin_unwind
[INFO] [stdout]   10:     0x5ddd1d1d977c - core[df12db4294e9bfd3]::panicking::panic_fmt
[INFO] [stdout]   11:     0x5ddd1d1828e3 - <assert_cmd[aec819ab6153e130]::assert::AssertError>::panic::<assert_cmd[aec819ab6153e130]::assert::Assert>
[INFO] [stdout]   12:     0x5ddd1d182f96 - <assert_cmd[aec819ab6153e130]::assert::Assert>::success
[INFO] [stdout]   13:     0x5ddd1d1413cb - <csv2arrow[15bb04f9c30d2f44]::test::get_schema_gz::{closure#0} as core[df12db4294e9bfd3]::ops::function::FnOnce<()>>::call_once
[INFO] [stdout]   14:     0x5ddd1d141a4b - test[9d35eded1c95d3be]::__rust_begin_short_backtrace::<core[df12db4294e9bfd3]::result::Result<(), alloc[2182bb758b4b3781]::string::String>, fn() -> core[df12db4294e9bfd3]::result::Result<(), alloc[2182bb758b4b3781]::string::String>>
[INFO] [stdout]   15:     0x5ddd1d14f0b5 - test[9d35eded1c95d3be]::run_test::{closure#0}
[INFO] [stdout]   16:     0x5ddd1d148974 - std[70759c8f55707aa4]::sys::backtrace::__rust_begin_short_backtrace::<test[9d35eded1c95d3be]::run_test::{closure#1}, ()>
[INFO] [stdout]   17:     0x5ddd1d152212 - <std[70759c8f55707aa4]::thread::lifecycle::spawn_unchecked<test[9d35eded1c95d3be]::run_test::{closure#1}, ()>::{closure#1} as core[df12db4294e9bfd3]::ops::function::FnOnce<()>>::call_once::{shim:vtable#0}
[INFO] [stdout]   18:     0x5ddd1d1c2069 - <std[70759c8f55707aa4]::sys::thread::unix::Thread>::new::thread_start
[INFO] [stdout]   19:     0x72c0b7f0cdfa - <unknown>
[INFO] [stdout]   20:     0x72c0b7fa03d4 - clone
[INFO] [stdout]   21:                0x0 - <unknown>
[INFO] [stdout] 
[INFO] [stdout] ---- test::get_schema stdout ----
[INFO] [stdout] 
[INFO] [stdout] thread 'test::get_schema' (2829) panicked at /rustc/dfb0accb7f508ae8be965d8629557221c889dd98/library/core/src/ops/function.rs:250:5:
[INFO] [stdout] Unexpected failure.
[INFO] [stdout] code=1
[INFO] [stdout] stderr=```"Error: IoError(\"No such file or directory (os error 2)\", Os { code: 2, kind: NotFound, message: \"No such file or directory\" })\n"```
[INFO] [stdout] command=`"/opt/rustwide/target/release/csv2arrow" "../../data/simple.csv" "-n"`
[INFO] [stdout] code=1
[INFO] [stdout] stdout=""
[INFO] [stdout] stderr="Error: IoError(\"No such file or directory (os error 2)\", Os { code: 2, kind: NotFound, message: \"No such file or directory\" })\n"
[INFO] [stdout] 
[INFO] [stdout] stack backtrace:
[INFO] [stdout]    0:     0x5ddd1d1c2811 - <<std[70759c8f55707aa4]::sys::backtrace::BacktraceLock>::print::DisplayBacktrace as core[df12db4294e9bfd3]::fmt::Display>::fmt
[INFO] [stdout]    1:     0x5ddd1d1d8fca - core[df12db4294e9bfd3]::fmt::write
[INFO] [stdout]    2:     0x5ddd1d1c7f5c - <alloc[2182bb758b4b3781]::vec::Vec<u8> as core[df12db4294e9bfd3]::io::write::Write>::write_fmt
[INFO] [stdout]    3:     0x5ddd1d19e7f6 - std[70759c8f55707aa4]::panicking::default_hook::{closure#0}
[INFO] [stdout]    4:     0x5ddd1d1bae79 - std[70759c8f55707aa4]::panicking::default_hook
[INFO] [stdout]    5:     0x5ddd1d14e760 - test[9d35eded1c95d3be]::test_main_inner::<test[9d35eded1c95d3be]::test_main_static::{closure#0}>::{closure#0}
[INFO] [stdout]    6:     0x5ddd1d1bb032 - std[70759c8f55707aa4]::panicking::panic_with_hook
[INFO] [stdout]    7:     0x5ddd1d19e8a2 - std[70759c8f55707aa4]::panicking::panic_handler::{closure#0}
[INFO] [stdout]    8:     0x5ddd1d197629 - std[70759c8f55707aa4]::sys::backtrace::__rust_end_short_backtrace::<std[70759c8f55707aa4]::panicking::panic_handler::{closure#0}, !>
[INFO] [stdout]    9:     0x5ddd1d19f49d - __rustc[8fa7c3cbc660c2b3]::rust_begin_unwind
[INFO] [stdout]   10:     0x5ddd1d1d977c - core[df12db4294e9bfd3]::panicking::panic_fmt
[INFO] [stdout]   11:     0x5ddd1d1828e3 - <assert_cmd[aec819ab6153e130]::assert::AssertError>::panic::<assert_cmd[aec819ab6153e130]::assert::Assert>
[INFO] [stdout]   12:     0x5ddd1d182f96 - <assert_cmd[aec819ab6153e130]::assert::Assert>::success
[INFO] [stdout]   13:     0x5ddd1d14109b - <csv2arrow[15bb04f9c30d2f44]::test::get_schema::{closure#0} as core[df12db4294e9bfd3]::ops::function::FnOnce<()>>::call_once
[INFO] [stdout]   14:     0x5ddd1d141a4b - test[9d35eded1c95d3be]::__rust_begin_short_backtrace::<core[df12db4294e9bfd3]::result::Result<(), alloc[2182bb758b4b3781]::string::String>, fn() -> core[df12db4294e9bfd3]::result::Result<(), alloc[2182bb758b4b3781]::string::String>>
[INFO] [stdout]   15:     0x5ddd1d14f0b5 - test[9d35eded1c95d3be]::run_test::{closure#0}
[INFO] [stdout]   16:     0x5ddd1d148974 - std[70759c8f55707aa4]::sys::backtrace::__rust_begin_short_backtrace::<test[9d35eded1c95d3be]::run_test::{closure#1}, ()>
[INFO] [stdout]   17:     0x5ddd1d152212 - <std[70759c8f55707aa4]::thread::lifecycle::spawn_unchecked<test[9d35eded1c95d3be]::run_test::{closure#1}, ()>::{closure#1} as core[df12db4294e9bfd3]::ops::function::FnOnce<()>>::call_once::{shim:vtable#0}
[INFO] [stdout]   18:     0x5ddd1d1c2069 - <std[70759c8f55707aa4]::sys::thread::unix::Thread>::new::thread_start
[INFO] [stdout]   19:     0x72c0b7f0cdfa - <unknown>
[INFO] [stdout]   20:     0x72c0b7fa03d4 - clone
[INFO] [stdout]   21:                0x0 - <unknown>
[INFO] [stdout] 
[INFO] [stdout] 
[INFO] [stdout] failures:
[INFO] [stdout]     test::get_schema
[INFO] [stdout]     test::get_schema_gz
[INFO] [stdout] 
[INFO] [stdout] test result: FAILED. 1 passed; 2 failed; 0 ignored; 0 measured; 0 filtered out; finished in 0.01s
[INFO] [stdout] 
[INFO] [stderr] error: test failed, to rerun pass `--bin csv2arrow`
[INFO] running `Command { std: "docker" "inspect" "904dd6f8065d737c5fc4bc425cb8bfc4f596add5c7177676048fc85115ae80f4", kill_on_drop: false }`
[INFO] running `Command { std: "docker" "rm" "-f" "904dd6f8065d737c5fc4bc425cb8bfc4f596add5c7177676048fc85115ae80f4", kill_on_drop: false }`
[INFO] [stdout] 904dd6f8065d737c5fc4bc425cb8bfc4f596add5c7177676048fc85115ae80f4
