[INFO] fetching crate css-inline 0.22.1...
[INFO] testing css-inline-0.22.1 against 1.100.0-beta.1+cargoflags=--release for beta-release-1.100-2
[INFO] extracting crate css-inline 0.22.1 into /workspace/builds/worker-7-tc2/source
[INFO] started tweaking crates.io crate css-inline 0.22.1
[INFO] finished tweaking crates.io crate css-inline 0.22.1
[INFO] tweaked toml for crates.io crate css-inline 0.22.1 written to /workspace/builds/worker-7-tc2/source/Cargo.toml
[INFO] validating manifest of crates.io crate css-inline 0.22.1 on toolchain 1.100.0-beta.1
[INFO] running `Command { std: CARGO_HOME="/workspace/cargo-home" RUSTUP_HOME="/workspace/rustup-home" "/workspace/cargo-home/bin/cargo" "+1.100.0-beta.1" "metadata" "--manifest-path" "Cargo.toml" "--no-deps", kill_on_drop: false }`
[INFO] crate crates.io crate css-inline 0.22.1 already has a lockfile, it will not be regenerated
[INFO] running `Command { std: CARGO_HOME="/workspace/cargo-home" RUSTUP_HOME="/workspace/rustup-home" "/workspace/cargo-home/bin/cargo" "+1.100.0-beta.1" "fetch" "--manifest-path" "Cargo.toml", kill_on_drop: false }`
[INFO] running `Command { std: "docker" "create" "-v" "/var/lib/crater-agent-workspace/builds/worker-7-tc2/source:/opt/rustwide/workdir:ro,Z" "-v" "/var/lib/crater-agent-workspace/builds/worker-7-tc2/target:/opt/rustwide/target:rw,Z" "-v" "/var/lib/crater-agent-workspace/cargo-home:/opt/rustwide/cargo-home:ro,Z" "-v" "/var/lib/crater-agent-workspace/rustup-home:/opt/rustwide/rustup-home:ro,Z" "-m" "1610612736" "--network" "none" "ghcr.io/rust-lang/crates-build-env/linux@sha256:77db811e55d90add9212f6832c23229e3de5f1c1f9905e8cb07319ea15df73ac" "sleep" "infinity", kill_on_drop: false }`
[INFO] [stdout] 8cb7f15b089164d916b4694fa4aecf8aa274aeabd06964997db6f21dd7d805d7
[INFO] running `Command { std: "docker" "start" "8cb7f15b089164d916b4694fa4aecf8aa274aeabd06964997db6f21dd7d805d7", kill_on_drop: false }`
[INFO] running `Command { std: "docker" "inspect" "8cb7f15b089164d916b4694fa4aecf8aa274aeabd06964997db6f21dd7d805d7", kill_on_drop: false }`
[INFO] running `Command { std: "docker" "exec" "-e" "SOURCE_DIR=/opt/rustwide/workdir" "-e" "CARGO_HOME=/opt/rustwide/cargo-home" "-e" "RUSTUP_HOME=/opt/rustwide/rustup-home" "-e" "CARGO_TARGET_DIR=/opt/rustwide/target" "-w" "/opt/rustwide/workdir" "--user" "0:0" "8cb7f15b089164d916b4694fa4aecf8aa274aeabd06964997db6f21dd7d805d7" "/opt/rustwide/cargo-home/bin/cargo" "+1.100.0-beta.1" "metadata" "--no-deps" "--format-version=1", kill_on_drop: false }`
[INFO] running `Command { std: "docker" "inspect" "8cb7f15b089164d916b4694fa4aecf8aa274aeabd06964997db6f21dd7d805d7", kill_on_drop: false }`
[INFO] running `Command { std: "docker" "exec" "-e" "SOURCE_DIR=/opt/rustwide/workdir" "-e" "CARGO_HOME=/opt/rustwide/cargo-home" "-e" "RUSTUP_HOME=/opt/rustwide/rustup-home" "-e" "CARGO_TARGET_DIR=/opt/rustwide/target" "-e" "CARGO_INCREMENTAL=0" "-e" "RUST_BACKTRACE=full" "-e" "RUSTFLAGS=--cap-lints=warn" "-e" "RUSTDOCFLAGS=--cap-lints=warn" "-w" "/opt/rustwide/workdir" "--user" "0:0" "8cb7f15b089164d916b4694fa4aecf8aa274aeabd06964997db6f21dd7d805d7" "/opt/rustwide/cargo-home/bin/cargo" "+1.100.0-beta.1" "build" "--frozen" "--message-format=json" "--release", kill_on_drop: false }`
[INFO] [stderr]    Compiling proc-macro2 v1.0.107
[INFO] [stderr]    Compiling unicode-ident v1.0.27
[INFO] [stderr]    Compiling quote v1.0.47
[INFO] [stderr]    Compiling libc v0.2.190
[INFO] [stderr]    Compiling stable_deref_trait v1.2.1
[INFO] [stderr]    Compiling smallvec v1.16.3
[INFO] [stderr]    Compiling siphasher v1.0.4
[INFO] [stderr]    Compiling cfg-if v1.0.5
[INFO] [stderr]    Compiling fastrand v2.5.0
[INFO] [stderr]    Compiling itoa v1.0.18
[INFO] [stderr]    Compiling bytes v1.12.1
[INFO] [stderr]    Compiling pin-project-lite v0.2.17
[INFO] [stderr]    Compiling find-msvc-tools v0.1.14
[INFO] [stderr]    Compiling futures-core v0.3.34
[INFO] [stderr]    Compiling shlex v2.0.1
[INFO] [stderr]    Compiling writeable v0.6.4
[INFO] [stderr]    Compiling litemap v0.8.3
[INFO] [stderr]    Compiling icu_normalizer_data v2.1.1
[INFO] [stderr]    Compiling icu_properties_data v2.1.2
[INFO] [stderr]    Compiling memchr v2.8.3
[INFO] [stderr]    Compiling phf_shared v0.14.0
[INFO] [stderr]    Compiling percent-encoding v2.3.2
[INFO] [stderr]    Compiling cc v1.8.0
[INFO] [stderr]    Compiling zeroize v1.9.1
[INFO] [stderr]    Compiling futures-sink v0.3.34
[INFO] [stderr]    Compiling once_cell v1.21.4
[INFO] [stderr]    Compiling parking_lot_core v0.9.12
[INFO] [stderr]    Compiling slab v0.4.12
[INFO] [stderr]    Compiling untrusted v0.9.0
[INFO] [stderr]    Compiling rustls-pki-types v1.15.1
[INFO] [stderr]    Compiling phf_generator v0.14.0
[INFO] [stderr]    Compiling futures-task v0.3.34
[INFO] [stderr]    Compiling crossbeam-utils v0.8.23
[INFO] [stderr]    Compiling new_debug_unreachable v1.0.6
[INFO] [stderr]    Compiling scopeguard v1.2.0
[INFO] [stderr]    Compiling futures-io v0.3.34
[INFO] [stderr]    Compiling httparse v1.10.1
[INFO] [stderr]    Compiling lock_api v0.4.14
[INFO] [stderr]    Compiling try-lock v0.2.5
[INFO] [stderr]    Compiling serde_core v1.0.229
[INFO] [stderr]    Compiling phf_codegen v0.14.0
[INFO] [stderr]    Compiling precomputed-hash v0.1.1
[INFO] [stderr]    Compiling crossbeam-epoch v0.9.21
[INFO] [stderr]    Compiling rustls v0.23.45
[INFO] [stderr]    Compiling tower-service v0.3.3
[INFO] [stderr]    Compiling want v0.3.2
[INFO] [stderr]    Compiling tracing-core v0.1.36
[INFO] [stderr]    Compiling form_urlencoded v1.2.2
[INFO] [stderr]    Compiling futures-util v0.3.34
[INFO] [stderr]    Compiling log v0.4.34
[INFO] [stderr]    Compiling crossbeam-deque v0.8.8
[INFO] [stderr]    Compiling utf8_iter v1.0.4
[INFO] [stderr]    Compiling serde v1.0.229
[INFO] [stderr]    Compiling atomic-waker v1.1.2
[INFO] [stderr]    Compiling subtle v2.6.1
[INFO] [stderr]    Compiling futures-channel v0.3.34
[INFO] [stderr]    Compiling sync_wrapper v1.0.2
[INFO] [stderr]    Compiling http v1.5.0
[INFO] [stderr]    Compiling syn v3.0.9
[INFO] [stderr]    Compiling syn v2.0.119
[INFO] [stderr]    Compiling string_cache_codegen v0.11.2
[INFO] [stderr]    Compiling tracing v0.1.44
[INFO] [stderr]    Compiling rayon-core v1.13.0
[INFO] [stderr]    Compiling ipnet v2.12.2
[INFO] [stderr]    Compiling tower-layer v0.3.3
[INFO] [stderr]    Compiling dtoa v1.0.11
[INFO] [stderr]    Compiling bitflags v2.13.2
[INFO] [stderr]    Compiling base64 v0.23.1
[INFO] [stderr]    Compiling dtoa-short v0.3.5
[INFO] [stderr]    Compiling webpki-roots v1.0.9
[INFO] [stderr]    Compiling tendril v0.5.1
[INFO] [stderr]    Compiling foldhash v0.2.0
[INFO] [stderr]    Compiling ryu v1.0.23
[INFO] [stderr]    Compiling web_atoms v0.3.0
[INFO] [stderr]    Compiling servo_arc v0.5.0
[INFO] [stderr]    Compiling rustc-hash v2.1.3
[INFO] [stderr]    Compiling hashbrown v0.17.1
[INFO] [stderr]    Compiling base64 v0.22.1
[INFO] [stderr]    Compiling either v1.19.0
[INFO] [stderr]    Compiling socket2 v0.6.5
[INFO] [stderr]    Compiling mio v1.2.4
[INFO] [stderr]    Compiling getrandom v0.2.17
[INFO] [stderr]    Compiling http-body v1.1.0
[INFO] [stderr]    Compiling http-body-util v0.1.5
[INFO] [stderr]    Compiling ring v0.17.14
[INFO] [stderr]    Compiling parking_lot v0.12.5
[INFO] [stderr]    Compiling tokio v1.53.3
[INFO] [stderr]    Compiling string_cache v0.11.0
[INFO] [stderr]    Compiling rayon v1.12.0
[INFO] [stderr]    Compiling lru v0.18.5
[INFO] [stderr]    Compiling serde_urlencoded v0.7.1
[INFO] [stderr]    Compiling synstructure v0.14.0
[INFO] [stderr]    Compiling zerovec-derive v0.11.6
[INFO] [stderr]    Compiling displaydoc v0.2.7
[INFO] [stderr]    Compiling cssparser-macros v0.7.1
[INFO] [stderr]    Compiling zerofrom-derive v0.1.8
[INFO] [stderr]    Compiling yoke-derive v0.8.4
[INFO] [stderr]    Compiling zerofrom v0.1.8
[INFO] [stderr]    Compiling yoke v0.8.3
[INFO] [stderr]    Compiling phf_macros v0.14.0
[INFO] [stderr]    Compiling derive_more-impl v2.1.1
[INFO] [stderr]    Compiling hyper v1.12.0
[INFO] [stderr]    Compiling tower v0.5.3
[INFO] [stderr]    Compiling zerovec v0.11.8
[INFO] [stderr]    Compiling zerotrie v0.2.5
[INFO] [stderr]    Compiling phf v0.14.0
[INFO] [stderr]    Compiling cssparser v0.38.0
[INFO] [stderr]    Compiling tinystr v0.8.4
[INFO] [stderr]    Compiling potential_utf v0.1.6
[INFO] [stderr]    Compiling derive_more v2.1.1
[INFO] [stderr]    Compiling icu_collections v2.1.1
[INFO] [stderr]    Compiling icu_locale_core v2.1.1
[INFO] [stderr]    Compiling hyper-util v0.1.21
[INFO] [stderr]    Compiling markup5ever v0.40.0
[INFO] [stderr]    Compiling html5ever v0.40.1
[INFO] [stderr]    Compiling selectors v0.41.0
[INFO] [stderr]    Compiling icu_provider v2.1.1
[INFO] [stderr]    Compiling icu_normalizer v2.1.1
[INFO] [stderr]    Compiling icu_properties v2.1.2
[INFO] [stderr]    Compiling idna_adapter v1.2.1
[INFO] [stderr]    Compiling idna v1.1.0
[INFO] [stderr]    Compiling url v2.5.8
[INFO] [stderr]    Compiling tower-http v0.6.11
[INFO] [stderr]    Compiling rustls-webpki v0.103.15
[INFO] [stderr]    Compiling tokio-rustls v0.26.6
[INFO] [stderr]    Compiling hyper-rustls v0.27.10
[INFO] [stderr]    Compiling reqwest v0.12.28
[INFO] [stderr]    Compiling css-inline v0.22.1 (/opt/rustwide/workdir)
[INFO] [stderr]     Finished `release` profile [optimized] target(s) in 1m 37s
[INFO] running `Command { std: "docker" "inspect" "8cb7f15b089164d916b4694fa4aecf8aa274aeabd06964997db6f21dd7d805d7", kill_on_drop: false }`
[INFO] running `Command { std: "docker" "exec" "-e" "SOURCE_DIR=/opt/rustwide/workdir" "-e" "CARGO_HOME=/opt/rustwide/cargo-home" "-e" "RUSTUP_HOME=/opt/rustwide/rustup-home" "-e" "CARGO_TARGET_DIR=/opt/rustwide/target" "-e" "CARGO_INCREMENTAL=0" "-e" "RUST_BACKTRACE=full" "-e" "RUSTFLAGS=--cap-lints=warn" "-e" "RUSTDOCFLAGS=--cap-lints=warn" "-w" "/opt/rustwide/workdir" "--user" "0:0" "8cb7f15b089164d916b4694fa4aecf8aa274aeabd06964997db6f21dd7d805d7" "/opt/rustwide/cargo-home/bin/cargo" "+1.100.0-beta.1" "test" "--frozen" "--no-run" "--message-format=json" "--release", kill_on_drop: false }`
[INFO] [stderr]    Compiling libc v0.2.190
[INFO] [stderr]    Compiling serde_core v1.0.229
[INFO] [stderr]    Compiling serde v1.0.229
[INFO] [stderr]    Compiling autocfg v1.5.1
[INFO] [stderr]    Compiling either v1.19.0
[INFO] [stderr]    Compiling serde_derive v1.0.229
[INFO] [stderr]    Compiling zmij v1.0.23
[INFO] [stderr]    Compiling zerocopy v0.8.63
[INFO] [stderr]    Compiling zerocopy-derive v0.8.63
[INFO] [stderr]    Compiling regex-syntax v0.8.11
[INFO] [stderr]    Compiling anstyle v1.0.14
[INFO] [stderr]    Compiling serde_json v1.0.154
[INFO] [stderr]    Compiling cfg_aliases v0.2.2
[INFO] [stderr]    Compiling anyhow v1.0.104
[INFO] [stderr]    Compiling clap_lex v1.1.1
[INFO] [stderr]    Compiling cast v0.3.0
[INFO] [stderr]    Compiling nix v0.31.3
[INFO] [stderr]    Compiling getrandom v0.4.3
[INFO] [stderr]    Compiling ciborium-io v0.2.2
[INFO] [stderr]    Compiling clap_builder v4.6.7
[INFO] [stderr]    Compiling codspeed v5.0.2
[INFO] [stderr]    Compiling num-traits v0.2.19
[INFO] [stderr]    Compiling same-file v1.0.6
[INFO] [stderr]    Compiling plotters-backend v0.3.7
[INFO] [stderr]    Compiling alloca v0.4.0
[INFO] [stderr]    Compiling walkdir v2.5.0
[INFO] [stderr]    Compiling predicates-core v1.0.10
[INFO] [stderr]    Compiling colored v3.1.1
[INFO] [stderr]    Compiling cfg-if v1.0.5
[INFO] [stderr]    Compiling oorandom v11.1.5
[INFO] [stderr]    Compiling rayon v1.12.0
[INFO] [stderr]    Compiling itertools v0.10.5
[INFO] [stderr]    Compiling glob v0.3.4
[INFO] [stderr]    Compiling anes v0.1.6
[INFO] [stderr]    Compiling plotters-svg v0.3.7
[INFO] [stderr]    Compiling itertools v0.13.0
[INFO] [stderr]    Compiling test-case-core v3.4.0
[INFO] [stderr]    Compiling assert_cmd v2.2.2
[INFO] [stderr]    Compiling codspeed-criterion-compat v5.0.2
[INFO] [stderr]    Compiling termtree v0.5.1
[INFO] [stderr]    Compiling difflib v0.4.0
[INFO] [stderr]    Compiling predicates-tree v1.0.13
[INFO] [stderr]    Compiling predicates v3.1.4
[INFO] [stderr]    Compiling approx v0.5.1
[INFO] [stderr]    Compiling criterion-plot v0.5.0
[INFO] [stderr]    Compiling plotters v0.3.7
[INFO] [stderr]    Compiling test-case-macros v3.4.0
[INFO] [stderr]    Compiling statrs v0.18.0
[INFO] [stderr]    Compiling regex-automata v0.4.18
[INFO] [stderr]    Compiling test-case v3.4.0
[INFO] [stderr]    Compiling mio v1.2.4
[INFO] [stderr]    Compiling socket2 v0.6.5
[INFO] [stderr]    Compiling getrandom v0.2.17
[INFO] [stderr]    Compiling ring v0.17.14
[INFO] [stderr]    Compiling parking_lot_core v0.9.12
[INFO] [stderr]    Compiling parking_lot v0.12.5
[INFO] [stderr]    Compiling is-terminal v0.4.17
[INFO] [stderr]    Compiling page_size v0.6.0
[INFO] [stderr]    Compiling wait-timeout v0.2.1
[INFO] [stderr]    Compiling tokio v1.53.3
[INFO] [stderr]    Compiling string_cache v0.11.0
[INFO] [stderr]    Compiling clap v4.6.7
[INFO] [stderr]    Compiling web_atoms v0.3.0
[INFO] [stderr]    Compiling criterion-plot v0.8.2
[INFO] [stderr]    Compiling markup5ever v0.40.0
[INFO] [stderr]    Compiling html5ever v0.40.1
[INFO] [stderr]    Compiling serde_urlencoded v0.7.1
[INFO] [stderr]    Compiling tinytemplate v1.2.1
[INFO] [stderr]    Compiling rustls-webpki v0.103.15
[INFO] [stderr]    Compiling regex v1.13.1
[INFO] [stderr]    Compiling bstr v1.13.1
[INFO] [stderr]    Compiling rustls v0.23.45
[INFO] [stderr]    Compiling half v2.7.1
[INFO] [stderr]    Compiling ciborium-ll v0.2.2
[INFO] [stderr]    Compiling hyper v1.12.0
[INFO] [stderr]    Compiling tower v0.5.3
[INFO] [stderr]    Compiling ciborium v0.2.2
[INFO] [stderr]    Compiling tower-http v0.6.11
[INFO] [stderr]    Compiling codspeed-criterion-compat-walltime v5.0.2
[INFO] [stderr]    Compiling criterion v0.8.2
[INFO] [stderr]    Compiling hyper-util v0.1.21
[INFO] [stderr]    Compiling tokio-rustls v0.26.6
[INFO] [stderr]    Compiling hyper-rustls v0.27.10
[INFO] [stderr]    Compiling reqwest v0.12.28
[INFO] [stderr]    Compiling css-inline v0.22.1 (/opt/rustwide/workdir)
[INFO] [stderr]     Finished `release` profile [optimized] target(s) in 1m 30s
[INFO] running `Command { std: "docker" "inspect" "8cb7f15b089164d916b4694fa4aecf8aa274aeabd06964997db6f21dd7d805d7", kill_on_drop: false }`
[INFO] running `Command { std: "docker" "exec" "-e" "SOURCE_DIR=/opt/rustwide/workdir" "-e" "CARGO_HOME=/opt/rustwide/cargo-home" "-e" "RUSTUP_HOME=/opt/rustwide/rustup-home" "-e" "CARGO_TARGET_DIR=/opt/rustwide/target" "-e" "CARGO_INCREMENTAL=0" "-e" "RUST_BACKTRACE=full" "-e" "RUSTFLAGS=--cap-lints=warn" "-e" "RUSTDOCFLAGS=--cap-lints=warn" "-w" "/opt/rustwide/workdir" "--user" "0:0" "8cb7f15b089164d916b4694fa4aecf8aa274aeabd06964997db6f21dd7d805d7" "/opt/rustwide/cargo-home/bin/cargo" "+1.100.0-beta.1" "test" "--frozen" "--release", kill_on_drop: false }`
[INFO] [stderr]     Finished `release` profile [optimized] target(s) in 0.32s
[INFO] [stderr]      Running unittests src/lib.rs (/opt/rustwide/target/release/build/css-inline/9741eb8994c3b77b/out/css_inline-9741eb8994c3b77b)
[INFO] [stdout] 
[INFO] [stdout] running 58 tests
[INFO] [stdout] test html::attributes::tests::test_has_class::test_case_2_a_expects ... ok
[INFO] [stdout] test html::document::tests::test_edit_document ... ok
[INFO] [stdout] test html::document::tests::test_collect_styles ... ok
[INFO] [stdout] test html::document::tests::test_collect_stylesheets ... ok
[INFO] [stdout] test html::attributes::tests::test_has_class::test_case_1_a_b_expects ... ok
[INFO] [stdout] test html::document::tests::test_insert_before ... ok
[INFO] [stdout] test html::document::tests::test_append ... ok
[INFO] [stdout] test html::document::tests::test_ignore_children ... ok
[INFO] [stdout] test html::document::tests::test_debug ... ok
[INFO] [stdout] test html::document::tests::test_pseudo_class ... ok
[INFO] [stdout] test html::document::tests::test_comment ... ok
[INFO] [stdout] test html::selectors::tests::test_id_anchor::test_case_3_id_with_class ... ok
[INFO] [stdout] test html::selectors::tests::test_class_anchor::test_case_9_class_with_not ... ok
[INFO] [stdout] test html::selectors::tests::test_class_anchor::test_case_6_class_with_pseudo ... ok
[INFO] [stdout] test html::selectors::tests::test_id_anchor::test_case_1_simple_id ... ok
[INFO] [stdout] test html::selectors::tests::test_class_anchor::test_case_5_child_class ... ok
[INFO] [stdout] test html::selectors::tests::test_class_anchor::test_case_7_class_with_attr ... ok
[INFO] [stdout] test html::selectors::tests::test_none_anchor::test_case_1_multiple_tags ... ok
[INFO] [stdout] test html::selectors::tests::test_class_anchor::test_case_8_universal_with_class ... ok
[INFO] [stdout] test html::selectors::tests::test_class_anchor::test_case_3_class_with_underscore ... ok
[INFO] [stdout] test html::selectors::tests::test_tag_anchor::test_case_12_general_sibling ... ok
[INFO] [stdout] test html::selectors::tests::test_none_anchor::test_case_2_multiple_mixed ... ok
[INFO] [stdout] test html::document::tests::test_roundtrip::test_case_1_b_doctype_html_html_head_title_title_of_the_document_title_head_body_body_html_expects ... ok
[INFO] [stdout] test html::selectors::tests::test_id_anchor::test_case_4_descendant_id ... ok
[INFO] [stdout] test html::selectors::tests::test_id_anchor::test_case_2_id_with_hyphen ... ok
[INFO] [stdout] test html::selectors::tests::test_none_anchor::test_case_3_two_tags ... ok
[INFO] [stdout] test html::selectors::tests::test_none_anchor::test_case_4_universal ... ok
[INFO] [stdout] test html::selectors::tests::test_tag_anchor::test_case_15_tag_with_first_child ... ok
[INFO] [stdout] test html::selectors::tests::test_tag_anchor::test_case_16_tag_with_nth_child ... ok
[INFO] [stdout] test html::selectors::tests::test_tag_anchor::test_case_17_tag_with_attr ... ok
[INFO] [stdout] test html::selectors::tests::test_tag_anchor::test_case_18_tag_with_attr_value ... ok
[INFO] [stdout] test html::selectors::tests::test_tag_anchor::test_case_19_real_world ... ok
[INFO] [stdout] test html::selectors::tests::test_tag_anchor::test_case_1_simple_div ... ok
[INFO] [stdout] test html::selectors::tests::test_tag_anchor::test_case_20_tag_with_not ... ok
[INFO] [stdout] test html::selectors::tests::test_tag_anchor::test_case_2_simple_p ... ok
[INFO] [stdout] test html::selectors::tests::test_tag_anchor::test_case_3_simple_span ... ok
[INFO] [stdout] test html::selectors::tests::test_tag_anchor::test_case_4_simple_h1 ... ok
[INFO] [stdout] test html::selectors::tests::test_tag_anchor::test_case_5_simple_body ... ok
[INFO] [stdout] test html::selectors::tests::test_tag_anchor::test_case_6_tag_with_class ... ok
[INFO] [stdout] test html::selectors::tests::test_tag_anchor::test_case_7_tag_with_id ... ok
[INFO] [stdout] test html::selectors::tests::test_tag_anchor::test_case_8_tag_with_multiple_classes ... ok
[INFO] [stdout] test html::selectors::tests::test_tag_anchor::test_case_9_descendant ... ok
[INFO] [stdout] test html::serializer::tests::test_attributes ... ok
[INFO] [stdout] test html::serializer::tests::test_class_attribute_escaped ... ok
[INFO] [stdout] test html::serializer::tests::test_escaped ... ok
[INFO] [stdout] test html::serializer::tests::test_keep_at_rules_tags ... ok
[INFO] [stdout] test html::serializer::tests::test_serialize ... ok
[INFO] [stdout] test html::serializer::tests::test_skip_style_tags ... ok
[INFO] [stdout] test html::serializer::tests::test_untouched_style ... ok
[INFO] [stdout] test tests::test_inliner_sync_send ... ok
[INFO] [stdout] test html::document::tests::test_roundtrip::test_case_2_b_doctype_html_html_head_title_title_of_the_document_title_head_body_hr_body_html_expects ... ok
[INFO] [stdout] test html::selectors::tests::test_class_anchor::test_case_1_simple_class ... ok
[INFO] [stdout] test html::selectors::tests::test_class_anchor::test_case_2_class_with_hyphen ... ok
[INFO] [stdout] test html::selectors::tests::test_class_anchor::test_case_4_multiple_classes ... ok
[INFO] [stdout] test html::selectors::tests::test_tag_anchor::test_case_10_child ... ok
[INFO] [stdout] test html::selectors::tests::test_tag_anchor::test_case_11_adjacent_sibling ... ok
[INFO] [stdout] test html::selectors::tests::test_tag_anchor::test_case_13_deeply_nested ... ok
[INFO] [stdout] test html::selectors::tests::test_tag_anchor::test_case_14_tag_with_pseudo ... ok
[INFO] [stdout] 
[INFO] [stdout] test result: ok. 58 passed; 0 failed; 0 ignored; 0 measured; 0 filtered out; finished in 0.01s
[INFO] [stdout] 
[INFO] [stderr]      Running unittests src/main.rs (/opt/rustwide/target/release/build/css-inline/93abe74fc403cb31/out/css_inline-93abe74fc403cb31)
[INFO] [stderr]    Doc-tests css_inline
[INFO] [stdout] 
[INFO] [stdout] running 0 tests
[INFO] [stdout] 
[INFO] [stdout] test result: ok. 0 passed; 0 failed; 0 ignored; 0 measured; 0 filtered out; finished in 0.00s
[INFO] [stdout] 
[INFO] [stdout] 
[INFO] [stdout] running 7 tests
[INFO] [stdout] test src/lib.rs - (line 290) ... FAILED
[INFO] [stdout] test src/lib.rs - (line 158) ... FAILED
[INFO] [stdout] test src/lib.rs - (line 254) ... FAILED
[INFO] [stdout] test src/lib.rs - CSSInliner<'a>::options (line 604) ... FAILED
[INFO] [stdout] test src/lib.rs - (line 82) ... FAILED
[INFO] [stdout] test src/lib.rs - (line 270) ... FAILED
[INFO] [stdout] test src/lib.rs - (line 112) ... ok
[INFO] [stdout] 
[INFO] [stdout] failures:
[INFO] [stdout] 
[INFO] [stdout] ---- src/lib.rs - (line 290) stdout ----
[INFO] [stdout] Couldn't compile the test.
[INFO] [stdout] ---- src/lib.rs - (line 158) stdout ----
[INFO] [stdout] Couldn't compile the test.
[INFO] [stdout] ---- src/lib.rs - (line 254) stdout ----
[INFO] [stdout] Couldn't compile the test.
[INFO] [stdout] ---- src/lib.rs - CSSInliner<'a>::options (line 604) stdout ----
[INFO] [stdout] Couldn't compile the test.
[INFO] [stdout] ---- src/lib.rs - (line 82) stdout ----
[INFO] [stdout] Couldn't compile the test.
[INFO] [stdout] ---- src/lib.rs - (line 270) stdout ----
[INFO] [stdout] Couldn't compile the test.
[INFO] [stdout] 
[INFO] [stdout] failures:
[INFO] [stdout]     src/lib.rs - (line 158)
[INFO] [stdout]     src/lib.rs - (line 254)
[INFO] [stdout]     src/lib.rs - (line 270)
[INFO] [stdout]     src/lib.rs - (line 290)
[INFO] [stdout]     src/lib.rs - (line 82)
[INFO] [stdout]     src/lib.rs - CSSInliner<'a>::options (line 604)
[INFO] [stdout] 
[INFO] [stdout] test result: FAILED. 1 passed; 6 failed; 0 ignored; 0 measured; 0 filtered out; finished in 20.51s
[INFO] [stdout] 
[INFO] [stderr] error: doctest failed, to rerun pass `--doc`
[INFO] running `Command { std: "docker" "inspect" "8cb7f15b089164d916b4694fa4aecf8aa274aeabd06964997db6f21dd7d805d7", kill_on_drop: false }`
[INFO] running `Command { std: "docker" "rm" "-f" "8cb7f15b089164d916b4694fa4aecf8aa274aeabd06964997db6f21dd7d805d7", kill_on_drop: false }`
[INFO] [stdout] 8cb7f15b089164d916b4694fa4aecf8aa274aeabd06964997db6f21dd7d805d7
