[INFO] fetching crate cshell 0.1.0...
[INFO] testing cshell-0.1.0 against 1.99.0-beta.8+cargoflags=--release for beta-release-1.100-2
[INFO] extracting crate cshell 0.1.0 into /workspace/builds/worker-4-tc1/source
[INFO] started tweaking crates.io crate cshell 0.1.0
[INFO] removed 0 missing tests
[INFO] finished tweaking crates.io crate cshell 0.1.0
[INFO] tweaked toml for crates.io crate cshell 0.1.0 written to /workspace/builds/worker-4-tc1/source/Cargo.toml
[INFO] validating manifest of crates.io crate cshell 0.1.0 on toolchain 1.99.0-beta.8
[INFO] running `Command { std: CARGO_HOME="/workspace/cargo-home" RUSTUP_HOME="/workspace/rustup-home" "/workspace/cargo-home/bin/cargo" "+1.99.0-beta.8" "metadata" "--manifest-path" "Cargo.toml" "--no-deps", kill_on_drop: false }`
[INFO] crate crates.io crate cshell 0.1.0 already has a lockfile, it will not be regenerated
[INFO] running `Command { std: CARGO_HOME="/workspace/cargo-home" RUSTUP_HOME="/workspace/rustup-home" "/workspace/cargo-home/bin/cargo" "+1.99.0-beta.8" "fetch" "--manifest-path" "Cargo.toml", kill_on_drop: false }`
[INFO] running `Command { std: "docker" "create" "-v" "/var/lib/crater-agent-workspace/builds/worker-4-tc1/source:/opt/rustwide/workdir:ro,Z" "-v" "/var/lib/crater-agent-workspace/builds/worker-4-tc1/target:/opt/rustwide/target:rw,Z" "-v" "/var/lib/crater-agent-workspace/cargo-home:/opt/rustwide/cargo-home:ro,Z" "-v" "/var/lib/crater-agent-workspace/rustup-home:/opt/rustwide/rustup-home:ro,Z" "-m" "1610612736" "--network" "none" "ghcr.io/rust-lang/crates-build-env/linux@sha256:77db811e55d90add9212f6832c23229e3de5f1c1f9905e8cb07319ea15df73ac" "sleep" "infinity", kill_on_drop: false }`
[INFO] [stdout] 2fce97f6008ec2dc740ab5a2f656cb3c7d6b080879284d3d23cb4c7839a97baf
[INFO] running `Command { std: "docker" "start" "2fce97f6008ec2dc740ab5a2f656cb3c7d6b080879284d3d23cb4c7839a97baf", kill_on_drop: false }`
[INFO] running `Command { std: "docker" "inspect" "2fce97f6008ec2dc740ab5a2f656cb3c7d6b080879284d3d23cb4c7839a97baf", kill_on_drop: false }`
[INFO] running `Command { std: "docker" "exec" "-e" "SOURCE_DIR=/opt/rustwide/workdir" "-e" "CARGO_HOME=/opt/rustwide/cargo-home" "-e" "RUSTUP_HOME=/opt/rustwide/rustup-home" "-e" "CARGO_TARGET_DIR=/opt/rustwide/target" "-w" "/opt/rustwide/workdir" "--user" "0:0" "2fce97f6008ec2dc740ab5a2f656cb3c7d6b080879284d3d23cb4c7839a97baf" "/opt/rustwide/cargo-home/bin/cargo" "+1.99.0-beta.8" "metadata" "--no-deps" "--format-version=1", kill_on_drop: false }`
[INFO] running `Command { std: "docker" "inspect" "2fce97f6008ec2dc740ab5a2f656cb3c7d6b080879284d3d23cb4c7839a97baf", kill_on_drop: false }`
[INFO] running `Command { std: "docker" "exec" "-e" "SOURCE_DIR=/opt/rustwide/workdir" "-e" "CARGO_HOME=/opt/rustwide/cargo-home" "-e" "RUSTUP_HOME=/opt/rustwide/rustup-home" "-e" "CARGO_TARGET_DIR=/opt/rustwide/target" "-e" "CARGO_INCREMENTAL=0" "-e" "RUST_BACKTRACE=full" "-e" "RUSTFLAGS=--cap-lints=warn" "-e" "RUSTDOCFLAGS=--cap-lints=warn" "-w" "/opt/rustwide/workdir" "--user" "0:0" "2fce97f6008ec2dc740ab5a2f656cb3c7d6b080879284d3d23cb4c7839a97baf" "/opt/rustwide/cargo-home/bin/cargo" "+1.99.0-beta.8" "build" "--frozen" "--message-format=json" "--release", kill_on_drop: false }`
[INFO] [stderr]    Compiling proc-macro2 v1.0.107
[INFO] [stderr]    Compiling unicode-ident v1.0.24
[INFO] [stderr]    Compiling quote v1.0.47
[INFO] [stderr]    Compiling libc v0.2.189
[INFO] [stderr]    Compiling serde_core v1.0.229
[INFO] [stderr]    Compiling utf8parse v0.2.2
[INFO] [stderr]    Compiling zmij v1.0.23
[INFO] [stderr]    Compiling anstyle v1.0.14
[INFO] [stderr]    Compiling crossbeam-utils v0.8.23
[INFO] [stderr]    Compiling portable-atomic v1.15.0
[INFO] [stderr]    Compiling is_terminal_polyfill v1.70.2
[INFO] [stderr]    Compiling colorchoice v1.0.5
[INFO] [stderr]    Compiling anstyle-query v1.1.5
[INFO] [stderr]    Compiling once_cell v1.21.4
[INFO] [stderr]    Compiling option-ext v0.2.0
[INFO] [stderr]    Compiling serde_json v1.0.151
[INFO] [stderr]    Compiling unicode-width v0.2.2
[INFO] [stderr]    Compiling anstyle-parse v1.0.0
[INFO] [stderr]    Compiling heck v0.5.0
[INFO] [stderr]    Compiling anyhow v1.0.104
[INFO] [stderr]    Compiling strsim v0.11.1
[INFO] [stderr]    Compiling clap_lex v1.1.0
[INFO] [stderr]    Compiling rustix v1.1.4
[INFO] [stderr]    Compiling serde v1.0.229
[INFO] [stderr]    Compiling linux-raw-sys v0.12.1
[INFO] [stderr]    Compiling bitflags v2.13.2
[INFO] [stderr]    Compiling itoa v1.0.18
[INFO] [stderr]    Compiling anstream v1.0.0
[INFO] [stderr]    Compiling memchr v2.8.3
[INFO] [stderr]    Compiling number_prefix v0.4.0
[INFO] [stderr]    Compiling clap_builder v4.6.6
[INFO] [stderr]    Compiling crossbeam-channel v0.5.17
[INFO] [stderr]    Compiling syn v3.0.5
[INFO] [stderr]    Compiling dirs-sys v0.5.0
[INFO] [stderr]    Compiling console v0.15.11
[INFO] [stderr]    Compiling dirs v6.0.0
[INFO] [stderr]    Compiling indicatif v0.17.11
[INFO] [stderr]    Compiling serde_derive v1.0.229
[INFO] [stderr]    Compiling clap_derive v4.6.4
[INFO] [stderr]    Compiling clap v4.6.6
[INFO] [stderr]    Compiling cshell v0.1.0 (/opt/rustwide/workdir)
[INFO] [stderr]     Finished `release` profile [optimized] target(s) in 44.05s
[INFO] running `Command { std: "docker" "inspect" "2fce97f6008ec2dc740ab5a2f656cb3c7d6b080879284d3d23cb4c7839a97baf", kill_on_drop: false }`
[INFO] running `Command { std: "docker" "exec" "-e" "SOURCE_DIR=/opt/rustwide/workdir" "-e" "CARGO_HOME=/opt/rustwide/cargo-home" "-e" "RUSTUP_HOME=/opt/rustwide/rustup-home" "-e" "CARGO_TARGET_DIR=/opt/rustwide/target" "-e" "CARGO_INCREMENTAL=0" "-e" "RUST_BACKTRACE=full" "-e" "RUSTFLAGS=--cap-lints=warn" "-e" "RUSTDOCFLAGS=--cap-lints=warn" "-w" "/opt/rustwide/workdir" "--user" "0:0" "2fce97f6008ec2dc740ab5a2f656cb3c7d6b080879284d3d23cb4c7839a97baf" "/opt/rustwide/cargo-home/bin/cargo" "+1.99.0-beta.8" "test" "--frozen" "--no-run" "--message-format=json" "--release", kill_on_drop: false }`
[INFO] [stderr]    Compiling cshell v0.1.0 (/opt/rustwide/workdir)
[INFO] [stderr]     Finished `release` profile [optimized] target(s) in 30.01s
[INFO] running `Command { std: "docker" "inspect" "2fce97f6008ec2dc740ab5a2f656cb3c7d6b080879284d3d23cb4c7839a97baf", kill_on_drop: false }`
[INFO] running `Command { std: "docker" "exec" "-e" "SOURCE_DIR=/opt/rustwide/workdir" "-e" "CARGO_HOME=/opt/rustwide/cargo-home" "-e" "RUSTUP_HOME=/opt/rustwide/rustup-home" "-e" "CARGO_TARGET_DIR=/opt/rustwide/target" "-e" "CARGO_INCREMENTAL=0" "-e" "RUST_BACKTRACE=full" "-e" "RUSTFLAGS=--cap-lints=warn" "-e" "RUSTDOCFLAGS=--cap-lints=warn" "-w" "/opt/rustwide/workdir" "--user" "0:0" "2fce97f6008ec2dc740ab5a2f656cb3c7d6b080879284d3d23cb4c7839a97baf" "/opt/rustwide/cargo-home/bin/cargo" "+1.99.0-beta.8" "test" "--frozen" "--release", kill_on_drop: false }`
[INFO] [stderr]     Finished `release` profile [optimized] target(s) in 0.09s
[INFO] [stderr]      Running unittests src/lib.rs (/opt/rustwide/target/release/deps/cshell-0599a96831c50901)
[INFO] [stdout] 
[INFO] [stdout] running 81 tests
[INFO] [stdout] test cli::tests::cli_definition_is_valid ... ok
[INFO] [stdout] test cli::tests::incomplete_move_args_are_rejected_by_clap ... ok
[INFO] [stdout] test cli::tests::bare_two_positionals_parse_as_move ... ok
[INFO] [stdout] test copy::tests::partial_path_is_sibling_of_target ... ok
[INFO] [stdout] test ledger::tests::civil_from_unix_matches_known_dates ... ok
[INFO] [stdout] test cli::tests::list_and_restore_parse ... ok
[INFO] [stdout] test cli::tests::explicit_move_subcommand_parses ... ok
[INFO] [stdout] test error::tests::exit_codes_distinguish_severity ... ok
[INFO] [stdout] test copy::tests::cleanup_partial_removes_everything ... ok
[INFO] [stdout] test cli::tests::link_type_accepts_both_values ... ok
[INFO] [stdout] test copy::tests::copy_tree_handles_empty_plan ... ok
[INFO] [stdout] test ledger::tests::corrupt_ledger_reports_clearly ... ok
[INFO] [stdout] test error::tests::human_bytes_scales ... ok
[INFO] [stdout] test ledger::tests::timestamp_has_expected_shape ... ok
[INFO] [stdout] test ledger::tests::load_missing_file_yields_empty_ledger ... ok
[INFO] [stdout] test link::tests::link_to_canonicalized_target_is_traversable ... ok
[INFO] [stdout] test link::tests::normalize_dots_removes_cur_and_parent ... ok
[INFO] [stdout] test copy::tests::copy_tree_recreates_symlinks_without_following ... ok
[INFO] [stdout] test link::tests::canonical_key_tolerates_missing_path ... ok
[INFO] [stdout] test ledger::tests::inflight_entry_survives_roundtrip ... ok
[INFO] [stdout] test ledger::tests::save_and_load_roundtrip ... ok
[INFO] [stdout] test link::tests::kind_of_returns_none_for_plain_dir_and_missing_path ... ok
[INFO] [stdout] test migrate::tests::create_parents_builds_the_whole_chain ... ok
[INFO] [stdout] test migrate::tests::create_parents_only_reports_dirs_it_made ... ok
[INFO] [stdout] test link::tests::absolutize_does_not_resolve_symlinks ... ok
[INFO] [stdout] test ledger::tests::save_leaves_no_temp_file_behind ... ok
[INFO] [stdout] test link::tests::canonical_key_does_not_resolve_the_link_itself ... ok
[INFO] [stdout] test link::tests::canonical_key_has_no_verbatim_prefix ... ok
[INFO] [stdout] test link::tests::create_read_and_remove_dir_link ... ok
[INFO] [stdout] test migrate::tests::create_parents_is_a_noop_when_parent_exists ... ok
[INFO] [stdout] test link::tests::repoint_switches_target_and_keeps_both_intact ... ok
[INFO] [stdout] test link::tests::canonical_key_resolves_parent_but_keeps_last_segment ... ok
[INFO] [stdout] test cli::tests::no_args_prints_help_instead_of_a_cryptic_error ... ok
[INFO] [stdout] test copy::tests::copy_tree_preserves_hardlink_groups ... ok
[INFO] [stdout] test migrate::tests::validate_accepts_and_clears_empty_target ... ok
[INFO] [stdout] test migrate::tests::created_parents_commit_keeps_everything ... ok
[INFO] [stdout] test migrate::tests::created_parents_are_rolled_back_on_failure ... ok
[INFO] [stdout] test migrate::tests::validate_rejects_target_inside_source ... ok
[INFO] [stdout] test migrate::tests::default_thread_counts_are_sane ... ok
[INFO] [stdout] test plan::tests::dirs_are_sorted_parents_before_children ... ok
[INFO] [stdout] test migrate::tests::validate_rejects_nonempty_target ... ok
[INFO] [stdout] test plan::tests::symlinks_are_recorded_not_followed ... ok
[INFO] [stdout] test platform::imp::tests::copy_file_refuses_to_clobber ... ok
[INFO] [stdout] test plan::tests::files_are_sorted_largest_first_for_lpt ... ok
[INFO] [stdout] test plan::tests::lone_file_has_no_hardlink_id ... ok
[INFO] [stdout] test migrate::tests::missing_parents_matches_what_create_parents_makes ... ok
[INFO] [stdout] test migrate::tests::create_parents_rejects_a_file_in_the_way ... ok
[INFO] [stdout] test platform::tests::available_space_is_positive_for_temp_dir ... ok
[INFO] [stdout] test plan::tests::hardlinks_are_detected ... ok
[INFO] [stdout] test platform::imp::tests::copy_file_preserves_content_and_mode ... ok
[INFO] [stdout] test platform::tests::copy_file_handles_empty_file ... ok
[INFO] [stdout] test platform::imp::tests::rename_no_replace_is_exclusive ... ok
[INFO] [stdout] test platform::tests::cross_device_detects_exdev ... ok
[INFO] [stdout] test plan::tests::scan_fails_loudly_on_missing_root ... ok
[INFO] [stdout] test platform::tests::volume_id_is_stable_and_matches_for_same_volume ... ok
[INFO] [stdout] test platform::tests::read_dir_reports_symlinks_without_following ... ok
[INFO] [stdout] test platform::tests::rename_no_replace_refuses_existing_target ... ok
[INFO] [stdout] test platform::tests::read_dir_reports_kinds_and_sizes ... ok
[INFO] [stdout] test plan::tests::scan_finds_all_dirs_files_and_bytes ... ok
[INFO] [stdout] test safety::tests::forbidden_cannot_be_forced ... ok
[INFO] [stdout] test platform::tests::copy_file_roundtrips_content ... ok
[INFO] [stdout] test plan::tests::deep_tree_scans_completely ... ok
[INFO] [stdout] test safety::tests::temp_subdir_is_safe ... ok
[INFO] [stdout] test safety::tests::mount_point_itself_is_forbidden ... ok
[INFO] [stdout] test volume::tests::nearest_existing_ancestor_walks_up ... ok
[INFO] [stdout] test volume::tests::available_at_reports_space_for_missing_target ... ok
[INFO] [stdout] test remove::tests::remove_tree_handles_empty_dir ... ok
[INFO] [stdout] test volume::tests::same_volume_is_true_within_temp_dir ... ok
[INFO] [stdout] test safety::tests::root_is_forbidden ... ok
[INFO] [stdout] test safety::tests::system_dirs_are_forbidden ... ok
[INFO] [stdout] test safety::tests::risky_can_be_forced ... FAILED
[INFO] [stdout] test migrate::tests::create_parents_refuses_to_invent_a_missing_root ... ok
[INFO] [stdout] test migrate::tests::created_parents_rollback_spares_nonempty_dirs ... ok
[INFO] [stdout] test migrate::tests::validate_rejects_identical_paths ... ok
[INFO] [stdout] test plan::tests::scan_handles_empty_dir ... ok
[INFO] [stdout] test remove::tests::remove_tree_deletes_everything ... ok
[INFO] [stdout] test copy::tests::copy_tree_reproduces_structure_and_content ... ok
[INFO] [stdout] test remove::tests::remove_tree_deletes_symlink_not_its_target ... ok
[INFO] [stdout] test remove::tests::remove_tree_handles_deep_nesting ... ok
[INFO] [stdout] test remove::tests::remove_tree_handles_wide_tree ... ok
[INFO] [stdout] test plan::tests::wide_tree_scans_completely_under_concurrency ... ok
[INFO] [stdout] 
[INFO] [stdout] failures:
[INFO] [stdout] 
[INFO] [stdout] ---- safety::tests::risky_can_be_forced stdout ----
[INFO] [stdout] 
[INFO] [stdout] thread 'safety::tests::risky_can_be_forced' (1055) panicked at src/safety.rs:240:9:
[INFO] [stdout] assertion failed: matches!(check_source(&home), Verdict::Risky(_))
[INFO] [stdout] stack backtrace:
[INFO] [stdout]    0:     0x5735cd235125 - <unknown>
[INFO] [stdout]    1:     0x5735cd217f1a - <unknown>
[INFO] [stdout]    2:     0x5735cd2347bb - <unknown>
[INFO] [stdout]    3:     0x5735cd23429f - <unknown>
[INFO] [stdout]    4:     0x5735cd233eca - <unknown>
[INFO] [stdout]    5:     0x5735cd233a02 - <unknown>
[INFO] [stdout]    6:     0x5735cd25ab02 - <unknown>
[INFO] [stdout]    7:     0x5735cd25aa89 - <unknown>
[INFO] [stdout]    8:     0x5735cd25af9c - <unknown>
[INFO] [stdout]    9:     0x5735cd217dab - <unknown>
[INFO] [stdout]   10:     0x5735cd219d71 - <unknown>
[INFO] [stdout]   11:     0x5735cd1d5860 - <unknown>
[INFO] [stdout]   12:     0x5735cd27995b - <unknown>
[INFO] [stdout]   13:     0x5735cd274f6f - <unknown>
[INFO] [stdout]   14:     0x5735cd2749ec - <unknown>
[INFO] [stdout]   15:     0x5735cd28f9dc - <unknown>
[INFO] [stdout]   16:     0x5735cd25c602 - <unknown>
[INFO] [stdout]   17:     0x7373d5136dfa - <unknown>
[INFO] [stdout]   18:     0x7373d51ca3d4 - clone
[INFO] [stdout]   19:                0x0 - <unknown>
[INFO] [stdout] 
[INFO] [stdout] 
[INFO] [stdout] failures:
[INFO] [stdout]     safety::tests::risky_can_be_forced
[INFO] [stdout] 
[INFO] [stdout] test result: FAILED. 80 passed; 1 failed; 0 ignored; 0 measured; 0 filtered out; finished in 0.15s
[INFO] [stdout] 
[INFO] [stderr] error: test failed, to rerun pass `--lib`
[INFO] running `Command { std: "docker" "inspect" "2fce97f6008ec2dc740ab5a2f656cb3c7d6b080879284d3d23cb4c7839a97baf", kill_on_drop: false }`
[INFO] running `Command { std: "docker" "rm" "-f" "2fce97f6008ec2dc740ab5a2f656cb3c7d6b080879284d3d23cb4c7839a97baf", kill_on_drop: false }`
[INFO] [stdout] 2fce97f6008ec2dc740ab5a2f656cb3c7d6b080879284d3d23cb4c7839a97baf
