[INFO] fetching crate csharp-language-server 0.7.1...
[INFO] testing csharp-language-server-0.7.1 against 1.100.0-beta.1+cargoflags=--release for beta-release-1.100-2
[INFO] extracting crate csharp-language-server 0.7.1 into /workspace/builds/worker-1-tc2/source
[INFO] started tweaking crates.io crate csharp-language-server 0.7.1
[INFO] removed 0 missing tests
[INFO] finished tweaking crates.io crate csharp-language-server 0.7.1
[INFO] tweaked toml for crates.io crate csharp-language-server 0.7.1 written to /workspace/builds/worker-1-tc2/source/Cargo.toml
[INFO] validating manifest of crates.io crate csharp-language-server 0.7.1 on toolchain 1.100.0-beta.1
[INFO] running `Command { std: CARGO_HOME="/workspace/cargo-home" RUSTUP_HOME="/workspace/rustup-home" "/workspace/cargo-home/bin/cargo" "+1.100.0-beta.1" "metadata" "--manifest-path" "Cargo.toml" "--no-deps", kill_on_drop: false }`
[INFO] crate crates.io crate csharp-language-server 0.7.1 already has a lockfile, it will not be regenerated
[INFO] running `Command { std: CARGO_HOME="/workspace/cargo-home" RUSTUP_HOME="/workspace/rustup-home" "/workspace/cargo-home/bin/cargo" "+1.100.0-beta.1" "fetch" "--manifest-path" "Cargo.toml", kill_on_drop: false }`
[INFO] running `Command { std: "docker" "create" "-v" "/var/lib/crater-agent-workspace/builds/worker-1-tc2/source:/opt/rustwide/workdir:ro,Z" "-v" "/var/lib/crater-agent-workspace/builds/worker-1-tc2/target:/opt/rustwide/target:rw,Z" "-v" "/var/lib/crater-agent-workspace/cargo-home:/opt/rustwide/cargo-home:ro,Z" "-v" "/var/lib/crater-agent-workspace/rustup-home:/opt/rustwide/rustup-home:ro,Z" "-m" "1610612736" "--network" "none" "ghcr.io/rust-lang/crates-build-env/linux@sha256:77db811e55d90add9212f6832c23229e3de5f1c1f9905e8cb07319ea15df73ac" "sleep" "infinity", kill_on_drop: false }`
[INFO] [stdout] 3f01e6417e972645a5a0d7bd5ee98a7204e4a9eba99d008708f66c356199cc9c
[INFO] running `Command { std: "docker" "start" "3f01e6417e972645a5a0d7bd5ee98a7204e4a9eba99d008708f66c356199cc9c", kill_on_drop: false }`
[INFO] running `Command { std: "docker" "inspect" "3f01e6417e972645a5a0d7bd5ee98a7204e4a9eba99d008708f66c356199cc9c", kill_on_drop: false }`
[INFO] running `Command { std: "docker" "exec" "-e" "SOURCE_DIR=/opt/rustwide/workdir" "-e" "CARGO_HOME=/opt/rustwide/cargo-home" "-e" "RUSTUP_HOME=/opt/rustwide/rustup-home" "-e" "CARGO_TARGET_DIR=/opt/rustwide/target" "-w" "/opt/rustwide/workdir" "--user" "0:0" "3f01e6417e972645a5a0d7bd5ee98a7204e4a9eba99d008708f66c356199cc9c" "/opt/rustwide/cargo-home/bin/cargo" "+1.100.0-beta.1" "metadata" "--no-deps" "--format-version=1", kill_on_drop: false }`
[INFO] running `Command { std: "docker" "inspect" "3f01e6417e972645a5a0d7bd5ee98a7204e4a9eba99d008708f66c356199cc9c", kill_on_drop: false }`
[INFO] running `Command { std: "docker" "exec" "-e" "SOURCE_DIR=/opt/rustwide/workdir" "-e" "CARGO_HOME=/opt/rustwide/cargo-home" "-e" "RUSTUP_HOME=/opt/rustwide/rustup-home" "-e" "CARGO_TARGET_DIR=/opt/rustwide/target" "-e" "CARGO_INCREMENTAL=0" "-e" "RUST_BACKTRACE=full" "-e" "RUSTFLAGS=--cap-lints=warn" "-e" "RUSTDOCFLAGS=--cap-lints=warn" "-w" "/opt/rustwide/workdir" "--user" "0:0" "3f01e6417e972645a5a0d7bd5ee98a7204e4a9eba99d008708f66c356199cc9c" "/opt/rustwide/cargo-home/bin/cargo" "+1.100.0-beta.1" "build" "--frozen" "--message-format=json" "--release", kill_on_drop: false }`
[INFO] [stderr]    Compiling quote v1.0.41
[INFO] [stderr]    Compiling unicode-ident v1.0.20
[INFO] [stderr]    Compiling libc v0.2.177
[INFO] [stderr]    Compiling smallvec v1.15.1
[INFO] [stderr]    Compiling anstyle-query v1.1.4
[INFO] [stderr]    Compiling zmij v1.0.2
[INFO] [stderr]    Compiling regex-syntax v0.8.8
[INFO] [stderr]    Compiling bstr v1.12.1
[INFO] [stderr]    Compiling anstream v0.6.21
[INFO] [stderr]    Compiling proc-macro2 v1.0.103
[INFO] [stderr]    Compiling clap_lex v0.7.6
[INFO] [stderr]    Compiling log v0.4.28
[INFO] [stderr]    Compiling percent-encoding v2.3.2
[INFO] [stderr]    Compiling anyhow v1.0.100
[INFO] [stderr]    Compiling form_urlencoded v1.2.2
[INFO] [stderr]    Compiling clap_builder v4.5.54
[INFO] [stderr]    Compiling syn v2.0.108
[INFO] [stderr]    Compiling serde_json v1.0.149
[INFO] [stderr]    Compiling parking_lot_core v0.9.12
[INFO] [stderr]    Compiling mio v1.1.0
[INFO] [stderr]    Compiling socket2 v0.6.1
[INFO] [stderr]    Compiling dirs-sys v0.5.0
[INFO] [stderr]    Compiling parking_lot v0.12.5
[INFO] [stderr]    Compiling regex-automata v0.4.13
[INFO] [stderr]    Compiling signal-hook-registry v1.4.6
[INFO] [stderr]    Compiling directories v6.0.0
[INFO] [stderr]    Compiling synstructure v0.13.2
[INFO] [stderr]    Compiling globset v0.4.18
[INFO] [stderr]    Compiling ignore v0.4.25
[INFO] [stderr]    Compiling zerofrom-derive v0.1.6
[INFO] [stderr]    Compiling yoke-derive v0.8.1
[INFO] [stderr]    Compiling zerovec-derive v0.11.2
[INFO] [stderr]    Compiling displaydoc v0.2.5
[INFO] [stderr]    Compiling tokio-macros v2.6.0
[INFO] [stderr]    Compiling clap_derive v4.5.49
[INFO] [stderr]    Compiling zerofrom v0.1.6
[INFO] [stderr]    Compiling yoke v0.8.1
[INFO] [stderr]    Compiling serde_derive v1.0.228
[INFO] [stderr]    Compiling zerovec v0.11.5
[INFO] [stderr]    Compiling zerotrie v0.2.3
[INFO] [stderr]    Compiling tinystr v0.8.2
[INFO] [stderr]    Compiling potential_utf v0.1.4
[INFO] [stderr]    Compiling icu_collections v2.1.1
[INFO] [stderr]    Compiling icu_locale_core v2.1.1
[INFO] [stderr]    Compiling tokio v1.49.0
[INFO] [stderr]    Compiling clap v4.5.54
[INFO] [stderr]    Compiling icu_provider v2.1.1
[INFO] [stderr]    Compiling icu_normalizer v2.1.1
[INFO] [stderr]    Compiling icu_properties v2.1.1
[INFO] [stderr]    Compiling serde v1.0.228
[INFO] [stderr]    Compiling idna_adapter v1.2.1
[INFO] [stderr]    Compiling idna v1.1.0
[INFO] [stderr]    Compiling url v2.5.8
[INFO] [stderr]    Compiling csharp-language-server v0.7.1 (/opt/rustwide/workdir)
[INFO] [stderr]     Finished `release` profile [optimized] target(s) in 1m 48s
[INFO] running `Command { std: "docker" "inspect" "3f01e6417e972645a5a0d7bd5ee98a7204e4a9eba99d008708f66c356199cc9c", kill_on_drop: false }`
[INFO] running `Command { std: "docker" "exec" "-e" "SOURCE_DIR=/opt/rustwide/workdir" "-e" "CARGO_HOME=/opt/rustwide/cargo-home" "-e" "RUSTUP_HOME=/opt/rustwide/rustup-home" "-e" "CARGO_TARGET_DIR=/opt/rustwide/target" "-e" "CARGO_INCREMENTAL=0" "-e" "RUST_BACKTRACE=full" "-e" "RUSTFLAGS=--cap-lints=warn" "-e" "RUSTDOCFLAGS=--cap-lints=warn" "-w" "/opt/rustwide/workdir" "--user" "0:0" "3f01e6417e972645a5a0d7bd5ee98a7204e4a9eba99d008708f66c356199cc9c" "/opt/rustwide/cargo-home/bin/cargo" "+1.100.0-beta.1" "test" "--frozen" "--no-run" "--message-format=json" "--release", kill_on_drop: false }`
[INFO] [stderr]    Compiling regex-automata v0.4.13
[INFO] [stderr]    Compiling getrandom v0.3.4
[INFO] [stderr]    Compiling rustix v1.1.3
[INFO] [stderr]    Compiling wait-timeout v0.2.1
[INFO] [stderr]    Compiling predicates v3.1.3
[INFO] [stderr]    Compiling once_cell v1.21.3
[INFO] [stderr]    Compiling tempfile v3.24.0
[INFO] [stderr]    Compiling bstr v1.12.1
[INFO] [stderr]    Compiling globset v0.4.18
[INFO] [stderr]    Compiling assert_cmd v2.1.2
[INFO] [stderr]    Compiling ignore v0.4.25
[INFO] [stderr]    Compiling csharp-language-server v0.7.1 (/opt/rustwide/workdir)
[INFO] [stderr]     Finished `release` profile [optimized] target(s) in 45.75s
[INFO] running `Command { std: "docker" "inspect" "3f01e6417e972645a5a0d7bd5ee98a7204e4a9eba99d008708f66c356199cc9c", kill_on_drop: false }`
[INFO] running `Command { std: "docker" "exec" "-e" "SOURCE_DIR=/opt/rustwide/workdir" "-e" "CARGO_HOME=/opt/rustwide/cargo-home" "-e" "RUSTUP_HOME=/opt/rustwide/rustup-home" "-e" "CARGO_TARGET_DIR=/opt/rustwide/target" "-e" "CARGO_INCREMENTAL=0" "-e" "RUST_BACKTRACE=full" "-e" "RUSTFLAGS=--cap-lints=warn" "-e" "RUSTDOCFLAGS=--cap-lints=warn" "-w" "/opt/rustwide/workdir" "--user" "0:0" "3f01e6417e972645a5a0d7bd5ee98a7204e4a9eba99d008708f66c356199cc9c" "/opt/rustwide/cargo-home/bin/cargo" "+1.100.0-beta.1" "test" "--frozen" "--release", kill_on_drop: false }`
[INFO] [stderr]     Finished `release` profile [optimized] target(s) in 0.14s
[INFO] [stderr]      Running unittests src/lib.rs (/opt/rustwide/target/release/build/csharp-language-server/a2494177e8a33978/out/csharp_language_server-a2494177e8a33978)
[INFO] [stdout] 
[INFO] [stdout] running 4 tests
[INFO] [stdout] test path::tests::rooted_unix ... ok
[INFO] [stdout] test path::tests::finds_files_with_ext_in_root_and_subdir ... ok
[INFO] [stdout] test path::tests::with_host_unix ... ok
[INFO] [stdout] test path::tests::with_parent_unix ... ok
[INFO] [stdout] 
[INFO] [stdout] test result: ok. 4 passed; 0 failed; 0 ignored; 0 measured; 0 filtered out; finished in 0.01s
[INFO] [stdout] 
[INFO] [stderr]      Running unittests src/main.rs (/opt/rustwide/target/release/build/csharp-language-server/4c79e6d9c9f4623f/out/csharp_language_server-4c79e6d9c9f4623f)
[INFO] [stdout] 
[INFO] [stdout] running 0 tests
[INFO] [stdout] 
[INFO] [stdout] test result: ok. 0 passed; 0 failed; 0 ignored; 0 measured; 0 filtered out; finished in 0.00s
[INFO] [stdout] 
[INFO] [stderr]      Running tests/integration_tests.rs (/opt/rustwide/target/release/build/csharp-language-server/9fbf49f46a8ecd94/out/integration_tests-9fbf49f46a8ecd94)
[INFO] [stdout] 
[INFO] [stdout] running 2 tests
[INFO] [stderr] 
[INFO] [stderr] thread 'main' (1557) panicked at src/server.rs:22:10:
[INFO] [stderr] Unable to install server: No such file or directory (os error 2)
[INFO] [stderr] 
[INFO] [stderr] Stack backtrace:
[INFO] [stderr]    0: <anyhow::Error as core::convert::From<core::io::error::Error>>::from
[INFO] [stderr]    1: csharp_language_server::server::ensure_server_is_installed::{closure#0}
[INFO] [stderr]    2: <tokio::runtime::park::CachedParkThread>::block_on::<csharp_language_server::main::{closure#0}>
[INFO] [stderr]    3: tokio::runtime::context::runtime::enter_runtime::<<tokio::runtime::scheduler::multi_thread::MultiThread>::block_on<csharp_language_server::main::{closure#0}>::{closure#0}, ()>
[INFO] [stderr]    4: <tokio::runtime::runtime::Runtime>::block_on::<csharp_language_server::main::{closure#0}>
[INFO] [stderr]    5: csharp_language_server::main
[INFO] [stderr]    6: std::sys::backtrace::__rust_begin_short_backtrace::<fn(), ()>
[INFO] [stderr]    7: std::rt::lang_start::<()>::{closure#0}
[INFO] [stderr]    8: std::rt::lang_start_internal
[INFO] [stderr]    9: main
[INFO] [stderr]   10: <unknown>
[INFO] [stderr]   11: __libc_start_main
[INFO] [stderr]   12: _start
[INFO] [stderr] stack backtrace:
[INFO] [stderr]    0:     0x592e4c7ae401 - <<std[617be2ca0a6fd877]::sys::backtrace::BacktraceLock>::print::DisplayBacktrace as core[a373ad73a504971]::fmt::Display>::fmt
[INFO] [stderr]    1:     0x592e4c7c466a - core[a373ad73a504971]::fmt::write
[INFO] [stderr]    2:     0x592e4c7b455c - <std[617be2ca0a6fd877]::sys::stdio::unix::Stderr as core[a373ad73a504971]::io::write::Write>::write_fmt
[INFO] [stderr]    3:     0x592e4c788c06 - std[617be2ca0a6fd877]::panicking::default_hook::{closure#0}
[INFO] [stderr]    4:     0x592e4c7a5591 - std[617be2ca0a6fd877]::panicking::default_hook
[INFO] [stderr]    5:     0x592e4c7a58bb - std[617be2ca0a6fd877]::panicking::panic_with_hook
[INFO] [stderr]    6:     0x592e4c788cb2 - std[617be2ca0a6fd877]::panicking::panic_handler::{closure#0}
[INFO] [stderr]    7:     0x592e4c781329 - std[617be2ca0a6fd877]::sys::backtrace::__rust_end_short_backtrace::<std[617be2ca0a6fd877]::panicking::panic_handler::{closure#0}, !>
[INFO] [stderr]    8:     0x592e4c789b2d - __rustc[ea4f61d10b84890b]::rust_begin_unwind
[INFO] [stderr]    9:     0x592e4c7c4e4c - core[a373ad73a504971]::panicking::panic_fmt
[INFO] [stderr]   10:     0x592e4c7c4c22 - core[a373ad73a504971]::result::unwrap_failed
[INFO] [stderr]   11:     0x592e4c5baa9c - <tokio[df131c2406bb4cab]::runtime::park::CachedParkThread>::block_on::<csharp_language_server[42dac47fa63d97b7]::main::{closure#0}>
[INFO] [stderr]   12:     0x592e4c5d906f - tokio[df131c2406bb4cab]::runtime::context::runtime::enter_runtime::<<tokio[df131c2406bb4cab]::runtime::scheduler::multi_thread::MultiThread>::block_on<csharp_language_server[42dac47fa63d97b7]::main::{closure#0}>::{closure#0}, ()>
[INFO] [stderr]   13:     0x592e4c5cff3e - <tokio[df131c2406bb4cab]::runtime::runtime::Runtime>::block_on::<csharp_language_server[42dac47fa63d97b7]::main::{closure#0}>
[INFO] [stderr]   14:     0x592e4c5c7c14 - csharp_language_server[42dac47fa63d97b7]::main
[INFO] [stderr]   15:     0x592e4c5d529b - std[617be2ca0a6fd877]::sys::backtrace::__rust_begin_short_backtrace::<fn(), ()>
[INFO] [stderr]   16:     0x592e4c5d2899 - std[617be2ca0a6fd877]::rt::lang_start::<()>::{closure#0}
[INFO] [stderr]   17:     0x592e4c7a40a8 - std[617be2ca0a6fd877]::rt::lang_start_internal
[INFO] [stderr]   18:     0x592e4c5ca025 - main
[INFO] [stderr]   19:     0x78ce7e1fe601 - <unknown>
[INFO] [stderr]   20:     0x78ce7e1fe718 - __libc_start_main
[INFO] [stderr]   21:     0x592e4c5b7915 - _start
[INFO] [stderr]   22:                0x0 - <unknown>
[INFO] [stdout] test provides_diagnostics ... FAILED
[INFO] [stdout] test first_line_is_jsonrpc ... FAILED
[INFO] [stdout] 
[INFO] [stdout] failures:
[INFO] [stdout] 
[INFO] [stdout] ---- provides_diagnostics stdout ----
[INFO] [stdout] [send] initialize(id=0)
[INFO] [stdout] child stdout EOF
[INFO] [stdout] 
[INFO] [stdout] thread 'provides_diagnostics' (1556) panicked at tests/integration_tests.rs:290:10:
[INFO] [stdout] called `Option::unwrap()` on a `None` value
[INFO] [stdout] stack backtrace:
[INFO] [stdout]    0:     0x612df1133751 - <<std[617be2ca0a6fd877]::sys::backtrace::BacktraceLock>::print::DisplayBacktrace as core[a373ad73a504971]::fmt::Display>::fmt
[INFO] [stdout]    1:     0x612df114844a - core[a373ad73a504971]::fmt::write
[INFO] [stdout]    2:     0x612df1137cfc - <alloc[2e1b2a31b91974c5]::vec::Vec<u8> as core[a373ad73a504971]::io::write::Write>::write_fmt
[INFO] [stdout]    3:     0x612df110f506 - std[617be2ca0a6fd877]::panicking::default_hook::{closure#0}
[INFO] [stdout]    4:     0x612df112ba69 - std[617be2ca0a6fd877]::panicking::default_hook
[INFO] [stdout]    5:     0x612df10c04c0 - test[aada8e7e76ba119b]::test_main_inner::{closure#0}
[INFO] [stdout]    6:     0x612df112bc22 - std[617be2ca0a6fd877]::panicking::panic_with_hook
[INFO] [stdout]    7:     0x612df110f5e4 - std[617be2ca0a6fd877]::panicking::panic_handler::{closure#0}
[INFO] [stdout]    8:     0x612df1108139 - std[617be2ca0a6fd877]::sys::backtrace::__rust_end_short_backtrace::<std[617be2ca0a6fd877]::panicking::panic_handler::{closure#0}, !>
[INFO] [stdout]    9:     0x612df11101bd - __rustc[ea4f61d10b84890b]::rust_begin_unwind
[INFO] [stdout]   10:     0x612df1148b7c - core[a373ad73a504971]::panicking::panic_fmt
[INFO] [stdout]   11:     0x612df1148b42 - core[a373ad73a504971]::panicking::panic
[INFO] [stdout]   12:     0x612df11488f9 - core[a373ad73a504971]::option::unwrap_failed
[INFO] [stdout]   13:     0x612df10a6cc2 - integration_tests[f8c1c6c3dec15374]::provides_diagnostics
[INFO] [stdout]   14:     0x612df10a8c09 - <integration_tests[f8c1c6c3dec15374]::provides_diagnostics::{closure#0} as core[a373ad73a504971]::ops::function::FnOnce<()>>::call_once
[INFO] [stdout]   15:     0x612df10b390b - test[aada8e7e76ba119b]::__rust_begin_short_backtrace::<core[a373ad73a504971]::result::Result<(), alloc[2e1b2a31b91974c5]::string::String>, fn() -> core[a373ad73a504971]::result::Result<(), alloc[2e1b2a31b91974c5]::string::String>>
[INFO] [stdout]   16:     0x612df10c0ae5 - test[aada8e7e76ba119b]::run_test::{closure#0}
[INFO] [stdout]   17:     0x612df10ba3d4 - std[617be2ca0a6fd877]::sys::backtrace::__rust_begin_short_backtrace::<test[aada8e7e76ba119b]::run_test::{closure#1}, ()>
[INFO] [stdout]   18:     0x612df10c3b72 - <std[617be2ca0a6fd877]::thread::lifecycle::spawn_unchecked<test[aada8e7e76ba119b]::run_test::{closure#1}, ()>::{closure#1} as core[a373ad73a504971]::ops::function::FnOnce<()>>::call_once::{shim:vtable#0}
[INFO] [stdout]   19:     0x612df1132c4f - <std[617be2ca0a6fd877]::sys::thread::unix::Thread>::new::thread_start
[INFO] [stdout]   20:     0x7ffa383bedfa - <unknown>
[INFO] [stdout]   21:     0x7ffa384523d4 - clone
[INFO] [stdout]   22:                0x0 - <unknown>
[INFO] [stdout] 
[INFO] [stdout] ---- first_line_is_jsonrpc stdout ----
[INFO] [stdout] 
[INFO] [stdout] thread 'first_line_is_jsonrpc' (1555) panicked at tests/integration_tests.rs:12:37:
[INFO] [stdout] called `Result::unwrap()` on an `Err` value: PoisonError { .. }
[INFO] [stdout] stack backtrace:
[INFO] [stdout]    0:     0x612df1133751 - <<std[617be2ca0a6fd877]::sys::backtrace::BacktraceLock>::print::DisplayBacktrace as core[a373ad73a504971]::fmt::Display>::fmt
[INFO] [stdout]    1:     0x612df114844a - core[a373ad73a504971]::fmt::write
[INFO] [stdout]    2:     0x612df1137cfc - <alloc[2e1b2a31b91974c5]::vec::Vec<u8> as core[a373ad73a504971]::io::write::Write>::write_fmt
[INFO] [stdout]    3:     0x612df110f506 - std[617be2ca0a6fd877]::panicking::default_hook::{closure#0}
[INFO] [stdout]    4:     0x612df112ba69 - std[617be2ca0a6fd877]::panicking::default_hook
[INFO] [stdout]    5:     0x612df10c04c0 - test[aada8e7e76ba119b]::test_main_inner::{closure#0}
[INFO] [stdout]    6:     0x612df112bc22 - std[617be2ca0a6fd877]::panicking::panic_with_hook
[INFO] [stdout]    7:     0x612df110f5b2 - std[617be2ca0a6fd877]::panicking::panic_handler::{closure#0}
[INFO] [stdout]    8:     0x612df1108139 - std[617be2ca0a6fd877]::sys::backtrace::__rust_end_short_backtrace::<std[617be2ca0a6fd877]::panicking::panic_handler::{closure#0}, !>
[INFO] [stdout]    9:     0x612df11101bd - __rustc[ea4f61d10b84890b]::rust_begin_unwind
[INFO] [stdout]   10:     0x612df1148b7c - core[a373ad73a504971]::panicking::panic_fmt
[INFO] [stdout]   11:     0x612df1148952 - core[a373ad73a504971]::result::unwrap_failed
[INFO] [stdout]   12:     0x612df10a9337 - <integration_tests[f8c1c6c3dec15374]::first_line_is_jsonrpc::{closure#0} as core[a373ad73a504971]::ops::function::FnOnce<()>>::call_once
[INFO] [stdout]   13:     0x612df10b390b - test[aada8e7e76ba119b]::__rust_begin_short_backtrace::<core[a373ad73a504971]::result::Result<(), alloc[2e1b2a31b91974c5]::string::String>, fn() -> core[a373ad73a504971]::result::Result<(), alloc[2e1b2a31b91974c5]::string::String>>
[INFO] [stdout]   14:     0x612df10c0ae5 - test[aada8e7e76ba119b]::run_test::{closure#0}
[INFO] [stdout]   15:     0x612df10ba3d4 - std[617be2ca0a6fd877]::sys::backtrace::__rust_begin_short_backtrace::<test[aada8e7e76ba119b]::run_test::{closure#1}, ()>
[INFO] [stdout]   16:     0x612df10c3b72 - <std[617be2ca0a6fd877]::thread::lifecycle::spawn_unchecked<test[aada8e7e76ba119b]::run_test::{closure#1}, ()>::{closure#1} as core[a373ad73a504971]::ops::function::FnOnce<()>>::call_once::{shim:vtable#0}
[INFO] [stdout]   17:     0x612df1132c4f - <std[617be2ca0a6fd877]::sys::thread::unix::Thread>::new::thread_start
[INFO] [stdout]   18:     0x7ffa383bedfa - <unknown>
[INFO] [stdout]   19:     0x7ffa384523d4 - clone
[INFO] [stdout]   20:                0x0 - <unknown>
[INFO] [stdout] 
[INFO] [stdout] 
[INFO] [stdout] failures:
[INFO] [stdout]     first_line_is_jsonrpc
[INFO] [stdout]     provides_diagnostics
[INFO] [stdout] 
[INFO] [stdout] test result: FAILED. 0 passed; 2 failed; 0 ignored; 0 measured; 0 filtered out; finished in 0.02s
[INFO] [stdout] 
[INFO] [stderr] error: test failed, to rerun pass `--test integration_tests`
[INFO] running `Command { std: "docker" "inspect" "3f01e6417e972645a5a0d7bd5ee98a7204e4a9eba99d008708f66c356199cc9c", kill_on_drop: false }`
[INFO] running `Command { std: "docker" "rm" "-f" "3f01e6417e972645a5a0d7bd5ee98a7204e4a9eba99d008708f66c356199cc9c", kill_on_drop: false }`
[INFO] [stdout] 3f01e6417e972645a5a0d7bd5ee98a7204e4a9eba99d008708f66c356199cc9c
