[INFO] fetching crate cscart-rs 0.8.0...
[INFO] testing cscart-rs-0.8.0 against 1.99.0-beta.8+cargoflags=--release for beta-release-1.100-2
[INFO] extracting crate cscart-rs 0.8.0 into /workspace/builds/worker-6-tc1/source
[INFO] started tweaking crates.io crate cscart-rs 0.8.0
[INFO] removed 0 missing tests
[INFO] finished tweaking crates.io crate cscart-rs 0.8.0
[INFO] tweaked toml for crates.io crate cscart-rs 0.8.0 written to /workspace/builds/worker-6-tc1/source/Cargo.toml
[INFO] validating manifest of crates.io crate cscart-rs 0.8.0 on toolchain 1.99.0-beta.8
[INFO] running `Command { std: CARGO_HOME="/workspace/cargo-home" RUSTUP_HOME="/workspace/rustup-home" "/workspace/cargo-home/bin/cargo" "+1.99.0-beta.8" "metadata" "--manifest-path" "Cargo.toml" "--no-deps", kill_on_drop: false }`
[INFO] crate crates.io crate cscart-rs 0.8.0 already has a lockfile, it will not be regenerated
[INFO] running `Command { std: CARGO_HOME="/workspace/cargo-home" RUSTUP_HOME="/workspace/rustup-home" "/workspace/cargo-home/bin/cargo" "+1.99.0-beta.8" "fetch" "--manifest-path" "Cargo.toml", kill_on_drop: false }`
[INFO] [stderr]     Updating crates.io index
[INFO] [stderr]  Downloading crates ...
[INFO] [stderr]   Downloaded reqwest v0.11.27
[INFO] [stderr]   Downloaded system-configuration v0.5.1
[INFO] [stderr]   Downloaded system-configuration-sys v0.5.0
[INFO] [stderr]   Downloaded dotenv v0.15.0
[INFO] [stderr]   Downloaded redox_syscall v0.5.10
[INFO] [stderr]   Downloaded winreg v0.50.0
[INFO] [stderr]   Downloaded security-framework-sys v2.14.0
[INFO] [stderr]   Downloaded schannel v0.1.27
[INFO] [stderr]   Downloaded openssl-sys v0.9.106
[INFO] [stderr]   Downloaded indexmap v2.8.0
[INFO] [stderr]   Downloaded cc v1.2.17
[INFO] [stderr]   Downloaded tokio-util v0.7.14
[INFO] [stderr]   Downloaded openssl v0.10.71
[INFO] [stderr]   Downloaded rustix v1.0.3
[INFO] [stderr]   Downloaded tokio v1.44.1
[INFO] [stderr]   Downloaded linux-raw-sys v0.9.3
[INFO] running `Command { std: "docker" "create" "-v" "/var/lib/crater-agent-workspace/builds/worker-6-tc1/source:/opt/rustwide/workdir:ro,Z" "-v" "/var/lib/crater-agent-workspace/builds/worker-6-tc1/target:/opt/rustwide/target:rw,Z" "-v" "/var/lib/crater-agent-workspace/cargo-home:/opt/rustwide/cargo-home:ro,Z" "-v" "/var/lib/crater-agent-workspace/rustup-home:/opt/rustwide/rustup-home:ro,Z" "-m" "1610612736" "--network" "none" "ghcr.io/rust-lang/crates-build-env/linux@sha256:77db811e55d90add9212f6832c23229e3de5f1c1f9905e8cb07319ea15df73ac" "sleep" "infinity", kill_on_drop: false }`
[INFO] [stdout] 6524b73bec7075a4c22113827252ee259b48a9e67e861dbf65ebe80f147a2b50
[INFO] running `Command { std: "docker" "start" "6524b73bec7075a4c22113827252ee259b48a9e67e861dbf65ebe80f147a2b50", kill_on_drop: false }`
[INFO] running `Command { std: "docker" "inspect" "6524b73bec7075a4c22113827252ee259b48a9e67e861dbf65ebe80f147a2b50", kill_on_drop: false }`
[INFO] running `Command { std: "docker" "exec" "-e" "SOURCE_DIR=/opt/rustwide/workdir" "-e" "CARGO_HOME=/opt/rustwide/cargo-home" "-e" "RUSTUP_HOME=/opt/rustwide/rustup-home" "-e" "CARGO_TARGET_DIR=/opt/rustwide/target" "-w" "/opt/rustwide/workdir" "--user" "0:0" "6524b73bec7075a4c22113827252ee259b48a9e67e861dbf65ebe80f147a2b50" "/opt/rustwide/cargo-home/bin/cargo" "+1.99.0-beta.8" "metadata" "--no-deps" "--format-version=1", kill_on_drop: false }`
[INFO] running `Command { std: "docker" "inspect" "6524b73bec7075a4c22113827252ee259b48a9e67e861dbf65ebe80f147a2b50", kill_on_drop: false }`
[INFO] running `Command { std: "docker" "exec" "-e" "SOURCE_DIR=/opt/rustwide/workdir" "-e" "CARGO_HOME=/opt/rustwide/cargo-home" "-e" "RUSTUP_HOME=/opt/rustwide/rustup-home" "-e" "CARGO_TARGET_DIR=/opt/rustwide/target" "-e" "CARGO_INCREMENTAL=0" "-e" "RUST_BACKTRACE=full" "-e" "RUSTFLAGS=--cap-lints=warn" "-e" "RUSTDOCFLAGS=--cap-lints=warn" "-w" "/opt/rustwide/workdir" "--user" "0:0" "6524b73bec7075a4c22113827252ee259b48a9e67e861dbf65ebe80f147a2b50" "/opt/rustwide/cargo-home/bin/cargo" "+1.99.0-beta.8" "build" "--frozen" "--message-format=json" "--release", kill_on_drop: false }`
[INFO] [stderr]    Compiling syn v2.0.100
[INFO] [stderr]    Compiling stable_deref_trait v1.2.0
[INFO] [stderr]    Compiling smallvec v1.14.0
[INFO] [stderr]    Compiling cc v1.2.17
[INFO] [stderr]    Compiling pkg-config v0.3.32
[INFO] [stderr]    Compiling writeable v0.5.5
[INFO] [stderr]    Compiling icu_locid_transform_data v1.5.1
[INFO] [stderr]    Compiling litemap v0.7.5
[INFO] [stderr]    Compiling once_cell v1.21.3
[INFO] [stderr]    Compiling bytes v1.10.1
[INFO] [stderr]    Compiling parking_lot_core v0.9.10
[INFO] [stderr]    Compiling itoa v1.0.15
[INFO] [stderr]    Compiling icu_properties_data v1.5.1
[INFO] [stderr]    Compiling icu_normalizer_data v1.5.1
[INFO] [stderr]    Compiling futures-core v0.3.31
[INFO] [stderr]    Compiling parking_lot v0.12.3
[INFO] [stderr]    Compiling slab v0.4.9
[INFO] [stderr]    Compiling openssl v0.10.71
[INFO] [stderr]    Compiling foreign-types-shared v0.1.1
[INFO] [stderr]    Compiling fnv v1.0.7
[INFO] [stderr]    Compiling foreign-types v0.3.2
[INFO] [stderr]    Compiling tracing-core v0.1.33
[INFO] [stderr]    Compiling futures-sink v0.3.31
[INFO] [stderr]    Compiling bitflags v2.9.0
[INFO] [stderr]    Compiling utf16_iter v1.0.5
[INFO] [stderr]    Compiling serde v1.0.219
[INFO] [stderr]    Compiling http v0.2.12
[INFO] [stderr]    Compiling hashbrown v0.15.2
[INFO] [stderr]    Compiling pin-utils v0.1.0
[INFO] [stderr]    Compiling native-tls v0.2.14
[INFO] [stderr]    Compiling futures-task v0.3.31
[INFO] [stderr]    Compiling write16 v1.0.0
[INFO] [stderr]    Compiling tracing v0.1.41
[INFO] [stderr]    Compiling futures-util v0.3.31
[INFO] [stderr]    Compiling percent-encoding v2.3.1
[INFO] [stderr]    Compiling openssl-probe v0.1.6
[INFO] [stderr]    Compiling openssl-sys v0.9.106
[INFO] [stderr]    Compiling indexmap v2.8.0
[INFO] [stderr]    Compiling log v0.4.27
[INFO] [stderr]    Compiling form_urlencoded v1.2.1
[INFO] [stderr]    Compiling http-body v0.4.6
[INFO] [stderr]    Compiling futures-channel v0.3.31
[INFO] [stderr]    Compiling ryu v1.0.20
[INFO] [stderr]    Compiling getrandom v0.3.2
[INFO] [stderr]    Compiling serde_json v1.0.140
[INFO] [stderr]    Compiling httpdate v1.0.3
[INFO] [stderr]    Compiling base64 v0.21.7
[INFO] [stderr]    Compiling memchr v2.7.4
[INFO] [stderr]    Compiling rustls-pemfile v1.0.4
[INFO] [stderr]    Compiling encoding_rs v0.8.35
[INFO] [stderr]    Compiling mime v0.3.17
[INFO] [stderr]    Compiling ipnet v2.11.0
[INFO] [stderr]    Compiling sync_wrapper v0.1.2
[INFO] [stderr]    Compiling uuid v1.16.0
[INFO] [stderr]    Compiling dotenv v0.15.0
[INFO] [stderr]    Compiling synstructure v0.13.1
[INFO] [stderr]    Compiling zerofrom-derive v0.1.6
[INFO] [stderr]    Compiling yoke-derive v0.7.5
[INFO] [stderr]    Compiling zerovec-derive v0.10.3
[INFO] [stderr]    Compiling displaydoc v0.2.5
[INFO] [stderr]    Compiling icu_provider_macros v1.5.0
[INFO] [stderr]    Compiling tokio-macros v2.5.0
[INFO] [stderr]    Compiling openssl-macros v0.1.1
[INFO] [stderr]    Compiling serde_derive v1.0.219
[INFO] [stderr]    Compiling tokio v1.44.1
[INFO] [stderr]    Compiling zerofrom v0.1.6
[INFO] [stderr]    Compiling yoke v0.7.5
[INFO] [stderr]    Compiling zerovec v0.10.4
[INFO] [stderr]    Compiling tinystr v0.7.6
[INFO] [stderr]    Compiling icu_collections v1.5.0
[INFO] [stderr]    Compiling icu_locid v1.5.0
[INFO] [stderr]    Compiling icu_provider v1.5.0
[INFO] [stderr]    Compiling icu_locid_transform v1.5.0
[INFO] [stderr]    Compiling icu_properties v1.5.1
[INFO] [stderr]    Compiling serde_urlencoded v0.7.1
[INFO] [stderr]    Compiling tokio-util v0.7.14
[INFO] [stderr]    Compiling tokio-native-tls v0.3.1
[INFO] [stderr]    Compiling icu_normalizer v1.5.0
[INFO] [stderr]    Compiling h2 v0.3.26
[INFO] [stderr]    Compiling idna_adapter v1.2.0
[INFO] [stderr]    Compiling idna v1.0.3
[INFO] [stderr]    Compiling url v2.5.4
[INFO] [stderr]    Compiling hyper v0.14.32
[INFO] [stderr]    Compiling hyper-tls v0.5.0
[INFO] [stderr]    Compiling reqwest v0.11.27
[INFO] [stderr]    Compiling cscart-rs v0.8.0 (/opt/rustwide/workdir)
[INFO] [stdout] warning: ambiguous glob re-exports
[INFO] [stdout]   --> src/types/mod.rs:8:9
[INFO] [stdout]    |
[INFO] [stdout]  8 | pub use crate::types::call_request::*;
[INFO] [stdout]    |         ^^^^^^^^^^^^^^^^^^^^^^^^^^^^^ the name `CartProduct` in the type namespace is first re-exported here
[INFO] [stdout] ...
[INFO] [stdout] 11 | pub use crate::types::cart::*;
[INFO] [stdout]    |         --------------------- but the name `CartProduct` in the type namespace is also re-exported here
[INFO] [stdout]    |
[INFO] [stdout]    = note: `#[warn(ambiguous_glob_reexports)]` on by default
[INFO] [stdout] 
[INFO] [stdout] 
[INFO] [stdout] warning: methods `get_username`, `get_api_key`, and `get_host` are never used
[INFO] [stdout]    --> src/lib.rs:237:8
[INFO] [stdout]     |
[INFO] [stdout]  72 | impl Client {
[INFO] [stdout]     | ----------- methods in this implementation
[INFO] [stdout] ...
[INFO] [stdout] 237 |     fn get_username(&self) -> &str {
[INFO] [stdout]     |        ^^^^^^^^^^^^
[INFO] [stdout] ...
[INFO] [stdout] 241 |     fn get_api_key(&self) -> &str {
[INFO] [stdout]     |        ^^^^^^^^^^^
[INFO] [stdout] ...
[INFO] [stdout] 245 |     fn get_host(&self) -> &str {
[INFO] [stdout]     |        ^^^^^^^^
[INFO] [stdout]     |
[INFO] [stdout]     = note: `#[warn(dead_code)]` (part of `#[warn(unused)]`) on by default
[INFO] [stdout] 
[INFO] [stdout] 
[INFO] [stdout] warning: trait `HttpClient` is never used
[INFO] [stdout]   --> src/request/mod.rs:29:11
[INFO] [stdout]    |
[INFO] [stdout] 29 | pub trait HttpClient {
[INFO] [stdout]    |           ^^^^^^^^^^
[INFO] [stdout] 
[INFO] [stdout] 
[INFO] [stdout] warning: field `params` is never read
[INFO] [stdout]   --> src/service/mod.rs:26:16
[INFO] [stdout]    |
[INFO] [stdout] 21 | pub struct Service<S: ServiceState = Unauthenticated> {
[INFO] [stdout]    |            ------- field in this struct
[INFO] [stdout] ...
[INFO] [stdout] 26 |     pub(crate) params: Option<Vec<(String, String)>>,
[INFO] [stdout]    |                ^^^^^^
[INFO] [stdout] 
[INFO] [stdout] 
[INFO] [stderr]     Finished `release` profile [optimized] target(s) in 2m 09s
[INFO] running `Command { std: "docker" "inspect" "6524b73bec7075a4c22113827252ee259b48a9e67e861dbf65ebe80f147a2b50", kill_on_drop: false }`
[INFO] running `Command { std: "docker" "exec" "-e" "SOURCE_DIR=/opt/rustwide/workdir" "-e" "CARGO_HOME=/opt/rustwide/cargo-home" "-e" "RUSTUP_HOME=/opt/rustwide/rustup-home" "-e" "CARGO_TARGET_DIR=/opt/rustwide/target" "-e" "CARGO_INCREMENTAL=0" "-e" "RUST_BACKTRACE=full" "-e" "RUSTFLAGS=--cap-lints=warn" "-e" "RUSTDOCFLAGS=--cap-lints=warn" "-w" "/opt/rustwide/workdir" "--user" "0:0" "6524b73bec7075a4c22113827252ee259b48a9e67e861dbf65ebe80f147a2b50" "/opt/rustwide/cargo-home/bin/cargo" "+1.99.0-beta.8" "test" "--frozen" "--no-run" "--message-format=json" "--release", kill_on_drop: false }`
[INFO] [stderr]    Compiling cscart-rs v0.8.0 (/opt/rustwide/workdir)
[INFO] [stdout] warning: ambiguous glob re-exports
[INFO] [stdout]   --> src/types/mod.rs:8:9
[INFO] [stdout]    |
[INFO] [stdout]  8 | pub use crate::types::call_request::*;
[INFO] [stdout]    |         ^^^^^^^^^^^^^^^^^^^^^^^^^^^^^ the name `CartProduct` in the type namespace is first re-exported here
[INFO] [stdout] ...
[INFO] [stdout] 11 | pub use crate::types::cart::*;
[INFO] [stdout]    |         --------------------- but the name `CartProduct` in the type namespace is also re-exported here
[INFO] [stdout]    |
[INFO] [stdout]    = note: `#[warn(ambiguous_glob_reexports)]` on by default
[INFO] [stdout] 
[INFO] [stdout] 
[INFO] [stdout] warning: methods `get_username`, `get_api_key`, and `get_host` are never used
[INFO] [stdout]    --> src/lib.rs:237:8
[INFO] [stdout]     |
[INFO] [stdout]  72 | impl Client {
[INFO] [stdout]     | ----------- methods in this implementation
[INFO] [stdout] ...
[INFO] [stdout] 237 |     fn get_username(&self) -> &str {
[INFO] [stdout]     |        ^^^^^^^^^^^^
[INFO] [stdout] ...
[INFO] [stdout] 241 |     fn get_api_key(&self) -> &str {
[INFO] [stdout]     |        ^^^^^^^^^^^
[INFO] [stdout] ...
[INFO] [stdout] 245 |     fn get_host(&self) -> &str {
[INFO] [stdout]     |        ^^^^^^^^
[INFO] [stdout]     |
[INFO] [stdout]     = note: `#[warn(dead_code)]` (part of `#[warn(unused)]`) on by default
[INFO] [stdout] 
[INFO] [stdout] 
[INFO] [stdout] warning: trait `HttpClient` is never used
[INFO] [stdout]   --> src/request/mod.rs:29:11
[INFO] [stdout]    |
[INFO] [stdout] 29 | pub trait HttpClient {
[INFO] [stdout]    |           ^^^^^^^^^^
[INFO] [stdout] 
[INFO] [stdout] 
[INFO] [stdout] warning: field `params` is never read
[INFO] [stdout]   --> src/service/mod.rs:26:16
[INFO] [stdout]    |
[INFO] [stdout] 21 | pub struct Service<S: ServiceState = Unauthenticated> {
[INFO] [stdout]    |            ------- field in this struct
[INFO] [stdout] ...
[INFO] [stdout] 26 |     pub(crate) params: Option<Vec<(String, String)>>,
[INFO] [stdout]    |                ^^^^^^
[INFO] [stdout] 
[INFO] [stdout] 
[INFO] [stdout] warning: ambiguous glob re-exports
[INFO] [stdout]   --> src/types/mod.rs:8:9
[INFO] [stdout]    |
[INFO] [stdout]  8 | pub use crate::types::call_request::*;
[INFO] [stdout]    |         ^^^^^^^^^^^^^^^^^^^^^^^^^^^^^ the name `CartProduct` in the type namespace is first re-exported here
[INFO] [stdout] ...
[INFO] [stdout] 11 | pub use crate::types::cart::*;
[INFO] [stdout]    |         --------------------- but the name `CartProduct` in the type namespace is also re-exported here
[INFO] [stdout]    |
[INFO] [stdout]    = note: `#[warn(ambiguous_glob_reexports)]` on by default
[INFO] [stdout] 
[INFO] [stdout] 
[INFO] [stdout] warning: trait `HttpClient` is never used
[INFO] [stdout]   --> src/request/mod.rs:29:11
[INFO] [stdout]    |
[INFO] [stdout] 29 | pub trait HttpClient {
[INFO] [stdout]    |           ^^^^^^^^^^
[INFO] [stdout]    |
[INFO] [stdout]    = note: `#[warn(dead_code)]` (part of `#[warn(unused)]`) on by default
[INFO] [stdout] 
[INFO] [stdout] 
[INFO] [stdout] warning: field `params` is never read
[INFO] [stdout]   --> src/service/mod.rs:26:16
[INFO] [stdout]    |
[INFO] [stdout] 21 | pub struct Service<S: ServiceState = Unauthenticated> {
[INFO] [stdout]    |            ------- field in this struct
[INFO] [stdout] ...
[INFO] [stdout] 26 |     pub(crate) params: Option<Vec<(String, String)>>,
[INFO] [stdout]    |                ^^^^^^
[INFO] [stdout] 
[INFO] [stdout] 
[INFO] [stderr]     Finished `release` profile [optimized] target(s) in 1m 24s
[INFO] running `Command { std: "docker" "inspect" "6524b73bec7075a4c22113827252ee259b48a9e67e861dbf65ebe80f147a2b50", kill_on_drop: false }`
[INFO] running `Command { std: "docker" "exec" "-e" "SOURCE_DIR=/opt/rustwide/workdir" "-e" "CARGO_HOME=/opt/rustwide/cargo-home" "-e" "RUSTUP_HOME=/opt/rustwide/rustup-home" "-e" "CARGO_TARGET_DIR=/opt/rustwide/target" "-e" "CARGO_INCREMENTAL=0" "-e" "RUST_BACKTRACE=full" "-e" "RUSTFLAGS=--cap-lints=warn" "-e" "RUSTDOCFLAGS=--cap-lints=warn" "-w" "/opt/rustwide/workdir" "--user" "0:0" "6524b73bec7075a4c22113827252ee259b48a9e67e861dbf65ebe80f147a2b50" "/opt/rustwide/cargo-home/bin/cargo" "+1.99.0-beta.8" "test" "--frozen" "--release", kill_on_drop: false }`
[INFO] [stderr] warning: ambiguous glob re-exports
[INFO] [stderr]   --> src/types/mod.rs:8:9
[INFO] [stderr]    |
[INFO] [stderr]  8 | pub use crate::types::call_request::*;
[INFO] [stderr]    |         ^^^^^^^^^^^^^^^^^^^^^^^^^^^^^ the name `CartProduct` in the type namespace is first re-exported here
[INFO] [stderr] ...
[INFO] [stderr] 11 | pub use crate::types::cart::*;
[INFO] [stderr]    |         --------------------- but the name `CartProduct` in the type namespace is also re-exported here
[INFO] [stderr]    |
[INFO] [stderr]    = note: `#[warn(ambiguous_glob_reexports)]` on by default
[INFO] [stderr] 
[INFO] [stderr] warning: methods `get_username`, `get_api_key`, and `get_host` are never used
[INFO] [stderr]    --> src/lib.rs:237:8
[INFO] [stderr]     |
[INFO] [stderr]  72 | impl Client {
[INFO] [stderr]     | ----------- methods in this implementation
[INFO] [stderr] ...
[INFO] [stderr] 237 |     fn get_username(&self) -> &str {
[INFO] [stderr]     |        ^^^^^^^^^^^^
[INFO] [stderr] ...
[INFO] [stderr] 241 |     fn get_api_key(&self) -> &str {
[INFO] [stderr]     |        ^^^^^^^^^^^
[INFO] [stderr] ...
[INFO] [stderr] 245 |     fn get_host(&self) -> &str {
[INFO] [stderr]     |        ^^^^^^^^
[INFO] [stderr]     |
[INFO] [stderr]     = note: `#[warn(dead_code)]` (part of `#[warn(unused)]`) on by default
[INFO] [stderr] 
[INFO] [stderr] warning: trait `HttpClient` is never used
[INFO] [stderr]   --> src/request/mod.rs:29:11
[INFO] [stderr]    |
[INFO] [stderr] 29 | pub trait HttpClient {
[INFO] [stderr]    |           ^^^^^^^^^^
[INFO] [stderr] 
[INFO] [stderr] warning: field `params` is never read
[INFO] [stderr]   --> src/service/mod.rs:26:16
[INFO] [stderr]    |
[INFO] [stderr] 21 | pub struct Service<S: ServiceState = Unauthenticated> {
[INFO] [stderr]    |            ------- field in this struct
[INFO] [stderr] ...
[INFO] [stderr] 26 |     pub(crate) params: Option<Vec<(String, String)>>,
[INFO] [stderr]    |                ^^^^^^
[INFO] [stderr] 
[INFO] [stderr] warning: trait `HttpClient` is never used
[INFO] [stderr]   --> src/request/mod.rs:29:11
[INFO] [stderr]    |
[INFO] [stderr] 29 | pub trait HttpClient {
[INFO] [stderr]    |           ^^^^^^^^^^
[INFO] [stderr]    |
[INFO] [stderr]    = note: `#[warn(dead_code)]` (part of `#[warn(unused)]`) on by default
[INFO] [stderr] 
[INFO] [stderr] warning: `cscart-rs` (lib) generated 4 warnings
[INFO] [stderr] warning: `cscart-rs` (lib test) generated 3 warnings (2 duplicates)
[INFO] [stderr]     Finished `release` profile [optimized] target(s) in 0.15s
[INFO] [stderr]      Running unittests src/lib.rs (/opt/rustwide/target/release/deps/cscart_rs-c36d7539ef940f46)
[INFO] [stdout] 
[INFO] [stdout] running 12 tests
[INFO] [stdout] test request::tests::it_makes_a_put_request ... FAILED
[INFO] [stdout] test handler::tests::it_deletes_a_record ... FAILED
[INFO] [stdout] test request::tests::it_makes_a_get_request ... FAILED
[INFO] [stdout] test utils::serde_utils::product_unit_tests::it_deserializes_string_or_float_to_f32 ... ok
[INFO] [stdout] test handler::tests::it_updates_a_record ... FAILED
[INFO] [stdout] test request::tests::it_makes_a_post_request ... FAILED
[INFO] [stdout] test handler::tests::it_creates_a_record ... FAILED
[INFO] [stdout] test request::tests::it_makes_a_delete_request ... FAILED
[INFO] [stdout] test tests::it_creates_api_client ... FAILED
[INFO] [stdout] test handler::tests::it_reads_a_record ... FAILED
[INFO] [stdout] test utils::serde_utils::product_unit_tests::it_deserializes_string_or_int_to_i32 ... ok
[INFO] [stdout] test utils::serde_utils::product_unit_tests::it_deserializes_string_or_int_to_vec_i32 ... ok
[INFO] [stdout] 
[INFO] [stdout] failures:
[INFO] [stdout] 
[INFO] [stdout] ---- request::tests::it_makes_a_put_request stdout ----
[INFO] [stdout] 
[INFO] [stdout] thread 'request::tests::it_makes_a_put_request' (2424) panicked at src/request/mod.rs:185:55:
[INFO] [stdout] No api key found: NotPresent
[INFO] [stdout] stack backtrace:
[INFO] [stdout]    0:     0x5ba35e98e111 - <<std[70759c8f55707aa4]::sys::backtrace::BacktraceLock>::print::DisplayBacktrace as core[df12db4294e9bfd3]::fmt::Display>::fmt
[INFO] [stdout]    1:     0x5ba35e9a575a - core[df12db4294e9bfd3]::fmt::write
[INFO] [stdout]    2:     0x5ba35e99312c - <alloc[2182bb758b4b3781]::vec::Vec<u8> as core[df12db4294e9bfd3]::io::write::Write>::write_fmt
[INFO] [stdout]    3:     0x5ba35e968ce6 - std[70759c8f55707aa4]::panicking::default_hook::{closure#0}
[INFO] [stdout]    4:     0x5ba35e986029 - std[70759c8f55707aa4]::panicking::default_hook
[INFO] [stdout]    5:     0x5ba35e8edd30 - test[9d35eded1c95d3be]::test_main_inner::<test[9d35eded1c95d3be]::test_main_static::{closure#0}>::{closure#0}
[INFO] [stdout]    6:     0x5ba35e986352 - std[70759c8f55707aa4]::panicking::panic_with_hook
[INFO] [stdout]    7:     0x5ba35e968d92 - std[70759c8f55707aa4]::panicking::panic_handler::{closure#0}
[INFO] [stdout]    8:     0x5ba35e961269 - std[70759c8f55707aa4]::sys::backtrace::__rust_end_short_backtrace::<std[70759c8f55707aa4]::panicking::panic_handler::{closure#0}, !>
[INFO] [stdout]    9:     0x5ba35e969d2d - __rustc[8fa7c3cbc660c2b3]::rust_begin_unwind
[INFO] [stdout]   10:     0x5ba35e9a5ebc - core[df12db4294e9bfd3]::panicking::panic_fmt
[INFO] [stdout]   11:     0x5ba35e9a5c92 - core[df12db4294e9bfd3]::result::unwrap_failed
[INFO] [stdout]   12:     0x5ba35e7a34e1 - cscart_rs[a9d210fb54d634a]::request::tests::setup
[INFO] [stdout]   13:     0x5ba35e7a1e56 - cscart_rs[a9d210fb54d634a]::request::tests::it_makes_a_put_request::{closure#0}
[INFO] [stdout]   14:     0x5ba35e7af123 - <tokio[318793ba87dcaa0b]::runtime::scheduler::current_thread::Context>::enter::<core[df12db4294e9bfd3]::task::poll::Poll<()>, <tokio[318793ba87dcaa0b]::runtime::scheduler::current_thread::CoreGuard>::block_on<core[df12db4294e9bfd3]::pin::Pin<&mut core[df12db4294e9bfd3]::pin::Pin<&mut dyn core[df12db4294e9bfd3]::future::future::Future<Output = ()>>>>::{closure#0}::{closure#0}>
[INFO] [stdout]   15:     0x5ba35e7a3d8f - <std[70759c8f55707aa4]::thread::local::LocalKey<tokio[318793ba87dcaa0b]::runtime::context::Context>>::with::<tokio[318793ba87dcaa0b]::runtime::context::set_scheduler<(alloc[2182bb758b4b3781]::boxed::Box<tokio[318793ba87dcaa0b]::runtime::scheduler::current_thread::Core>, core[df12db4294e9bfd3]::option::Option<()>), <tokio[318793ba87dcaa0b]::runtime::scheduler::current_thread::CoreGuard>::enter<<tokio[318793ba87dcaa0b]::runtime::scheduler::current_thread::CoreGuard>::block_on<core[df12db4294e9bfd3]::pin::Pin<&mut core[df12db4294e9bfd3]::pin::Pin<&mut dyn core[df12db4294e9bfd3]::future::future::Future<Output = ()>>>>::{closure#0}, core[df12db4294e9bfd3]::option::Option<()>>::{closure#0}>::{closure#0}, (alloc[2182bb758b4b3781]::boxed::Box<tokio[318793ba87dcaa0b]::runtime::scheduler::current_thread::Core>, core[df12db4294e9bfd3]::option::Option<()>)>
[INFO] [stdout]   16:     0x5ba35e7aedf1 - <tokio[318793ba87dcaa0b]::runtime::scheduler::current_thread::CurrentThread>::block_on::<core[df12db4294e9bfd3]::pin::Pin<&mut dyn core[df12db4294e9bfd3]::future::future::Future<Output = ()>>>
[INFO] [stdout]   17:     0x5ba35e7a5582 - <tokio[318793ba87dcaa0b]::runtime::runtime::Runtime>::block_on::<core[df12db4294e9bfd3]::pin::Pin<&mut dyn core[df12db4294e9bfd3]::future::future::Future<Output = ()>>>
[INFO] [stdout]   18:     0x5ba35e7a38ab - cscart_rs[a9d210fb54d634a]::request::tests::it_makes_a_put_request
[INFO] [stdout]   19:     0x5ba35e7ae549 - <cscart_rs[a9d210fb54d634a]::request::tests::it_makes_a_put_request::{closure#0} as core[df12db4294e9bfd3]::ops::function::FnOnce<()>>::call_once
[INFO] [stdout]   20:     0x5ba35e8e101b - test[9d35eded1c95d3be]::__rust_begin_short_backtrace::<core[df12db4294e9bfd3]::result::Result<(), alloc[2182bb758b4b3781]::string::String>, fn() -> core[df12db4294e9bfd3]::result::Result<(), alloc[2182bb758b4b3781]::string::String>>
[INFO] [stdout]   21:     0x5ba35e8ee685 - test[9d35eded1c95d3be]::run_test::{closure#0}
[INFO] [stdout]   22:     0x5ba35e8e7f44 - std[70759c8f55707aa4]::sys::backtrace::__rust_begin_short_backtrace::<test[9d35eded1c95d3be]::run_test::{closure#1}, ()>
[INFO] [stdout]   23:     0x5ba35e8f17e2 - <std[70759c8f55707aa4]::thread::lifecycle::spawn_unchecked<test[9d35eded1c95d3be]::run_test::{closure#1}, ()>::{closure#1} as core[df12db4294e9bfd3]::ops::function::FnOnce<()>>::call_once::{shim:vtable#0}
[INFO] [stdout]   24:     0x5ba35e98d639 - <std[70759c8f55707aa4]::sys::thread::unix::Thread>::new::thread_start
[INFO] [stdout]   25:     0x704c95080dfa - <unknown>
[INFO] [stdout]   26:     0x704c951143d4 - clone
[INFO] [stdout]   27:                0x0 - <unknown>
[INFO] [stdout] 
[INFO] [stdout] ---- handler::tests::it_deletes_a_record stdout ----
[INFO] [stdout] 
[INFO] [stdout] thread 'handler::tests::it_deletes_a_record' (2418) panicked at src/handler/mod.rs:141:55:
[INFO] [stdout] No api key found: NotPresent
[INFO] [stdout] stack backtrace:
[INFO] [stdout]    0:     0x5ba35e98e111 - <<std[70759c8f55707aa4]::sys::backtrace::BacktraceLock>::print::DisplayBacktrace as core[df12db4294e9bfd3]::fmt::Display>::fmt
[INFO] [stdout]    1:     0x5ba35e9a575a - core[df12db4294e9bfd3]::fmt::write
[INFO] [stdout]    2:     0x5ba35e99312c - <alloc[2182bb758b4b3781]::vec::Vec<u8> as core[df12db4294e9bfd3]::io::write::Write>::write_fmt
[INFO] [stdout]    3:     0x5ba35e968ce6 - std[70759c8f55707aa4]::panicking::default_hook::{closure#0}
[INFO] [stdout]    4:     0x5ba35e986029 - std[70759c8f55707aa4]::panicking::default_hook
[INFO] [stdout]    5:     0x5ba35e8edd30 - test[9d35eded1c95d3be]::test_main_inner::<test[9d35eded1c95d3be]::test_main_static::{closure#0}>::{closure#0}
[INFO] [stdout]    6:     0x5ba35e986352 - std[70759c8f55707aa4]::panicking::panic_with_hook
[INFO] [stdout]    7:     0x5ba35e968d92 - std[70759c8f55707aa4]::panicking::panic_handler::{closure#0}
[INFO] [stdout]    8:     0x5ba35e961269 - std[70759c8f55707aa4]::sys::backtrace::__rust_end_short_backtrace::<std[70759c8f55707aa4]::panicking::panic_handler::{closure#0}, !>
[INFO] [stdout]    9:     0x5ba35e969d2d - __rustc[8fa7c3cbc660c2b3]::rust_begin_unwind
[INFO] [stdout]   10:     0x5ba35e9a5ebc - core[df12db4294e9bfd3]::panicking::panic_fmt
[INFO] [stdout]   11:     0x5ba35e9a5c92 - core[df12db4294e9bfd3]::result::unwrap_failed
[INFO] [stdout]   12:     0x5ba35e79bc16 - cscart_rs[a9d210fb54d634a]::handler::tests::setup
[INFO] [stdout]   13:     0x5ba35e79a586 - cscart_rs[a9d210fb54d634a]::handler::tests::it_deletes_a_record::{closure#0}
[INFO] [stdout]   14:     0x5ba35e7af123 - <tokio[318793ba87dcaa0b]::runtime::scheduler::current_thread::Context>::enter::<core[df12db4294e9bfd3]::task::poll::Poll<()>, <tokio[318793ba87dcaa0b]::runtime::scheduler::current_thread::CoreGuard>::block_on<core[df12db4294e9bfd3]::pin::Pin<&mut core[df12db4294e9bfd3]::pin::Pin<&mut dyn core[df12db4294e9bfd3]::future::future::Future<Output = ()>>>>::{closure#0}::{closure#0}>
[INFO] [stdout]   15:     0x5ba35e7a3d8f - <std[70759c8f55707aa4]::thread::local::LocalKey<tokio[318793ba87dcaa0b]::runtime::context::Context>>::with::<tokio[318793ba87dcaa0b]::runtime::context::set_scheduler<(alloc[2182bb758b4b3781]::boxed::Box<tokio[318793ba87dcaa0b]::runtime::scheduler::current_thread::Core>, core[df12db4294e9bfd3]::option::Option<()>), <tokio[318793ba87dcaa0b]::runtime::scheduler::current_thread::CoreGuard>::enter<<tokio[318793ba87dcaa0b]::runtime::scheduler::current_thread::CoreGuard>::block_on<core[df12db4294e9bfd3]::pin::Pin<&mut core[df12db4294e9bfd3]::pin::Pin<&mut dyn core[df12db4294e9bfd3]::future::future::Future<Output = ()>>>>::{closure#0}, core[df12db4294e9bfd3]::option::Option<()>>::{closure#0}>::{closure#0}, (alloc[2182bb758b4b3781]::boxed::Box<tokio[318793ba87dcaa0b]::runtime::scheduler::current_thread::Core>, core[df12db4294e9bfd3]::option::Option<()>)>
[INFO] [stdout]   16:     0x5ba35e7aedf1 - <tokio[318793ba87dcaa0b]::runtime::scheduler::current_thread::CurrentThread>::block_on::<core[df12db4294e9bfd3]::pin::Pin<&mut dyn core[df12db4294e9bfd3]::future::future::Future<Output = ()>>>
[INFO] [stdout]   17:     0x5ba35e7a5582 - <tokio[318793ba87dcaa0b]::runtime::runtime::Runtime>::block_on::<core[df12db4294e9bfd3]::pin::Pin<&mut dyn core[df12db4294e9bfd3]::future::future::Future<Output = ()>>>
[INFO] [stdout]   18:     0x5ba35e79c25b - cscart_rs[a9d210fb54d634a]::handler::tests::it_deletes_a_record
[INFO] [stdout]   19:     0x5ba35e7ae4e9 - <cscart_rs[a9d210fb54d634a]::handler::tests::it_deletes_a_record::{closure#0} as core[df12db4294e9bfd3]::ops::function::FnOnce<()>>::call_once
[INFO] [stdout]   20:     0x5ba35e8e101b - test[9d35eded1c95d3be]::__rust_begin_short_backtrace::<core[df12db4294e9bfd3]::result::Result<(), alloc[2182bb758b4b3781]::string::String>, fn() -> core[df12db4294e9bfd3]::result::Result<(), alloc[2182bb758b4b3781]::string::String>>
[INFO] [stdout]   21:     0x5ba35e8ee685 - test[9d35eded1c95d3be]::run_test::{closure#0}
[INFO] [stdout]   22:     0x5ba35e8e7f44 - std[70759c8f55707aa4]::sys::backtrace::__rust_begin_short_backtrace::<test[9d35eded1c95d3be]::run_test::{closure#1}, ()>
[INFO] [stdout]   23:     0x5ba35e8f17e2 - <std[70759c8f55707aa4]::thread::lifecycle::spawn_unchecked<test[9d35eded1c95d3be]::run_test::{closure#1}, ()>::{closure#1} as core[df12db4294e9bfd3]::ops::function::FnOnce<()>>::call_once::{shim:vtable#0}
[INFO] [stdout]   24:     0x5ba35e98d639 - <std[70759c8f55707aa4]::sys::thread::unix::Thread>::new::thread_start
[INFO] [stdout]   25:     0x704c95080dfa - <unknown>
[INFO] [stdout]   26:     0x704c951143d4 - clone
[INFO] [stdout]   27:                0x0 - <unknown>
[INFO] [stdout] 
[INFO] [stdout] ---- request::tests::it_makes_a_get_request stdout ----
[INFO] [stdout] 
[INFO] [stdout] thread 'request::tests::it_makes_a_get_request' (2422) panicked at src/request/mod.rs:185:55:
[INFO] [stdout] No api key found: NotPresent
[INFO] [stdout] stack backtrace:
[INFO] [stdout]    0:     0x5ba35e98e111 - <<std[70759c8f55707aa4]::sys::backtrace::BacktraceLock>::print::DisplayBacktrace as core[df12db4294e9bfd3]::fmt::Display>::fmt
[INFO] [stdout]    1:     0x5ba35e9a575a - core[df12db4294e9bfd3]::fmt::write
[INFO] [stdout]    2:     0x5ba35e99312c - <alloc[2182bb758b4b3781]::vec::Vec<u8> as core[df12db4294e9bfd3]::io::write::Write>::write_fmt
[INFO] [stdout]    3:     0x5ba35e968ce6 - std[70759c8f55707aa4]::panicking::default_hook::{closure#0}
[INFO] [stdout]    4:     0x5ba35e986029 - std[70759c8f55707aa4]::panicking::default_hook
[INFO] [stdout]    5:     0x5ba35e8edd30 - test[9d35eded1c95d3be]::test_main_inner::<test[9d35eded1c95d3be]::test_main_static::{closure#0}>::{closure#0}
[INFO] [stdout]    6:     0x5ba35e986352 - std[70759c8f55707aa4]::panicking::panic_with_hook
[INFO] [stdout]    7:     0x5ba35e968d92 - std[70759c8f55707aa4]::panicking::panic_handler::{closure#0}
[INFO] [stdout]    8:     0x5ba35e961269 - std[70759c8f55707aa4]::sys::backtrace::__rust_end_short_backtrace::<std[70759c8f55707aa4]::panicking::panic_handler::{closure#0}, !>
[INFO] [stdout]    9:     0x5ba35e969d2d - __rustc[8fa7c3cbc660c2b3]::rust_begin_unwind
[INFO] [stdout]   10:     0x5ba35e9a5ebc - core[df12db4294e9bfd3]::panicking::panic_fmt
[INFO] [stdout]   11:     0x5ba35e9a5c92 - core[df12db4294e9bfd3]::result::unwrap_failed
[INFO] [stdout]   12:     0x5ba35e7a34e1 - cscart_rs[a9d210fb54d634a]::request::tests::setup
[INFO] [stdout]   13:     0x5ba35e7a15c6 - cscart_rs[a9d210fb54d634a]::request::tests::it_makes_a_get_request::{closure#0}
[INFO] [stdout]   14:     0x5ba35e7af123 - <tokio[318793ba87dcaa0b]::runtime::scheduler::current_thread::Context>::enter::<core[df12db4294e9bfd3]::task::poll::Poll<()>, <tokio[318793ba87dcaa0b]::runtime::scheduler::current_thread::CoreGuard>::block_on<core[df12db4294e9bfd3]::pin::Pin<&mut core[df12db4294e9bfd3]::pin::Pin<&mut dyn core[df12db4294e9bfd3]::future::future::Future<Output = ()>>>>::{closure#0}::{closure#0}>
[INFO] [stdout]   15:     0x5ba35e7a3d8f - <std[70759c8f55707aa4]::thread::local::LocalKey<tokio[318793ba87dcaa0b]::runtime::context::Context>>::with::<tokio[318793ba87dcaa0b]::runtime::context::set_scheduler<(alloc[2182bb758b4b3781]::boxed::Box<tokio[318793ba87dcaa0b]::runtime::scheduler::current_thread::Core>, core[df12db4294e9bfd3]::option::Option<()>), <tokio[318793ba87dcaa0b]::runtime::scheduler::current_thread::CoreGuard>::enter<<tokio[318793ba87dcaa0b]::runtime::scheduler::current_thread::CoreGuard>::block_on<core[df12db4294e9bfd3]::pin::Pin<&mut core[df12db4294e9bfd3]::pin::Pin<&mut dyn core[df12db4294e9bfd3]::future::future::Future<Output = ()>>>>::{closure#0}, core[df12db4294e9bfd3]::option::Option<()>>::{closure#0}>::{closure#0}, (alloc[2182bb758b4b3781]::boxed::Box<tokio[318793ba87dcaa0b]::runtime::scheduler::current_thread::Core>, core[df12db4294e9bfd3]::option::Option<()>)>
[INFO] [stdout]   16:     0x5ba35e7aedf1 - <tokio[318793ba87dcaa0b]::runtime::scheduler::current_thread::CurrentThread>::block_on::<core[df12db4294e9bfd3]::pin::Pin<&mut dyn core[df12db4294e9bfd3]::future::future::Future<Output = ()>>>
[INFO] [stdout]   17:     0x5ba35e7a5582 - <tokio[318793ba87dcaa0b]::runtime::runtime::Runtime>::block_on::<core[df12db4294e9bfd3]::pin::Pin<&mut dyn core[df12db4294e9bfd3]::future::future::Future<Output = ()>>>
[INFO] [stdout]   18:     0x5ba35e7a372b - cscart_rs[a9d210fb54d634a]::request::tests::it_makes_a_get_request
[INFO] [stdout]   19:     0x5ba35e7ae529 - <cscart_rs[a9d210fb54d634a]::request::tests::it_makes_a_get_request::{closure#0} as core[df12db4294e9bfd3]::ops::function::FnOnce<()>>::call_once
[INFO] [stdout]   20:     0x5ba35e8e101b - test[9d35eded1c95d3be]::__rust_begin_short_backtrace::<core[df12db4294e9bfd3]::result::Result<(), alloc[2182bb758b4b3781]::string::String>, fn() -> core[df12db4294e9bfd3]::result::Result<(), alloc[2182bb758b4b3781]::string::String>>
[INFO] [stdout]   21:     0x5ba35e8ee685 - test[9d35eded1c95d3be]::run_test::{closure#0}
[INFO] [stdout]   22:     0x5ba35e8e7f44 - std[70759c8f55707aa4]::sys::backtrace::__rust_begin_short_backtrace::<test[9d35eded1c95d3be]::run_test::{closure#1}, ()>
[INFO] [stdout]   23:     0x5ba35e8f17e2 - <std[70759c8f55707aa4]::thread::lifecycle::spawn_unchecked<test[9d35eded1c95d3be]::run_test::{closure#1}, ()>::{closure#1} as core[df12db4294e9bfd3]::ops::function::FnOnce<()>>::call_once::{shim:vtable#0}
[INFO] [stdout]   24:     0x5ba35e98d639 - <std[70759c8f55707aa4]::sys::thread::unix::Thread>::new::thread_start
[INFO] [stdout]   25:     0x704c95080dfa - <unknown>
[INFO] [stdout]   26:     0x704c951143d4 - clone
[INFO] [stdout]   27:                0x0 - <unknown>
[INFO] [stdout] 
[INFO] [stdout] ---- handler::tests::it_updates_a_record stdout ----
[INFO] [stdout] 
[INFO] [stdout] thread 'handler::tests::it_updates_a_record' (2420) panicked at src/handler/mod.rs:141:55:
[INFO] [stdout] No api key found: NotPresent
[INFO] [stdout] stack backtrace:
[INFO] [stdout]    0:     0x5ba35e98e111 - <<std[70759c8f55707aa4]::sys::backtrace::BacktraceLock>::print::DisplayBacktrace as core[df12db4294e9bfd3]::fmt::Display>::fmt
[INFO] [stdout]    1:     0x5ba35e9a575a - core[df12db4294e9bfd3]::fmt::write
[INFO] [stdout]    2:     0x5ba35e99312c - <alloc[2182bb758b4b3781]::vec::Vec<u8> as core[df12db4294e9bfd3]::io::write::Write>::write_fmt
[INFO] [stdout]    3:     0x5ba35e968ce6 - std[70759c8f55707aa4]::panicking::default_hook::{closure#0}
[INFO] [stdout]    4:     0x5ba35e986029 - std[70759c8f55707aa4]::panicking::default_hook
[INFO] [stdout]    5:     0x5ba35e8edd30 - test[9d35eded1c95d3be]::test_main_inner::<test[9d35eded1c95d3be]::test_main_static::{closure#0}>::{closure#0}
[INFO] [stdout]    6:     0x5ba35e986352 - std[70759c8f55707aa4]::panicking::panic_with_hook
[INFO] [stdout]    7:     0x5ba35e968d92 - std[70759c8f55707aa4]::panicking::panic_handler::{closure#0}
[INFO] [stdout]    8:     0x5ba35e961269 - std[70759c8f55707aa4]::sys::backtrace::__rust_end_short_backtrace::<std[70759c8f55707aa4]::panicking::panic_handler::{closure#0}, !>
[INFO] [stdout]    9:     0x5ba35e969d2d - __rustc[8fa7c3cbc660c2b3]::rust_begin_unwind
[INFO] [stdout]   10:     0x5ba35e9a5ebc - core[df12db4294e9bfd3]::panicking::panic_fmt
[INFO] [stdout]   11:     0x5ba35e9a5c92 - core[df12db4294e9bfd3]::result::unwrap_failed
[INFO] [stdout]   12:     0x5ba35e79bc16 - cscart_rs[a9d210fb54d634a]::handler::tests::setup
[INFO] [stdout]   13:     0x5ba35e79ad78 - cscart_rs[a9d210fb54d634a]::handler::tests::it_updates_a_record::{closure#0}
[INFO] [stdout]   14:     0x5ba35e7af123 - <tokio[318793ba87dcaa0b]::runtime::scheduler::current_thread::Context>::enter::<core[df12db4294e9bfd3]::task::poll::Poll<()>, <tokio[318793ba87dcaa0b]::runtime::scheduler::current_thread::CoreGuard>::block_on<core[df12db4294e9bfd3]::pin::Pin<&mut core[df12db4294e9bfd3]::pin::Pin<&mut dyn core[df12db4294e9bfd3]::future::future::Future<Output = ()>>>>::{closure#0}::{closure#0}>
[INFO] [stdout]   15:     0x5ba35e7a3d8f - <std[70759c8f55707aa4]::thread::local::LocalKey<tokio[318793ba87dcaa0b]::runtime::context::Context>>::with::<tokio[318793ba87dcaa0b]::runtime::context::set_scheduler<(alloc[2182bb758b4b3781]::boxed::Box<tokio[318793ba87dcaa0b]::runtime::scheduler::current_thread::Core>, core[df12db4294e9bfd3]::option::Option<()>), <tokio[318793ba87dcaa0b]::runtime::scheduler::current_thread::CoreGuard>::enter<<tokio[318793ba87dcaa0b]::runtime::scheduler::current_thread::CoreGuard>::block_on<core[df12db4294e9bfd3]::pin::Pin<&mut core[df12db4294e9bfd3]::pin::Pin<&mut dyn core[df12db4294e9bfd3]::future::future::Future<Output = ()>>>>::{closure#0}, core[df12db4294e9bfd3]::option::Option<()>>::{closure#0}>::{closure#0}, (alloc[2182bb758b4b3781]::boxed::Box<tokio[318793ba87dcaa0b]::runtime::scheduler::current_thread::Core>, core[df12db4294e9bfd3]::option::Option<()>)>
[INFO] [stdout]   16:     0x5ba35e7aedf1 - <tokio[318793ba87dcaa0b]::runtime::scheduler::current_thread::CurrentThread>::block_on::<core[df12db4294e9bfd3]::pin::Pin<&mut dyn core[df12db4294e9bfd3]::future::future::Future<Output = ()>>>
[INFO] [stdout]   17:     0x5ba35e7a5582 - <tokio[318793ba87dcaa0b]::runtime::runtime::Runtime>::block_on::<core[df12db4294e9bfd3]::pin::Pin<&mut dyn core[df12db4294e9bfd3]::future::future::Future<Output = ()>>>
[INFO] [stdout]   18:     0x5ba35e79c3db - cscart_rs[a9d210fb54d634a]::handler::tests::it_updates_a_record
[INFO] [stdout]   19:     0x5ba35e7ae509 - <cscart_rs[a9d210fb54d634a]::handler::tests::it_updates_a_record::{closure#0} as core[df12db4294e9bfd3]::ops::function::FnOnce<()>>::call_once
[INFO] [stdout]   20:     0x5ba35e8e101b - test[9d35eded1c95d3be]::__rust_begin_short_backtrace::<core[df12db4294e9bfd3]::result::Result<(), alloc[2182bb758b4b3781]::string::String>, fn() -> core[df12db4294e9bfd3]::result::Result<(), alloc[2182bb758b4b3781]::string::String>>
[INFO] [stdout]   21:     0x5ba35e8ee685 - test[9d35eded1c95d3be]::run_test::{closure#0}
[INFO] [stdout]   22:     0x5ba35e8e7f44 - std[70759c8f55707aa4]::sys::backtrace::__rust_begin_short_backtrace::<test[9d35eded1c95d3be]::run_test::{closure#1}, ()>
[INFO] [stdout]   23:     0x5ba35e8f17e2 - <std[70759c8f55707aa4]::thread::lifecycle::spawn_unchecked<test[9d35eded1c95d3be]::run_test::{closure#1}, ()>::{closure#1} as core[df12db4294e9bfd3]::ops::function::FnOnce<()>>::call_once::{shim:vtable#0}
[INFO] [stdout]   24:     0x5ba35e98d639 - <std[70759c8f55707aa4]::sys::thread::unix::Thread>::new::thread_start
[INFO] [stdout]   25:     0x704c95080dfa - <unknown>
[INFO] [stdout]   26:     0x704c951143d4 - clone
[INFO] [stdout]   27:                0x0 - <unknown>
[INFO] [stdout] 
[INFO] [stdout] ---- request::tests::it_makes_a_post_request stdout ----
[INFO] [stdout] 
[INFO] [stdout] thread 'request::tests::it_makes_a_post_request' (2423) panicked at src/request/mod.rs:185:55:
[INFO] [stdout] No api key found: NotPresent
[INFO] [stdout] stack backtrace:
[INFO] [stdout]    0:     0x5ba35e98e111 - <<std[70759c8f55707aa4]::sys::backtrace::BacktraceLock>::print::DisplayBacktrace as core[df12db4294e9bfd3]::fmt::Display>::fmt
[INFO] [stdout]    1:     0x5ba35e9a575a - core[df12db4294e9bfd3]::fmt::write
[INFO] [stdout]    2:     0x5ba35e99312c - <alloc[2182bb758b4b3781]::vec::Vec<u8> as core[df12db4294e9bfd3]::io::write::Write>::write_fmt
[INFO] [stdout]    3:     0x5ba35e968ce6 - std[70759c8f55707aa4]::panicking::default_hook::{closure#0}
[INFO] [stdout]    4:     0x5ba35e986029 - std[70759c8f55707aa4]::panicking::default_hook
[INFO] [stdout]    5:     0x5ba35e8edd30 - test[9d35eded1c95d3be]::test_main_inner::<test[9d35eded1c95d3be]::test_main_static::{closure#0}>::{closure#0}
[INFO] [stdout]    6:     0x5ba35e986352 - std[70759c8f55707aa4]::panicking::panic_with_hook
[INFO] [stdout]    7:     0x5ba35e968d92 - std[70759c8f55707aa4]::panicking::panic_handler::{closure#0}
[INFO] [stdout]    8:     0x5ba35e961269 - std[70759c8f55707aa4]::sys::backtrace::__rust_end_short_backtrace::<std[70759c8f55707aa4]::panicking::panic_handler::{closure#0}, !>
[INFO] [stdout]    9:     0x5ba35e969d2d - __rustc[8fa7c3cbc660c2b3]::rust_begin_unwind
[INFO] [stdout]   10:     0x5ba35e9a5ebc - core[df12db4294e9bfd3]::panicking::panic_fmt
[INFO] [stdout]   11:     0x5ba35e9a5c92 - core[df12db4294e9bfd3]::result::unwrap_failed
[INFO] [stdout]   12:     0x5ba35e7a34e1 - cscart_rs[a9d210fb54d634a]::request::tests::setup
[INFO] [stdout]   13:     0x5ba35e7a2566 - cscart_rs[a9d210fb54d634a]::request::tests::it_makes_a_post_request::{closure#0}
[INFO] [stdout]   14:     0x5ba35e7af123 - <tokio[318793ba87dcaa0b]::runtime::scheduler::current_thread::Context>::enter::<core[df12db4294e9bfd3]::task::poll::Poll<()>, <tokio[318793ba87dcaa0b]::runtime::scheduler::current_thread::CoreGuard>::block_on<core[df12db4294e9bfd3]::pin::Pin<&mut core[df12db4294e9bfd3]::pin::Pin<&mut dyn core[df12db4294e9bfd3]::future::future::Future<Output = ()>>>>::{closure#0}::{closure#0}>
[INFO] [stdout]   15:     0x5ba35e7a3d8f - <std[70759c8f55707aa4]::thread::local::LocalKey<tokio[318793ba87dcaa0b]::runtime::context::Context>>::with::<tokio[318793ba87dcaa0b]::runtime::context::set_scheduler<(alloc[2182bb758b4b3781]::boxed::Box<tokio[318793ba87dcaa0b]::runtime::scheduler::current_thread::Core>, core[df12db4294e9bfd3]::option::Option<()>), <tokio[318793ba87dcaa0b]::runtime::scheduler::current_thread::CoreGuard>::enter<<tokio[318793ba87dcaa0b]::runtime::scheduler::current_thread::CoreGuard>::block_on<core[df12db4294e9bfd3]::pin::Pin<&mut core[df12db4294e9bfd3]::pin::Pin<&mut dyn core[df12db4294e9bfd3]::future::future::Future<Output = ()>>>>::{closure#0}, core[df12db4294e9bfd3]::option::Option<()>>::{closure#0}>::{closure#0}, (alloc[2182bb758b4b3781]::boxed::Box<tokio[318793ba87dcaa0b]::runtime::scheduler::current_thread::Core>, core[df12db4294e9bfd3]::option::Option<()>)>
[INFO] [stdout]   16:     0x5ba35e7aedf1 - <tokio[318793ba87dcaa0b]::runtime::scheduler::current_thread::CurrentThread>::block_on::<core[df12db4294e9bfd3]::pin::Pin<&mut dyn core[df12db4294e9bfd3]::future::future::Future<Output = ()>>>
[INFO] [stdout]   17:     0x5ba35e7a5582 - <tokio[318793ba87dcaa0b]::runtime::runtime::Runtime>::block_on::<core[df12db4294e9bfd3]::pin::Pin<&mut dyn core[df12db4294e9bfd3]::future::future::Future<Output = ()>>>
[INFO] [stdout]   18:     0x5ba35e7a3a2b - cscart_rs[a9d210fb54d634a]::request::tests::it_makes_a_post_request
[INFO] [stdout]   19:     0x5ba35e7ae569 - <cscart_rs[a9d210fb54d634a]::request::tests::it_makes_a_post_request::{closure#0} as core[df12db4294e9bfd3]::ops::function::FnOnce<()>>::call_once
[INFO] [stdout]   20:     0x5ba35e8e101b - test[9d35eded1c95d3be]::__rust_begin_short_backtrace::<core[df12db4294e9bfd3]::result::Result<(), alloc[2182bb758b4b3781]::string::String>, fn() -> core[df12db4294e9bfd3]::result::Result<(), alloc[2182bb758b4b3781]::string::String>>
[INFO] [stdout]   21:     0x5ba35e8ee685 - test[9d35eded1c95d3be]::run_test::{closure#0}
[INFO] [stdout]   22:     0x5ba35e8e7f44 - std[70759c8f55707aa4]::sys::backtrace::__rust_begin_short_backtrace::<test[9d35eded1c95d3be]::run_test::{closure#1}, ()>
[INFO] [stdout]   23:     0x5ba35e8f17e2 - <std[70759c8f55707aa4]::thread::lifecycle::spawn_unchecked<test[9d35eded1c95d3be]::run_test::{closure#1}, ()>::{closure#1} as core[df12db4294e9bfd3]::ops::function::FnOnce<()>>::call_once::{shim:vtable#0}
[INFO] [stdout]   24:     0x5ba35e98d639 - <std[70759c8f55707aa4]::sys::thread::unix::Thread>::new::thread_start
[INFO] [stdout]   25:     0x704c95080dfa - <unknown>
[INFO] [stdout]   26:     0x704c951143d4 - clone
[INFO] [stdout]   27:                0x0 - <unknown>
[INFO] [stdout] 
[INFO] [stdout] ---- handler::tests::it_creates_a_record stdout ----
[INFO] [stdout] 
[INFO] [stdout] thread 'handler::tests::it_creates_a_record' (2417) panicked at src/handler/mod.rs:141:55:
[INFO] [stdout] No api key found: NotPresent
[INFO] [stdout] stack backtrace:
[INFO] [stdout]    0:     0x5ba35e98e111 - <<std[70759c8f55707aa4]::sys::backtrace::BacktraceLock>::print::DisplayBacktrace as core[df12db4294e9bfd3]::fmt::Display>::fmt
[INFO] [stdout]    1:     0x5ba35e9a575a - core[df12db4294e9bfd3]::fmt::write
[INFO] [stdout]    2:     0x5ba35e99312c - <alloc[2182bb758b4b3781]::vec::Vec<u8> as core[df12db4294e9bfd3]::io::write::Write>::write_fmt
[INFO] [stdout]    3:     0x5ba35e968ce6 - std[70759c8f55707aa4]::panicking::default_hook::{closure#0}
[INFO] [stdout]    4:     0x5ba35e986029 - std[70759c8f55707aa4]::panicking::default_hook
[INFO] [stdout]    5:     0x5ba35e8edd30 - test[9d35eded1c95d3be]::test_main_inner::<test[9d35eded1c95d3be]::test_main_static::{closure#0}>::{closure#0}
[INFO] [stdout]    6:     0x5ba35e986352 - std[70759c8f55707aa4]::panicking::panic_with_hook
[INFO] [stdout]    7:     0x5ba35e968d92 - std[70759c8f55707aa4]::panicking::panic_handler::{closure#0}
[INFO] [stdout]    8:     0x5ba35e961269 - std[70759c8f55707aa4]::sys::backtrace::__rust_end_short_backtrace::<std[70759c8f55707aa4]::panicking::panic_handler::{closure#0}, !>
[INFO] [stdout]    9:     0x5ba35e969d2d - __rustc[8fa7c3cbc660c2b3]::rust_begin_unwind
[INFO] [stdout]   10:     0x5ba35e9a5ebc - core[df12db4294e9bfd3]::panicking::panic_fmt
[INFO] [stdout]   11:     0x5ba35e9a5c92 - core[df12db4294e9bfd3]::result::unwrap_failed
[INFO] [stdout]   12:     0x5ba35e79bc16 - cscart_rs[a9d210fb54d634a]::handler::tests::setup
[INFO] [stdout]   13:     0x5ba35e799b88 - cscart_rs[a9d210fb54d634a]::handler::tests::it_creates_a_record::{closure#0}
[INFO] [stdout]   14:     0x5ba35e7af123 - <tokio[318793ba87dcaa0b]::runtime::scheduler::current_thread::Context>::enter::<core[df12db4294e9bfd3]::task::poll::Poll<()>, <tokio[318793ba87dcaa0b]::runtime::scheduler::current_thread::CoreGuard>::block_on<core[df12db4294e9bfd3]::pin::Pin<&mut core[df12db4294e9bfd3]::pin::Pin<&mut dyn core[df12db4294e9bfd3]::future::future::Future<Output = ()>>>>::{closure#0}::{closure#0}>
[INFO] [stdout]   15:     0x5ba35e7a3d8f - <std[70759c8f55707aa4]::thread::local::LocalKey<tokio[318793ba87dcaa0b]::runtime::context::Context>>::with::<tokio[318793ba87dcaa0b]::runtime::context::set_scheduler<(alloc[2182bb758b4b3781]::boxed::Box<tokio[318793ba87dcaa0b]::runtime::scheduler::current_thread::Core>, core[df12db4294e9bfd3]::option::Option<()>), <tokio[318793ba87dcaa0b]::runtime::scheduler::current_thread::CoreGuard>::enter<<tokio[318793ba87dcaa0b]::runtime::scheduler::current_thread::CoreGuard>::block_on<core[df12db4294e9bfd3]::pin::Pin<&mut core[df12db4294e9bfd3]::pin::Pin<&mut dyn core[df12db4294e9bfd3]::future::future::Future<Output = ()>>>>::{closure#0}, core[df12db4294e9bfd3]::option::Option<()>>::{closure#0}>::{closure#0}, (alloc[2182bb758b4b3781]::boxed::Box<tokio[318793ba87dcaa0b]::runtime::scheduler::current_thread::Core>, core[df12db4294e9bfd3]::option::Option<()>)>
[INFO] [stdout]   16:     0x5ba35e7aedf1 - <tokio[318793ba87dcaa0b]::runtime::scheduler::current_thread::CurrentThread>::block_on::<core[df12db4294e9bfd3]::pin::Pin<&mut dyn core[df12db4294e9bfd3]::future::future::Future<Output = ()>>>
[INFO] [stdout]   17:     0x5ba35e7a5582 - <tokio[318793ba87dcaa0b]::runtime::runtime::Runtime>::block_on::<core[df12db4294e9bfd3]::pin::Pin<&mut dyn core[df12db4294e9bfd3]::future::future::Future<Output = ()>>>
[INFO] [stdout]   18:     0x5ba35e79c08b - cscart_rs[a9d210fb54d634a]::handler::tests::it_creates_a_record
[INFO] [stdout]   19:     0x5ba35e7ae4c9 - <cscart_rs[a9d210fb54d634a]::handler::tests::it_creates_a_record::{closure#0} as core[df12db4294e9bfd3]::ops::function::FnOnce<()>>::call_once
[INFO] [stdout]   20:     0x5ba35e8e101b - test[9d35eded1c95d3be]::__rust_begin_short_backtrace::<core[df12db4294e9bfd3]::result::Result<(), alloc[2182bb758b4b3781]::string::String>, fn() -> core[df12db4294e9bfd3]::result::Result<(), alloc[2182bb758b4b3781]::string::String>>
[INFO] [stdout]   21:     0x5ba35e8ee685 - test[9d35eded1c95d3be]::run_test::{closure#0}
[INFO] [stdout]   22:     0x5ba35e8e7f44 - std[70759c8f55707aa4]::sys::backtrace::__rust_begin_short_backtrace::<test[9d35eded1c95d3be]::run_test::{closure#1}, ()>
[INFO] [stdout]   23:     0x5ba35e8f17e2 - <std[70759c8f55707aa4]::thread::lifecycle::spawn_unchecked<test[9d35eded1c95d3be]::run_test::{closure#1}, ()>::{closure#1} as core[df12db4294e9bfd3]::ops::function::FnOnce<()>>::call_once::{shim:vtable#0}
[INFO] [stdout]   24:     0x5ba35e98d639 - <std[70759c8f55707aa4]::sys::thread::unix::Thread>::new::thread_start
[INFO] [stdout]   25:     0x704c95080dfa - <unknown>
[INFO] [stdout]   26:     0x704c951143d4 - clone
[INFO] [stdout]   27:                0x0 - <unknown>
[INFO] [stdout] 
[INFO] [stdout] ---- request::tests::it_makes_a_delete_request stdout ----
[INFO] [stdout] 
[INFO] [stdout] thread 'request::tests::it_makes_a_delete_request' (2421) panicked at src/request/mod.rs:185:55:
[INFO] [stdout] No api key found: NotPresent
[INFO] [stdout] stack backtrace:
[INFO] [stdout]    0:     0x5ba35e98e111 - <<std[70759c8f55707aa4]::sys::backtrace::BacktraceLock>::print::DisplayBacktrace as core[df12db4294e9bfd3]::fmt::Display>::fmt
[INFO] [stdout]    1:     0x5ba35e9a575a - core[df12db4294e9bfd3]::fmt::write
[INFO] [stdout]    2:     0x5ba35e99312c - <alloc[2182bb758b4b3781]::vec::Vec<u8> as core[df12db4294e9bfd3]::io::write::Write>::write_fmt
[INFO] [stdout]    3:     0x5ba35e968ce6 - std[70759c8f55707aa4]::panicking::default_hook::{closure#0}
[INFO] [stdout]    4:     0x5ba35e986029 - std[70759c8f55707aa4]::panicking::default_hook
[INFO] [stdout]    5:     0x5ba35e8edd30 - test[9d35eded1c95d3be]::test_main_inner::<test[9d35eded1c95d3be]::test_main_static::{closure#0}>::{closure#0}
[INFO] [stdout]    6:     0x5ba35e986352 - std[70759c8f55707aa4]::panicking::panic_with_hook
[INFO] [stdout]    7:     0x5ba35e968d92 - std[70759c8f55707aa4]::panicking::panic_handler::{closure#0}
[INFO] [stdout]    8:     0x5ba35e961269 - std[70759c8f55707aa4]::sys::backtrace::__rust_end_short_backtrace::<std[70759c8f55707aa4]::panicking::panic_handler::{closure#0}, !>
[INFO] [stdout]    9:     0x5ba35e969d2d - __rustc[8fa7c3cbc660c2b3]::rust_begin_unwind
[INFO] [stdout]   10:     0x5ba35e9a5ebc - core[df12db4294e9bfd3]::panicking::panic_fmt
[INFO] [stdout]   11:     0x5ba35e9a5c92 - core[df12db4294e9bfd3]::result::unwrap_failed
[INFO] [stdout]   12:     0x5ba35e7a34e1 - cscart_rs[a9d210fb54d634a]::request::tests::setup
[INFO] [stdout]   13:     0x5ba35e7a2c76 - cscart_rs[a9d210fb54d634a]::request::tests::it_makes_a_delete_request::{closure#0}
[INFO] [stdout]   14:     0x5ba35e7af123 - <tokio[318793ba87dcaa0b]::runtime::scheduler::current_thread::Context>::enter::<core[df12db4294e9bfd3]::task::poll::Poll<()>, <tokio[318793ba87dcaa0b]::runtime::scheduler::current_thread::CoreGuard>::block_on<core[df12db4294e9bfd3]::pin::Pin<&mut core[df12db4294e9bfd3]::pin::Pin<&mut dyn core[df12db4294e9bfd3]::future::future::Future<Output = ()>>>>::{closure#0}::{closure#0}>
[INFO] [stdout]   15:     0x5ba35e7a3d8f - <std[70759c8f55707aa4]::thread::local::LocalKey<tokio[318793ba87dcaa0b]::runtime::context::Context>>::with::<tokio[318793ba87dcaa0b]::runtime::context::set_scheduler<(alloc[2182bb758b4b3781]::boxed::Box<tokio[318793ba87dcaa0b]::runtime::scheduler::current_thread::Core>, core[df12db4294e9bfd3]::option::Option<()>), <tokio[318793ba87dcaa0b]::runtime::scheduler::current_thread::CoreGuard>::enter<<tokio[318793ba87dcaa0b]::runtime::scheduler::current_thread::CoreGuard>::block_on<core[df12db4294e9bfd3]::pin::Pin<&mut core[df12db4294e9bfd3]::pin::Pin<&mut dyn core[df12db4294e9bfd3]::future::future::Future<Output = ()>>>>::{closure#0}, core[df12db4294e9bfd3]::option::Option<()>>::{closure#0}>::{closure#0}, (alloc[2182bb758b4b3781]::boxed::Box<tokio[318793ba87dcaa0b]::runtime::scheduler::current_thread::Core>, core[df12db4294e9bfd3]::option::Option<()>)>
[INFO] [stdout]   16:     0x5ba35e7aedf1 - <tokio[318793ba87dcaa0b]::runtime::scheduler::current_thread::CurrentThread>::block_on::<core[df12db4294e9bfd3]::pin::Pin<&mut dyn core[df12db4294e9bfd3]::future::future::Future<Output = ()>>>
[INFO] [stdout]   17:     0x5ba35e7a5582 - <tokio[318793ba87dcaa0b]::runtime::runtime::Runtime>::block_on::<core[df12db4294e9bfd3]::pin::Pin<&mut dyn core[df12db4294e9bfd3]::future::future::Future<Output = ()>>>
[INFO] [stdout]   18:     0x5ba35e7a3bab - cscart_rs[a9d210fb54d634a]::request::tests::it_makes_a_delete_request
[INFO] [stdout]   19:     0x5ba35e7ae589 - <cscart_rs[a9d210fb54d634a]::request::tests::it_makes_a_delete_request::{closure#0} as core[df12db4294e9bfd3]::ops::function::FnOnce<()>>::call_once
[INFO] [stdout]   20:     0x5ba35e8e101b - test[9d35eded1c95d3be]::__rust_begin_short_backtrace::<core[df12db4294e9bfd3]::result::Result<(), alloc[2182bb758b4b3781]::string::String>, fn() -> core[df12db4294e9bfd3]::result::Result<(), alloc[2182bb758b4b3781]::string::String>>
[INFO] [stdout]   21:     0x5ba35e8ee685 - test[9d35eded1c95d3be]::run_test::{closure#0}
[INFO] [stdout]   22:     0x5ba35e8e7f44 - std[70759c8f55707aa4]::sys::backtrace::__rust_begin_short_backtrace::<test[9d35eded1c95d3be]::run_test::{closure#1}, ()>
[INFO] [stdout]   23:     0x5ba35e8f17e2 - <std[70759c8f55707aa4]::thread::lifecycle::spawn_unchecked<test[9d35eded1c95d3be]::run_test::{closure#1}, ()>::{closure#1} as core[df12db4294e9bfd3]::ops::function::FnOnce<()>>::call_once::{shim:vtable#0}
[INFO] [stdout]   24:     0x5ba35e98d639 - <std[70759c8f55707aa4]::sys::thread::unix::Thread>::new::thread_start
[INFO] [stdout]   25:     0x704c95080dfa - <unknown>
[INFO] [stdout]   26:     0x704c951143d4 - clone
[INFO] [stdout]   27:                0x0 - <unknown>
[INFO] [stdout] 
[INFO] [stdout] ---- tests::it_creates_api_client stdout ----
[INFO] [stdout] 
[INFO] [stdout] thread 'tests::it_creates_api_client' (2425) panicked at src/lib.rs:258:55:
[INFO] [stdout] No api key found: NotPresent
[INFO] [stdout] stack backtrace:
[INFO] [stdout]    0:     0x5ba35e98e111 - <<std[70759c8f55707aa4]::sys::backtrace::BacktraceLock>::print::DisplayBacktrace as core[df12db4294e9bfd3]::fmt::Display>::fmt
[INFO] [stdout]    1:     0x5ba35e9a575a - core[df12db4294e9bfd3]::fmt::write
[INFO] [stdout]    2:     0x5ba35e99312c - <alloc[2182bb758b4b3781]::vec::Vec<u8> as core[df12db4294e9bfd3]::io::write::Write>::write_fmt
[INFO] [stdout]    3:     0x5ba35e968ce6 - std[70759c8f55707aa4]::panicking::default_hook::{closure#0}
[INFO] [stdout]    4:     0x5ba35e986029 - std[70759c8f55707aa4]::panicking::default_hook
[INFO] [stdout]    5:     0x5ba35e8edd30 - test[9d35eded1c95d3be]::test_main_inner::<test[9d35eded1c95d3be]::test_main_static::{closure#0}>::{closure#0}
[INFO] [stdout]    6:     0x5ba35e986352 - std[70759c8f55707aa4]::panicking::panic_with_hook
[INFO] [stdout]    7:     0x5ba35e968d92 - std[70759c8f55707aa4]::panicking::panic_handler::{closure#0}
[INFO] [stdout]    8:     0x5ba35e961269 - std[70759c8f55707aa4]::sys::backtrace::__rust_end_short_backtrace::<std[70759c8f55707aa4]::panicking::panic_handler::{closure#0}, !>
[INFO] [stdout]    9:     0x5ba35e969d2d - __rustc[8fa7c3cbc660c2b3]::rust_begin_unwind
[INFO] [stdout]   10:     0x5ba35e9a5ebc - core[df12db4294e9bfd3]::panicking::panic_fmt
[INFO] [stdout]   11:     0x5ba35e9a5c92 - core[df12db4294e9bfd3]::result::unwrap_failed
[INFO] [stdout]   12:     0x5ba35e7ae2f7 - <cscart_rs[a9d210fb54d634a]::tests::it_creates_api_client::{closure#0} as core[df12db4294e9bfd3]::ops::function::FnOnce<()>>::call_once
[INFO] [stdout]   13:     0x5ba35e8e101b - test[9d35eded1c95d3be]::__rust_begin_short_backtrace::<core[df12db4294e9bfd3]::result::Result<(), alloc[2182bb758b4b3781]::string::String>, fn() -> core[df12db4294e9bfd3]::result::Result<(), alloc[2182bb758b4b3781]::string::String>>
[INFO] [stdout]   14:     0x5ba35e8ee685 - test[9d35eded1c95d3be]::run_test::{closure#0}
[INFO] [stdout]   15:     0x5ba35e8e7f44 - std[70759c8f55707aa4]::sys::backtrace::__rust_begin_short_backtrace::<test[9d35eded1c95d3be]::run_test::{closure#1}, ()>
[INFO] [stdout]   16:     0x5ba35e8f17e2 - <std[70759c8f55707aa4]::thread::lifecycle::spawn_unchecked<test[9d35eded1c95d3be]::run_test::{closure#1}, ()>::{closure#1} as core[df12db4294e9bfd3]::ops::function::FnOnce<()>>::call_once::{shim:vtable#0}
[INFO] [stdout]   17:     0x5ba35e98d639 - <std[70759c8f55707aa4]::sys::thread::unix::Thread>::new::thread_start
[INFO] [stdout]   18:     0x704c95080dfa - <unknown>
[INFO] [stdout]   19:     0x704c951143d4 - clone
[INFO] [stdout]   20:                0x0 - <unknown>
[INFO] [stdout] 
[INFO] [stdout] ---- handler::tests::it_reads_a_record stdout ----
[INFO] [stdout] 
[INFO] [stdout] thread 'handler::tests::it_reads_a_record' (2419) panicked at src/handler/mod.rs:141:55:
[INFO] [stdout] No api key found: NotPresent
[INFO] [stdout] stack backtrace:
[INFO] [stdout]    0:     0x5ba35e98e111 - <<std[70759c8f55707aa4]::sys::backtrace::BacktraceLock>::print::DisplayBacktrace as core[df12db4294e9bfd3]::fmt::Display>::fmt
[INFO] [stdout]    1:     0x5ba35e9a575a - core[df12db4294e9bfd3]::fmt::write
[INFO] [stdout]    2:     0x5ba35e99312c - <alloc[2182bb758b4b3781]::vec::Vec<u8> as core[df12db4294e9bfd3]::io::write::Write>::write_fmt
[INFO] [stdout]    3:     0x5ba35e968ce6 - std[70759c8f55707aa4]::panicking::default_hook::{closure#0}
[INFO] [stdout]    4:     0x5ba35e986029 - std[70759c8f55707aa4]::panicking::default_hook
[INFO] [stdout]    5:     0x5ba35e8edd30 - test[9d35eded1c95d3be]::test_main_inner::<test[9d35eded1c95d3be]::test_main_static::{closure#0}>::{closure#0}
[INFO] [stdout]    6:     0x5ba35e986352 - std[70759c8f55707aa4]::panicking::panic_with_hook
[INFO] [stdout]    7:     0x5ba35e968d92 - std[70759c8f55707aa4]::panicking::panic_handler::{closure#0}
[INFO] [stdout]    8:     0x5ba35e961269 - std[70759c8f55707aa4]::sys::backtrace::__rust_end_short_backtrace::<std[70759c8f55707aa4]::panicking::panic_handler::{closure#0}, !>
[INFO] [stdout]    9:     0x5ba35e969d2d - __rustc[8fa7c3cbc660c2b3]::rust_begin_unwind
[INFO] [stdout]   10:     0x5ba35e9a5ebc - core[df12db4294e9bfd3]::panicking::panic_fmt
[INFO] [stdout]   11:     0x5ba35e9a5c92 - core[df12db4294e9bfd3]::result::unwrap_failed
[INFO] [stdout]   12:     0x5ba35e79bc16 - cscart_rs[a9d210fb54d634a]::handler::tests::setup
[INFO] [stdout]   13:     0x5ba35e798fdb - cscart_rs[a9d210fb54d634a]::handler::tests::it_reads_a_record::{closure#0}
[INFO] [stdout]   14:     0x5ba35e7af123 - <tokio[318793ba87dcaa0b]::runtime::scheduler::current_thread::Context>::enter::<core[df12db4294e9bfd3]::task::poll::Poll<()>, <tokio[318793ba87dcaa0b]::runtime::scheduler::current_thread::CoreGuard>::block_on<core[df12db4294e9bfd3]::pin::Pin<&mut core[df12db4294e9bfd3]::pin::Pin<&mut dyn core[df12db4294e9bfd3]::future::future::Future<Output = ()>>>>::{closure#0}::{closure#0}>
[INFO] [stdout]   15:     0x5ba35e7a3d8f - <std[70759c8f55707aa4]::thread::local::LocalKey<tokio[318793ba87dcaa0b]::runtime::context::Context>>::with::<tokio[318793ba87dcaa0b]::runtime::context::set_scheduler<(alloc[2182bb758b4b3781]::boxed::Box<tokio[318793ba87dcaa0b]::runtime::scheduler::current_thread::Core>, core[df12db4294e9bfd3]::option::Option<()>), <tokio[318793ba87dcaa0b]::runtime::scheduler::current_thread::CoreGuard>::enter<<tokio[318793ba87dcaa0b]::runtime::scheduler::current_thread::CoreGuard>::block_on<core[df12db4294e9bfd3]::pin::Pin<&mut core[df12db4294e9bfd3]::pin::Pin<&mut dyn core[df12db4294e9bfd3]::future::future::Future<Output = ()>>>>::{closure#0}, core[df12db4294e9bfd3]::option::Option<()>>::{closure#0}>::{closure#0}, (alloc[2182bb758b4b3781]::boxed::Box<tokio[318793ba87dcaa0b]::runtime::scheduler::current_thread::Core>, core[df12db4294e9bfd3]::option::Option<()>)>
[INFO] [stdout]   16:     0x5ba35e7aedf1 - <tokio[318793ba87dcaa0b]::runtime::scheduler::current_thread::CurrentThread>::block_on::<core[df12db4294e9bfd3]::pin::Pin<&mut dyn core[df12db4294e9bfd3]::future::future::Future<Output = ()>>>
[INFO] [stdout]   17:     0x5ba35e7a5582 - <tokio[318793ba87dcaa0b]::runtime::runtime::Runtime>::block_on::<core[df12db4294e9bfd3]::pin::Pin<&mut dyn core[df12db4294e9bfd3]::future::future::Future<Output = ()>>>
[INFO] [stdout]   18:     0x5ba35e79beeb - cscart_rs[a9d210fb54d634a]::handler::tests::it_reads_a_record
[INFO] [stdout]   19:     0x5ba35e7ae4a9 - <cscart_rs[a9d210fb54d634a]::handler::tests::it_reads_a_record::{closure#0} as core[df12db4294e9bfd3]::ops::function::FnOnce<()>>::call_once
[INFO] [stdout]   20:     0x5ba35e8e101b - test[9d35eded1c95d3be]::__rust_begin_short_backtrace::<core[df12db4294e9bfd3]::result::Result<(), alloc[2182bb758b4b3781]::string::String>, fn() -> core[df12db4294e9bfd3]::result::Result<(), alloc[2182bb758b4b3781]::string::String>>
[INFO] [stdout]   21:     0x5ba35e8ee685 - test[9d35eded1c95d3be]::run_test::{closure#0}
[INFO] [stdout]   22:     0x5ba35e8e7f44 - std[70759c8f55707aa4]::sys::backtrace::__rust_begin_short_backtrace::<test[9d35eded1c95d3be]::run_test::{closure#1}, ()>
[INFO] [stdout]   23:     0x5ba35e8f17e2 - <std[70759c8f55707aa4]::thread::lifecycle::spawn_unchecked<test[9d35eded1c95d3be]::run_test::{closure#1}, ()>::{closure#1} as core[df12db4294e9bfd3]::ops::function::FnOnce<()>>::call_once::{shim:vtable#0}
[INFO] [stdout]   24:     0x5ba35e98d639 - <std[70759c8f55707aa4]::sys::thread::unix::Thread>::new::thread_start
[INFO] [stdout]   25:     0x704c95080dfa - <unknown>
[INFO] [stdout]   26:     0x704c951143d4 - clone
[INFO] [stdout]   27:                0x0 - <unknown>
[INFO] [stdout] 
[INFO] [stdout] 
[INFO] [stdout] failures:
[INFO] [stdout]     handler::tests::it_creates_a_record
[INFO] [stdout]     handler::tests::it_deletes_a_record
[INFO] [stdout]     handler::tests::it_reads_a_record
[INFO] [stdout]     handler::tests::it_updates_a_record
[INFO] [stdout]     request::tests::it_makes_a_delete_request
[INFO] [stdout]     request::tests::it_makes_a_get_request
[INFO] [stdout]     request::tests::it_makes_a_post_request
[INFO] [stdout]     request::tests::it_makes_a_put_request
[INFO] [stdout]     tests::it_creates_api_client
[INFO] [stdout] 
[INFO] [stderr] error: test failed, to rerun pass `--lib`
[INFO] [stdout] test result: FAILED. 3 passed; 9 failed; 0 ignored; 0 measured; 0 filtered out; finished in 0.02s
[INFO] [stdout] 
[INFO] running `Command { std: "docker" "inspect" "6524b73bec7075a4c22113827252ee259b48a9e67e861dbf65ebe80f147a2b50", kill_on_drop: false }`
[INFO] running `Command { std: "docker" "rm" "-f" "6524b73bec7075a4c22113827252ee259b48a9e67e861dbf65ebe80f147a2b50", kill_on_drop: false }`
[INFO] [stdout] 6524b73bec7075a4c22113827252ee259b48a9e67e861dbf65ebe80f147a2b50
