[INFO] fetching crate cryptotensors 0.2.3...
[INFO] testing cryptotensors-0.2.3 against 1.99.0-beta.8+cargoflags=--release for beta-release-1.100-2
[INFO] extracting crate cryptotensors 0.2.3 into /workspace/builds/worker-4-tc1/source
[INFO] started tweaking crates.io crate cryptotensors 0.2.3
[INFO] finished tweaking crates.io crate cryptotensors 0.2.3
[INFO] tweaked toml for crates.io crate cryptotensors 0.2.3 written to /workspace/builds/worker-4-tc1/source/Cargo.toml
[INFO] validating manifest of crates.io crate cryptotensors 0.2.3 on toolchain 1.99.0-beta.8
[INFO] running `Command { std: CARGO_HOME="/workspace/cargo-home" RUSTUP_HOME="/workspace/rustup-home" "/workspace/cargo-home/bin/cargo" "+1.99.0-beta.8" "metadata" "--manifest-path" "Cargo.toml" "--no-deps", kill_on_drop: false }`
[INFO] crate crates.io crate cryptotensors 0.2.3 already has a lockfile, it will not be regenerated
[INFO] running `Command { std: CARGO_HOME="/workspace/cargo-home" RUSTUP_HOME="/workspace/rustup-home" "/workspace/cargo-home/bin/cargo" "+1.99.0-beta.8" "fetch" "--manifest-path" "Cargo.toml", kill_on_drop: false }`
[INFO] [stderr]     Updating crates.io index
[INFO] [stderr]  Downloading crates ...
[INFO] [stderr]   Downloaded pori v0.0.0
[INFO] [stderr]   Downloaded borrow-or-share v0.2.4
[INFO] [stderr]   Downloaded ref-cast-impl v1.0.25
[INFO] [stderr]   Downloaded outref v0.5.2
[INFO] [stderr]   Downloaded ref-cast v1.0.25
[INFO] [stderr]   Downloaded scientific-macro v0.5.2
[INFO] [stderr]   Downloaded uuid-simd v0.8.0
[INFO] [stderr]   Downloaded vsimd v0.8.0
[INFO] [stderr]   Downloaded scientific v0.5.3
[INFO] [stderr]   Downloaded libloading v0.8.9
[INFO] [stderr]   Downloaded clap_lex v1.0.0
[INFO] [stderr]   Downloaded referencing v0.29.1
[INFO] [stderr]   Downloaded fluent-uri v0.3.2
[INFO] [stderr]   Downloaded memmap2 v0.9.10
[INFO] [stderr]   Downloaded tempfile v3.26.0
[INFO] [stderr]   Downloaded uuid v1.21.0
[INFO] [stderr]   Downloaded wax v0.6.0
[INFO] [stderr]   Downloaded zerocopy-derive v0.8.40
[INFO] [stderr]   Downloaded fancy-regex v0.14.0
[INFO] [stderr]   Downloaded clap v4.5.60
[INFO] [stderr]   Downloaded fraction v0.15.3
[INFO] [stderr]   Downloaded criterion v0.6.0
[INFO] [stderr]   Downloaded jsonschema v0.29.1
[INFO] [stderr]   Downloaded clap_builder v4.5.60
[INFO] [stderr]   Downloaded zerocopy v0.8.40
[INFO] [stderr]   Downloaded libc v0.2.182
[INFO] [stderr]   Downloaded regorus v0.4.0
[INFO] running `Command { std: "docker" "create" "-v" "/var/lib/crater-agent-workspace/builds/worker-4-tc1/source:/opt/rustwide/workdir:ro,Z" "-v" "/var/lib/crater-agent-workspace/builds/worker-4-tc1/target:/opt/rustwide/target:rw,Z" "-v" "/var/lib/crater-agent-workspace/cargo-home:/opt/rustwide/cargo-home:ro,Z" "-v" "/var/lib/crater-agent-workspace/rustup-home:/opt/rustwide/rustup-home:ro,Z" "-m" "1610612736" "--network" "none" "ghcr.io/rust-lang/crates-build-env/linux@sha256:77db811e55d90add9212f6832c23229e3de5f1c1f9905e8cb07319ea15df73ac" "sleep" "infinity", kill_on_drop: false }`
[INFO] [stdout] d28c410270a5c89c45b0046ab39f47482339c46c0b1655e7f11cf3cc59556bd4
[INFO] running `Command { std: "docker" "start" "d28c410270a5c89c45b0046ab39f47482339c46c0b1655e7f11cf3cc59556bd4", kill_on_drop: false }`
[INFO] running `Command { std: "docker" "inspect" "d28c410270a5c89c45b0046ab39f47482339c46c0b1655e7f11cf3cc59556bd4", kill_on_drop: false }`
[INFO] running `Command { std: "docker" "exec" "-e" "SOURCE_DIR=/opt/rustwide/workdir" "-e" "CARGO_HOME=/opt/rustwide/cargo-home" "-e" "RUSTUP_HOME=/opt/rustwide/rustup-home" "-e" "CARGO_TARGET_DIR=/opt/rustwide/target" "-w" "/opt/rustwide/workdir" "--user" "0:0" "d28c410270a5c89c45b0046ab39f47482339c46c0b1655e7f11cf3cc59556bd4" "/opt/rustwide/cargo-home/bin/cargo" "+1.99.0-beta.8" "metadata" "--no-deps" "--format-version=1", kill_on_drop: false }`
[INFO] running `Command { std: "docker" "inspect" "d28c410270a5c89c45b0046ab39f47482339c46c0b1655e7f11cf3cc59556bd4", kill_on_drop: false }`
[INFO] running `Command { std: "docker" "exec" "-e" "SOURCE_DIR=/opt/rustwide/workdir" "-e" "CARGO_HOME=/opt/rustwide/cargo-home" "-e" "RUSTUP_HOME=/opt/rustwide/rustup-home" "-e" "CARGO_TARGET_DIR=/opt/rustwide/target" "-e" "CARGO_INCREMENTAL=0" "-e" "RUST_BACKTRACE=full" "-e" "RUSTFLAGS=--cap-lints=warn" "-e" "RUSTDOCFLAGS=--cap-lints=warn" "-w" "/opt/rustwide/workdir" "--user" "0:0" "d28c410270a5c89c45b0046ab39f47482339c46c0b1655e7f11cf3cc59556bd4" "/opt/rustwide/cargo-home/bin/cargo" "+1.99.0-beta.8" "build" "--frozen" "--message-format=json" "--release", kill_on_drop: false }`
[INFO] [stderr]    Compiling quote v1.0.44
[INFO] [stderr]    Compiling libc v0.2.182
[INFO] [stderr]    Compiling autocfg v1.5.0
[INFO] [stderr]    Compiling zerocopy v0.8.40
[INFO] [stderr]    Compiling serde_core v1.0.228
[INFO] [stderr]    Compiling getrandom v0.3.4
[INFO] [stderr]    Compiling serde v1.0.228
[INFO] [stderr]    Compiling litemap v0.8.1
[INFO] [stderr]    Compiling writeable v0.6.2
[INFO] [stderr]    Compiling smallvec v1.15.1
[INFO] [stderr]    Compiling icu_properties_data v2.1.2
[INFO] [stderr]    Compiling icu_normalizer_data v2.1.1
[INFO] [stderr]    Compiling aho-corasick v1.1.4
[INFO] [stderr]    Compiling regex-syntax v0.8.10
[INFO] [stderr]    Compiling getrandom v0.4.1
[INFO] [stderr]    Compiling crossbeam-utils v0.8.21
[INFO] [stderr]    Compiling parking_lot_core v0.9.12
[INFO] [stderr]    Compiling ref-cast v1.0.25
[INFO] [stderr]    Compiling ahash v0.8.12
[INFO] [stderr]    Compiling scopeguard v1.2.0
[INFO] [stderr]    Compiling anyhow v1.0.102
[INFO] [stderr]    Compiling itoa v1.0.17
[INFO] [stderr]    Compiling digest v0.10.7
[INFO] [stderr]    Compiling syn v2.0.117
[INFO] [stderr]    Compiling num-traits v0.2.19
[INFO] [stderr]    Compiling lock_api v0.4.14
[INFO] [stderr]    Compiling siphasher v1.0.2
[INFO] [stderr]    Compiling either v1.15.0
[INFO] [stderr]    Compiling equivalent v1.0.2
[INFO] [stderr]    Compiling allocator-api2 v0.2.21
[INFO] [stderr]    Compiling minimal-lexical v0.2.1
[INFO] [stderr]    Compiling bit-vec v0.8.0
[INFO] [stderr]    Compiling thiserror v1.0.69
[INFO] [stderr]    Compiling foldhash v0.2.0
[INFO] [stderr]    Compiling once_cell v1.21.3
[INFO] [stderr]    Compiling borrow-or-share v0.2.4
[INFO] [stderr]    Compiling const_format_proc_macros v0.2.34
[INFO] [stderr]    Compiling bit-set v0.8.0
[INFO] [stderr]    Compiling phf_shared v0.12.1
[INFO] [stderr]    Compiling cc v1.2.56
[INFO] [stderr]    Compiling crossbeam-epoch v0.9.18
[INFO] [stderr]    Compiling lazy_static v1.5.0
[INFO] [stderr]    Compiling iana-time-zone v0.1.65
[INFO] [stderr]    Compiling vsimd v0.8.0
[INFO] [stderr]    Compiling outref v0.5.2
[INFO] [stderr]    Compiling chrono-tz v0.10.4
[INFO] [stderr]    Compiling rayon-core v1.13.0
[INFO] [stderr]    Compiling nom v7.1.3
[INFO] [stderr]    Compiling crossbeam-deque v0.8.6
[INFO] [stderr]    Compiling phf v0.12.1
[INFO] [stderr]    Compiling itertools v0.11.0
[INFO] [stderr]    Compiling regorus v0.4.0
[INFO] [stderr]    Compiling unsafe-libyaml v0.2.11
[INFO] [stderr]    Compiling num-cmp v0.1.0
[INFO] [stderr]    Compiling bytecount v0.6.9
[INFO] [stderr]    Compiling ryu v1.0.23
[INFO] [stderr]    Compiling getrandom v0.2.17
[INFO] [stderr]    Compiling rand_core v0.9.5
[INFO] [stderr]    Compiling parking_lot v0.12.5
[INFO] [stderr]    Compiling const_format v0.2.35
[INFO] [stderr]    Compiling sha2 v0.10.9
[INFO] [stderr]    Compiling rand_core v0.6.4
[INFO] [stderr]    Compiling num-integer v0.1.46
[INFO] [stderr]    Compiling num-complex v0.4.6
[INFO] [stderr]    Compiling chrono v0.4.44
[INFO] [stderr]    Compiling ring v0.17.14
[INFO] [stderr]    Compiling num-bigint v0.4.6
[INFO] [stderr]    Compiling num-iter v0.1.45
[INFO] [stderr]    Compiling pori v0.0.0
[INFO] [stderr]    Compiling md-5 v0.10.6
[INFO] [stderr]    Compiling synstructure v0.13.2
[INFO] [stderr]    Compiling hmac v0.12.1
[INFO] [stderr]    Compiling hex v0.4.3
[INFO] [stderr]    Compiling semver v1.0.27
[INFO] [stderr]    Compiling data-encoding v2.10.0
[INFO] [stderr]    Compiling constant_time_eq v0.4.2
[INFO] [stderr]    Compiling rayon v1.11.0
[INFO] [stderr]    Compiling regex-automata v0.4.14
[INFO] [stderr]    Compiling libloading v0.8.9
[INFO] [stderr]    Compiling zerofrom-derive v0.1.6
[INFO] [stderr]    Compiling yoke-derive v0.8.1
[INFO] [stderr]    Compiling zerovec-derive v0.11.2
[INFO] [stderr]    Compiling displaydoc v0.2.5
[INFO] [stderr]    Compiling ppv-lite86 v0.2.21
[INFO] [stderr]    Compiling serde_derive v1.0.228
[INFO] [stderr]    Compiling ref-cast-impl v1.0.25
[INFO] [stderr]    Compiling zerofrom v0.1.6
[INFO] [stderr]    Compiling yoke v0.8.1
[INFO] [stderr]    Compiling serde_json v1.0.149
[INFO] [stderr]    Compiling zerotrie v0.2.3
[INFO] [stderr]    Compiling hashbrown v0.16.1
[INFO] [stderr]    Compiling rand_chacha v0.9.0
[INFO] [stderr]    Compiling num-rational v0.4.2
[INFO] [stderr]    Compiling zerovec v0.11.5
[INFO] [stderr]    Compiling thiserror-impl v1.0.69
[INFO] [stderr]    Compiling rand v0.9.2
[INFO] [stderr]    Compiling num v0.4.3
[INFO] [stderr]    Compiling indexmap v2.13.0
[INFO] [stderr]    Compiling scientific-macro v0.5.2
[INFO] [stderr]    Compiling fraction v0.15.3
[INFO] [stderr]    Compiling rand_chacha v0.3.1
[INFO] [stderr]    Compiling scientific v0.5.3
[INFO] [stderr]    Compiling uuid v1.21.0
[INFO] [stderr]    Compiling thiserror-impl v2.0.18
[INFO] [stderr]    Compiling tinystr v0.8.2
[INFO] [stderr]    Compiling potential_utf v0.1.4
[INFO] [stderr]    Compiling icu_locale_core v2.1.1
[INFO] [stderr]    Compiling uuid-simd v0.8.0
[INFO] [stderr]    Compiling icu_collections v2.1.1
[INFO] [stderr]    Compiling rand v0.8.5
[INFO] [stderr]    Compiling fancy-regex v0.14.0
[INFO] [stderr]    Compiling fluent-uri v0.3.2
[INFO] [stderr]    Compiling email_address v0.2.9
[INFO] [stderr]    Compiling regex v1.12.3
[INFO] [stderr]    Compiling icu_provider v2.1.1
[INFO] [stderr]    Compiling serde_yaml v0.9.34+deprecated
[INFO] [stderr]    Compiling thiserror v2.0.18
[INFO] [stderr]    Compiling wax v0.6.0
[INFO] [stderr]    Compiling icu_normalizer v2.1.1
[INFO] [stderr]    Compiling icu_properties v2.1.2
[INFO] [stderr]    Compiling referencing v0.29.1
[INFO] [stderr]    Compiling idna_adapter v1.2.1
[INFO] [stderr]    Compiling idna v1.1.0
[INFO] [stderr]    Compiling jsonschema v0.29.1
[INFO] [stderr]    Compiling url v2.5.8
[INFO] [stderr]    Compiling cryptotensors v0.2.3 (/opt/rustwide/workdir)
[INFO] [stderr]     Finished `release` profile [optimized] target(s) in 1m 40s
[INFO] running `Command { std: "docker" "inspect" "d28c410270a5c89c45b0046ab39f47482339c46c0b1655e7f11cf3cc59556bd4", kill_on_drop: false }`
[INFO] running `Command { std: "docker" "exec" "-e" "SOURCE_DIR=/opt/rustwide/workdir" "-e" "CARGO_HOME=/opt/rustwide/cargo-home" "-e" "RUSTUP_HOME=/opt/rustwide/rustup-home" "-e" "CARGO_TARGET_DIR=/opt/rustwide/target" "-e" "CARGO_INCREMENTAL=0" "-e" "RUST_BACKTRACE=full" "-e" "RUSTFLAGS=--cap-lints=warn" "-e" "RUSTDOCFLAGS=--cap-lints=warn" "-w" "/opt/rustwide/workdir" "--user" "0:0" "d28c410270a5c89c45b0046ab39f47482339c46c0b1655e7f11cf3cc59556bd4" "/opt/rustwide/cargo-home/bin/cargo" "+1.99.0-beta.8" "test" "--frozen" "--no-run" "--message-format=json" "--release", kill_on_drop: false }`
[INFO] [stderr]    Compiling syn v2.0.117
[INFO] [stderr]    Compiling zerocopy v0.8.40
[INFO] [stderr]    Compiling num-traits v0.2.19
[INFO] [stderr]    Compiling bit-vec v0.8.0
[INFO] [stderr]    Compiling rustix v1.1.4
[INFO] [stderr]    Compiling linux-raw-sys v0.12.1
[INFO] [stderr]    Compiling bitflags v2.11.0
[INFO] [stderr]    Compiling clap_lex v1.0.0
[INFO] [stderr]    Compiling ciborium-io v0.2.2
[INFO] [stderr]    Compiling plotters-backend v0.3.7
[INFO] [stderr]    Compiling anstyle v1.0.13
[INFO] [stderr]    Compiling fastrand v2.3.0
[INFO] [stderr]    Compiling wait-timeout v0.2.1
[INFO] [stderr]    Compiling itertools v0.10.5
[INFO] [stderr]    Compiling quick-error v1.2.3
[INFO] [stderr]    Compiling same-file v1.0.6
[INFO] [stderr]    Compiling cast v0.3.0
[INFO] [stderr]    Compiling rand_xorshift v0.4.0
[INFO] [stderr]    Compiling walkdir v2.5.0
[INFO] [stderr]    Compiling itertools v0.13.0
[INFO] [stderr]    Compiling bit-set v0.8.0
[INFO] [stderr]    Compiling clap_builder v4.5.60
[INFO] [stderr]    Compiling plotters-svg v0.3.7
[INFO] [stderr]    Compiling fancy-regex v0.14.0
[INFO] [stderr]    Compiling oorandom v11.1.5
[INFO] [stderr]    Compiling anes v0.1.6
[INFO] [stderr]    Compiling unarray v0.1.4
[INFO] [stderr]    Compiling memmap2 v0.9.10
[INFO] [stderr]    Compiling num-integer v0.1.46
[INFO] [stderr]    Compiling num-complex v0.4.6
[INFO] [stderr]    Compiling chrono v0.4.44
[INFO] [stderr]    Compiling plotters v0.3.7
[INFO] [stderr]    Compiling num-bigint v0.4.6
[INFO] [stderr]    Compiling num-iter v0.1.45
[INFO] [stderr]    Compiling criterion-plot v0.5.0
[INFO] [stderr]    Compiling tempfile v3.26.0
[INFO] [stderr]    Compiling rusty-fork v0.3.1
[INFO] [stderr]    Compiling num-rational v0.4.2
[INFO] [stderr]    Compiling chrono-tz v0.10.4
[INFO] [stderr]    Compiling clap v4.5.60
[INFO] [stderr]    Compiling num v0.4.3
[INFO] [stderr]    Compiling fraction v0.15.3
[INFO] [stderr]    Compiling synstructure v0.13.2
[INFO] [stderr]    Compiling zerocopy-derive v0.8.40
[INFO] [stderr]    Compiling zerofrom-derive v0.1.6
[INFO] [stderr]    Compiling yoke-derive v0.8.1
[INFO] [stderr]    Compiling zerovec-derive v0.11.2
[INFO] [stderr]    Compiling displaydoc v0.2.5
[INFO] [stderr]    Compiling serde_derive v1.0.228
[INFO] [stderr]    Compiling ref-cast-impl v1.0.25
[INFO] [stderr]    Compiling thiserror-impl v1.0.69
[INFO] [stderr]    Compiling scientific-macro v0.5.2
[INFO] [stderr]    Compiling thiserror-impl v2.0.18
[INFO] [stderr]    Compiling scientific v0.5.3
[INFO] [stderr]    Compiling ref-cast v1.0.25
[INFO] [stderr]    Compiling thiserror v1.0.69
[INFO] [stderr]    Compiling zerofrom v0.1.6
[INFO] [stderr]    Compiling wax v0.6.0
[INFO] [stderr]    Compiling yoke v0.8.1
[INFO] [stderr]    Compiling thiserror v2.0.18
[INFO] [stderr]    Compiling zerovec v0.11.5
[INFO] [stderr]    Compiling zerotrie v0.2.3
[INFO] [stderr]    Compiling tinystr v0.8.2
[INFO] [stderr]    Compiling potential_utf v0.1.4
[INFO] [stderr]    Compiling icu_collections v2.1.1
[INFO] [stderr]    Compiling icu_locale_core v2.1.1
[INFO] [stderr]    Compiling serde v1.0.228
[INFO] [stderr]    Compiling icu_provider v2.1.1
[INFO] [stderr]    Compiling icu_properties v2.1.2
[INFO] [stderr]    Compiling icu_normalizer v2.1.1
[INFO] [stderr]    Compiling fluent-uri v0.3.2
[INFO] [stderr]    Compiling email_address v0.2.9
[INFO] [stderr]    Compiling serde_yaml v0.9.34+deprecated
[INFO] [stderr]    Compiling tinytemplate v1.2.1
[INFO] [stderr]    Compiling idna_adapter v1.2.1
[INFO] [stderr]    Compiling idna v1.1.0
[INFO] [stderr]    Compiling url v2.5.8
[INFO] [stderr]    Compiling ppv-lite86 v0.2.21
[INFO] [stderr]    Compiling ahash v0.8.12
[INFO] [stderr]    Compiling half v2.7.1
[INFO] [stderr]    Compiling referencing v0.29.1
[INFO] [stderr]    Compiling ciborium-ll v0.2.2
[INFO] [stderr]    Compiling rand_chacha v0.9.0
[INFO] [stderr]    Compiling rand_chacha v0.3.1
[INFO] [stderr]    Compiling ciborium v0.2.2
[INFO] [stderr]    Compiling rand v0.9.2
[INFO] [stderr]    Compiling rand v0.8.5
[INFO] [stderr]    Compiling uuid v1.21.0
[INFO] [stderr]    Compiling proptest v1.10.0
[INFO] [stderr]    Compiling criterion v0.6.0
[INFO] [stderr]    Compiling uuid-simd v0.8.0
[INFO] [stderr]    Compiling jsonschema v0.29.1
[INFO] [stderr]    Compiling regorus v0.4.0
[INFO] [stderr]    Compiling cryptotensors v0.2.3 (/opt/rustwide/workdir)
[INFO] [stderr]     Finished `release` profile [optimized] target(s) in 1m 55s
[INFO] running `Command { std: "docker" "inspect" "d28c410270a5c89c45b0046ab39f47482339c46c0b1655e7f11cf3cc59556bd4", kill_on_drop: false }`
[INFO] running `Command { std: "docker" "exec" "-e" "SOURCE_DIR=/opt/rustwide/workdir" "-e" "CARGO_HOME=/opt/rustwide/cargo-home" "-e" "RUSTUP_HOME=/opt/rustwide/rustup-home" "-e" "CARGO_TARGET_DIR=/opt/rustwide/target" "-e" "CARGO_INCREMENTAL=0" "-e" "RUST_BACKTRACE=full" "-e" "RUSTFLAGS=--cap-lints=warn" "-e" "RUSTDOCFLAGS=--cap-lints=warn" "-w" "/opt/rustwide/workdir" "--user" "0:0" "d28c410270a5c89c45b0046ab39f47482339c46c0b1655e7f11cf3cc59556bd4" "/opt/rustwide/cargo-home/bin/cargo" "+1.99.0-beta.8" "test" "--frozen" "--release", kill_on_drop: false }`
[INFO] [stderr]     Finished `release` profile [optimized] target(s) in 0.27s
[INFO] [stderr]      Running unittests src/lib.rs (/opt/rustwide/target/release/deps/cryptotensors-727d2446188c35d8)
[INFO] [stdout] 
[INFO] [stdout] running 51 tests
[INFO] [stdout] test encryption::tests::test_derive_chunk_iv ... ok
[INFO] [stdout] test encryption::tests::test_derive_chunk_iv_invalid_length ... ok
[INFO] [stdout] test slice::tests::test_fp4_misaligned ... ok
[INFO] [stdout] test key::tests::test_keymaterial_convenience_methods ... ok
[INFO] [stdout] test slice::tests::test_slice_variety2 ... ok
[INFO] [stdout] test registry::tests::test_priority_and_disable ... ok
[INFO] [stdout] test registry::tests::test_direct_key_provider_default_keys ... ok
[INFO] [stdout] test tensor::tests::test_empty ... ok
[INFO] [stdout] test registry::tests::test_direct_key_provider_multiple_keys ... ok
[INFO] [stdout] test slice::tests::test_fp4_simple ... ok
[INFO] [stdout] test tensor::tests::test_empty_shapes_allowed ... ok
[INFO] [stdout] test registry::tests::test_direct_key_provider_single_keys ... ok
[INFO] [stdout] test tensor::tests::test_header_too_small ... ok
[INFO] [stdout] test tensor::tests::test_invalid_header_non_utf8 ... ok
[INFO] [stdout] test slice::tests::test_helpers ... ok
[INFO] [stdout] test slice::tests::test_invalid_range ... ok
[INFO] [stdout] test slice::tests::test_slice_variety ... ok
[INFO] [stdout] test tensor::tests::test_independent_paths_deserialize_enc_direct_sign_registry ... ok
[INFO] [stdout] test tensor::tests::test_header_too_large ... ok
[INFO] [stdout] test slice::tests::test_slice_select ... ok
[INFO] [stdout] test tensor::tests::test_metadata_incomplete_buffer ... ok
[INFO] [stdout] test tensor::tests::test_invalid_header_length ... ok
[INFO] [stdout] test tensor::tests::test_indexing ... ok
[INFO] [stdout] test tensor::tests::test_independent_paths_serialize_enc_registry_sign_direct ... ok
[INFO] [stdout] test tensor::tests::test_lifetimes ... ok
[INFO] [stdout] test tensor::tests::test_deserialization ... ok
[INFO] [stdout] test slice::tests::test_dummy ... ok
[INFO] [stdout] test tensor::tests::test_invalid_header_not_json ... ok
[INFO] [stdout] test tensor::tests::test_invalid_info ... ok
[INFO] [stdout] test tensor::tests::test_partial_encryption_rewrap ... ok
[INFO] [stdout] test tensor::tests::test_independent_paths_deserialize_enc_registry_sign_direct ... ok
[INFO] [stdout] test tensor::tests::test_partial_encryption_roundtrip ... ok
[INFO] [stdout] test tensor::tests::test_independent_paths_serialize_enc_direct_sign_registry ... ok
[INFO] [stdout] test tensor::tests::test_serialization_forced_alignement ... ok
[INFO] [stdout] test tensor::tests::test_serialization_fp4 ... ok
[INFO] [stdout] test tensor::tests::test_serialization_fp4_invalid ... ok
[INFO] [stdout] test tensor::tests::test_serialization ... ok
[INFO] [stdout] test tensor::tests::test_serialization_fp4_misaligned ... ok
[INFO] [stdout] test tensor::tests::test_whitespace_padded_header ... ok
[INFO] [stdout] test tensor::tests::test_slicing ... ok
[INFO] [stdout] test tensor::tests::test_zero_sized_tensor ... ok
[INFO] [stdout] test tensor::tests::test_validation_overflow ... ok
[INFO] [stdout] test tensor::tests::test_rewrap_header_only ... ok
[INFO] [stdout] test tensor::tests::test_rewrap_unencrypted_fails ... ok
[INFO] [stdout] test tensor::tests::test_json_attack ... FAILED
[INFO] [stdout] test tensor::tests::test_rewrap_buffer ... ok
[INFO] [stdout] test tensor::tests::test_roundtrip ... ok
[INFO] [stdout] test tensor::tests::test_rewrap_file ... ok
[INFO] [stdout] test tensor::tests::test_gpt2_tiny ... FAILED
[INFO] [stdout] test tensor::tests::test_invalid_header_size_serialization ... ok
[INFO] [stdout] test tensor::tests::test_gpt2 ... FAILED
[INFO] [stdout] 
[INFO] [stdout] failures:
[INFO] [stdout] 
[INFO] [stdout] ---- tensor::tests::test_json_attack stdout ----
[INFO] [stdout] 
[INFO] [stdout] thread 'tensor::tests::test_json_attack' (4369) panicked at src/tensor.rs:1723:77:
[INFO] [stdout] called `Result::unwrap()` on an `Err` value: Os { code: 30, kind: ReadOnlyFilesystem, message: "Read-only file system" }
[INFO] [stdout] stack backtrace:
[INFO] [stdout]    0:     0x5888b27ed431 - <<std[70759c8f55707aa4]::sys::backtrace::BacktraceLock>::print::DisplayBacktrace as core[df12db4294e9bfd3]::fmt::Display>::fmt
[INFO] [stdout]    1:     0x5888b2805dfa - core[df12db4294e9bfd3]::fmt::write
[INFO] [stdout]    2:     0x5888b27f1e0c - <alloc[2182bb758b4b3781]::vec::Vec<u8> as core[df12db4294e9bfd3]::io::write::Write>::write_fmt
[INFO] [stdout]    3:     0x5888b27c7436 - std[70759c8f55707aa4]::panicking::default_hook::{closure#0}
[INFO] [stdout]    4:     0x5888b27e4ba9 - std[70759c8f55707aa4]::panicking::default_hook
[INFO] [stdout]    5:     0x5888b23c5420 - test[9d35eded1c95d3be]::test_main_inner::<test[9d35eded1c95d3be]::test_main_static::{closure#0}>::{closure#0}
[INFO] [stdout]    6:     0x5888b27e4ed2 - std[70759c8f55707aa4]::panicking::panic_with_hook
[INFO] [stdout]    7:     0x5888b27c74e2 - std[70759c8f55707aa4]::panicking::panic_handler::{closure#0}
[INFO] [stdout]    8:     0x5888b27bff89 - std[70759c8f55707aa4]::sys::backtrace::__rust_end_short_backtrace::<std[70759c8f55707aa4]::panicking::panic_handler::{closure#0}, !>
[INFO] [stdout]    9:     0x5888b27c80dd - __rustc[8fa7c3cbc660c2b3]::rust_begin_unwind
[INFO] [stdout]   10:     0x5888b28065dc - core[df12db4294e9bfd3]::panicking::panic_fmt
[INFO] [stdout]   11:     0x5888b28063b2 - core[df12db4294e9bfd3]::result::unwrap_failed
[INFO] [stdout]   12:     0x5888b2330f09 - cryptotensors[d14ab958216d162b]::tensor::tests::test_json_attack
[INFO] [stdout]   13:     0x5888b23b7f59 - <cryptotensors[d14ab958216d162b]::tensor::tests::test_json_attack::{closure#0} as core[df12db4294e9bfd3]::ops::function::FnOnce<()>>::call_once
[INFO] [stdout]   14:     0x5888b23b870b - test[9d35eded1c95d3be]::__rust_begin_short_backtrace::<core[df12db4294e9bfd3]::result::Result<(), alloc[2182bb758b4b3781]::string::String>, fn() -> core[df12db4294e9bfd3]::result::Result<(), alloc[2182bb758b4b3781]::string::String>>
[INFO] [stdout]   15:     0x5888b23c5d75 - test[9d35eded1c95d3be]::run_test::{closure#0}
[INFO] [stdout]   16:     0x5888b23bf634 - std[70759c8f55707aa4]::sys::backtrace::__rust_begin_short_backtrace::<test[9d35eded1c95d3be]::run_test::{closure#1}, ()>
[INFO] [stdout]   17:     0x5888b23c8ed2 - <std[70759c8f55707aa4]::thread::lifecycle::spawn_unchecked<test[9d35eded1c95d3be]::run_test::{closure#1}, ()>::{closure#1} as core[df12db4294e9bfd3]::ops::function::FnOnce<()>>::call_once::{shim:vtable#0}
[INFO] [stdout]   18:     0x5888b27ec449 - <std[70759c8f55707aa4]::sys::thread::unix::Thread>::new::thread_start
[INFO] [stdout]   19:     0x735cc41cadfa - <unknown>
[INFO] [stdout]   20:     0x735cc425e3d4 - clone
[INFO] [stdout]   21:                0x0 - <unknown>
[INFO] [stdout] 
[INFO] [stdout] ---- tensor::tests::test_gpt2_tiny stdout ----
[INFO] [stdout] 
[INFO] [stdout] thread 'tensor::tests::test_gpt2_tiny' (4340) panicked at src/tensor.rs:1639:40:
[INFO] [stdout] called `Result::unwrap()` on an `Err` value: Os { code: 30, kind: ReadOnlyFilesystem, message: "Read-only file system" }
[INFO] [stdout] stack backtrace:
[INFO] [stdout]    0:     0x5888b27ed431 - <<std[70759c8f55707aa4]::sys::backtrace::BacktraceLock>::print::DisplayBacktrace as core[df12db4294e9bfd3]::fmt::Display>::fmt
[INFO] [stdout]    1:     0x5888b2805dfa - core[df12db4294e9bfd3]::fmt::write
[INFO] [stdout]    2:     0x5888b27f1e0c - <alloc[2182bb758b4b3781]::vec::Vec<u8> as core[df12db4294e9bfd3]::io::write::Write>::write_fmt
[INFO] [stdout]    3:     0x5888b27c7436 - std[70759c8f55707aa4]::panicking::default_hook::{closure#0}
[INFO] [stdout]    4:     0x5888b27e4ba9 - std[70759c8f55707aa4]::panicking::default_hook
[INFO] [stdout]    5:     0x5888b23c5420 - test[9d35eded1c95d3be]::test_main_inner::<test[9d35eded1c95d3be]::test_main_static::{closure#0}>::{closure#0}
[INFO] [stdout]    6:     0x5888b27e4ed2 - std[70759c8f55707aa4]::panicking::panic_with_hook
[INFO] [stdout]    7:     0x5888b27c74e2 - std[70759c8f55707aa4]::panicking::panic_handler::{closure#0}
[INFO] [stdout]    8:     0x5888b27bff89 - std[70759c8f55707aa4]::sys::backtrace::__rust_end_short_backtrace::<std[70759c8f55707aa4]::panicking::panic_handler::{closure#0}, !>
[INFO] [stdout]    9:     0x5888b27c80dd - __rustc[8fa7c3cbc660c2b3]::rust_begin_unwind
[INFO] [stdout]   10:     0x5888b28065dc - core[df12db4294e9bfd3]::panicking::panic_fmt
[INFO] [stdout]   11:     0x5888b28063b2 - core[df12db4294e9bfd3]::result::unwrap_failed
[INFO] [stdout]   12:     0x5888b232e34f - cryptotensors[d14ab958216d162b]::tensor::tests::gpt2_like
[INFO] [stdout]   13:     0x5888b23b7efa - <cryptotensors[d14ab958216d162b]::tensor::tests::test_gpt2_tiny::{closure#0} as core[df12db4294e9bfd3]::ops::function::FnOnce<()>>::call_once
[INFO] [stdout]   14:     0x5888b23b870b - test[9d35eded1c95d3be]::__rust_begin_short_backtrace::<core[df12db4294e9bfd3]::result::Result<(), alloc[2182bb758b4b3781]::string::String>, fn() -> core[df12db4294e9bfd3]::result::Result<(), alloc[2182bb758b4b3781]::string::String>>
[INFO] [stdout]   15:     0x5888b23c5d75 - test[9d35eded1c95d3be]::run_test::{closure#0}
[INFO] [stdout]   16:     0x5888b23bf634 - std[70759c8f55707aa4]::sys::backtrace::__rust_begin_short_backtrace::<test[9d35eded1c95d3be]::run_test::{closure#1}, ()>
[INFO] [stdout]   17:     0x5888b23c8ed2 - <std[70759c8f55707aa4]::thread::lifecycle::spawn_unchecked<test[9d35eded1c95d3be]::run_test::{closure#1}, ()>::{closure#1} as core[df12db4294e9bfd3]::ops::function::FnOnce<()>>::call_once::{shim:vtable#0}
[INFO] [stdout]   18:     0x5888b27ec449 - <std[70759c8f55707aa4]::sys::thread::unix::Thread>::new::thread_start
[INFO] [stdout]   19:     0x735cc41cadfa - <unknown>
[INFO] [stdout]   20:     0x735cc425e3d4 - clone
[INFO] [stdout]   21:                0x0 - <unknown>
[INFO] [stdout] 
[INFO] [stdout] ---- tensor::tests::test_gpt2 stdout ----
[INFO] [stdout] 
[INFO] [stdout] thread 'tensor::tests::test_gpt2' (4339) panicked at src/tensor.rs:1639:40:
[INFO] [stdout] called `Result::unwrap()` on an `Err` value: Os { code: 30, kind: ReadOnlyFilesystem, message: "Read-only file system" }
[INFO] [stdout] stack backtrace:
[INFO] [stdout]    0:     0x5888b27ed431 - <<std[70759c8f55707aa4]::sys::backtrace::BacktraceLock>::print::DisplayBacktrace as core[df12db4294e9bfd3]::fmt::Display>::fmt
[INFO] [stdout]    1:     0x5888b2805dfa - core[df12db4294e9bfd3]::fmt::write
[INFO] [stdout]    2:     0x5888b27f1e0c - <alloc[2182bb758b4b3781]::vec::Vec<u8> as core[df12db4294e9bfd3]::io::write::Write>::write_fmt
[INFO] [stdout]    3:     0x5888b27c7436 - std[70759c8f55707aa4]::panicking::default_hook::{closure#0}
[INFO] [stdout]    4:     0x5888b27e4ba9 - std[70759c8f55707aa4]::panicking::default_hook
[INFO] [stdout]    5:     0x5888b23c5420 - test[9d35eded1c95d3be]::test_main_inner::<test[9d35eded1c95d3be]::test_main_static::{closure#0}>::{closure#0}
[INFO] [stdout]    6:     0x5888b27e4ed2 - std[70759c8f55707aa4]::panicking::panic_with_hook
[INFO] [stdout]    7:     0x5888b27c74e2 - std[70759c8f55707aa4]::panicking::panic_handler::{closure#0}
[INFO] [stdout]    8:     0x5888b27bff89 - std[70759c8f55707aa4]::sys::backtrace::__rust_end_short_backtrace::<std[70759c8f55707aa4]::panicking::panic_handler::{closure#0}, !>
[INFO] [stdout]    9:     0x5888b27c80dd - __rustc[8fa7c3cbc660c2b3]::rust_begin_unwind
[INFO] [stdout]   10:     0x5888b28065dc - core[df12db4294e9bfd3]::panicking::panic_fmt
[INFO] [stdout]   11:     0x5888b28063b2 - core[df12db4294e9bfd3]::result::unwrap_failed
[INFO] [stdout]   12:     0x5888b232e34f - cryptotensors[d14ab958216d162b]::tensor::tests::gpt2_like
[INFO] [stdout]   13:     0x5888b23b860a - <cryptotensors[d14ab958216d162b]::tensor::tests::test_gpt2::{closure#0} as core[df12db4294e9bfd3]::ops::function::FnOnce<()>>::call_once
[INFO] [stdout]   14:     0x5888b23b870b - test[9d35eded1c95d3be]::__rust_begin_short_backtrace::<core[df12db4294e9bfd3]::result::Result<(), alloc[2182bb758b4b3781]::string::String>, fn() -> core[df12db4294e9bfd3]::result::Result<(), alloc[2182bb758b4b3781]::string::String>>
[INFO] [stdout]   15:     0x5888b23c5d75 - test[9d35eded1c95d3be]::run_test::{closure#0}
[INFO] [stdout]   16:     0x5888b23bf634 - std[70759c8f55707aa4]::sys::backtrace::__rust_begin_short_backtrace::<test[9d35eded1c95d3be]::run_test::{closure#1}, ()>
[INFO] [stdout]   17:     0x5888b23c8ed2 - <std[70759c8f55707aa4]::thread::lifecycle::spawn_unchecked<test[9d35eded1c95d3be]::run_test::{closure#1}, ()>::{closure#1} as core[df12db4294e9bfd3]::ops::function::FnOnce<()>>::call_once::{shim:vtable#0}
[INFO] [stdout]   18:     0x5888b27ec449 - <std[70759c8f55707aa4]::sys::thread::unix::Thread>::new::thread_start
[INFO] [stdout]   19:     0x735cc41cadfa - <unknown>
[INFO] [stdout]   20:     0x735cc425e3d4 - clone
[INFO] [stdout]   21:                0x0 - <unknown>
[INFO] [stdout] 
[INFO] [stdout] 
[INFO] [stdout] failures:
[INFO] [stdout]     tensor::tests::test_gpt2
[INFO] [stdout]     tensor::tests::test_gpt2_tiny
[INFO] [stdout]     tensor::tests::test_json_attack
[INFO] [stdout] 
[INFO] [stdout] test result: FAILED. 48 passed; 3 failed; 0 ignored; 0 measured; 0 filtered out; finished in 0.79s
[INFO] [stdout] 
[INFO] [stderr] error: test failed, to rerun pass `--lib`
[INFO] running `Command { std: "docker" "inspect" "d28c410270a5c89c45b0046ab39f47482339c46c0b1655e7f11cf3cc59556bd4", kill_on_drop: false }`
[INFO] running `Command { std: "docker" "rm" "-f" "d28c410270a5c89c45b0046ab39f47482339c46c0b1655e7f11cf3cc59556bd4", kill_on_drop: false }`
[INFO] [stdout] d28c410270a5c89c45b0046ab39f47482339c46c0b1655e7f11cf3cc59556bd4
