[INFO] fetching crate cryptostream 0.3.3...
[INFO] testing cryptostream-0.3.3 against 1.99.0-beta.8+cargoflags=--release for beta-release-1.100-2
[INFO] extracting crate cryptostream 0.3.3 into /workspace/builds/worker-1-tc1/source
[INFO] started tweaking crates.io crate cryptostream 0.3.3
[INFO] removed 0 missing examples
[INFO] finished tweaking crates.io crate cryptostream 0.3.3
[INFO] tweaked toml for crates.io crate cryptostream 0.3.3 written to /workspace/builds/worker-1-tc1/source/Cargo.toml
[INFO] validating manifest of crates.io crate cryptostream 0.3.3 on toolchain 1.99.0-beta.8
[INFO] running `Command { std: CARGO_HOME="/workspace/cargo-home" RUSTUP_HOME="/workspace/rustup-home" "/workspace/cargo-home/bin/cargo" "+1.99.0-beta.8" "metadata" "--manifest-path" "Cargo.toml" "--no-deps", kill_on_drop: false }`
[INFO] crate crates.io crate cryptostream 0.3.3 already has a lockfile, it will not be regenerated
[INFO] running `Command { std: CARGO_HOME="/workspace/cargo-home" RUSTUP_HOME="/workspace/rustup-home" "/workspace/cargo-home/bin/cargo" "+1.99.0-beta.8" "fetch" "--manifest-path" "Cargo.toml", kill_on_drop: false }`
[INFO] [stderr]     Updating crates.io index
[INFO] [stderr]  Downloading crates ...
[INFO] [stderr]   Downloaded quote v1.0.43
[INFO] [stderr]   Downloaded size v0.5.0
[INFO] [stderr]   Downloaded find-msvc-tools v0.1.7
[INFO] [stderr]   Downloaded proc-macro2 v1.0.105
[INFO] [stderr]   Downloaded openssl-sys v0.9.111
[INFO] [stderr]   Downloaded zerocopy-derive v0.8.33
[INFO] [stderr]   Downloaded cc v1.2.52
[INFO] [stderr]   Downloaded zerocopy v0.8.33
[INFO] [stderr]   Downloaded openssl v0.10.75
[INFO] [stderr]   Downloaded libc v0.2.180
[INFO] [stderr]   Downloaded openssl-src v300.5.4+3.5.4
[INFO] running `Command { std: "docker" "create" "-v" "/var/lib/crater-agent-workspace/builds/worker-1-tc1/source:/opt/rustwide/workdir:ro,Z" "-v" "/var/lib/crater-agent-workspace/builds/worker-1-tc1/target:/opt/rustwide/target:rw,Z" "-v" "/var/lib/crater-agent-workspace/cargo-home:/opt/rustwide/cargo-home:ro,Z" "-v" "/var/lib/crater-agent-workspace/rustup-home:/opt/rustwide/rustup-home:ro,Z" "-m" "1610612736" "--network" "none" "ghcr.io/rust-lang/crates-build-env/linux@sha256:77db811e55d90add9212f6832c23229e3de5f1c1f9905e8cb07319ea15df73ac" "sleep" "infinity", kill_on_drop: false }`
[INFO] [stdout] 8ad3e91e1ed3339c1ee1837f7ed690e22d69ad54940609380eb600128334fe61
[INFO] running `Command { std: "docker" "start" "8ad3e91e1ed3339c1ee1837f7ed690e22d69ad54940609380eb600128334fe61", kill_on_drop: false }`
[INFO] running `Command { std: "docker" "inspect" "8ad3e91e1ed3339c1ee1837f7ed690e22d69ad54940609380eb600128334fe61", kill_on_drop: false }`
[INFO] running `Command { std: "docker" "exec" "-e" "SOURCE_DIR=/opt/rustwide/workdir" "-e" "CARGO_HOME=/opt/rustwide/cargo-home" "-e" "RUSTUP_HOME=/opt/rustwide/rustup-home" "-e" "CARGO_TARGET_DIR=/opt/rustwide/target" "-w" "/opt/rustwide/workdir" "--user" "0:0" "8ad3e91e1ed3339c1ee1837f7ed690e22d69ad54940609380eb600128334fe61" "/opt/rustwide/cargo-home/bin/cargo" "+1.99.0-beta.8" "metadata" "--no-deps" "--format-version=1", kill_on_drop: false }`
[INFO] running `Command { std: "docker" "inspect" "8ad3e91e1ed3339c1ee1837f7ed690e22d69ad54940609380eb600128334fe61", kill_on_drop: false }`
[INFO] running `Command { std: "docker" "exec" "-e" "SOURCE_DIR=/opt/rustwide/workdir" "-e" "CARGO_HOME=/opt/rustwide/cargo-home" "-e" "RUSTUP_HOME=/opt/rustwide/rustup-home" "-e" "CARGO_TARGET_DIR=/opt/rustwide/target" "-e" "CARGO_INCREMENTAL=0" "-e" "RUST_BACKTRACE=full" "-e" "RUSTFLAGS=--cap-lints=warn" "-e" "RUSTDOCFLAGS=--cap-lints=warn" "-w" "/opt/rustwide/workdir" "--user" "0:0" "8ad3e91e1ed3339c1ee1837f7ed690e22d69ad54940609380eb600128334fe61" "/opt/rustwide/cargo-home/bin/cargo" "+1.99.0-beta.8" "build" "--frozen" "--message-format=json" "--release", kill_on_drop: false }`
[INFO] [stderr]    Compiling shlex v1.3.0
[INFO] [stderr]    Compiling find-msvc-tools v0.1.7
[INFO] [stderr]    Compiling proc-macro2 v1.0.105
[INFO] [stderr]    Compiling quote v1.0.43
[INFO] [stderr]    Compiling pkg-config v0.3.32
[INFO] [stderr]    Compiling libc v0.2.180
[INFO] [stderr]    Compiling openssl v0.10.75
[INFO] [stderr]    Compiling bitflags v2.10.0
[INFO] [stderr]    Compiling once_cell v1.21.3
[INFO] [stderr]    Compiling cc v1.2.52
[INFO] [stderr]    Compiling syn v2.0.114
[INFO] [stderr]    Compiling openssl-sys v0.9.111
[INFO] [stderr]    Compiling openssl-macros v0.1.1
[INFO] [stderr]    Compiling cryptostream v0.3.3 (/opt/rustwide/workdir)
[INFO] [stderr]     Finished `release` profile [optimized] target(s) in 18.12s
[INFO] running `Command { std: "docker" "inspect" "8ad3e91e1ed3339c1ee1837f7ed690e22d69ad54940609380eb600128334fe61", kill_on_drop: false }`
[INFO] running `Command { std: "docker" "exec" "-e" "SOURCE_DIR=/opt/rustwide/workdir" "-e" "CARGO_HOME=/opt/rustwide/cargo-home" "-e" "RUSTUP_HOME=/opt/rustwide/rustup-home" "-e" "CARGO_TARGET_DIR=/opt/rustwide/target" "-e" "CARGO_INCREMENTAL=0" "-e" "RUST_BACKTRACE=full" "-e" "RUSTFLAGS=--cap-lints=warn" "-e" "RUSTDOCFLAGS=--cap-lints=warn" "-w" "/opt/rustwide/workdir" "--user" "0:0" "8ad3e91e1ed3339c1ee1837f7ed690e22d69ad54940609380eb600128334fe61" "/opt/rustwide/cargo-home/bin/cargo" "+1.99.0-beta.8" "test" "--frozen" "--no-run" "--message-format=json" "--release", kill_on_drop: false }`
[INFO] [stderr]    Compiling getrandom v0.3.4
[INFO] [stderr]    Compiling zerocopy v0.8.33
[INFO] [stderr]    Compiling size v0.5.0
[INFO] [stderr]    Compiling rand_core v0.9.3
[INFO] [stderr]    Compiling ppv-lite86 v0.2.21
[INFO] [stderr]    Compiling rand_chacha v0.9.0
[INFO] [stderr]    Compiling rand v0.9.2
[INFO] [stderr]    Compiling cryptostream v0.3.3 (/opt/rustwide/workdir)
[INFO] [stderr]     Finished `release` profile [optimized] target(s) in 6.20s
[INFO] running `Command { std: "docker" "inspect" "8ad3e91e1ed3339c1ee1837f7ed690e22d69ad54940609380eb600128334fe61", kill_on_drop: false }`
[INFO] running `Command { std: "docker" "exec" "-e" "SOURCE_DIR=/opt/rustwide/workdir" "-e" "CARGO_HOME=/opt/rustwide/cargo-home" "-e" "RUSTUP_HOME=/opt/rustwide/rustup-home" "-e" "CARGO_TARGET_DIR=/opt/rustwide/target" "-e" "CARGO_INCREMENTAL=0" "-e" "RUST_BACKTRACE=full" "-e" "RUSTFLAGS=--cap-lints=warn" "-e" "RUSTDOCFLAGS=--cap-lints=warn" "-w" "/opt/rustwide/workdir" "--user" "0:0" "8ad3e91e1ed3339c1ee1837f7ed690e22d69ad54940609380eb600128334fe61" "/opt/rustwide/cargo-home/bin/cargo" "+1.99.0-beta.8" "test" "--frozen" "--release", kill_on_drop: false }`
[INFO] [stderr]     Finished `release` profile [optimized] target(s) in 0.06s
[INFO] [stderr]      Running unittests src/lib.rs (/opt/rustwide/target/release/deps/cryptostream-d309fcf8b3fd58a8)
[INFO] [stdout] 
[INFO] [stdout] running 15 tests
[INFO] [stdout] test bufread::zero_len_buffer_read ... ok
[INFO] [stdout] test tests::finish_empty_write_encrypt ... ok
[INFO] [stdout] test tests::basic_write_encrypt ... ok
[INFO] [stdout] test tests::empty_write_decrypt ... ok
[INFO] [stdout] test tests::empty_read_decrypt ... ok
[INFO] [stdout] test tests::basic_read_encrypt ... ok
[INFO] [stdout] test tests::read_encrypt_less_than_block ... ok
[INFO] [stdout] test tests::write_encrypt_less_than_block ... ok
[INFO] [stdout] test tests::finish_empty_read_encrypt ... ok
[INFO] [stdout] test tests::basic_write_decrypt ... ok
[INFO] [stdout] test tests::read_decrypt_less_than_block ... ok
[INFO] [stdout] test tests::write_decrypt_less_than_block ... ok
[INFO] [stdout] test tests::issue_9::large_buffer_encrypt_decrypt ... FAILED
[INFO] [stdout] test tests::basic_read_decrypt ... ok
[INFO] [stdout] test tests::random_read::random_read ... ok
[INFO] [stdout] 
[INFO] [stdout] failures:
[INFO] [stdout] 
[INFO] [stdout] ---- tests::issue_9::large_buffer_encrypt_decrypt stdout ----
[INFO] [stdout] 
[INFO] [stdout] thread 'tests::issue_9::large_buffer_encrypt_decrypt' (617) panicked at src/tests/issue_9.rs:35:10:
[INFO] [stdout] called `Result::unwrap()` on an `Err` value: Os { code: 30, kind: ReadOnlyFilesystem, message: "Read-only file system" }
[INFO] [stdout] stack backtrace:
[INFO] [stdout]    0:     0x60967563d651 - <<std[70759c8f55707aa4]::sys::backtrace::BacktraceLock>::print::DisplayBacktrace as core[df12db4294e9bfd3]::fmt::Display>::fmt
[INFO] [stdout]    1:     0x60967565213a - core[df12db4294e9bfd3]::fmt::write
[INFO] [stdout]    2:     0x609675641b9c - <alloc[2182bb758b4b3781]::vec::Vec<u8> as core[df12db4294e9bfd3]::io::write::Write>::write_fmt
[INFO] [stdout]    3:     0x609675619a36 - std[70759c8f55707aa4]::panicking::default_hook::{closure#0}
[INFO] [stdout]    4:     0x609675635ba9 - std[70759c8f55707aa4]::panicking::default_hook
[INFO] [stdout]    5:     0x6096755cc800 - test[9d35eded1c95d3be]::test_main_inner::<test[9d35eded1c95d3be]::test_main_static::{closure#0}>::{closure#0}
[INFO] [stdout]    6:     0x609675635d62 - std[70759c8f55707aa4]::panicking::panic_with_hook
[INFO] [stdout]    7:     0x609675619ae2 - std[70759c8f55707aa4]::panicking::panic_handler::{closure#0}
[INFO] [stdout]    8:     0x609675612789 - std[70759c8f55707aa4]::sys::backtrace::__rust_end_short_backtrace::<std[70759c8f55707aa4]::panicking::panic_handler::{closure#0}, !>
[INFO] [stdout]    9:     0x60967561a6dd - __rustc[8fa7c3cbc660c2b3]::rust_begin_unwind
[INFO] [stdout]   10:     0x60967565286c - core[df12db4294e9bfd3]::panicking::panic_fmt
[INFO] [stdout]   11:     0x609675652642 - core[df12db4294e9bfd3]::result::unwrap_failed
[INFO] [stdout]   12:     0x6096755bf2b1 - cryptostream[7ebefc7041403951]::tests::issue_9::large_buffer_encrypt_decrypt
[INFO] [stdout]   13:     0x6096755bc249 - <cryptostream[7ebefc7041403951]::tests::issue_9::large_buffer_encrypt_decrypt::{closure#0} as core[df12db4294e9bfd3]::ops::function::FnOnce<()>>::call_once
[INFO] [stdout]   14:     0x6096755bfaeb - test[9d35eded1c95d3be]::__rust_begin_short_backtrace::<core[df12db4294e9bfd3]::result::Result<(), alloc[2182bb758b4b3781]::string::String>, fn() -> core[df12db4294e9bfd3]::result::Result<(), alloc[2182bb758b4b3781]::string::String>>
[INFO] [stdout]   15:     0x6096755cd155 - test[9d35eded1c95d3be]::run_test::{closure#0}
[INFO] [stdout]   16:     0x6096755c6a14 - std[70759c8f55707aa4]::sys::backtrace::__rust_begin_short_backtrace::<test[9d35eded1c95d3be]::run_test::{closure#1}, ()>
[INFO] [stdout]   17:     0x6096755d02b2 - <std[70759c8f55707aa4]::thread::lifecycle::spawn_unchecked<test[9d35eded1c95d3be]::run_test::{closure#1}, ()>::{closure#1} as core[df12db4294e9bfd3]::ops::function::FnOnce<()>>::call_once::{shim:vtable#0}
[INFO] [stdout]   18:     0x60967563cf29 - <std[70759c8f55707aa4]::sys::thread::unix::Thread>::new::thread_start
[INFO] [stdout]   19:     0x7ac681a3fdfa - <unknown>
[INFO] [stdout]   20:     0x7ac681ad33d4 - clone
[INFO] [stdout]   21:                0x0 - <unknown>
[INFO] [stdout] 
[INFO] [stdout] 
[INFO] [stdout] failures:
[INFO] [stdout]     tests::issue_9::large_buffer_encrypt_decrypt
[INFO] [stdout] 
[INFO] [stdout] test result: FAILED. 14 passed; 1 failed; 0 ignored; 0 measured; 0 filtered out; finished in 0.05s
[INFO] [stdout] 
[INFO] [stderr] error: test failed, to rerun pass `--lib`
[INFO] running `Command { std: "docker" "inspect" "8ad3e91e1ed3339c1ee1837f7ed690e22d69ad54940609380eb600128334fe61", kill_on_drop: false }`
[INFO] running `Command { std: "docker" "rm" "-f" "8ad3e91e1ed3339c1ee1837f7ed690e22d69ad54940609380eb600128334fe61", kill_on_drop: false }`
[INFO] [stdout] 8ad3e91e1ed3339c1ee1837f7ed690e22d69ad54940609380eb600128334fe61
