[INFO] fetching crate cryptonote-raw-crypto 0.5.7...
[INFO] testing cryptonote-raw-crypto-0.5.7 against 1.99.0-beta.8+cargoflags=--release for beta-release-1.100-2
[INFO] extracting crate cryptonote-raw-crypto 0.5.7 into /workspace/builds/worker-7-tc1/source
[INFO] started tweaking crates.io crate cryptonote-raw-crypto 0.5.7
[INFO] finished tweaking crates.io crate cryptonote-raw-crypto 0.5.7
[INFO] tweaked toml for crates.io crate cryptonote-raw-crypto 0.5.7 written to /workspace/builds/worker-7-tc1/source/Cargo.toml
[INFO] validating manifest of crates.io crate cryptonote-raw-crypto 0.5.7 on toolchain 1.99.0-beta.8
[INFO] running `Command { std: CARGO_HOME="/workspace/cargo-home" RUSTUP_HOME="/workspace/rustup-home" "/workspace/cargo-home/bin/cargo" "+1.99.0-beta.8" "metadata" "--manifest-path" "Cargo.toml" "--no-deps", kill_on_drop: false }`
[INFO] running `Command { std: CARGO_HOME="/workspace/cargo-home" RUSTUP_HOME="/workspace/rustup-home" "/workspace/cargo-home/bin/cargo" "+1.99.0-beta.8" "generate-lockfile" "--manifest-path" "Cargo.toml", kill_on_drop: false }`
[INFO] [stderr]     Updating crates.io index
[INFO] [stderr]      Locking 68 packages to highest compatible versions
[INFO] [stderr]       Adding bindgen v0.45.0 (available: v0.73.2)
[INFO] [stderr]       Adding hex v0.3.2 (available: v0.4.3)
[INFO] [stderr]       Adding rand v0.6.5 (available: v0.10.3)
[INFO] running `Command { std: CARGO_HOME="/workspace/cargo-home" RUSTUP_HOME="/workspace/rustup-home" "/workspace/cargo-home/bin/cargo" "+1.99.0-beta.8" "fetch" "--manifest-path" "Cargo.toml", kill_on_drop: false }`
[INFO] [stderr]  Downloading crates ...
[INFO] [stderr]   Downloaded rand_core v0.4.3
[INFO] [stderr]   Downloaded which v2.0.1
[INFO] [stderr]   Downloaded hex v0.3.2
[INFO] [stderr]   Downloaded rand_core v0.3.2
[INFO] [stderr]   Downloaded bindgen v0.45.0
[INFO] [stderr]   Downloaded env_logger v0.6.2
[INFO] [stderr]   Downloaded humantime v1.3.0
[INFO] [stderr]   Downloaded cexpr v0.3.6
[INFO] [stderr]   Downloaded clang-sys v0.26.4
[INFO] [stderr]   Downloaded nom v4.2.3
[INFO] running `Command { std: "docker" "create" "-v" "/var/lib/crater-agent-workspace/builds/worker-7-tc1/source:/opt/rustwide/workdir:ro,Z" "-v" "/var/lib/crater-agent-workspace/builds/worker-7-tc1/target:/opt/rustwide/target:rw,Z" "-v" "/var/lib/crater-agent-workspace/cargo-home:/opt/rustwide/cargo-home:ro,Z" "-v" "/var/lib/crater-agent-workspace/rustup-home:/opt/rustwide/rustup-home:ro,Z" "-m" "1610612736" "--network" "none" "ghcr.io/rust-lang/crates-build-env/linux@sha256:77db811e55d90add9212f6832c23229e3de5f1c1f9905e8cb07319ea15df73ac" "sleep" "infinity", kill_on_drop: false }`
[INFO] [stdout] baa1545432da090428647d074f9a1e67ac2755f8c6bb5e3591e971c0035a8bc1
[INFO] running `Command { std: "docker" "start" "baa1545432da090428647d074f9a1e67ac2755f8c6bb5e3591e971c0035a8bc1", kill_on_drop: false }`
[INFO] running `Command { std: "docker" "inspect" "baa1545432da090428647d074f9a1e67ac2755f8c6bb5e3591e971c0035a8bc1", kill_on_drop: false }`
[INFO] running `Command { std: "docker" "exec" "-e" "SOURCE_DIR=/opt/rustwide/workdir" "-e" "CARGO_HOME=/opt/rustwide/cargo-home" "-e" "RUSTUP_HOME=/opt/rustwide/rustup-home" "-e" "CARGO_TARGET_DIR=/opt/rustwide/target" "-w" "/opt/rustwide/workdir" "--user" "0:0" "baa1545432da090428647d074f9a1e67ac2755f8c6bb5e3591e971c0035a8bc1" "/opt/rustwide/cargo-home/bin/cargo" "+1.99.0-beta.8" "metadata" "--no-deps" "--format-version=1", kill_on_drop: false }`
[INFO] running `Command { std: "docker" "inspect" "baa1545432da090428647d074f9a1e67ac2755f8c6bb5e3591e971c0035a8bc1", kill_on_drop: false }`
[INFO] running `Command { std: "docker" "exec" "-e" "SOURCE_DIR=/opt/rustwide/workdir" "-e" "CARGO_HOME=/opt/rustwide/cargo-home" "-e" "RUSTUP_HOME=/opt/rustwide/rustup-home" "-e" "CARGO_TARGET_DIR=/opt/rustwide/target" "-e" "CARGO_INCREMENTAL=0" "-e" "RUST_BACKTRACE=full" "-e" "RUSTFLAGS=--cap-lints=warn" "-e" "RUSTDOCFLAGS=--cap-lints=warn" "-w" "/opt/rustwide/workdir" "--user" "0:0" "baa1545432da090428647d074f9a1e67ac2755f8c6bb5e3591e971c0035a8bc1" "/opt/rustwide/cargo-home/bin/cargo" "+1.99.0-beta.8" "build" "--frozen" "--message-format=json" "--release", kill_on_drop: false }`
[INFO] [stderr]    Compiling libc v0.2.191
[INFO] [stderr]    Compiling memchr v2.8.3
[INFO] [stderr]    Compiling rand_core v0.4.3
[INFO] [stderr]    Compiling object v0.37.3
[INFO] [stderr]    Compiling gimli v0.32.3
[INFO] [stderr]    Compiling version_check v0.1.5
[INFO] [stderr]    Compiling glob v0.2.11
[INFO] [stderr]    Compiling adler2 v2.0.1
[INFO] [stderr]    Compiling regex-syntax v0.8.11
[INFO] [stderr]    Compiling proc-macro2 v0.4.30
[INFO] [stderr]    Compiling cfg-if v1.0.5
[INFO] [stderr]    Compiling rustc-demangle v0.1.28
[INFO] [stderr]    Compiling unicode-xid v0.1.0
[INFO] [stderr]    Compiling autocfg v0.1.8
[INFO] [stderr]    Compiling quick-error v1.2.3
[INFO] [stderr]    Compiling libloading v0.5.2
[INFO] [stderr]    Compiling unicode-width v0.1.14
[INFO] [stderr]    Compiling humantime v1.3.0
[INFO] [stderr]    Compiling log v0.4.34
[INFO] [stderr]    Compiling miniz_oxide v0.8.9
[INFO] [stderr]    Compiling bindgen v0.45.0
[INFO] [stderr]    Compiling termcolor v1.4.1
[INFO] [stderr]    Compiling strsim v0.8.0
[INFO] [stderr]    Compiling vec_map v0.8.2
[INFO] [stderr]    Compiling nom v4.2.3
[INFO] [stderr]    Compiling rand_core v0.3.2
[INFO] [stderr]    Compiling ansi_term v0.12.1
[INFO] [stderr]    Compiling bitflags v1.3.2
[INFO] [stderr]    Compiling rand_chacha v0.1.1
[INFO] [stderr]    Compiling rand_pcg v0.1.2
[INFO] [stderr]    Compiling lazy_static v1.5.1
[INFO] [stderr]    Compiling cfg-if v0.1.10
[INFO] [stderr]    Compiling peeking_take_while v0.1.2
[INFO] [stderr]    Compiling rand v0.6.5
[INFO] [stderr]    Compiling textwrap v0.11.0
[INFO] [stderr]    Compiling rand_isaac v0.1.1
[INFO] [stderr]    Compiling rand_hc v0.1.0
[INFO] [stderr]    Compiling rand_xorshift v0.1.1
[INFO] [stderr]    Compiling rand_jitter v0.1.4
[INFO] [stderr]    Compiling clang-sys v0.26.4
[INFO] [stderr]    Compiling hex v0.3.2
[INFO] [stderr]    Compiling aho-corasick v1.1.5
[INFO] [stderr]    Compiling quote v0.6.13
[INFO] [stderr]    Compiling cexpr v0.3.6
[INFO] [stderr]    Compiling rand_os v0.1.3
[INFO] [stderr]    Compiling atty v0.2.14
[INFO] [stderr]    Compiling clap v2.34.0
[INFO] [stderr]    Compiling addr2line v0.25.1
[INFO] [stderr]    Compiling regex-automata v0.4.18
[INFO] [stderr]    Compiling backtrace v0.3.76
[INFO] [stderr]    Compiling failure v0.1.8
[INFO] [stderr]    Compiling which v2.0.1
[INFO] [stderr]    Compiling regex v1.13.1
[INFO] [stderr]    Compiling env_logger v0.6.2
[INFO] [stderr]    Compiling cryptonote-raw-crypto v0.5.7 (/opt/rustwide/workdir)
[INFO] [stderr] warning: cryptonote-raw-crypto@0.5.7: ext/crypto/oaes_lib.c: In function 'oaes_get_seed':
[INFO] [stderr] warning: cryptonote-raw-crypto@0.5.7: ext/crypto/oaes_lib.c:515:9: warning: 'ftime' is deprecated: Use gettimeofday or clock_gettime instead [-Wdeprecated-declarations]
[INFO] [stderr] warning: cryptonote-raw-crypto@0.5.7:   515 |         ftime (&timer);
[INFO] [stderr] warning: cryptonote-raw-crypto@0.5.7:       |         ^~~~~
[INFO] [stderr] warning: cryptonote-raw-crypto@0.5.7: In file included from ext/crypto/oaes_lib.c:45:
[INFO] [stderr] warning: cryptonote-raw-crypto@0.5.7: /usr/include/x86_64-linux-gnu/sys/timeb.h:29:12: note: declared here
[INFO] [stderr] warning: cryptonote-raw-crypto@0.5.7:    29 | extern int ftime (struct timeb *__timebuf)
[INFO] [stderr] warning: cryptonote-raw-crypto@0.5.7:       |            ^~~~~
[INFO] [stderr] warning: cryptonote-raw-crypto@0.5.7: ext/crypto/oaes_lib.c:517:42: warning: 'calloc' sizes specified with 'sizeof' in the earlier argument and not in the later argument [-Wcalloc-transposed-args]
[INFO] [stderr] warning: cryptonote-raw-crypto@0.5.7:   517 |         _test = (char *) calloc( sizeof( char ), timer.millitm );
[INFO] [stderr] warning: cryptonote-raw-crypto@0.5.7:       |                                          ^~~~
[INFO] [stderr] warning: cryptonote-raw-crypto@0.5.7: ext/crypto/oaes_lib.c:517:42: note: earlier argument should specify number of elements, later size of each element
[INFO] [stderr] warning: cryptonote-raw-crypto@0.5.7: ext/crypto/oaes_lib.c: In function 'oaes_key_gen':
[INFO] [stderr] warning: cryptonote-raw-crypto@0.5.7: ext/crypto/oaes_lib.c:638:45: warning: 'calloc' sizes specified with 'sizeof' in the earlier argument and not in the later argument [-Wcalloc-transposed-args]
[INFO] [stderr] warning: cryptonote-raw-crypto@0.5.7:   638 |         _key = (oaes_key *) calloc( sizeof( oaes_key ), 1 );
[INFO] [stderr] warning: cryptonote-raw-crypto@0.5.7:       |                                             ^~~~~~~~
[INFO] [stderr] warning: cryptonote-raw-crypto@0.5.7: ext/crypto/oaes_lib.c:638:45: note: earlier argument should specify number of elements, later size of each element
[INFO] [stderr] warning: cryptonote-raw-crypto@0.5.7: ext/crypto/oaes_lib.c: In function 'oaes_key_import':
[INFO] [stderr] warning: cryptonote-raw-crypto@0.5.7: ext/crypto/oaes_lib.c:815:50: warning: 'calloc' sizes specified with 'sizeof' in the earlier argument and not in the later argument [-Wcalloc-transposed-args]
[INFO] [stderr] warning: cryptonote-raw-crypto@0.5.7:   815 |         _ctx->key = (oaes_key *) calloc( sizeof( oaes_key ), 1 );
[INFO] [stderr] warning: cryptonote-raw-crypto@0.5.7:       |                                                  ^~~~~~~~
[INFO] [stderr] warning: cryptonote-raw-crypto@0.5.7: ext/crypto/oaes_lib.c:815:50: note: earlier argument should specify number of elements, later size of each element
[INFO] [stderr] warning: cryptonote-raw-crypto@0.5.7: ext/crypto/oaes_lib.c: In function 'oaes_key_import_data':
[INFO] [stderr] warning: cryptonote-raw-crypto@0.5.7: ext/crypto/oaes_lib.c:867:50: warning: 'calloc' sizes specified with 'sizeof' in the earlier argument and not in the later argument [-Wcalloc-transposed-args]
[INFO] [stderr] warning: cryptonote-raw-crypto@0.5.7:   867 |         _ctx->key = (oaes_key *) calloc( sizeof( oaes_key ), 1 );
[INFO] [stderr] warning: cryptonote-raw-crypto@0.5.7:       |                                                  ^~~~~~~~
[INFO] [stderr] warning: cryptonote-raw-crypto@0.5.7: ext/crypto/oaes_lib.c:867:50: note: earlier argument should specify number of elements, later size of each element
[INFO] [stderr] warning: cryptonote-raw-crypto@0.5.7: ext/crypto/oaes_lib.c: In function 'oaes_alloc':
[INFO] [stderr] warning: cryptonote-raw-crypto@0.5.7: ext/crypto/oaes_lib.c:896:56: warning: 'calloc' sizes specified with 'sizeof' in the earlier argument and not in the later argument [-Wcalloc-transposed-args]
[INFO] [stderr] warning: cryptonote-raw-crypto@0.5.7:   896 |         oaes_ctx * _ctx = (oaes_ctx *) calloc( sizeof( oaes_ctx ), 1 );
[INFO] [stderr] warning: cryptonote-raw-crypto@0.5.7:       |                                                        ^~~~~~~~
[INFO] [stderr] warning: cryptonote-raw-crypto@0.5.7: ext/crypto/oaes_lib.c:896:56: note: earlier argument should specify number of elements, later size of each element
[INFO] [stderr]     Finished `release` profile [optimized] target(s) in 33.49s
[INFO] [stderr] warning: the following packages contain code that will be rejected by a future version of Rust: cexpr v0.3.6, nom v4.2.3
[INFO] [stderr] note: to see what the problems were, use the option `--future-incompat-report`, or run `cargo report future-incompatibilities --id 5`
[INFO] running `Command { std: "docker" "inspect" "baa1545432da090428647d074f9a1e67ac2755f8c6bb5e3591e971c0035a8bc1", kill_on_drop: false }`
[INFO] running `Command { std: "docker" "exec" "-e" "SOURCE_DIR=/opt/rustwide/workdir" "-e" "CARGO_HOME=/opt/rustwide/cargo-home" "-e" "RUSTUP_HOME=/opt/rustwide/rustup-home" "-e" "CARGO_TARGET_DIR=/opt/rustwide/target" "-e" "CARGO_INCREMENTAL=0" "-e" "RUST_BACKTRACE=full" "-e" "RUSTFLAGS=--cap-lints=warn" "-e" "RUSTDOCFLAGS=--cap-lints=warn" "-w" "/opt/rustwide/workdir" "--user" "0:0" "baa1545432da090428647d074f9a1e67ac2755f8c6bb5e3591e971c0035a8bc1" "/opt/rustwide/cargo-home/bin/cargo" "+1.99.0-beta.8" "test" "--frozen" "--no-run" "--message-format=json" "--release", kill_on_drop: false }`
[INFO] [stderr] warning: cryptonote-raw-crypto@0.5.7: ext/crypto/oaes_lib.c: In function 'oaes_get_seed':
[INFO] [stderr] warning: cryptonote-raw-crypto@0.5.7: ext/crypto/oaes_lib.c:515:9: warning: 'ftime' is deprecated: Use gettimeofday or clock_gettime instead [-Wdeprecated-declarations]
[INFO] [stderr] warning: cryptonote-raw-crypto@0.5.7:   515 |         ftime (&timer);
[INFO] [stderr] warning: cryptonote-raw-crypto@0.5.7:       |         ^~~~~
[INFO] [stderr] warning: cryptonote-raw-crypto@0.5.7: In file included from ext/crypto/oaes_lib.c:45:
[INFO] [stderr] warning: cryptonote-raw-crypto@0.5.7: /usr/include/x86_64-linux-gnu/sys/timeb.h:29:12: note: declared here
[INFO] [stderr] warning: cryptonote-raw-crypto@0.5.7:    29 | extern int ftime (struct timeb *__timebuf)
[INFO] [stderr] warning: cryptonote-raw-crypto@0.5.7:       |            ^~~~~
[INFO] [stderr] warning: cryptonote-raw-crypto@0.5.7: ext/crypto/oaes_lib.c:517:42: warning: 'calloc' sizes specified with 'sizeof' in the earlier argument and not in the later argument [-Wcalloc-transposed-args]
[INFO] [stderr] warning: cryptonote-raw-crypto@0.5.7:   517 |         _test = (char *) calloc( sizeof( char ), timer.millitm );
[INFO] [stderr] warning: cryptonote-raw-crypto@0.5.7:       |                                          ^~~~
[INFO] [stderr] warning: cryptonote-raw-crypto@0.5.7: ext/crypto/oaes_lib.c:517:42: note: earlier argument should specify number of elements, later size of each element
[INFO] [stderr] warning: cryptonote-raw-crypto@0.5.7: ext/crypto/oaes_lib.c: In function 'oaes_key_gen':
[INFO] [stderr] warning: cryptonote-raw-crypto@0.5.7: ext/crypto/oaes_lib.c:638:45: warning: 'calloc' sizes specified with 'sizeof' in the earlier argument and not in the later argument [-Wcalloc-transposed-args]
[INFO] [stderr] warning: cryptonote-raw-crypto@0.5.7:   638 |         _key = (oaes_key *) calloc( sizeof( oaes_key ), 1 );
[INFO] [stderr] warning: cryptonote-raw-crypto@0.5.7:       |                                             ^~~~~~~~
[INFO] [stderr] warning: cryptonote-raw-crypto@0.5.7: ext/crypto/oaes_lib.c:638:45: note: earlier argument should specify number of elements, later size of each element
[INFO] [stderr] warning: cryptonote-raw-crypto@0.5.7: ext/crypto/oaes_lib.c: In function 'oaes_key_import':
[INFO] [stderr] warning: cryptonote-raw-crypto@0.5.7: ext/crypto/oaes_lib.c:815:50: warning: 'calloc' sizes specified with 'sizeof' in the earlier argument and not in the later argument [-Wcalloc-transposed-args]
[INFO] [stderr] warning: cryptonote-raw-crypto@0.5.7:   815 |         _ctx->key = (oaes_key *) calloc( sizeof( oaes_key ), 1 );
[INFO] [stderr] warning: cryptonote-raw-crypto@0.5.7:       |                                                  ^~~~~~~~
[INFO] [stderr] warning: cryptonote-raw-crypto@0.5.7: ext/crypto/oaes_lib.c:815:50: note: earlier argument should specify number of elements, later size of each element
[INFO] [stderr] warning: cryptonote-raw-crypto@0.5.7: ext/crypto/oaes_lib.c: In function 'oaes_key_import_data':
[INFO] [stderr] warning: cryptonote-raw-crypto@0.5.7: ext/crypto/oaes_lib.c:867:50: warning: 'calloc' sizes specified with 'sizeof' in the earlier argument and not in the later argument [-Wcalloc-transposed-args]
[INFO] [stderr] warning: cryptonote-raw-crypto@0.5.7:   867 |         _ctx->key = (oaes_key *) calloc( sizeof( oaes_key ), 1 );
[INFO] [stderr] warning: cryptonote-raw-crypto@0.5.7:       |                                                  ^~~~~~~~
[INFO] [stderr] warning: cryptonote-raw-crypto@0.5.7: ext/crypto/oaes_lib.c:867:50: note: earlier argument should specify number of elements, later size of each element
[INFO] [stderr] warning: cryptonote-raw-crypto@0.5.7: ext/crypto/oaes_lib.c: In function 'oaes_alloc':
[INFO] [stderr] warning: cryptonote-raw-crypto@0.5.7: ext/crypto/oaes_lib.c:896:56: warning: 'calloc' sizes specified with 'sizeof' in the earlier argument and not in the later argument [-Wcalloc-transposed-args]
[INFO] [stderr] warning: cryptonote-raw-crypto@0.5.7:   896 |         oaes_ctx * _ctx = (oaes_ctx *) calloc( sizeof( oaes_ctx ), 1 );
[INFO] [stderr] warning: cryptonote-raw-crypto@0.5.7:       |                                                        ^~~~~~~~
[INFO] [stderr] warning: cryptonote-raw-crypto@0.5.7: ext/crypto/oaes_lib.c:896:56: note: earlier argument should specify number of elements, later size of each element
[INFO] [stderr]    Compiling cryptonote-raw-crypto v0.5.7 (/opt/rustwide/workdir)
[INFO] [stdout] warning: unnecessary parentheses around index expression
[INFO] [stdout]    --> src/scalar.rs:265:48
[INFO] [stdout]     |
[INFO] [stdout] 265 |             let public_key = hex::decode(split[(4 + i)]).expect("Error parse public key");
[INFO] [stdout]     |                                                ^     ^
[INFO] [stdout]     |
[INFO] [stdout]     = note: `#[warn(unused_parens)]` (part of `#[warn(unused)]`) on by default
[INFO] [stdout] help: remove these parentheses
[INFO] [stdout]     |
[INFO] [stdout] 265 -             let public_key = hex::decode(split[(4 + i)]).expect("Error parse public key");
[INFO] [stdout] 265 +             let public_key = hex::decode(split[4 + i]).expect("Error parse public key");
[INFO] [stdout]     |
[INFO] [stdout] 
[INFO] [stdout] 
[INFO] [stdout] warning: unnecessary parentheses around index expression
[INFO] [stdout]    --> src/scalar.rs:269:46
[INFO] [stdout]     |
[INFO] [stdout] 269 |           let secret_key = hex::decode(split[(4 + pubs_count)]).expect("Error parse secret key");
[INFO] [stdout]     |                                              ^              ^
[INFO] [stdout]     |
[INFO] [stdout] help: remove these parentheses
[INFO] [stdout]     |
[INFO] [stdout] 269 -           let secret_key = hex::decode(split[(4 + pubs_count)]).expect("Error parse secret key");
[INFO] [stdout] 269 +           let secret_key = hex::decode(split[4 + pubs_count]).expect("Error parse secret key");
[INFO] [stdout]     |
[INFO] [stdout] 
[INFO] [stdout] 
[INFO] [stdout] warning: unnecessary parentheses around index expression
[INFO] [stdout]    --> src/scalar.rs:270:36
[INFO] [stdout]     |
[INFO] [stdout] 270 |           let secret_index = split[(5 + pubs_count)].parse::<usize>().unwrap();
[INFO] [stdout]     |                                    ^              ^
[INFO] [stdout]     |
[INFO] [stdout] help: remove these parentheses
[INFO] [stdout]     |
[INFO] [stdout] 270 -           let secret_index = split[(5 + pubs_count)].parse::<usize>().unwrap();
[INFO] [stdout] 270 +           let secret_index = split[5 + pubs_count].parse::<usize>().unwrap();
[INFO] [stdout]     |
[INFO] [stdout] 
[INFO] [stdout] 
[INFO] [stdout] warning: unnecessary parentheses around index expression
[INFO] [stdout]    --> src/scalar.rs:271:44
[INFO] [stdout]     |
[INFO] [stdout] 271 |           let expected = hex::decode(split[(6 + pubs_count)]).expect("Error parse signatures");
[INFO] [stdout]     |                                            ^              ^
[INFO] [stdout]     |
[INFO] [stdout] help: remove these parentheses
[INFO] [stdout]     |
[INFO] [stdout] 271 -           let expected = hex::decode(split[(6 + pubs_count)]).expect("Error parse signatures");
[INFO] [stdout] 271 +           let expected = hex::decode(split[6 + pubs_count]).expect("Error parse signatures");
[INFO] [stdout]     |
[INFO] [stdout] 
[INFO] [stdout] 
[INFO] [stdout] warning: unnecessary parentheses around index expression
[INFO] [stdout]    --> src/scalar.rs:289:48
[INFO] [stdout]     |
[INFO] [stdout] 289 |             let public_key = hex::decode(split[(4 + i)]).expect("Error parse public key");
[INFO] [stdout]     |                                                ^     ^
[INFO] [stdout]     |
[INFO] [stdout] help: remove these parentheses
[INFO] [stdout]     |
[INFO] [stdout] 289 -             let public_key = hex::decode(split[(4 + i)]).expect("Error parse public key");
[INFO] [stdout] 289 +             let public_key = hex::decode(split[4 + i]).expect("Error parse public key");
[INFO] [stdout]     |
[INFO] [stdout] 
[INFO] [stdout] 
[INFO] [stdout] warning: unnecessary parentheses around index expression
[INFO] [stdout]    --> src/scalar.rs:293:46
[INFO] [stdout]     |
[INFO] [stdout] 293 |           let signatures = hex::decode(split[(4 + pubs_count)]).expect("Error parse secret key");
[INFO] [stdout]     |                                              ^              ^
[INFO] [stdout]     |
[INFO] [stdout] help: remove these parentheses
[INFO] [stdout]     |
[INFO] [stdout] 293 -           let signatures = hex::decode(split[(4 + pubs_count)]).expect("Error parse secret key");
[INFO] [stdout] 293 +           let signatures = hex::decode(split[4 + pubs_count]).expect("Error parse secret key");
[INFO] [stdout]     |
[INFO] [stdout] 
[INFO] [stdout] 
[INFO] [stdout] warning: unnecessary parentheses around index expression
[INFO] [stdout]    --> src/scalar.rs:294:32
[INFO] [stdout]     |
[INFO] [stdout] 294 |           let expected = split[(5 + pubs_count)] == "true";
[INFO] [stdout]     |                                ^              ^
[INFO] [stdout]     |
[INFO] [stdout] help: remove these parentheses
[INFO] [stdout]     |
[INFO] [stdout] 294 -           let expected = split[(5 + pubs_count)] == "true";
[INFO] [stdout] 294 +           let expected = split[5 + pubs_count] == "true";
[INFO] [stdout]     |
[INFO] [stdout] 
[INFO] [stdout] 
[INFO] [stderr]     Finished `release` profile [optimized] target(s) in 1.22s
[INFO] [stderr] warning: the following packages contain code that will be rejected by a future version of Rust: cexpr v0.3.6, nom v4.2.3
[INFO] [stderr] note: to see what the problems were, use the option `--future-incompat-report`, or run `cargo report future-incompatibilities --id 5`
[INFO] running `Command { std: "docker" "inspect" "baa1545432da090428647d074f9a1e67ac2755f8c6bb5e3591e971c0035a8bc1", kill_on_drop: false }`
[INFO] running `Command { std: "docker" "exec" "-e" "SOURCE_DIR=/opt/rustwide/workdir" "-e" "CARGO_HOME=/opt/rustwide/cargo-home" "-e" "RUSTUP_HOME=/opt/rustwide/rustup-home" "-e" "CARGO_TARGET_DIR=/opt/rustwide/target" "-e" "CARGO_INCREMENTAL=0" "-e" "RUST_BACKTRACE=full" "-e" "RUSTFLAGS=--cap-lints=warn" "-e" "RUSTDOCFLAGS=--cap-lints=warn" "-w" "/opt/rustwide/workdir" "--user" "0:0" "baa1545432da090428647d074f9a1e67ac2755f8c6bb5e3591e971c0035a8bc1" "/opt/rustwide/cargo-home/bin/cargo" "+1.99.0-beta.8" "test" "--frozen" "--release", kill_on_drop: false }`
[INFO] [stderr] warning: cryptonote-raw-crypto@0.5.7: ext/crypto/oaes_lib.c: In function 'oaes_get_seed':
[INFO] [stderr] warning: cryptonote-raw-crypto@0.5.7: ext/crypto/oaes_lib.c:515:9: warning: 'ftime' is deprecated: Use gettimeofday or clock_gettime instead [-Wdeprecated-declarations]
[INFO] [stderr] warning: cryptonote-raw-crypto@0.5.7:   515 |         ftime (&timer);
[INFO] [stderr] warning: cryptonote-raw-crypto@0.5.7:       |         ^~~~~
[INFO] [stderr] warning: cryptonote-raw-crypto@0.5.7: In file included from ext/crypto/oaes_lib.c:45:
[INFO] [stderr] warning: cryptonote-raw-crypto@0.5.7: /usr/include/x86_64-linux-gnu/sys/timeb.h:29:12: note: declared here
[INFO] [stderr] warning: cryptonote-raw-crypto@0.5.7:    29 | extern int ftime (struct timeb *__timebuf)
[INFO] [stderr] warning: cryptonote-raw-crypto@0.5.7:       |            ^~~~~
[INFO] [stderr] warning: cryptonote-raw-crypto@0.5.7: ext/crypto/oaes_lib.c:517:42: warning: 'calloc' sizes specified with 'sizeof' in the earlier argument and not in the later argument [-Wcalloc-transposed-args]
[INFO] [stderr] warning: cryptonote-raw-crypto@0.5.7:   517 |         _test = (char *) calloc( sizeof( char ), timer.millitm );
[INFO] [stderr] warning: cryptonote-raw-crypto@0.5.7:       |                                          ^~~~
[INFO] [stderr] warning: cryptonote-raw-crypto@0.5.7: ext/crypto/oaes_lib.c:517:42: note: earlier argument should specify number of elements, later size of each element
[INFO] [stderr] warning: cryptonote-raw-crypto@0.5.7: ext/crypto/oaes_lib.c: In function 'oaes_key_gen':
[INFO] [stderr] warning: cryptonote-raw-crypto@0.5.7: ext/crypto/oaes_lib.c:638:45: warning: 'calloc' sizes specified with 'sizeof' in the earlier argument and not in the later argument [-Wcalloc-transposed-args]
[INFO] [stderr] warning: cryptonote-raw-crypto@0.5.7:   638 |         _key = (oaes_key *) calloc( sizeof( oaes_key ), 1 );
[INFO] [stderr] warning: cryptonote-raw-crypto@0.5.7:       |                                             ^~~~~~~~
[INFO] [stderr] warning: cryptonote-raw-crypto@0.5.7: ext/crypto/oaes_lib.c:638:45: note: earlier argument should specify number of elements, later size of each element
[INFO] [stderr] warning: cryptonote-raw-crypto@0.5.7: ext/crypto/oaes_lib.c: In function 'oaes_key_import':
[INFO] [stderr] warning: cryptonote-raw-crypto@0.5.7: ext/crypto/oaes_lib.c:815:50: warning: 'calloc' sizes specified with 'sizeof' in the earlier argument and not in the later argument [-Wcalloc-transposed-args]
[INFO] [stderr] warning: cryptonote-raw-crypto@0.5.7:   815 |         _ctx->key = (oaes_key *) calloc( sizeof( oaes_key ), 1 );
[INFO] [stderr] warning: cryptonote-raw-crypto@0.5.7:       |                                                  ^~~~~~~~
[INFO] [stderr] warning: cryptonote-raw-crypto@0.5.7: ext/crypto/oaes_lib.c:815:50: note: earlier argument should specify number of elements, later size of each element
[INFO] [stderr] warning: cryptonote-raw-crypto@0.5.7: ext/crypto/oaes_lib.c: In function 'oaes_key_import_data':
[INFO] [stderr] warning: cryptonote-raw-crypto@0.5.7: ext/crypto/oaes_lib.c:867:50: warning: 'calloc' sizes specified with 'sizeof' in the earlier argument and not in the later argument [-Wcalloc-transposed-args]
[INFO] [stderr] warning: cryptonote-raw-crypto@0.5.7:   867 |         _ctx->key = (oaes_key *) calloc( sizeof( oaes_key ), 1 );
[INFO] [stderr] warning: cryptonote-raw-crypto@0.5.7:       |                                                  ^~~~~~~~
[INFO] [stderr] warning: cryptonote-raw-crypto@0.5.7: ext/crypto/oaes_lib.c:867:50: note: earlier argument should specify number of elements, later size of each element
[INFO] [stderr] warning: cryptonote-raw-crypto@0.5.7: ext/crypto/oaes_lib.c: In function 'oaes_alloc':
[INFO] [stderr] warning: cryptonote-raw-crypto@0.5.7: ext/crypto/oaes_lib.c:896:56: warning: 'calloc' sizes specified with 'sizeof' in the earlier argument and not in the later argument [-Wcalloc-transposed-args]
[INFO] [stderr] warning: cryptonote-raw-crypto@0.5.7:   896 |         oaes_ctx * _ctx = (oaes_ctx *) calloc( sizeof( oaes_ctx ), 1 );
[INFO] [stderr] warning: cryptonote-raw-crypto@0.5.7:       |                                                        ^~~~~~~~
[INFO] [stderr] warning: cryptonote-raw-crypto@0.5.7: ext/crypto/oaes_lib.c:896:56: note: earlier argument should specify number of elements, later size of each element
[INFO] [stderr] warning: unnecessary parentheses around index expression
[INFO] [stderr]    --> src/scalar.rs:265:48
[INFO] [stderr]     |
[INFO] [stderr] 265 |             let public_key = hex::decode(split[(4 + i)]).expect("Error parse public key");
[INFO] [stderr]     |                                                ^     ^
[INFO] [stderr]     |
[INFO] [stderr]     = note: `#[warn(unused_parens)]` (part of `#[warn(unused)]`) on by default
[INFO] [stderr] help: remove these parentheses
[INFO] [stderr]     |
[INFO] [stderr] 265 -             let public_key = hex::decode(split[(4 + i)]).expect("Error parse public key");
[INFO] [stderr] 265 +             let public_key = hex::decode(split[4 + i]).expect("Error parse public key");
[INFO] [stderr]     |
[INFO] [stderr] 
[INFO] [stderr] warning: unnecessary parentheses around index expression
[INFO] [stderr]    --> src/scalar.rs:269:46
[INFO] [stderr]     |
[INFO] [stderr] 269 |           let secret_key = hex::decode(split[(4 + pubs_count)]).expect("Error parse secret key");
[INFO] [stderr]     |                                              ^              ^
[INFO] [stderr]     |
[INFO] [stderr] help: remove these parentheses
[INFO] [stderr]     |
[INFO] [stderr] 269 -           let secret_key = hex::decode(split[(4 + pubs_count)]).expect("Error parse secret key");
[INFO] [stderr] 269 +           let secret_key = hex::decode(split[4 + pubs_count]).expect("Error parse secret key");
[INFO] [stderr]     |
[INFO] [stderr] 
[INFO] [stderr] warning: unnecessary parentheses around index expression
[INFO] [stderr]    --> src/scalar.rs:270:36
[INFO] [stderr]     |
[INFO] [stderr] 270 |           let secret_index = split[(5 + pubs_count)].parse::<usize>().unwrap();
[INFO] [stderr]     |                                    ^              ^
[INFO] [stderr]     |
[INFO] [stderr] help: remove these parentheses
[INFO] [stderr]     |
[INFO] [stderr] 270 -           let secret_index = split[(5 + pubs_count)].parse::<usize>().unwrap();
[INFO] [stderr] 270 +           let secret_index = split[5 + pubs_count].parse::<usize>().unwrap();
[INFO] [stderr]     |
[INFO] [stderr] 
[INFO] [stderr] warning: unnecessary parentheses around index expression
[INFO] [stderr]    --> src/scalar.rs:271:44
[INFO] [stderr]     |
[INFO] [stderr] 271 |           let expected = hex::decode(split[(6 + pubs_count)]).expect("Error parse signatures");
[INFO] [stderr]     |                                            ^              ^
[INFO] [stderr]     |
[INFO] [stderr] help: remove these parentheses
[INFO] [stderr]     |
[INFO] [stderr] 271 -           let expected = hex::decode(split[(6 + pubs_count)]).expect("Error parse signatures");
[INFO] [stderr] 271 +           let expected = hex::decode(split[6 + pubs_count]).expect("Error parse signatures");
[INFO] [stderr]     |
[INFO] [stderr] 
[INFO] [stderr] warning: unnecessary parentheses around index expression
[INFO] [stderr]    --> src/scalar.rs:289:48
[INFO] [stderr]     |
[INFO] [stderr] 289 |             let public_key = hex::decode(split[(4 + i)]).expect("Error parse public key");
[INFO] [stderr]     |                                                ^     ^
[INFO] [stderr]     |
[INFO] [stderr] help: remove these parentheses
[INFO] [stderr]     |
[INFO] [stderr] 289 -             let public_key = hex::decode(split[(4 + i)]).expect("Error parse public key");
[INFO] [stderr] 289 +             let public_key = hex::decode(split[4 + i]).expect("Error parse public key");
[INFO] [stderr]     |
[INFO] [stderr] 
[INFO] [stderr] warning: unnecessary parentheses around index expression
[INFO] [stderr]    --> src/scalar.rs:293:46
[INFO] [stderr]     |
[INFO] [stderr] 293 |           let signatures = hex::decode(split[(4 + pubs_count)]).expect("Error parse secret key");
[INFO] [stderr]     |                                              ^              ^
[INFO] [stderr]     |
[INFO] [stderr] help: remove these parentheses
[INFO] [stderr]     |
[INFO] [stderr] 293 -           let signatures = hex::decode(split[(4 + pubs_count)]).expect("Error parse secret key");
[INFO] [stderr] 293 +           let signatures = hex::decode(split[4 + pubs_count]).expect("Error parse secret key");
[INFO] [stderr]     |
[INFO] [stderr] 
[INFO] [stderr] warning: unnecessary parentheses around index expression
[INFO] [stderr]    --> src/scalar.rs:294:32
[INFO] [stderr]     |
[INFO] [stderr] 294 |           let expected = split[(5 + pubs_count)] == "true";
[INFO] [stderr]     |                                ^              ^
[INFO] [stderr]     |
[INFO] [stderr] help: remove these parentheses
[INFO] [stderr]     |
[INFO] [stderr] 294 -           let expected = split[(5 + pubs_count)] == "true";
[INFO] [stderr] 294 +           let expected = split[5 + pubs_count] == "true";
[INFO] [stderr]     |
[INFO] [stderr] 
[INFO] [stderr] warning: `cryptonote-raw-crypto` (lib test) generated 7 warnings (run `cargo fix --lib -p cryptonote-raw-crypto --tests` to apply 7 suggestions)
[INFO] [stderr]     Finished `release` profile [optimized] target(s) in 0.09s
[INFO] [stderr] warning: the following packages contain code that will be rejected by a future version of Rust: cexpr v0.3.6, nom v4.2.3
[INFO] [stderr] note: to see what the problems were, use the option `--future-incompat-report`, or run `cargo report future-incompatibilities --id 5`
[INFO] [stderr]      Running unittests src/lib.rs (/opt/rustwide/target/release/deps/cryptonote_raw_crypto-e5e8595314a064b0)
[INFO] [stdout] 
[INFO] [stdout] running 12 tests
[INFO] [stdout] test hash::tests::should_check_hash_with_difficulty ... ok
[INFO] [stdout] test key::tests::should_get_public_key_from_secret_key ... ok
[INFO] [stdout] test key::tests::should_get_public_key_from_generated_secret_key ... ok
[INFO] [stdout] test hash::tests::should_get_fast_hash ... ok
[INFO] [stdout] test scalar::tests::should_test_scalar ... FAILED
[INFO] [stdout] test scalar::tests::should_to_hash ... ok
[INFO] [stdout] test amount::tests::should_test_amount ... ok
[INFO] [stdout] test hash::tests::should_test_fast ... ok
[INFO] [stdout] test difficulty::tests::should_test_difficulty ... ok
[INFO] [stdout] test chacha::tests::should_generate_key_and_cipher_contents ... ok
[INFO] [stdout] test hash::tests::should_test_slow ... ok
[INFO] [stdout] test hash::tests::should_test_slow_hash ... ok
[INFO] [stdout] 
[INFO] [stdout] failures:
[INFO] [stdout] 
[INFO] [stdout] ---- scalar::tests::should_test_scalar stdout ----
[INFO] [stdout] 
[INFO] [stdout] thread 'scalar::tests::should_test_scalar' (1130) panicked at src/scalar.rs:142:11:
[INFO] [stdout] assertion failed: to_fixed_32(public_key) == generated_public_key
[INFO] [stdout] stack backtrace:
[INFO] [stdout]    0:     0x5ac71496eac1 - <<std[70759c8f55707aa4]::sys::backtrace::BacktraceLock>::print::DisplayBacktrace as core[df12db4294e9bfd3]::fmt::Display>::fmt
[INFO] [stdout]    1:     0x5ac714982e4a - core[df12db4294e9bfd3]::fmt::write
[INFO] [stdout]    2:     0x5ac714972f5c - <alloc[2182bb758b4b3781]::vec::Vec<u8> as core[df12db4294e9bfd3]::io::write::Write>::write_fmt
[INFO] [stdout]    3:     0x5ac71494aed6 - std[70759c8f55707aa4]::panicking::default_hook::{closure#0}
[INFO] [stdout]    4:     0x5ac7149670d9 - std[70759c8f55707aa4]::panicking::default_hook
[INFO] [stdout]    5:     0x5ac7148ff500 - test[9d35eded1c95d3be]::test_main_inner::<test[9d35eded1c95d3be]::test_main_static::{closure#0}>::{closure#0}
[INFO] [stdout]    6:     0x5ac714967292 - std[70759c8f55707aa4]::panicking::panic_with_hook
[INFO] [stdout]    7:     0x5ac71494afb4 - std[70759c8f55707aa4]::panicking::panic_handler::{closure#0}
[INFO] [stdout]    8:     0x5ac714943d09 - std[70759c8f55707aa4]::sys::backtrace::__rust_end_short_backtrace::<std[70759c8f55707aa4]::panicking::panic_handler::{closure#0}, !>
[INFO] [stdout]    9:     0x5ac71494bb7d - __rustc[8fa7c3cbc660c2b3]::rust_begin_unwind
[INFO] [stdout]   10:     0x5ac71498357c - core[df12db4294e9bfd3]::panicking::panic_fmt
[INFO] [stdout]   11:     0x5ac714983542 - core[df12db4294e9bfd3]::panicking::panic
[INFO] [stdout]   12:     0x5ac7148d4bf9 - cryptonote_raw_crypto[d734bd4a501bebc8]::scalar::tests::should_test_scalar
[INFO] [stdout]   13:     0x5ac7148d05a9 - <cryptonote_raw_crypto[d734bd4a501bebc8]::scalar::tests::should_test_scalar::{closure#0} as core[df12db4294e9bfd3]::ops::function::FnOnce<()>>::call_once
[INFO] [stdout]   14:     0x5ac7148f27eb - test[9d35eded1c95d3be]::__rust_begin_short_backtrace::<core[df12db4294e9bfd3]::result::Result<(), alloc[2182bb758b4b3781]::string::String>, fn() -> core[df12db4294e9bfd3]::result::Result<(), alloc[2182bb758b4b3781]::string::String>>
[INFO] [stdout]   15:     0x5ac7148ffe55 - test[9d35eded1c95d3be]::run_test::{closure#0}
[INFO] [stdout]   16:     0x5ac7148f9714 - std[70759c8f55707aa4]::sys::backtrace::__rust_begin_short_backtrace::<test[9d35eded1c95d3be]::run_test::{closure#1}, ()>
[INFO] [stdout]   17:     0x5ac714902fb2 - <std[70759c8f55707aa4]::thread::lifecycle::spawn_unchecked<test[9d35eded1c95d3be]::run_test::{closure#1}, ()>::{closure#1} as core[df12db4294e9bfd3]::ops::function::FnOnce<()>>::call_once::{shim:vtable#0}
[INFO] [stdout]   18:     0x5ac71496e399 - <std[70759c8f55707aa4]::sys::thread::unix::Thread>::new::thread_start
[INFO] [stdout]   19:     0x72c2baeb2dfa - <unknown>
[INFO] [stdout]   20:     0x72c2baf463d4 - clone
[INFO] [stdout]   21:                0x0 - <unknown>
[INFO] [stdout] 
[INFO] [stdout] 
[INFO] [stdout] failures:
[INFO] [stdout]     scalar::tests::should_test_scalar
[INFO] [stdout] 
[INFO] [stdout] test result: FAILED. 11 passed; 1 failed; 0 ignored; 0 measured; 0 filtered out; finished in 0.44s
[INFO] [stdout] 
[INFO] [stderr] error: test failed, to rerun pass `--lib`
[INFO] running `Command { std: "docker" "inspect" "baa1545432da090428647d074f9a1e67ac2755f8c6bb5e3591e971c0035a8bc1", kill_on_drop: false }`
[INFO] running `Command { std: "docker" "rm" "-f" "baa1545432da090428647d074f9a1e67ac2755f8c6bb5e3591e971c0035a8bc1", kill_on_drop: false }`
[INFO] [stdout] baa1545432da090428647d074f9a1e67ac2755f8c6bb5e3591e971c0035a8bc1
