[INFO] fetching crate crypto-ratio 0.2.2...
[INFO] testing crypto-ratio-0.2.2 against 1.99.0-beta.8+cargoflags=--release for beta-release-1.100-2
[INFO] extracting crate crypto-ratio 0.2.2 into /workspace/builds/worker-0-tc1/source
[INFO] started tweaking crates.io crate crypto-ratio 0.2.2
[INFO] removed 0 missing tests
[INFO] finished tweaking crates.io crate crypto-ratio 0.2.2
[INFO] tweaked toml for crates.io crate crypto-ratio 0.2.2 written to /workspace/builds/worker-0-tc1/source/Cargo.toml
[INFO] validating manifest of crates.io crate crypto-ratio 0.2.2 on toolchain 1.99.0-beta.8
[INFO] running `Command { std: CARGO_HOME="/workspace/cargo-home" RUSTUP_HOME="/workspace/rustup-home" "/workspace/cargo-home/bin/cargo" "+1.99.0-beta.8" "metadata" "--manifest-path" "Cargo.toml" "--no-deps", kill_on_drop: false }`
[INFO] crate crates.io crate crypto-ratio 0.2.2 already has a lockfile, it will not be regenerated
[INFO] running `Command { std: CARGO_HOME="/workspace/cargo-home" RUSTUP_HOME="/workspace/rustup-home" "/workspace/cargo-home/bin/cargo" "+1.99.0-beta.8" "fetch" "--manifest-path" "Cargo.toml", kill_on_drop: false }`
[INFO] [stderr]     Updating crates.io index
[INFO] [stderr]  Downloading crates ...
[INFO] [stderr]   Downloaded serdect v0.2.0
[INFO] [stderr]   Downloaded clap v4.5.51
[INFO] [stderr]   Downloaded clap_builder v4.5.51
[INFO] [stderr]   Downloaded syn v2.0.109
[INFO] running `Command { std: "docker" "create" "-v" "/var/lib/crater-agent-workspace/builds/worker-0-tc1/source:/opt/rustwide/workdir:ro,Z" "-v" "/var/lib/crater-agent-workspace/builds/worker-0-tc1/target:/opt/rustwide/target:rw,Z" "-v" "/var/lib/crater-agent-workspace/cargo-home:/opt/rustwide/cargo-home:ro,Z" "-v" "/var/lib/crater-agent-workspace/rustup-home:/opt/rustwide/rustup-home:ro,Z" "-m" "1610612736" "--network" "none" "ghcr.io/rust-lang/crates-build-env/linux@sha256:77db811e55d90add9212f6832c23229e3de5f1c1f9905e8cb07319ea15df73ac" "sleep" "infinity", kill_on_drop: false }`
[INFO] [stdout] 6b4652b359e8f9ad92dc92442feaea145717e3f99d7b1f2d14f391615830ed42
[INFO] running `Command { std: "docker" "start" "6b4652b359e8f9ad92dc92442feaea145717e3f99d7b1f2d14f391615830ed42", kill_on_drop: false }`
[INFO] running `Command { std: "docker" "inspect" "6b4652b359e8f9ad92dc92442feaea145717e3f99d7b1f2d14f391615830ed42", kill_on_drop: false }`
[INFO] running `Command { std: "docker" "exec" "-e" "SOURCE_DIR=/opt/rustwide/workdir" "-e" "CARGO_HOME=/opt/rustwide/cargo-home" "-e" "RUSTUP_HOME=/opt/rustwide/rustup-home" "-e" "CARGO_TARGET_DIR=/opt/rustwide/target" "-w" "/opt/rustwide/workdir" "--user" "0:0" "6b4652b359e8f9ad92dc92442feaea145717e3f99d7b1f2d14f391615830ed42" "/opt/rustwide/cargo-home/bin/cargo" "+1.99.0-beta.8" "metadata" "--no-deps" "--format-version=1", kill_on_drop: false }`
[INFO] running `Command { std: "docker" "inspect" "6b4652b359e8f9ad92dc92442feaea145717e3f99d7b1f2d14f391615830ed42", kill_on_drop: false }`
[INFO] running `Command { std: "docker" "exec" "-e" "SOURCE_DIR=/opt/rustwide/workdir" "-e" "CARGO_HOME=/opt/rustwide/cargo-home" "-e" "RUSTUP_HOME=/opt/rustwide/rustup-home" "-e" "CARGO_TARGET_DIR=/opt/rustwide/target" "-e" "CARGO_INCREMENTAL=0" "-e" "RUST_BACKTRACE=full" "-e" "RUSTFLAGS=--cap-lints=warn" "-e" "RUSTDOCFLAGS=--cap-lints=warn" "-w" "/opt/rustwide/workdir" "--user" "0:0" "6b4652b359e8f9ad92dc92442feaea145717e3f99d7b1f2d14f391615830ed42" "/opt/rustwide/cargo-home/bin/cargo" "+1.99.0-beta.8" "build" "--frozen" "--message-format=json" "--release", kill_on_drop: false }`
[INFO] [stderr]    Compiling subtle v2.6.1
[INFO] [stderr]    Compiling crypto-bigint v0.5.5
[INFO] [stderr]    Compiling crypto-ratio v0.2.2 (/opt/rustwide/workdir)
[INFO] [stderr]     Finished `release` profile [optimized] target(s) in 2.27s
[INFO] running `Command { std: "docker" "inspect" "6b4652b359e8f9ad92dc92442feaea145717e3f99d7b1f2d14f391615830ed42", kill_on_drop: false }`
[INFO] running `Command { std: "docker" "exec" "-e" "SOURCE_DIR=/opt/rustwide/workdir" "-e" "CARGO_HOME=/opt/rustwide/cargo-home" "-e" "RUSTUP_HOME=/opt/rustwide/rustup-home" "-e" "CARGO_TARGET_DIR=/opt/rustwide/target" "-e" "CARGO_INCREMENTAL=0" "-e" "RUST_BACKTRACE=full" "-e" "RUSTFLAGS=--cap-lints=warn" "-e" "RUSTDOCFLAGS=--cap-lints=warn" "-w" "/opt/rustwide/workdir" "--user" "0:0" "6b4652b359e8f9ad92dc92442feaea145717e3f99d7b1f2d14f391615830ed42" "/opt/rustwide/cargo-home/bin/cargo" "+1.99.0-beta.8" "test" "--frozen" "--no-run" "--message-format=json" "--release", kill_on_drop: false }`
[INFO] [stderr]    Compiling proc-macro2 v1.0.103
[INFO] [stderr]    Compiling unicode-ident v1.0.22
[INFO] [stderr]    Compiling quote v1.0.41
[INFO] [stderr]    Compiling autocfg v1.5.0
[INFO] [stderr]    Compiling serde_core v1.0.228
[INFO] [stderr]    Compiling crossbeam-utils v0.8.21
[INFO] [stderr]    Compiling zerocopy v0.8.27
[INFO] [stderr]    Compiling serde v1.0.228
[INFO] [stderr]    Compiling cfg-if v1.0.4
[INFO] [stderr]    Compiling either v1.15.0
[INFO] [stderr]    Compiling libc v0.2.177
[INFO] [stderr]    Compiling serde_json v1.0.145
[INFO] [stderr]    Compiling rayon-core v1.13.0
[INFO] [stderr]    Compiling clap_lex v0.7.6
[INFO] [stderr]    Compiling anstyle v1.0.13
[INFO] [stderr]    Compiling itoa v1.0.15
[INFO] [stderr]    Compiling ryu v1.0.20
[INFO] [stderr]    Compiling regex-syntax v0.8.8
[INFO] [stderr]    Compiling memchr v2.7.6
[INFO] [stderr]    Compiling plotters-backend v0.3.7
[INFO] [stderr]    Compiling ciborium-io v0.2.2
[INFO] [stderr]    Compiling same-file v1.0.6
[INFO] [stderr]    Compiling plotters-svg v0.3.7
[INFO] [stderr]    Compiling cast v0.3.0
[INFO] [stderr]    Compiling clap_builder v4.5.51
[INFO] [stderr]    Compiling once_cell v1.21.3
[INFO] [stderr]    Compiling walkdir v2.5.0
[INFO] [stderr]    Compiling anes v0.1.6
[INFO] [stderr]    Compiling itertools v0.10.5
[INFO] [stderr]    Compiling oorandom v11.1.5
[INFO] [stderr]    Compiling num-traits v0.2.19
[INFO] [stderr]    Compiling crossbeam-epoch v0.9.18
[INFO] [stderr]    Compiling syn v2.0.109
[INFO] [stderr]    Compiling crossbeam-deque v0.8.6
[INFO] [stderr]    Compiling is-terminal v0.4.17
[INFO] [stderr]    Compiling num-integer v0.1.46
[INFO] [stderr]    Compiling plotters v0.3.7
[INFO] [stderr]    Compiling rayon v1.11.0
[INFO] [stderr]    Compiling num-bigint v0.4.6
[INFO] [stderr]    Compiling regex-automata v0.4.13
[INFO] [stderr]    Compiling criterion-plot v0.5.0
[INFO] [stderr]    Compiling clap v4.5.51
[INFO] [stderr]    Compiling regex v1.12.2
[INFO] [stderr]    Compiling num-rational v0.4.2
[INFO] [stderr]    Compiling zerocopy-derive v0.8.27
[INFO] [stderr]    Compiling serde_derive v1.0.228
[INFO] [stderr]    Compiling tinytemplate v1.2.1
[INFO] [stderr]    Compiling half v2.7.1
[INFO] [stderr]    Compiling ciborium-ll v0.2.2
[INFO] [stderr]    Compiling ciborium v0.2.2
[INFO] [stderr]    Compiling criterion v0.5.1
[INFO] [stderr]    Compiling crypto-ratio v0.2.2 (/opt/rustwide/workdir)
[INFO] [stderr]     Finished `release` profile [optimized] target(s) in 2m 48s
[INFO] running `Command { std: "docker" "inspect" "6b4652b359e8f9ad92dc92442feaea145717e3f99d7b1f2d14f391615830ed42", kill_on_drop: false }`
[INFO] running `Command { std: "docker" "exec" "-e" "SOURCE_DIR=/opt/rustwide/workdir" "-e" "CARGO_HOME=/opt/rustwide/cargo-home" "-e" "RUSTUP_HOME=/opt/rustwide/rustup-home" "-e" "CARGO_TARGET_DIR=/opt/rustwide/target" "-e" "CARGO_INCREMENTAL=0" "-e" "RUST_BACKTRACE=full" "-e" "RUSTFLAGS=--cap-lints=warn" "-e" "RUSTDOCFLAGS=--cap-lints=warn" "-w" "/opt/rustwide/workdir" "--user" "0:0" "6b4652b359e8f9ad92dc92442feaea145717e3f99d7b1f2d14f391615830ed42" "/opt/rustwide/cargo-home/bin/cargo" "+1.99.0-beta.8" "test" "--frozen" "--release", kill_on_drop: false }`
[INFO] [stderr]     Finished `release` profile [optimized] target(s) in 0.08s
[INFO] [stderr]      Running unittests src/lib.rs (/opt/rustwide/target/release/deps/crypto_ratio-79c0f9a0c0a37280)
[INFO] [stdout] 
[INFO] [stdout] running 14 tests
[INFO] [stdout] test ratio_trait::tests::test_flexible_wide_u576 ... ok
[INFO] [stdout] test ratio_trait::tests::test_u32768_only_wide ... ok
[INFO] [stdout] test ratio_trait::tests::test_wide_conversion_u512 ... ok
[INFO] [stdout] test tests::test_add_sub_matches_add_and_sub ... ok
[INFO] [stdout] test tests::test_add_same_denom ... ok
[INFO] [stdout] test ratio_trait::tests::test_gcd_u256 ... ok
[INFO] [stdout] test tests::test_flexible_wide_types ... ok
[INFO] [stdout] test tests::test_mul_integer_operand_fast_path ... ok
[INFO] [stdout] test tests::test_mul_reduced ... ok
[INFO] [stdout] test tests::test_basic_u256 ... ok
[INFO] [stdout] test tests::test_mul_unreduced ... ok
[INFO] [stdout] test tests::test_mul_reduced_power_of_2 ... ok
[INFO] [stdout] test tests::test_basic_u512 ... ok
[INFO] [stdout] test ratio_trait::tests::test_gcd_u512 ... ok
[INFO] [stdout] 
[INFO] [stdout] test result: ok. 14 passed; 0 failed; 0 ignored; 0 measured; 0 filtered out; finished in 0.10s
[INFO] [stdout] 
[INFO] [stderr]      Running tests/add_sub_mul_equivalence.rs (/opt/rustwide/target/release/deps/add_sub_mul_equivalence-a270ba8bbedfe583)
[INFO] [stdout] 
[INFO] [stdout] running 4 tests
[INFO] [stdout] test add_sub_is_bit_identical_to_add_and_sub ... ok
[INFO] [stdout] test mul_integer_operand_is_oracle_correct ... ok
[INFO] [stdout] test scalar_mul_div_match_full_width_and_oracle ... ok
[INFO] [stderr]      Running tests/checked_ops.rs (/opt/rustwide/target/release/deps/checked_ops-aea6873de47fc3ba)
[INFO] [stdout] test add_sub_values_match_num_rational_in_range ... ok
[INFO] [stdout] 
[INFO] [stdout] test result: ok. 4 passed; 0 failed; 0 ignored; 0 measured; 0 filtered out; finished in 0.83s
[INFO] [stdout] 
[INFO] [stdout] 
[INFO] [stdout] running 4 tests
[INFO] [stdout] test checked_div_by_u64_none_iff_overflow ... ok
[INFO] [stdout] test checked_mul_none_iff_mul_overflows ... ok
[INFO] [stdout] test checked_matches_panicking_on_non_overflowing_inputs ... ok
[INFO] [stdout] test checked_add_family_none_iff_overflow ... ok
[INFO] [stderr]      Running tests/from_float_exact.rs (/opt/rustwide/target/release/deps/from_float_exact-4efa848386f13f9a)
[INFO] [stdout] 
[INFO] [stdout] test result: ok. 4 passed; 0 failed; 0 ignored; 0 measured; 0 filtered out; finished in 0.00s
[INFO] [stdout] 
[INFO] [stdout] 
[INFO] [stdout] running 5 tests
[INFO] [stdout] test non_finite_is_none ... ok
[INFO] [stdout] test parity_across_widths ... ok
[INFO] [stdout] test out_of_width_is_none_not_wrapped ... ok
[INFO] [stdout] test matches_num_rational_from_float_exactly ... ok
[INFO] [stderr]      Running tests/ratio_numbigint_compatibility_test.rs (/opt/rustwide/target/release/deps/ratio_numbigint_compatibility_test-c8f6707d9eb31959)
[INFO] [stdout] test signed_zero_is_zero ... ok
[INFO] [stdout] 
[INFO] [stdout] test result: ok. 5 passed; 0 failed; 0 ignored; 0 measured; 0 filtered out; finished in 0.01s
[INFO] [stdout] 
[INFO] [stdout] 
[INFO] [stdout] running 2324 tests
[INFO] [stdout] test compatibility_tests::u1024_tests::test_comparison_transitivity ... ok
[INFO] [stdout] test compatibility_tests::u1024_tests::test_associativity ... ok
[INFO] [stdout] test compatibility_tests::u1024_tests::test_complex_operations ... ok
[INFO] [stdout] test compatibility_tests::u1024_tests::test_addition_with_large_lcm ... ok
[INFO] [stdout] test compatibility_tests::u1024_tests::test_add_overflow_triggers_wide ... ok
[INFO] [stdout] test compatibility_tests::u1024_tests::test_cross_cancellation_effectiveness ... ok
[INFO] [stdout] test compatibility_tests::u1024_tests::test_deferred_reduction ... ok
[INFO] [stdout] test compatibility_tests::u1024_tests::test_add_zero ... ok
[INFO] [stdout] test compatibility_tests::u1024_tests::test_distributivity ... ok
[INFO] [stdout] test compatibility_tests::u1024_tests::test_addition_compatibility ... ok
[INFO] [stdout] test compatibility_tests::u1024_tests::test_comparison_compatibility ... ok
[INFO] [stdout] test compatibility_tests::u1024_tests::test_commutativity ... ok
[INFO] [stdout] test compatibility_tests::u1024_tests::test_double_negation ... ok
[INFO] [stdout] test compatibility_tests::u1024_tests::test_equality_compatibility ... ok
[INFO] [stdout] test compatibility_tests::u1024_tests::test_comparison_with_large_numbers ... ok
[INFO] [stdout] test compatibility_tests::u1024_tests::test_add_returns_unreduced_diff_denom ... ok
[INFO] [stdout] test compatibility_tests::u1024_tests::test_add_returns_unreduced_same_denom ... ok
[INFO] [stdout] test compatibility_tests::u1024_tests::test_division_compatibility ... ok
[INFO] [stdout] test compatibility_tests::u1024_tests::test_add_same_denominator ... ok
[INFO] [stdout] test compatibility_tests::u1024_tests::test_fibonacci_like_gcd ... ok
[INFO] [stdout] test compatibility_tests::u1024_tests::test_gcd_near_equal_values ... ok
[INFO] [stdout] test compatibility_tests::u1024_tests::test_gcd_powers_of_two ... ok
[INFO] [stdout] test compatibility_tests::u1024_tests::test_from_float_edge_cases_comprehensive ... ok
[INFO] [stdout] test compatibility_tests::u1024_tests::test_from_float_then_mul ... ok
[INFO] [stdout] test compatibility_tests::u1024_tests::test_gcd_consecutive_numbers ... ok
[INFO] [stdout] test compatibility_tests::u1024_tests::test_division_by_large_uint ... ok
[INFO] [stdout] test compatibility_tests::u1024_tests::test_gcd_correctness ... ok
[INFO] [stdout] test compatibility_tests::u1024_tests::test_gcd_with_common_factors ... ok
[INFO] [stdout] test compatibility_tests::u1024_tests::test_inverse_elements ... ok
[INFO] [stdout] test compatibility_tests::u1024_tests::test_gcd_with_large_bit_differences ... ok
[INFO] [stdout] test compatibility_tests::u1024_tests::test_gcd_properties ... ok
[INFO] [stdout] test compatibility_tests::u1024_tests::test_mul_by_one ... ok
[INFO] [stdout] test compatibility_tests::u1024_tests::test_gcd_with_zero_and_nonzero ... ok
[INFO] [stdout] test compatibility_tests::u1024_tests::test_identity_elements ... ok
[INFO] [stdout] test compatibility_tests::u1024_tests::test_mul_chain_unreduced ... ok
[INFO] [stdout] test compatibility_tests::u1024_tests::test_mul_by_zero ... ok
[INFO] [stdout] test compatibility_tests::u1024_tests::test_is_integer_compatibility ... ok
[INFO] [stdout] test compatibility_tests::u1024_tests::test_mul_large_with_small ... ok
[INFO] [stdout] test compatibility_tests::u1024_tests::test_mul_overflow_triggers_cross_cancel ... ok
[INFO] [stdout] test compatibility_tests::u1024_tests::test_mul_reduced_large_coprime ... ok
[INFO] [stdout] test compatibility_tests::u1024_tests::test_large_multiply_needs_wide_reduction ... ok
[INFO] [stdout] test compatibility_tests::u1024_tests::test_large_number_addition ... ok
[INFO] [stdout] test compatibility_tests::u1024_tests::test_mul_reduced_small_values ... ok
[INFO] [stdout] test compatibility_tests::u1024_tests::test_mul_reduced_returns_reduced ... ok
[INFO] [stdout] test compatibility_tests::u1024_tests::test_mul_returns_unreduced ... ok
[INFO] [stdout] test compatibility_tests::u1024_tests::test_multiplication_extreme_sizes ... ok
[INFO] [stdout] test compatibility_tests::u1024_tests::test_multiplication_many_iterations ... ok
[INFO] [stdout] test compatibility_tests::u1024_tests::test_mul_reduced_power_of_2 ... ok
[INFO] [stdout] test compatibility_tests::u1024_tests::test_multiply_chain_normalizes_correctly ... ok
[INFO] [stdout] test compatibility_tests::u1024_tests::test_multiply_sequence_with_verification ... ok
[INFO] [stdout] test compatibility_tests::u1024_tests::test_near_max_values ... ok
[INFO] [stdout] test compatibility_tests::u1024_tests::test_multiply_very_large_normalized_fractions ... ok
[INFO] [stdout] test compatibility_tests::u1024_tests::test_negation_compatibility ... ok
[INFO] [stdout] test compatibility_tests::u1024_tests::test_normalize_already_reduced ... ok
[INFO] [stdout] test compatibility_tests::u1024_tests::test_needs_reduction_threshold ... ok
[INFO] [stdout] test compatibility_tests::u1024_tests::test_normalize_power_of_2_optimization ... ok
[INFO] [stdout] test compatibility_tests::u1024_tests::test_ordering_comprehensive ... ok
[INFO] [stdout] test compatibility_tests::u1024_tests::test_multiply_by_reciprocal ... ok
[INFO] [stdout] test compatibility_tests::u1024_tests::test_divide_by_zero - should panic ... ok
[INFO] [stdout] test compatibility_tests::u1024_tests::test_overflow_to_wide_path ... ok
[INFO] [stdout] test compatibility_tests::u1024_tests::test_multiplication_with_reduction_verification ... ok
[INFO] [stdout] test compatibility_tests::u1024_tests::test_regression_mul_reduced_should_reduce ... ok
[INFO] [stdout] test compatibility_tests::u1024_tests::test_regression_mul_should_not_reduce ... ok
[INFO] [stdout] test compatibility_tests::u1024_tests::test_sign_checks ... ok
[INFO] [stdout] test compatibility_tests::u1024_tests::test_mul_wide_fast_path ... ok
[INFO] [stdout] test compatibility_tests::u1024_tests::test_mul_with_coprime_values ... ok
[INFO] [stdout] test compatibility_tests::u1024_tests::test_repeated_operations ... ok
[INFO] [stdout] test compatibility_tests::u1024_tests::test_signed_large_numbers ... ok
[INFO] [stdout] test compatibility_tests::u1024_tests::test_sign_in_operations ... ok
[INFO] [stdout] test compatibility_tests::u1024_tests::test_multiplication_compatibility ... ok
[INFO] [stdout] test compatibility_tests::u1024_tests::test_unreduced_addition_correctness ... ok
[INFO] [stdout] test compatibility_tests::u1024_tests::test_taylor_series_accumulation ... ok
[INFO] [stdout] test compatibility_tests::u1024_tests::test_taylor_series_realistic ... ok
[INFO] [stdout] test compatibility_tests::u1024_tests::test_zero_edge_cases ... ok
[INFO] [stdout] test compatibility_tests::u1280_tests::test_add_returns_unreduced_diff_denom ... ok
[INFO] [stdout] test compatibility_tests::u1280_tests::test_add_returns_unreduced_same_denom ... ok
[INFO] [stdout] test compatibility_tests::u1280_tests::test_add_zero ... ok
[INFO] [stdout] test compatibility_tests::u1024_tests::test_signed_addition ... ok
[INFO] [stdout] test compatibility_tests::u1024_tests::test_subtraction_compatibility ... ok
[INFO] [stdout] test compatibility_tests::u1280_tests::test_addition_compatibility ... ok
[INFO] [stdout] test compatibility_tests::u1280_tests::test_comparison_compatibility ... ok
[INFO] [stdout] test compatibility_tests::u1024_tests::test_reciprocal_compatibility ... ok
[INFO] [stdout] test compatibility_tests::u1024_tests::test_reciprocal_of_zero - should panic ... ok
[INFO] [stdout] test compatibility_tests::u1024_tests::test_reduction ... ok
[INFO] [stdout] test compatibility_tests::u1024_tests::test_reduction_idempotence ... ok
[INFO] [stdout] test compatibility_tests::u1280_tests::test_add_overflow_triggers_wide ... ok
[INFO] [stdout] test compatibility_tests::u1280_tests::test_addition_with_large_lcm ... ok
[INFO] [stdout] test compatibility_tests::u1024_tests::test_unreduced_comparison ... ok
[INFO] [stdout] test compatibility_tests::u1024_tests::test_unreduced_equality ... ok
[INFO] [stdout] test compatibility_tests::u1280_tests::test_associativity ... ok
[INFO] [stdout] test compatibility_tests::u1024_tests::test_very_large_multiplication ... ok
[INFO] [stdout] test compatibility_tests::u1280_tests::test_add_same_denominator ... ok
[INFO] [stdout] test compatibility_tests::u1280_tests::test_commutativity ... ok
[INFO] [stdout] test compatibility_tests::u1280_tests::test_comparison_transitivity ... ok
[INFO] [stdout] test compatibility_tests::u1280_tests::test_comparison_with_large_numbers ... ok
[INFO] [stdout] test compatibility_tests::u1280_tests::test_gcd_consecutive_numbers ... ok
[INFO] [stdout] test compatibility_tests::u1280_tests::test_gcd_correctness ... ok
[INFO] [stdout] test compatibility_tests::u1280_tests::test_complex_operations ... ok
[INFO] [stdout] test compatibility_tests::u1280_tests::test_cross_cancellation_effectiveness ... ok
[INFO] [stdout] test compatibility_tests::u1280_tests::test_deferred_reduction ... ok
[INFO] [stdout] test compatibility_tests::u1280_tests::test_double_negation ... ok
[INFO] [stdout] test compatibility_tests::u1280_tests::test_equality_compatibility ... ok
[INFO] [stdout] test compatibility_tests::u1280_tests::test_fibonacci_like_gcd ... ok
[INFO] [stdout] test compatibility_tests::u1280_tests::test_gcd_powers_of_two ... ok
[INFO] [stdout] test compatibility_tests::u1280_tests::test_distributivity ... ok
[INFO] [stdout] test compatibility_tests::u1280_tests::test_divide_by_zero - should panic ... ok
[INFO] [stdout] test compatibility_tests::u1280_tests::test_division_by_large_uint ... ok
[INFO] [stdout] test compatibility_tests::u1280_tests::test_division_compatibility ... ok
[INFO] [stdout] test compatibility_tests::u1280_tests::test_gcd_near_equal_values ... ok
[INFO] [stdout] test compatibility_tests::u1280_tests::test_from_float_edge_cases_comprehensive ... ok
[INFO] [stdout] test compatibility_tests::u1280_tests::test_from_float_then_mul ... ok
[INFO] [stdout] test compatibility_tests::u1280_tests::test_identity_elements ... ok
[INFO] [stdout] test compatibility_tests::u1280_tests::test_mul_overflow_triggers_cross_cancel ... ok
[INFO] [stdout] test compatibility_tests::u1280_tests::test_mul_reduced_returns_reduced ... ok
[INFO] [stdout] test compatibility_tests::u1280_tests::test_mul_reduced_small_values ... ok
[INFO] [stdout] test compatibility_tests::u1280_tests::test_mul_returns_unreduced ... ok
[INFO] [stdout] test compatibility_tests::u1280_tests::test_large_number_addition ... ok
[INFO] [stdout] test compatibility_tests::u1280_tests::test_large_multiply_needs_wide_reduction ... ok
[INFO] [stdout] test compatibility_tests::u1280_tests::test_mul_wide_fast_path ... ok
[INFO] [stdout] test compatibility_tests::u1280_tests::test_mul_with_coprime_values ... ok
[INFO] [stdout] test compatibility_tests::u1280_tests::test_mul_chain_unreduced ... ok
[INFO] [stdout] test compatibility_tests::u1280_tests::test_mul_large_with_small ... ok
[INFO] [stdout] test compatibility_tests::u1280_tests::test_mul_reduced_large_coprime ... ok
[INFO] [stdout] test compatibility_tests::u1280_tests::test_multiplication_compatibility ... ok
[INFO] [stdout] test compatibility_tests::u1280_tests::test_multiplication_many_iterations ... ok
[INFO] [stdout] test compatibility_tests::u1280_tests::test_gcd_properties ... ok
[INFO] [stdout] test compatibility_tests::u1280_tests::test_gcd_with_common_factors ... ok
[INFO] [stdout] test compatibility_tests::u1280_tests::test_gcd_with_large_bit_differences ... ok
[INFO] [stdout] test compatibility_tests::u1280_tests::test_mul_by_zero ... ok
[INFO] [stdout] test compatibility_tests::u1280_tests::test_multiplication_extreme_sizes ... ok
[INFO] [stdout] test compatibility_tests::u1280_tests::test_multiplication_with_reduction_verification ... ok
[INFO] [stdout] test compatibility_tests::u1280_tests::test_multiply_chain_normalizes_correctly ... ok
[INFO] [stdout] test compatibility_tests::u1280_tests::test_multiply_by_reciprocal ... ok
[INFO] [stdout] test compatibility_tests::u1280_tests::test_ordering_comprehensive ... ok
[INFO] [stdout] test compatibility_tests::u1280_tests::test_multiply_very_large_normalized_fractions ... ok
[INFO] [stdout] test compatibility_tests::u1280_tests::test_multiply_sequence_with_verification ... ok
[INFO] [stdout] test compatibility_tests::u1280_tests::test_overflow_to_wide_path ... ok
[INFO] [stdout] test compatibility_tests::u1280_tests::test_near_max_values ... ok
[INFO] [stdout] test compatibility_tests::u1280_tests::test_needs_reduction_threshold ... ok
[INFO] [stdout] test compatibility_tests::u1280_tests::test_normalize_already_reduced ... ok
[INFO] [stdout] test compatibility_tests::u1280_tests::test_negation_compatibility ... ok
[INFO] [stdout] test compatibility_tests::u1280_tests::test_reciprocal_compatibility ... ok
[INFO] [stdout] test compatibility_tests::u1280_tests::test_reduction ... ok
[INFO] [stdout] test compatibility_tests::u1280_tests::test_normalize_power_of_2_optimization ... ok
[INFO] [stdout] test compatibility_tests::u1280_tests::test_reciprocal_of_zero - should panic ... ok
[INFO] [stdout] test compatibility_tests::u1280_tests::test_regression_mul_should_not_reduce ... ok
[INFO] [stdout] test compatibility_tests::u1280_tests::test_reduction_idempotence ... ok
[INFO] [stdout] test compatibility_tests::u1280_tests::test_repeated_operations ... ok
[INFO] [stdout] test compatibility_tests::u1280_tests::test_signed_large_numbers ... ok
[INFO] [stdout] test compatibility_tests::u1280_tests::test_subtraction_compatibility ... ok
[INFO] [stdout] test compatibility_tests::u1280_tests::test_regression_mul_reduced_should_reduce ... ok
[INFO] [stdout] test compatibility_tests::u1280_tests::test_sign_checks ... ok
[INFO] [stdout] test compatibility_tests::u1280_tests::test_taylor_series_realistic ... ok
[INFO] [stdout] test compatibility_tests::u1280_tests::test_taylor_series_accumulation ... ok
[INFO] [stdout] test compatibility_tests::u1280_tests::test_sign_in_operations ... ok
[INFO] [stdout] test compatibility_tests::u1280_tests::test_signed_addition ... ok
[INFO] [stdout] test compatibility_tests::u128_tests::test_add_returns_unreduced_diff_denom ... ok
[INFO] [stdout] test compatibility_tests::u1280_tests::test_unreduced_addition_correctness ... ok
[INFO] [stdout] test compatibility_tests::u128_tests::test_add_overflow_triggers_wide ... ok
[INFO] [stdout] test compatibility_tests::u128_tests::test_add_returns_unreduced_same_denom ... ok
[INFO] [stdout] test compatibility_tests::u128_tests::test_add_same_denominator ... ok
[INFO] [stdout] test compatibility_tests::u1280_tests::test_unreduced_equality ... ok
[INFO] [stdout] test compatibility_tests::u1280_tests::test_unreduced_comparison ... ok
[INFO] [stdout] test compatibility_tests::u1280_tests::test_zero_edge_cases ... ok
[INFO] [stdout] test compatibility_tests::u1280_tests::test_very_large_multiplication ... ok
[INFO] [stdout] test compatibility_tests::u128_tests::test_comparison_compatibility ... ok
[INFO] [stdout] test compatibility_tests::u128_tests::test_addition_with_large_lcm ... ok
[INFO] [stdout] test compatibility_tests::u128_tests::test_comparison_transitivity ... ok
[INFO] [stdout] test compatibility_tests::u128_tests::test_associativity ... ok
[INFO] [stdout] test compatibility_tests::u128_tests::test_comparison_with_large_numbers ... ok
[INFO] [stdout] test compatibility_tests::u128_tests::test_complex_operations ... ok
[INFO] [stdout] test compatibility_tests::u128_tests::test_cross_cancellation_effectiveness ... ok
[INFO] [stdout] test compatibility_tests::u128_tests::test_distributivity ... ok
[INFO] [stdout] test compatibility_tests::u1280_tests::test_mul_by_one ... ok
[INFO] [stdout] test compatibility_tests::u1280_tests::test_gcd_with_zero_and_nonzero ... ok
[INFO] [stdout] test compatibility_tests::u128_tests::test_divide_by_zero - should panic ... ok
[INFO] [stdout] test compatibility_tests::u1280_tests::test_mul_reduced_power_of_2 ... ok
[INFO] [stdout] test compatibility_tests::u1280_tests::test_is_integer_compatibility ... ok
[INFO] [stdout] test compatibility_tests::u1280_tests::test_inverse_elements ... ok
[INFO] [stdout] test compatibility_tests::u128_tests::test_commutativity ... ok
[INFO] [stdout] test compatibility_tests::u128_tests::test_division_compatibility ... ok
[INFO] [stdout] test compatibility_tests::u128_tests::test_addition_compatibility ... ok
[INFO] [stdout] test compatibility_tests::u128_tests::test_division_by_large_uint ... ok
[INFO] [stdout] test compatibility_tests::u128_tests::test_from_float_then_mul ... ok
[INFO] [stdout] test compatibility_tests::u128_tests::test_add_zero ... ok
[INFO] [stdout] test compatibility_tests::u128_tests::test_gcd_consecutive_numbers ... ok
[INFO] [stdout] test compatibility_tests::u128_tests::test_gcd_near_equal_values ... ok
[INFO] [stdout] test compatibility_tests::u128_tests::test_gcd_properties ... ok
[INFO] [stdout] test compatibility_tests::u128_tests::test_gcd_with_zero_and_nonzero ... ok
[INFO] [stdout] test compatibility_tests::u128_tests::test_identity_elements ... ok
[INFO] [stdout] test compatibility_tests::u128_tests::test_is_integer_compatibility ... ok
[INFO] [stdout] test compatibility_tests::u128_tests::test_from_float_edge_cases_comprehensive ... ok
[INFO] [stdout] test compatibility_tests::u128_tests::test_fibonacci_like_gcd ... ok
[INFO] [stdout] test compatibility_tests::u128_tests::test_mul_chain_unreduced ... ok
[INFO] [stdout] test compatibility_tests::u128_tests::test_mul_by_one ... ok
[INFO] [stdout] test compatibility_tests::u128_tests::test_equality_compatibility ... ok
[INFO] [stdout] test compatibility_tests::u128_tests::test_large_number_addition ... ok
[INFO] [stdout] test compatibility_tests::u128_tests::test_gcd_correctness ... ok
[INFO] [stdout] test compatibility_tests::u128_tests::test_large_multiply_needs_wide_reduction ... ok
[INFO] [stdout] test compatibility_tests::u128_tests::test_mul_overflow_triggers_cross_cancel ... ok
[INFO] [stdout] test compatibility_tests::u128_tests::test_double_negation ... ok
[INFO] [stdout] test compatibility_tests::u128_tests::test_mul_reduced_large_coprime ... ok
[INFO] [stdout] test compatibility_tests::u128_tests::test_mul_by_zero ... ok
[INFO] [stdout] test compatibility_tests::u128_tests::test_gcd_powers_of_two ... ok
[INFO] [stdout] test compatibility_tests::u128_tests::test_mul_reduced_power_of_2 ... ok
[INFO] [stdout] test compatibility_tests::u128_tests::test_inverse_elements ... ok
[INFO] [stdout] test compatibility_tests::u128_tests::test_mul_reduced_returns_reduced ... ok
[INFO] [stdout] test compatibility_tests::u128_tests::test_mul_large_with_small ... ok
[INFO] [stdout] test compatibility_tests::u128_tests::test_gcd_with_common_factors ... ok
[INFO] [stdout] test compatibility_tests::u128_tests::test_gcd_with_large_bit_differences ... ok
[INFO] [stdout] test compatibility_tests::u128_tests::test_mul_reduced_small_values ... ok
[INFO] [stdout] test compatibility_tests::u128_tests::test_mul_with_coprime_values ... ok
[INFO] [stdout] test compatibility_tests::u128_tests::test_deferred_reduction ... ok
[INFO] [stdout] test compatibility_tests::u128_tests::test_normalize_power_of_2_optimization ... ok
[INFO] [stdout] test compatibility_tests::u128_tests::test_multiply_chain_normalizes_correctly ... ok
[INFO] [stdout] test compatibility_tests::u128_tests::test_multiply_sequence_with_verification ... ok
[INFO] [stdout] test compatibility_tests::u128_tests::test_negation_compatibility ... ok
[INFO] [stdout] test compatibility_tests::u128_tests::test_multiply_by_reciprocal ... ok
[INFO] [stdout] test compatibility_tests::u128_tests::test_mul_wide_fast_path ... ok
[INFO] [stdout] test compatibility_tests::u128_tests::test_multiply_very_large_normalized_fractions ... ok
[INFO] [stdout] test compatibility_tests::u128_tests::test_reciprocal_compatibility ... ok
[INFO] [stdout] test compatibility_tests::u128_tests::test_multiplication_with_reduction_verification ... ok
[INFO] [stdout] test compatibility_tests::u128_tests::test_needs_reduction_threshold ... ok
[INFO] [stdout] test compatibility_tests::u128_tests::test_regression_mul_reduced_should_reduce ... ok
[INFO] [stdout] test compatibility_tests::u128_tests::test_reciprocal_of_zero - should panic ... ok
[INFO] [stdout] test compatibility_tests::u128_tests::test_sign_checks ... ok
[INFO] [stdout] test compatibility_tests::u128_tests::test_sign_in_operations ... ok
[INFO] [stdout] test compatibility_tests::u128_tests::test_signed_addition ... ok
[INFO] [stdout] test compatibility_tests::u128_tests::test_regression_mul_should_not_reduce ... ok
[INFO] [stdout] test compatibility_tests::u128_tests::test_signed_large_numbers ... ok
[INFO] [stdout] test compatibility_tests::u128_tests::test_repeated_operations ... ok
[INFO] [stdout] test compatibility_tests::u128_tests::test_taylor_series_accumulation ... ok
[INFO] [stdout] test compatibility_tests::u128_tests::test_unreduced_equality ... ok
[INFO] [stdout] test compatibility_tests::u128_tests::test_unreduced_comparison ... ok
[INFO] [stdout] test compatibility_tests::u128_tests::test_reduction ... ok
[INFO] [stdout] test compatibility_tests::u128_tests::test_multiplication_extreme_sizes ... ok
[INFO] [stdout] test compatibility_tests::u128_tests::test_mul_returns_unreduced ... ok
[INFO] [stdout] test compatibility_tests::u128_tests::test_unreduced_addition_correctness ... ok
[INFO] [stdout] test compatibility_tests::u128_tests::test_reduction_idempotence ... ok
[INFO] [stdout] test compatibility_tests::u128_tests::test_multiplication_many_iterations ... ok
[INFO] [stdout] test compatibility_tests::u128_tests::test_multiplication_compatibility ... ok
[INFO] [stdout] test compatibility_tests::u128_tests::test_near_max_values ... ok
[INFO] [stdout] test compatibility_tests::u128_tests::test_overflow_to_wide_path ... ok
[INFO] [stdout] test compatibility_tests::u128_tests::test_normalize_already_reduced ... ok
[INFO] [stdout] test compatibility_tests::u128_tests::test_subtraction_compatibility ... ok
[INFO] [stdout] test compatibility_tests::u128_tests::test_taylor_series_realistic ... ok
[INFO] [stdout] test compatibility_tests::u128_tests::test_zero_edge_cases ... ok
[INFO] [stdout] test compatibility_tests::u128_tests::test_ordering_comprehensive ... ok
[INFO] [stdout] test compatibility_tests::u1536_tests::test_add_same_denominator ... ok
[INFO] [stdout] test compatibility_tests::u1536_tests::test_addition_compatibility ... ok
[INFO] [stdout] test compatibility_tests::u1536_tests::test_addition_with_large_lcm ... ok
[INFO] [stdout] test compatibility_tests::u1536_tests::test_add_returns_unreduced_diff_denom ... ok
[INFO] [stdout] test compatibility_tests::u1536_tests::test_distributivity ... ok
[INFO] [stdout] test compatibility_tests::u1536_tests::test_cross_cancellation_effectiveness ... ok
[INFO] [stdout] test compatibility_tests::u1536_tests::test_deferred_reduction ... ok
[INFO] [stdout] test compatibility_tests::u1536_tests::test_divide_by_zero - should panic ... ok
[INFO] [stdout] test compatibility_tests::u1536_tests::test_associativity ... ok
[INFO] [stdout] test compatibility_tests::u1536_tests::test_add_returns_unreduced_same_denom ... ok
[INFO] [stdout] test compatibility_tests::u1536_tests::test_comparison_compatibility ... ok
[INFO] [stdout] test compatibility_tests::u1536_tests::test_division_compatibility ... ok
[INFO] [stdout] test compatibility_tests::u1536_tests::test_add_zero ... ok
[INFO] [stdout] test compatibility_tests::u1536_tests::test_comparison_transitivity ... ok
[INFO] [stdout] test compatibility_tests::u1536_tests::test_double_negation ... ok
[INFO] [stdout] test compatibility_tests::u1536_tests::test_comparison_with_large_numbers ... ok
[INFO] [stdout] test compatibility_tests::u1536_tests::test_equality_compatibility ... ok
[INFO] [stdout] test compatibility_tests::u1536_tests::test_fibonacci_like_gcd ... ok
[INFO] [stdout] test compatibility_tests::u1536_tests::test_complex_operations ... ok
[INFO] [stdout] test compatibility_tests::u128_tests::test_very_large_multiplication ... ok
[INFO] [stdout] test compatibility_tests::u1536_tests::test_add_overflow_triggers_wide ... ok
[INFO] [stdout] test compatibility_tests::u1536_tests::test_commutativity ... ok
[INFO] [stdout] test compatibility_tests::u1536_tests::test_from_float_then_mul ... ok
[INFO] [stdout] test compatibility_tests::u1536_tests::test_division_by_large_uint ... ok
[INFO] [stdout] test compatibility_tests::u1536_tests::test_gcd_consecutive_numbers ... ok
[INFO] [stdout] test compatibility_tests::u1536_tests::test_gcd_with_zero_and_nonzero ... ok
[INFO] [stdout] test compatibility_tests::u1536_tests::test_large_number_addition ... ok
[INFO] [stdout] test compatibility_tests::u1536_tests::test_gcd_correctness ... ok
[INFO] [stdout] test compatibility_tests::u1536_tests::test_identity_elements ... ok
[INFO] [stdout] test compatibility_tests::u1536_tests::test_gcd_near_equal_values ... ok
[INFO] [stdout] test compatibility_tests::u1536_tests::test_gcd_powers_of_two ... ok
[INFO] [stdout] test compatibility_tests::u1536_tests::test_from_float_edge_cases_comprehensive ... ok
[INFO] [stdout] test compatibility_tests::u1536_tests::test_mul_overflow_triggers_cross_cancel ... ok
[INFO] [stdout] test compatibility_tests::u1536_tests::test_gcd_with_common_factors ... ok
[INFO] [stdout] test compatibility_tests::u1536_tests::test_large_multiply_needs_wide_reduction ... ok
[INFO] [stdout] test compatibility_tests::u1536_tests::test_is_integer_compatibility ... ok
[INFO] [stdout] test compatibility_tests::u1536_tests::test_mul_large_with_small ... ok
[INFO] [stdout] test compatibility_tests::u1536_tests::test_mul_by_one ... ok
[INFO] [stdout] test compatibility_tests::u1536_tests::test_mul_by_zero ... ok
[INFO] [stdout] test compatibility_tests::u1536_tests::test_mul_chain_unreduced ... ok
[INFO] [stdout] test compatibility_tests::u1536_tests::test_gcd_with_large_bit_differences ... ok
[INFO] [stdout] test compatibility_tests::u1536_tests::test_inverse_elements ... ok
[INFO] [stdout] test compatibility_tests::u1536_tests::test_gcd_properties ... ok
[INFO] [stdout] test compatibility_tests::u1536_tests::test_mul_returns_unreduced ... ok
[INFO] [stdout] test compatibility_tests::u1536_tests::test_mul_wide_fast_path ... ok
[INFO] [stdout] test compatibility_tests::u1536_tests::test_mul_reduced_small_values ... ok
[INFO] [stdout] test compatibility_tests::u1536_tests::test_multiplication_many_iterations ... ok
[INFO] [stdout] test compatibility_tests::u1536_tests::test_mul_reduced_power_of_2 ... ok
[INFO] [stdout] test compatibility_tests::u1536_tests::test_multiply_sequence_with_verification ... ok
[INFO] [stdout] test compatibility_tests::u1536_tests::test_mul_reduced_returns_reduced ... ok
[INFO] [stdout] test compatibility_tests::u1536_tests::test_normalize_power_of_2_optimization ... ok
[INFO] [stdout] test compatibility_tests::u1536_tests::test_multiply_by_reciprocal ... ok
[INFO] [stdout] test compatibility_tests::u1536_tests::test_near_max_values ... ok
[INFO] [stdout] test compatibility_tests::u1536_tests::test_negation_compatibility ... ok
[INFO] [stdout] test compatibility_tests::u1536_tests::test_normalize_already_reduced ... ok
[INFO] [stdout] test compatibility_tests::u1536_tests::test_multiply_very_large_normalized_fractions ... ok
[INFO] [stdout] test compatibility_tests::u1536_tests::test_multiplication_extreme_sizes ... ok
[INFO] [stdout] test compatibility_tests::u1536_tests::test_mul_with_coprime_values ... ok
[INFO] [stdout] test compatibility_tests::u1536_tests::test_multiplication_compatibility ... ok
[INFO] [stdout] test compatibility_tests::u1536_tests::test_ordering_comprehensive ... ok
[INFO] [stdout] test compatibility_tests::u1536_tests::test_overflow_to_wide_path ... ok
[INFO] [stdout] test compatibility_tests::u1536_tests::test_reciprocal_compatibility ... ok
[INFO] [stdout] test compatibility_tests::u1536_tests::test_signed_large_numbers ... ok
[INFO] [stdout] test compatibility_tests::u1536_tests::test_reciprocal_of_zero - should panic ... ok
[INFO] [stdout] test compatibility_tests::u1536_tests::test_reduction ... ok
[INFO] [stdout] test compatibility_tests::u1536_tests::test_multiplication_with_reduction_verification ... ok
[INFO] [stdout] test compatibility_tests::u1536_tests::test_sign_in_operations ... ok
[INFO] [stdout] test compatibility_tests::u1536_tests::test_reduction_idempotence ... ok
[INFO] [stdout] test compatibility_tests::u1536_tests::test_regression_mul_reduced_should_reduce ... ok
[INFO] [stdout] test compatibility_tests::u1536_tests::test_regression_mul_should_not_reduce ... ok
[INFO] [stdout] test compatibility_tests::u1536_tests::test_subtraction_compatibility ... ok
[INFO] [stdout] test compatibility_tests::u1536_tests::test_repeated_operations ... ok
[INFO] [stdout] test compatibility_tests::u1536_tests::test_taylor_series_accumulation ... ok
[INFO] [stdout] test compatibility_tests::u1536_tests::test_multiply_chain_normalizes_correctly ... ok
[INFO] [stdout] test compatibility_tests::u1536_tests::test_unreduced_comparison ... ok
[INFO] [stdout] test compatibility_tests::u1536_tests::test_sign_checks ... ok
[INFO] [stdout] test compatibility_tests::u1536_tests::test_unreduced_equality ... ok
[INFO] [stdout] test compatibility_tests::u1536_tests::test_signed_addition ... ok
[INFO] [stdout] test compatibility_tests::u1536_tests::test_very_large_multiplication ... ok
[INFO] [stdout] test compatibility_tests::u1536_tests::test_zero_edge_cases ... ok
[INFO] [stdout] test compatibility_tests::u16384_tests::test_addition_compatibility ... ok
[INFO] [stdout] test compatibility_tests::u1536_tests::test_mul_reduced_large_coprime ... ok
[INFO] [stdout] test compatibility_tests::u1536_tests::test_needs_reduction_threshold ... ok
[INFO] [stdout] test compatibility_tests::u16384_tests::test_addition_with_large_lcm ... ok
[INFO] [stdout] test compatibility_tests::u16384_tests::test_add_zero ... ok
[INFO] [stdout] test compatibility_tests::u16384_tests::test_comparison_transitivity ... ok
[INFO] [stdout] test compatibility_tests::u1536_tests::test_taylor_series_realistic ... ok
[INFO] [stdout] test compatibility_tests::u1536_tests::test_unreduced_addition_correctness ... ok
[INFO] [stdout] test compatibility_tests::u16384_tests::test_add_returns_unreduced_diff_denom ... ok
[INFO] [stdout] test compatibility_tests::u16384_tests::test_add_returns_unreduced_same_denom ... ok
[INFO] [stdout] test compatibility_tests::u16384_tests::test_comparison_with_large_numbers ... ok
[INFO] [stdout] test compatibility_tests::u16384_tests::test_comparison_compatibility ... ok
[INFO] [stdout] test compatibility_tests::u16384_tests::test_deferred_reduction ... ok
[INFO] [stdout] test compatibility_tests::u16384_tests::test_divide_by_zero - should panic ... ok
[INFO] [stdout] test compatibility_tests::u16384_tests::test_division_by_large_uint ... ok
[INFO] [stdout] test compatibility_tests::u16384_tests::test_division_compatibility ... ok
[INFO] [stdout] test compatibility_tests::u16384_tests::test_double_negation ... ok
[INFO] [stdout] test compatibility_tests::u16384_tests::test_fibonacci_like_gcd ... ok
[INFO] [stdout] test compatibility_tests::u16384_tests::test_equality_compatibility ... ok
[INFO] [stdout] test compatibility_tests::u16384_tests::test_gcd_consecutive_numbers ... ok
[INFO] [stdout] test compatibility_tests::u16384_tests::test_gcd_correctness ... ok
[INFO] [stdout] test compatibility_tests::u16384_tests::test_from_float_then_mul ... ok
[INFO] [stdout] test compatibility_tests::u16384_tests::test_gcd_powers_of_two ... ok
[INFO] [stdout] test compatibility_tests::u16384_tests::test_gcd_with_common_factors ... ok
[INFO] [stdout] test compatibility_tests::u16384_tests::test_gcd_with_zero_and_nonzero ... ok
[INFO] [stdout] test compatibility_tests::u16384_tests::test_is_integer_compatibility ... ok
[INFO] [stdout] test compatibility_tests::u16384_tests::test_large_number_addition ... ok
[INFO] [stdout] test compatibility_tests::u16384_tests::test_mul_by_one ... ok
[INFO] [stdout] test compatibility_tests::u16384_tests::test_identity_elements ... ok
[INFO] [stdout] test compatibility_tests::u16384_tests::test_mul_by_zero ... ok
[INFO] [stdout] test compatibility_tests::u16384_tests::test_mul_overflow_triggers_cross_cancel ... ok
[INFO] [stdout] test compatibility_tests::u16384_tests::test_mul_reduced_large_coprime ... ok
[INFO] [stdout] test compatibility_tests::u16384_tests::test_mul_reduced_power_of_2 ... ok
[INFO] [stdout] test compatibility_tests::u16384_tests::test_mul_reduced_returns_reduced ... ok
[INFO] [stdout] test compatibility_tests::u16384_tests::test_large_multiply_needs_wide_reduction ... ok
[INFO] [stdout] test compatibility_tests::u16384_tests::test_mul_returns_unreduced ... ok
[INFO] [stdout] test compatibility_tests::u16384_tests::test_mul_reduced_small_values ... ok
[INFO] [stdout] test compatibility_tests::u16384_tests::test_mul_wide_fast_path ... ok
[INFO] [stdout] test compatibility_tests::u16384_tests::test_mul_with_coprime_values ... ok
[INFO] [stdout] test compatibility_tests::u16384_tests::test_multiplication_extreme_sizes ... ok
[INFO] [stdout] test compatibility_tests::u16384_tests::test_add_overflow_triggers_wide ... ok
[INFO] [stdout] test compatibility_tests::u16384_tests::test_multiplication_many_iterations ... ok
[INFO] [stdout] test compatibility_tests::u16384_tests::test_mul_large_with_small ... ok
[INFO] [stdout] test compatibility_tests::u16384_tests::test_from_float_edge_cases_comprehensive ... ok
[INFO] [stdout] test compatibility_tests::u16384_tests::test_gcd_near_equal_values ... ok
[INFO] [stdout] test compatibility_tests::u16384_tests::test_multiply_very_large_normalized_fractions ... ok
[INFO] [stdout] test compatibility_tests::u16384_tests::test_add_same_denominator ... ok
[INFO] [stdout] test compatibility_tests::u16384_tests::test_needs_reduction_threshold ... ok
[INFO] [stdout] test compatibility_tests::u16384_tests::test_negation_compatibility ... ok
[INFO] [stdout] test compatibility_tests::u16384_tests::test_normalize_already_reduced ... ok
[INFO] [stdout] test compatibility_tests::u16384_tests::test_near_max_values ... ok
[INFO] [stdout] test compatibility_tests::u16384_tests::test_normalize_power_of_2_optimization ... ok
[INFO] [stdout] test compatibility_tests::u16384_tests::test_ordering_comprehensive ... ok
[INFO] [stdout] test compatibility_tests::u16384_tests::test_overflow_to_wide_path ... ok
[INFO] [stdout] test compatibility_tests::u16384_tests::test_reciprocal_compatibility ... ok
[INFO] [stdout] test compatibility_tests::u16384_tests::test_reduction ... ok
[INFO] [stdout] test compatibility_tests::u16384_tests::test_reduction_idempotence ... ok
[INFO] [stdout] test compatibility_tests::u16384_tests::test_reciprocal_of_zero - should panic ... ok
[INFO] [stdout] test compatibility_tests::u16384_tests::test_regression_mul_reduced_should_reduce ... ok
[INFO] [stdout] test compatibility_tests::u16384_tests::test_regression_mul_should_not_reduce ... ok
[INFO] [stdout] test compatibility_tests::u16384_tests::test_sign_checks ... ok
[INFO] [stdout] test compatibility_tests::u16384_tests::test_complex_operations ... ok
[INFO] [stdout] test compatibility_tests::u16384_tests::test_signed_addition ... ok
[INFO] [stdout] test compatibility_tests::u16384_tests::test_distributivity ... ok
[INFO] [stdout] test compatibility_tests::u16384_tests::test_subtraction_compatibility ... ok
[INFO] [stdout] test compatibility_tests::u16384_tests::test_cross_cancellation_effectiveness ... ok
[INFO] [stdout] test compatibility_tests::u16384_tests::test_taylor_series_accumulation ... ok
[INFO] [stdout] test compatibility_tests::u16384_tests::test_unreduced_addition_correctness ... ok
[INFO] [stdout] test compatibility_tests::u16384_tests::test_mul_chain_unreduced ... ok
[INFO] [stdout] test compatibility_tests::u16384_tests::test_unreduced_comparison ... ok
[INFO] [stdout] test compatibility_tests::u16384_tests::test_unreduced_equality ... ok
[INFO] [stdout] test compatibility_tests::u16384_tests::test_zero_edge_cases ... ok
[INFO] [stdout] test compatibility_tests::u16384_tests::test_multiply_sequence_with_verification ... ok
[INFO] [stdout] test compatibility_tests::u1792_tests::test_add_returns_unreduced_diff_denom ... ok
[INFO] [stdout] test compatibility_tests::u1792_tests::test_add_overflow_triggers_wide ... ok
[INFO] [stdout] test compatibility_tests::u1792_tests::test_add_returns_unreduced_same_denom ... ok
[INFO] [stdout] test compatibility_tests::u1792_tests::test_add_same_denominator ... ok
[INFO] [stdout] test compatibility_tests::u1792_tests::test_addition_compatibility ... ok
[INFO] [stdout] test compatibility_tests::u1792_tests::test_addition_with_large_lcm ... ok
[INFO] [stdout] test compatibility_tests::u1792_tests::test_associativity ... ok
[INFO] [stdout] test compatibility_tests::u1792_tests::test_add_zero ... ok
[INFO] [stdout] test compatibility_tests::u1792_tests::test_comparison_compatibility ... ok
[INFO] [stdout] test compatibility_tests::u1792_tests::test_commutativity ... ok
[INFO] [stdout] test compatibility_tests::u1792_tests::test_comparison_transitivity ... ok
[INFO] [stdout] test compatibility_tests::u1792_tests::test_comparison_with_large_numbers ... ok
[INFO] [stdout] test compatibility_tests::u1792_tests::test_complex_operations ... ok
[INFO] [stdout] test compatibility_tests::u1792_tests::test_deferred_reduction ... ok
[INFO] [stdout] test compatibility_tests::u1792_tests::test_distributivity ... ok
[INFO] [stdout] test compatibility_tests::u1792_tests::test_divide_by_zero - should panic ... ok
[INFO] [stdout] test compatibility_tests::u1792_tests::test_cross_cancellation_effectiveness ... ok
[INFO] [stdout] test compatibility_tests::u1792_tests::test_division_by_large_uint ... ok
[INFO] [stdout] test compatibility_tests::u1792_tests::test_division_compatibility ... ok
[INFO] [stdout] test compatibility_tests::u1792_tests::test_double_negation ... ok
[INFO] [stdout] test compatibility_tests::u1792_tests::test_equality_compatibility ... ok
[INFO] [stdout] test compatibility_tests::u1792_tests::test_fibonacci_like_gcd ... ok
[INFO] [stdout] test compatibility_tests::u1792_tests::test_from_float_then_mul ... ok
[INFO] [stdout] test compatibility_tests::u1792_tests::test_from_float_edge_cases_comprehensive ... ok
[INFO] [stdout] test compatibility_tests::u1792_tests::test_gcd_consecutive_numbers ... ok
[INFO] [stdout] test compatibility_tests::u1792_tests::test_gcd_near_equal_values ... ok
[INFO] [stdout] test compatibility_tests::u1792_tests::test_gcd_powers_of_two ... ok
[INFO] [stdout] test compatibility_tests::u1792_tests::test_gcd_correctness ... ok
[INFO] [stdout] test compatibility_tests::u16384_tests::test_signed_large_numbers ... ok
[INFO] [stdout] test compatibility_tests::u1792_tests::test_gcd_with_large_bit_differences ... ok
[INFO] [stdout] test compatibility_tests::u1792_tests::test_gcd_properties ... ok
[INFO] [stdout] test compatibility_tests::u1792_tests::test_gcd_with_zero_and_nonzero ... ok
[INFO] [stdout] test compatibility_tests::u16384_tests::test_gcd_with_large_bit_differences ... ok
[INFO] [stdout] test compatibility_tests::u1792_tests::test_gcd_with_common_factors ... ok
[INFO] [stdout] test compatibility_tests::u1792_tests::test_identity_elements ... ok
[INFO] [stdout] test compatibility_tests::u1792_tests::test_large_multiply_needs_wide_reduction ... ok
[INFO] [stdout] test compatibility_tests::u1792_tests::test_mul_by_one ... ok
[INFO] [stdout] test compatibility_tests::u1792_tests::test_is_integer_compatibility ... ok
[INFO] [stdout] test compatibility_tests::u1792_tests::test_mul_by_zero ... ok
[INFO] [stdout] test compatibility_tests::u1792_tests::test_mul_large_with_small ... ok
[INFO] [stdout] test compatibility_tests::u1792_tests::test_mul_overflow_triggers_cross_cancel ... ok
[INFO] [stdout] test compatibility_tests::u1792_tests::test_mul_reduced_large_coprime ... ok
[INFO] [stdout] test compatibility_tests::u1792_tests::test_mul_reduced_power_of_2 ... ok
[INFO] [stdout] test compatibility_tests::u1792_tests::test_mul_chain_unreduced ... ok
[INFO] [stdout] test compatibility_tests::u1792_tests::test_inverse_elements ... ok
[INFO] [stdout] test compatibility_tests::u1792_tests::test_large_number_addition ... ok
[INFO] [stdout] test compatibility_tests::u1792_tests::test_mul_reduced_returns_reduced ... ok
[INFO] [stdout] test compatibility_tests::u1792_tests::test_mul_reduced_small_values ... ok
[INFO] [stdout] test compatibility_tests::u1792_tests::test_mul_returns_unreduced ... ok
[INFO] [stdout] test compatibility_tests::u1792_tests::test_mul_wide_fast_path ... ok
[INFO] [stdout] test compatibility_tests::u1792_tests::test_mul_with_coprime_values ... ok
[INFO] [stdout] test compatibility_tests::u16384_tests::test_multiplication_compatibility ... ok
[INFO] [stdout] test compatibility_tests::u16384_tests::test_very_large_multiplication ... ok
[INFO] [stdout] test compatibility_tests::u1792_tests::test_multiplication_compatibility ... ok
[INFO] [stdout] test compatibility_tests::u1792_tests::test_multiply_chain_normalizes_correctly ... ok
[INFO] [stdout] test compatibility_tests::u1792_tests::test_multiplication_extreme_sizes ... ok
[INFO] [stdout] test compatibility_tests::u1792_tests::test_multiply_sequence_with_verification ... ok
[INFO] [stdout] test compatibility_tests::u1792_tests::test_multiplication_many_iterations ... ok
[INFO] [stdout] test compatibility_tests::u1792_tests::test_multiply_by_reciprocal ... ok
[INFO] [stdout] test compatibility_tests::u1792_tests::test_needs_reduction_threshold ... ok
[INFO] [stdout] test compatibility_tests::u1792_tests::test_normalize_already_reduced ... ok
[INFO] [stdout] test compatibility_tests::u1792_tests::test_multiply_very_large_normalized_fractions ... ok
[INFO] [stdout] test compatibility_tests::u1792_tests::test_negation_compatibility ... ok
[INFO] [stdout] test compatibility_tests::u1792_tests::test_near_max_values ... ok
[INFO] [stdout] test compatibility_tests::u1792_tests::test_normalize_power_of_2_optimization ... ok
[INFO] [stdout] test compatibility_tests::u1792_tests::test_ordering_comprehensive ... ok
[INFO] [stdout] test compatibility_tests::u1792_tests::test_reciprocal_of_zero - should panic ... ok
[INFO] [stdout] test compatibility_tests::u1792_tests::test_overflow_to_wide_path ... ok
[INFO] [stdout] test compatibility_tests::u1792_tests::test_reciprocal_compatibility ... ok
[INFO] [stdout] test compatibility_tests::u1792_tests::test_reduction_idempotence ... ok
[INFO] [stdout] test compatibility_tests::u1792_tests::test_multiplication_with_reduction_verification ... ok
[INFO] [stdout] test compatibility_tests::u1792_tests::test_regression_mul_reduced_should_reduce ... ok
[INFO] [stdout] test compatibility_tests::u1792_tests::test_reduction ... ok
[INFO] [stdout] test compatibility_tests::u1792_tests::test_sign_in_operations ... ok
[INFO] [stdout] test compatibility_tests::u1792_tests::test_signed_large_numbers ... ok
[INFO] [stdout] test compatibility_tests::u1792_tests::test_taylor_series_accumulation ... ok
[INFO] [stdout] test compatibility_tests::u1792_tests::test_taylor_series_realistic ... ok
[INFO] [stdout] test compatibility_tests::u1792_tests::test_unreduced_addition_correctness ... ok
[INFO] [stdout] test compatibility_tests::u1792_tests::test_repeated_operations ... ok
[INFO] [stdout] test compatibility_tests::u1792_tests::test_sign_checks ... ok
[INFO] [stdout] test compatibility_tests::u1792_tests::test_unreduced_equality ... ok
[INFO] [stdout] test compatibility_tests::u1792_tests::test_signed_addition ... ok
[INFO] [stdout] test compatibility_tests::u1792_tests::test_very_large_multiplication ... ok
[INFO] [stdout] test compatibility_tests::u192_tests::test_add_returns_unreduced_diff_denom ... ok
[INFO] [stdout] test compatibility_tests::u192_tests::test_add_returns_unreduced_same_denom ... ok
[INFO] [stdout] test compatibility_tests::u192_tests::test_add_same_denominator ... ok
[INFO] [stdout] test compatibility_tests::u192_tests::test_add_zero ... ok
[INFO] [stdout] test compatibility_tests::u192_tests::test_addition_compatibility ... ok
[INFO] [stdout] test compatibility_tests::u192_tests::test_addition_with_large_lcm ... ok
[INFO] [stdout] test compatibility_tests::u1792_tests::test_subtraction_compatibility ... ok
[INFO] [stdout] test compatibility_tests::u192_tests::test_commutativity ... ok
[INFO] [stdout] test compatibility_tests::u1792_tests::test_zero_edge_cases ... ok
[INFO] [stdout] test compatibility_tests::u192_tests::test_comparison_compatibility ... ok
[INFO] [stdout] test compatibility_tests::u192_tests::test_comparison_transitivity ... ok
[INFO] [stdout] test compatibility_tests::u192_tests::test_comparison_with_large_numbers ... ok
[INFO] [stdout] test compatibility_tests::u192_tests::test_cross_cancellation_effectiveness ... ok
[INFO] [stdout] test compatibility_tests::u192_tests::test_deferred_reduction ... ok
[INFO] [stdout] test compatibility_tests::u192_tests::test_distributivity ... ok
[INFO] [stdout] test compatibility_tests::u192_tests::test_divide_by_zero - should panic ... ok
[INFO] [stdout] test compatibility_tests::u192_tests::test_associativity ... ok
[INFO] [stdout] test compatibility_tests::u192_tests::test_division_by_large_uint ... ok
[INFO] [stdout] test compatibility_tests::u192_tests::test_division_compatibility ... ok
[INFO] [stdout] test compatibility_tests::u192_tests::test_double_negation ... ok
[INFO] [stdout] test compatibility_tests::u192_tests::test_equality_compatibility ... ok
[INFO] [stdout] test compatibility_tests::u192_tests::test_fibonacci_like_gcd ... ok
[INFO] [stdout] test compatibility_tests::u192_tests::test_from_float_edge_cases_comprehensive ... ok
[INFO] [stdout] test compatibility_tests::u1792_tests::test_regression_mul_should_not_reduce ... ok
[INFO] [stdout] test compatibility_tests::u192_tests::test_from_float_then_mul ... ok
[INFO] [stdout] test compatibility_tests::u192_tests::test_gcd_consecutive_numbers ... ok
[INFO] [stdout] test compatibility_tests::u192_tests::test_gcd_correctness ... ok
[INFO] [stdout] test compatibility_tests::u192_tests::test_gcd_near_equal_values ... ok
[INFO] [stdout] test compatibility_tests::u192_tests::test_gcd_powers_of_two ... ok
[INFO] [stdout] test compatibility_tests::u192_tests::test_gcd_properties ... ok
[INFO] [stdout] test compatibility_tests::u192_tests::test_gcd_with_common_factors ... ok
[INFO] [stdout] test compatibility_tests::u192_tests::test_gcd_with_large_bit_differences ... ok
[INFO] [stdout] test compatibility_tests::u192_tests::test_identity_elements ... ok
[INFO] [stdout] test compatibility_tests::u192_tests::test_gcd_with_zero_and_nonzero ... ok
[INFO] [stdout] test compatibility_tests::u192_tests::test_large_multiply_needs_wide_reduction ... ok
[INFO] [stdout] test compatibility_tests::u192_tests::test_large_number_addition ... ok
[INFO] [stdout] test compatibility_tests::u192_tests::test_mul_by_one ... ok
[INFO] [stdout] test compatibility_tests::u192_tests::test_mul_by_zero ... ok
[INFO] [stdout] test compatibility_tests::u192_tests::test_mul_chain_unreduced ... ok
[INFO] [stdout] test compatibility_tests::u192_tests::test_mul_large_with_small ... ok
[INFO] [stdout] test compatibility_tests::u192_tests::test_mul_overflow_triggers_cross_cancel ... ok
[INFO] [stdout] test compatibility_tests::u192_tests::test_mul_reduced_large_coprime ... ok
[INFO] [stdout] test compatibility_tests::u192_tests::test_mul_reduced_power_of_2 ... ok
[INFO] [stdout] test compatibility_tests::u192_tests::test_mul_reduced_returns_reduced ... ok
[INFO] [stdout] test compatibility_tests::u192_tests::test_mul_reduced_small_values ... ok
[INFO] [stdout] test compatibility_tests::u192_tests::test_mul_returns_unreduced ... ok
[INFO] [stdout] test compatibility_tests::u192_tests::test_mul_wide_fast_path ... ok
[INFO] [stdout] test compatibility_tests::u192_tests::test_mul_with_coprime_values ... ok
[INFO] [stdout] test compatibility_tests::u192_tests::test_multiplication_compatibility ... ok
[INFO] [stdout] test compatibility_tests::u192_tests::test_multiplication_extreme_sizes ... ok
[INFO] [stdout] test compatibility_tests::u192_tests::test_multiplication_many_iterations ... ok
[INFO] [stdout] test compatibility_tests::u192_tests::test_multiplication_with_reduction_verification ... ok
[INFO] [stdout] test compatibility_tests::u192_tests::test_multiply_by_reciprocal ... ok
[INFO] [stdout] test compatibility_tests::u192_tests::test_multiply_chain_normalizes_correctly ... ok
[INFO] [stdout] test compatibility_tests::u192_tests::test_add_overflow_triggers_wide ... ok
[INFO] [stdout] test compatibility_tests::u192_tests::test_inverse_elements ... ok
[INFO] [stdout] test compatibility_tests::u192_tests::test_is_integer_compatibility ... ok
[INFO] [stdout] test compatibility_tests::u192_tests::test_complex_operations ... ok
[INFO] [stdout] test compatibility_tests::u192_tests::test_multiply_sequence_with_verification ... ok
[INFO] [stdout] test compatibility_tests::u192_tests::test_needs_reduction_threshold ... ok
[INFO] [stdout] test compatibility_tests::u192_tests::test_normalize_already_reduced ... ok
[INFO] [stdout] test compatibility_tests::u192_tests::test_normalize_power_of_2_optimization ... ok
[INFO] [stdout] test compatibility_tests::u192_tests::test_negation_compatibility ... ok
[INFO] [stdout] test compatibility_tests::u192_tests::test_multiply_very_large_normalized_fractions ... ok
[INFO] [stdout] test compatibility_tests::u192_tests::test_ordering_comprehensive ... ok
[INFO] [stdout] test compatibility_tests::u192_tests::test_overflow_to_wide_path ... ok
[INFO] [stdout] test compatibility_tests::u192_tests::test_reciprocal_compatibility ... ok
[INFO] [stdout] test compatibility_tests::u192_tests::test_reduction ... ok
[INFO] [stdout] test compatibility_tests::u192_tests::test_reduction_idempotence ... ok
[INFO] [stdout] test compatibility_tests::u192_tests::test_regression_mul_reduced_should_reduce ... ok
[INFO] [stdout] test compatibility_tests::u192_tests::test_regression_mul_should_not_reduce ... ok
[INFO] [stdout] test compatibility_tests::u192_tests::test_repeated_operations ... ok
[INFO] [stdout] test compatibility_tests::u192_tests::test_sign_checks ... ok
[INFO] [stdout] test compatibility_tests::u192_tests::test_sign_in_operations ... ok
[INFO] [stdout] test compatibility_tests::u192_tests::test_signed_addition ... ok
[INFO] [stdout] test compatibility_tests::u192_tests::test_signed_large_numbers ... ok
[INFO] [stdout] test compatibility_tests::u192_tests::test_subtraction_compatibility ... ok
[INFO] [stdout] test compatibility_tests::u192_tests::test_taylor_series_accumulation ... ok
[INFO] [stdout] test compatibility_tests::u192_tests::test_near_max_values ... ok
[INFO] [stdout] test compatibility_tests::u192_tests::test_taylor_series_realistic ... ok
[INFO] [stdout] test compatibility_tests::u16384_tests::test_repeated_operations ... ok
[INFO] [stdout] test compatibility_tests::u192_tests::test_unreduced_equality ... ok
[INFO] [stdout] test compatibility_tests::u192_tests::test_unreduced_addition_correctness ... ok
[INFO] [stdout] test compatibility_tests::u192_tests::test_unreduced_comparison ... ok
[INFO] [stdout] test compatibility_tests::u192_tests::test_very_large_multiplication ... ok
[INFO] [stdout] test compatibility_tests::u192_tests::test_zero_edge_cases ... ok
[INFO] [stdout] test compatibility_tests::u2048_tests::test_add_overflow_triggers_wide ... ok
[INFO] [stdout] test compatibility_tests::u2048_tests::test_add_same_denominator ... ok
[INFO] [stdout] test compatibility_tests::u2048_tests::test_add_returns_unreduced_diff_denom ... ok
[INFO] [stdout] test compatibility_tests::u2048_tests::test_add_returns_unreduced_same_denom ... ok
[INFO] [stdout] test compatibility_tests::u2048_tests::test_addition_compatibility ... ok
[INFO] [stdout] test compatibility_tests::u2048_tests::test_addition_with_large_lcm ... ok
[INFO] [stdout] test compatibility_tests::u1792_tests::test_unreduced_comparison ... ok
[INFO] [stdout] test compatibility_tests::u192_tests::test_reciprocal_of_zero - should panic ... ok
[INFO] [stdout] test compatibility_tests::u2048_tests::test_add_zero ... ok
[INFO] [stdout] test compatibility_tests::u2048_tests::test_associativity ... ok
[INFO] [stdout] test compatibility_tests::u2048_tests::test_comparison_compatibility ... ok
[INFO] [stdout] test compatibility_tests::u2048_tests::test_comparison_transitivity ... ok
[INFO] [stdout] test compatibility_tests::u2048_tests::test_comparison_with_large_numbers ... ok
[INFO] [stdout] test compatibility_tests::u2048_tests::test_commutativity ... ok
[INFO] [stdout] test compatibility_tests::u2048_tests::test_complex_operations ... ok
[INFO] [stdout] test compatibility_tests::u2048_tests::test_cross_cancellation_effectiveness ... ok
[INFO] [stdout] test compatibility_tests::u2048_tests::test_deferred_reduction ... ok
[INFO] [stdout] test compatibility_tests::u2048_tests::test_distributivity ... ok
[INFO] [stdout] test compatibility_tests::u2048_tests::test_divide_by_zero - should panic ... ok
[INFO] [stdout] test compatibility_tests::u2048_tests::test_division_by_large_uint ... ok
[INFO] [stdout] test compatibility_tests::u2048_tests::test_gcd_consecutive_numbers ... ok
[INFO] [stdout] test compatibility_tests::u2048_tests::test_gcd_correctness ... ok
[INFO] [stdout] test compatibility_tests::u2048_tests::test_division_compatibility ... ok
[INFO] [stdout] test compatibility_tests::u2048_tests::test_double_negation ... ok
[INFO] [stdout] test compatibility_tests::u2048_tests::test_equality_compatibility ... ok
[INFO] [stdout] test compatibility_tests::u2048_tests::test_fibonacci_like_gcd ... ok
[INFO] [stdout] test compatibility_tests::u2048_tests::test_from_float_edge_cases_comprehensive ... ok
[INFO] [stdout] test compatibility_tests::u2048_tests::test_gcd_powers_of_two ... ok
[INFO] [stdout] test compatibility_tests::u2048_tests::test_from_float_then_mul ... ok
[INFO] [stdout] test compatibility_tests::u2048_tests::test_gcd_near_equal_values ... ok
[INFO] [stdout] test compatibility_tests::u2048_tests::test_gcd_with_large_bit_differences ... ok
[INFO] [stdout] test compatibility_tests::u2048_tests::test_gcd_with_common_factors ... ok
[INFO] [stdout] test compatibility_tests::u2048_tests::test_gcd_with_zero_and_nonzero ... ok
[INFO] [stdout] test compatibility_tests::u2048_tests::test_identity_elements ... ok
[INFO] [stdout] test compatibility_tests::u2048_tests::test_inverse_elements ... ok
[INFO] [stdout] test compatibility_tests::u2048_tests::test_is_integer_compatibility ... ok
[INFO] [stdout] test compatibility_tests::u2048_tests::test_large_multiply_needs_wide_reduction ... ok
[INFO] [stdout] test compatibility_tests::u2048_tests::test_mul_by_one ... ok
[INFO] [stdout] test compatibility_tests::u2048_tests::test_mul_reduced_large_coprime ... ok
[INFO] [stdout] test compatibility_tests::u2048_tests::test_mul_reduced_power_of_2 ... ok
[INFO] [stdout] test compatibility_tests::u2048_tests::test_mul_by_zero ... ok
[INFO] [stdout] test compatibility_tests::u2048_tests::test_mul_overflow_triggers_cross_cancel ... ok
[INFO] [stdout] test compatibility_tests::u2048_tests::test_large_number_addition ... ok
[INFO] [stdout] test compatibility_tests::u2048_tests::test_mul_large_with_small ... ok
[INFO] [stdout] test compatibility_tests::u2048_tests::test_mul_chain_unreduced ... ok
[INFO] [stdout] test compatibility_tests::u2048_tests::test_gcd_properties ... ok
[INFO] [stdout] test compatibility_tests::u2048_tests::test_mul_reduced_returns_reduced ... ok
[INFO] [stdout] test compatibility_tests::u2048_tests::test_mul_returns_unreduced ... ok
[INFO] [stdout] test compatibility_tests::u2048_tests::test_mul_reduced_small_values ... ok
[INFO] [stdout] test compatibility_tests::u2048_tests::test_mul_wide_fast_path ... ok
[INFO] [stdout] test compatibility_tests::u2048_tests::test_mul_with_coprime_values ... ok
[INFO] [stdout] test compatibility_tests::u2048_tests::test_multiplication_extreme_sizes ... ok
[INFO] [stdout] test compatibility_tests::u2048_tests::test_multiply_chain_normalizes_correctly ... ok
[INFO] [stdout] test compatibility_tests::u2048_tests::test_multiplication_many_iterations ... ok
[INFO] [stdout] test compatibility_tests::u2048_tests::test_multiply_very_large_normalized_fractions ... ok
[INFO] [stdout] test compatibility_tests::u2048_tests::test_near_max_values ... ok
[INFO] [stdout] test compatibility_tests::u2048_tests::test_normalize_already_reduced ... ok
[INFO] [stdout] test compatibility_tests::u2048_tests::test_normalize_power_of_2_optimization ... ok
[INFO] [stdout] test compatibility_tests::u2048_tests::test_ordering_comprehensive ... ok
[INFO] [stdout] test compatibility_tests::u2048_tests::test_overflow_to_wide_path ... ok
[INFO] [stdout] test compatibility_tests::u2048_tests::test_reciprocal_compatibility ... ok
[INFO] [stdout] test compatibility_tests::u2048_tests::test_negation_compatibility ... ok
[INFO] [stdout] test compatibility_tests::u2048_tests::test_reciprocal_of_zero - should panic ... ok
[INFO] [stdout] test compatibility_tests::u2048_tests::test_reduction ... ok
[INFO] [stdout] test compatibility_tests::u2048_tests::test_regression_mul_reduced_should_reduce ... ok
[INFO] [stdout] test compatibility_tests::u2048_tests::test_regression_mul_should_not_reduce ... ok
[INFO] [stdout] test compatibility_tests::u2048_tests::test_multiplication_with_reduction_verification ... ok
[INFO] [stdout] test compatibility_tests::u2048_tests::test_repeated_operations ... ok
[INFO] [stdout] test compatibility_tests::u2048_tests::test_multiply_sequence_with_verification ... ok
[INFO] [stdout] test compatibility_tests::u2048_tests::test_multiply_by_reciprocal ... ok
[INFO] [stdout] test compatibility_tests::u2048_tests::test_needs_reduction_threshold ... ok
[INFO] [stdout] test compatibility_tests::u2048_tests::test_multiplication_compatibility ... ok
[INFO] [stdout] test compatibility_tests::u2048_tests::test_sign_in_operations ... ok
[INFO] [stdout] test compatibility_tests::u2048_tests::test_sign_checks ... ok
[INFO] [stdout] test compatibility_tests::u2048_tests::test_signed_addition ... ok
[INFO] [stdout] test compatibility_tests::u2048_tests::test_reduction_idempotence ... ok
[INFO] [stdout] test compatibility_tests::u2048_tests::test_subtraction_compatibility ... ok
[INFO] [stdout] test compatibility_tests::u2048_tests::test_taylor_series_realistic ... ok
[INFO] [stdout] test compatibility_tests::u2048_tests::test_unreduced_equality ... ok
[INFO] [stdout] test compatibility_tests::u2048_tests::test_zero_edge_cases ... ok
[INFO] [stdout] test compatibility_tests::u256_tests::test_add_returns_unreduced_diff_denom ... ok
[INFO] [stdout] test compatibility_tests::u256_tests::test_add_returns_unreduced_same_denom ... ok
[INFO] [stdout] test compatibility_tests::u2048_tests::test_signed_large_numbers ... ok
[INFO] [stdout] test compatibility_tests::u256_tests::test_add_zero ... ok
[INFO] [stdout] test compatibility_tests::u256_tests::test_addition_compatibility ... ok
[INFO] [stdout] test compatibility_tests::u2048_tests::test_unreduced_addition_correctness ... ok
[INFO] [stdout] test compatibility_tests::u2048_tests::test_taylor_series_accumulation ... ok
[INFO] [stdout] test compatibility_tests::u2048_tests::test_unreduced_comparison ... ok
[INFO] [stdout] test compatibility_tests::u256_tests::test_add_overflow_triggers_wide ... ok
[INFO] [stdout] test compatibility_tests::u256_tests::test_addition_with_large_lcm ... ok
[INFO] [stdout] test compatibility_tests::u2048_tests::test_very_large_multiplication ... ok
[INFO] [stdout] test compatibility_tests::u256_tests::test_commutativity ... ok
[INFO] [stdout] test compatibility_tests::u256_tests::test_comparison_transitivity ... ok
[INFO] [stdout] test compatibility_tests::u256_tests::test_comparison_with_large_numbers ... ok
[INFO] [stdout] test compatibility_tests::u256_tests::test_associativity ... ok
[INFO] [stdout] test compatibility_tests::u256_tests::test_comparison_compatibility ... ok
[INFO] [stdout] test compatibility_tests::u256_tests::test_deferred_reduction ... ok
[INFO] [stdout] test compatibility_tests::u256_tests::test_distributivity ... ok
[INFO] [stdout] test compatibility_tests::u256_tests::test_division_compatibility ... ok
[INFO] [stdout] test compatibility_tests::u256_tests::test_divide_by_zero - should panic ... ok
[INFO] [stdout] test compatibility_tests::u256_tests::test_complex_operations ... ok
[INFO] [stdout] test compatibility_tests::u256_tests::test_double_negation ... ok
[INFO] [stdout] test compatibility_tests::u256_tests::test_division_by_large_uint ... ok
[INFO] [stdout] test compatibility_tests::u256_tests::test_from_float_then_mul ... ok
[INFO] [stdout] test compatibility_tests::u256_tests::test_from_float_edge_cases_comprehensive ... ok
[INFO] [stdout] test compatibility_tests::u256_tests::test_add_same_denominator ... ok
[INFO] [stdout] test compatibility_tests::u256_tests::test_equality_compatibility ... ok
[INFO] [stdout] test compatibility_tests::u256_tests::test_gcd_powers_of_two ... ok
[INFO] [stdout] test compatibility_tests::u256_tests::test_fibonacci_like_gcd ... ok
[INFO] [stdout] test compatibility_tests::u256_tests::test_cross_cancellation_effectiveness ... ok
[INFO] [stdout] test compatibility_tests::u256_tests::test_gcd_properties ... ok
[INFO] [stdout] test compatibility_tests::u256_tests::test_gcd_correctness ... ok
[INFO] [stdout] test compatibility_tests::u256_tests::test_gcd_with_large_bit_differences ... ok
[INFO] [stdout] test compatibility_tests::u256_tests::test_gcd_near_equal_values ... ok
[INFO] [stdout] test compatibility_tests::u256_tests::test_gcd_consecutive_numbers ... ok
[INFO] [stdout] test compatibility_tests::u256_tests::test_gcd_with_common_factors ... ok
[INFO] [stdout] test compatibility_tests::u256_tests::test_gcd_with_zero_and_nonzero ... ok
[INFO] [stdout] test compatibility_tests::u256_tests::test_is_integer_compatibility ... ok
[INFO] [stdout] test compatibility_tests::u256_tests::test_large_multiply_needs_wide_reduction ... ok
[INFO] [stdout] test compatibility_tests::u256_tests::test_large_number_addition ... ok
[INFO] [stdout] test compatibility_tests::u256_tests::test_mul_by_zero ... ok
[INFO] [stdout] test compatibility_tests::u256_tests::test_mul_large_with_small ... ok
[INFO] [stdout] test compatibility_tests::u256_tests::test_mul_reduced_power_of_2 ... ok
[INFO] [stdout] test compatibility_tests::u256_tests::test_mul_reduced_returns_reduced ... ok
[INFO] [stdout] test compatibility_tests::u256_tests::test_mul_reduced_small_values ... ok
[INFO] [stdout] test compatibility_tests::u256_tests::test_mul_returns_unreduced ... ok
[INFO] [stdout] test compatibility_tests::u256_tests::test_mul_wide_fast_path ... ok
[INFO] [stdout] test compatibility_tests::u256_tests::test_mul_with_coprime_values ... ok
[INFO] [stdout] test compatibility_tests::u256_tests::test_multiplication_compatibility ... ok
[INFO] [stdout] test compatibility_tests::u256_tests::test_multiplication_extreme_sizes ... ok
[INFO] [stdout] test compatibility_tests::u256_tests::test_multiplication_many_iterations ... ok
[INFO] [stdout] test compatibility_tests::u256_tests::test_mul_overflow_triggers_cross_cancel ... ok
[INFO] [stdout] test compatibility_tests::u256_tests::test_mul_reduced_large_coprime ... ok
[INFO] [stdout] test compatibility_tests::u256_tests::test_multiplication_with_reduction_verification ... ok
[INFO] [stdout] test compatibility_tests::u256_tests::test_multiply_sequence_with_verification ... ok
[INFO] [stdout] test compatibility_tests::u256_tests::test_multiply_very_large_normalized_fractions ... ok
[INFO] [stdout] test compatibility_tests::u256_tests::test_near_max_values ... ok
[INFO] [stdout] test compatibility_tests::u256_tests::test_needs_reduction_threshold ... ok
[INFO] [stdout] test compatibility_tests::u256_tests::test_negation_compatibility ... ok
[INFO] [stdout] test compatibility_tests::u256_tests::test_normalize_already_reduced ... ok
[INFO] [stdout] test compatibility_tests::u256_tests::test_normalize_power_of_2_optimization ... ok
[INFO] [stdout] test compatibility_tests::u256_tests::test_ordering_comprehensive ... ok
[INFO] [stdout] test compatibility_tests::u256_tests::test_multiply_by_reciprocal ... ok
[INFO] [stdout] test compatibility_tests::u256_tests::test_multiply_chain_normalizes_correctly ... ok
[INFO] [stdout] test compatibility_tests::u256_tests::test_overflow_to_wide_path ... ok
[INFO] [stdout] test compatibility_tests::u256_tests::test_reduction ... ok
[INFO] [stdout] test compatibility_tests::u256_tests::test_reduction_idempotence ... ok
[INFO] [stdout] test compatibility_tests::u256_tests::test_regression_mul_reduced_should_reduce ... ok
[INFO] [stdout] test compatibility_tests::u256_tests::test_regression_mul_should_not_reduce ... ok
[INFO] [stdout] test compatibility_tests::u256_tests::test_repeated_operations ... ok
[INFO] [stdout] test compatibility_tests::u256_tests::test_sign_checks ... ok
[INFO] [stdout] test compatibility_tests::u256_tests::test_sign_in_operations ... ok
[INFO] [stdout] test compatibility_tests::u256_tests::test_reciprocal_compatibility ... ok
[INFO] [stdout] test compatibility_tests::u256_tests::test_signed_addition ... ok
[INFO] [stdout] test compatibility_tests::u256_tests::test_signed_large_numbers ... ok
[INFO] [stdout] test compatibility_tests::u256_tests::test_reciprocal_of_zero - should panic ... ok
[INFO] [stdout] test compatibility_tests::u256_tests::test_subtraction_compatibility ... ok
[INFO] [stdout] test compatibility_tests::u256_tests::test_identity_elements ... ok
[INFO] [stdout] test compatibility_tests::u256_tests::test_mul_by_one ... ok
[INFO] [stdout] test compatibility_tests::u256_tests::test_inverse_elements ... ok
[INFO] [stdout] test compatibility_tests::u256_tests::test_taylor_series_accumulation ... ok
[INFO] [stdout] test compatibility_tests::u256_tests::test_unreduced_comparison ... ok
[INFO] [stdout] test compatibility_tests::u256_tests::test_taylor_series_realistic ... ok
[INFO] [stdout] test compatibility_tests::u256_tests::test_unreduced_addition_correctness ... ok
[INFO] [stdout] test compatibility_tests::u256_tests::test_mul_chain_unreduced ... ok
[INFO] [stdout] test compatibility_tests::u256_tests::test_unreduced_equality ... ok
[INFO] [stdout] test compatibility_tests::u3072_tests::test_add_returns_unreduced_same_denom ... ok
[INFO] [stdout] test compatibility_tests::u256_tests::test_very_large_multiplication ... ok
[INFO] [stdout] test compatibility_tests::u3072_tests::test_add_zero ... ok
[INFO] [stdout] test compatibility_tests::u3072_tests::test_addition_compatibility ... ok
[INFO] [stdout] test compatibility_tests::u256_tests::test_zero_edge_cases ... ok
[INFO] [stdout] test compatibility_tests::u3072_tests::test_addition_with_large_lcm ... ok
[INFO] [stdout] test compatibility_tests::u3072_tests::test_add_overflow_triggers_wide ... ok
[INFO] [stdout] test compatibility_tests::u3072_tests::test_add_returns_unreduced_diff_denom ... ok
[INFO] [stdout] test compatibility_tests::u3072_tests::test_comparison_compatibility ... ok
[INFO] [stdout] test compatibility_tests::u3072_tests::test_add_same_denominator ... ok
[INFO] [stdout] test compatibility_tests::u3072_tests::test_comparison_with_large_numbers ... ok
[INFO] [stdout] test compatibility_tests::u16384_tests::test_taylor_series_realistic ... ok
[INFO] [stdout] test compatibility_tests::u3072_tests::test_comparison_transitivity ... ok
[INFO] [stdout] test compatibility_tests::u3072_tests::test_deferred_reduction ... ok
[INFO] [stdout] test compatibility_tests::u3072_tests::test_complex_operations ... ok
[INFO] [stdout] test compatibility_tests::u3072_tests::test_division_compatibility ... ok
[INFO] [stdout] test compatibility_tests::u3072_tests::test_associativity ... ok
[INFO] [stdout] test compatibility_tests::u3072_tests::test_divide_by_zero - should panic ... ok
[INFO] [stdout] test compatibility_tests::u3072_tests::test_division_by_large_uint ... ok
[INFO] [stdout] test compatibility_tests::u3072_tests::test_distributivity ... ok
[INFO] [stdout] test compatibility_tests::u3072_tests::test_commutativity ... ok
[INFO] [stdout] test compatibility_tests::u3072_tests::test_double_negation ... ok
[INFO] [stdout] test compatibility_tests::u3072_tests::test_equality_compatibility ... ok
[INFO] [stdout] test compatibility_tests::u3072_tests::test_fibonacci_like_gcd ... ok
[INFO] [stdout] test compatibility_tests::u3072_tests::test_gcd_correctness ... ok
[INFO] [stdout] test compatibility_tests::u3072_tests::test_gcd_powers_of_two ... ok
[INFO] [stdout] test compatibility_tests::u3072_tests::test_gcd_consecutive_numbers ... ok
[INFO] [stdout] test compatibility_tests::u3072_tests::test_cross_cancellation_effectiveness ... ok
[INFO] [stdout] test compatibility_tests::u3072_tests::test_identity_elements ... ok
[INFO] [stdout] test compatibility_tests::u3072_tests::test_from_float_edge_cases_comprehensive ... ok
[INFO] [stdout] test compatibility_tests::u3072_tests::test_from_float_then_mul ... ok
[INFO] [stdout] test compatibility_tests::u3072_tests::test_gcd_with_large_bit_differences ... ok
[INFO] [stdout] test compatibility_tests::u3072_tests::test_gcd_near_equal_values ... ok
[INFO] [stdout] test compatibility_tests::u3072_tests::test_gcd_with_common_factors ... ok
[INFO] [stdout] test compatibility_tests::u3072_tests::test_mul_by_one ... ok
[INFO] [stdout] test compatibility_tests::u3072_tests::test_large_multiply_needs_wide_reduction ... ok
[INFO] [stdout] test compatibility_tests::u3072_tests::test_is_integer_compatibility ... ok
[INFO] [stdout] test compatibility_tests::u3072_tests::test_inverse_elements ... ok
[INFO] [stdout] test compatibility_tests::u3072_tests::test_mul_by_zero ... ok
[INFO] [stdout] test compatibility_tests::u3072_tests::test_large_number_addition ... ok
[INFO] [stdout] test compatibility_tests::u3072_tests::test_gcd_with_zero_and_nonzero ... ok
[INFO] [stdout] test compatibility_tests::u3072_tests::test_mul_overflow_triggers_cross_cancel ... ok
[INFO] [stdout] test compatibility_tests::u3072_tests::test_mul_reduced_small_values ... ok
[INFO] [stdout] test compatibility_tests::u3072_tests::test_mul_returns_unreduced ... ok
[INFO] [stdout] test compatibility_tests::u3072_tests::test_mul_reduced_returns_reduced ... ok
[INFO] [stdout] test compatibility_tests::u3072_tests::test_mul_wide_fast_path ... ok
[INFO] [stdout] test compatibility_tests::u3072_tests::test_mul_with_coprime_values ... ok
[INFO] [stdout] test compatibility_tests::u3072_tests::test_mul_chain_unreduced ... ok
[INFO] [stdout] test compatibility_tests::u3072_tests::test_mul_reduced_power_of_2 ... ok
[INFO] [stdout] test compatibility_tests::u3072_tests::test_multiplication_extreme_sizes ... ok
[INFO] [stdout] test compatibility_tests::u3072_tests::test_multiplication_many_iterations ... ok
[INFO] [stdout] test compatibility_tests::u3072_tests::test_multiply_chain_normalizes_correctly ... ok
[INFO] [stdout] test compatibility_tests::u3072_tests::test_multiply_very_large_normalized_fractions ... ok
[INFO] [stdout] test compatibility_tests::u3072_tests::test_near_max_values ... ok
[INFO] [stdout] test compatibility_tests::u3072_tests::test_mul_large_with_small ... ok
[INFO] [stdout] test compatibility_tests::u3072_tests::test_mul_reduced_large_coprime ... ok
[INFO] [stdout] test compatibility_tests::u3072_tests::test_needs_reduction_threshold ... ok
[INFO] [stdout] test compatibility_tests::u3072_tests::test_multiplication_with_reduction_verification ... ok
[INFO] [stdout] test compatibility_tests::u3072_tests::test_ordering_comprehensive ... ok
[INFO] [stdout] test compatibility_tests::u3072_tests::test_multiply_by_reciprocal ... ok
[INFO] [stdout] test compatibility_tests::u3072_tests::test_multiply_sequence_with_verification ... ok
[INFO] [stdout] test compatibility_tests::u3072_tests::test_reciprocal_compatibility ... ok
[INFO] [stdout] test compatibility_tests::u3072_tests::test_reduction ... ok
[INFO] [stdout] test compatibility_tests::u3072_tests::test_overflow_to_wide_path ... ok
[INFO] [stdout] test compatibility_tests::u3072_tests::test_reduction_idempotence ... ok
[INFO] [stdout] test compatibility_tests::u3072_tests::test_reciprocal_of_zero - should panic ... ok
[INFO] [stdout] test compatibility_tests::u3072_tests::test_regression_mul_reduced_should_reduce ... ok
[INFO] [stdout] test compatibility_tests::u3072_tests::test_negation_compatibility ... ok
[INFO] [stdout] test compatibility_tests::u3072_tests::test_sign_checks ... ok
[INFO] [stdout] test compatibility_tests::u3072_tests::test_normalize_power_of_2_optimization ... ok
[INFO] [stdout] test compatibility_tests::u3072_tests::test_regression_mul_should_not_reduce ... ok
[INFO] [stdout] test compatibility_tests::u3072_tests::test_repeated_operations ... ok
[INFO] [stdout] test compatibility_tests::u3072_tests::test_normalize_already_reduced ... ok
[INFO] [stdout] test compatibility_tests::u3072_tests::test_subtraction_compatibility ... ok
[INFO] [stdout] test compatibility_tests::u3072_tests::test_signed_addition ... ok
[INFO] [stdout] test compatibility_tests::u3072_tests::test_unreduced_comparison ... ok
[INFO] [stdout] test compatibility_tests::u3072_tests::test_taylor_series_realistic ... ok
[INFO] [stdout] test compatibility_tests::u3072_tests::test_very_large_multiplication ... ok
[INFO] [stdout] test compatibility_tests::u3072_tests::test_unreduced_equality ... ok
[INFO] [stdout] test compatibility_tests::u3072_tests::test_zero_edge_cases ... ok
[INFO] [stdout] test compatibility_tests::u320_tests::test_add_overflow_triggers_wide ... ok
[INFO] [stdout] test compatibility_tests::u320_tests::test_add_returns_unreduced_diff_denom ... ok
[INFO] [stdout] test compatibility_tests::u3072_tests::test_signed_large_numbers ... ok
[INFO] [stdout] test compatibility_tests::u320_tests::test_add_returns_unreduced_same_denom ... ok
[INFO] [stdout] test compatibility_tests::u320_tests::test_add_same_denominator ... ok
[INFO] [stdout] test compatibility_tests::u3072_tests::test_taylor_series_accumulation ... ok
[INFO] [stdout] test compatibility_tests::u320_tests::test_add_zero ... ok
[INFO] [stdout] test compatibility_tests::u320_tests::test_addition_compatibility ... ok
[INFO] [stdout] test compatibility_tests::u3072_tests::test_multiplication_compatibility ... ok
[INFO] [stdout] test compatibility_tests::u16384_tests::test_multiply_by_reciprocal ... ok
[INFO] [stdout] test compatibility_tests::u3072_tests::test_unreduced_addition_correctness ... ok
[INFO] [stdout] test compatibility_tests::u3072_tests::test_gcd_properties ... ok
[INFO] [stdout] test compatibility_tests::u320_tests::test_associativity ... ok
[INFO] [stdout] test compatibility_tests::u320_tests::test_comparison_compatibility ... ok
[INFO] [stdout] test compatibility_tests::u320_tests::test_comparison_with_large_numbers ... ok
[INFO] [stdout] test compatibility_tests::u320_tests::test_distributivity ... ok
[INFO] [stdout] test compatibility_tests::u320_tests::test_divide_by_zero - should panic ... ok
[INFO] [stdout] test compatibility_tests::u320_tests::test_division_by_large_uint ... ok
[INFO] [stdout] test compatibility_tests::u320_tests::test_division_compatibility ... ok
[INFO] [stdout] test compatibility_tests::u320_tests::test_double_negation ... ok
[INFO] [stdout] test compatibility_tests::u16384_tests::test_commutativity ... ok
[INFO] [stdout] test compatibility_tests::u320_tests::test_deferred_reduction ... ok
[INFO] [stdout] test compatibility_tests::u320_tests::test_complex_operations ... ok
[INFO] [stdout] test compatibility_tests::u320_tests::test_equality_compatibility ... ok
[INFO] [stdout] test compatibility_tests::u320_tests::test_from_float_edge_cases_comprehensive ... ok
[INFO] [stdout] test compatibility_tests::u320_tests::test_fibonacci_like_gcd ... ok
[INFO] [stdout] test compatibility_tests::u320_tests::test_gcd_correctness ... ok
[INFO] [stdout] test compatibility_tests::u320_tests::test_from_float_then_mul ... ok
[INFO] [stdout] test compatibility_tests::u320_tests::test_gcd_powers_of_two ... ok
[INFO] [stdout] test compatibility_tests::u320_tests::test_gcd_properties ... ok
[INFO] [stdout] test compatibility_tests::u320_tests::test_gcd_with_large_bit_differences ... ok
[INFO] [stdout] test compatibility_tests::u320_tests::test_gcd_with_zero_and_nonzero ... ok
[INFO] [stdout] test compatibility_tests::u320_tests::test_addition_with_large_lcm ... ok
[INFO] [stdout] test compatibility_tests::u320_tests::test_commutativity ... ok
[INFO] [stdout] test compatibility_tests::u320_tests::test_comparison_transitivity ... ok
[INFO] [stdout] test compatibility_tests::u320_tests::test_cross_cancellation_effectiveness ... ok
[INFO] [stdout] test compatibility_tests::u3072_tests::test_sign_in_operations ... ok
[INFO] [stdout] test compatibility_tests::u320_tests::test_gcd_consecutive_numbers ... ok
[INFO] [stdout] test compatibility_tests::u320_tests::test_gcd_near_equal_values ... ok
[INFO] [stdout] test compatibility_tests::u320_tests::test_mul_by_zero ... ok
[INFO] [stdout] test compatibility_tests::u320_tests::test_mul_chain_unreduced ... ok
[INFO] [stdout] test compatibility_tests::u320_tests::test_mul_large_with_small ... ok
[INFO] [stdout] test compatibility_tests::u320_tests::test_mul_reduced_large_coprime ... ok
[INFO] [stdout] test compatibility_tests::u320_tests::test_is_integer_compatibility ... ok
[INFO] [stdout] test compatibility_tests::u320_tests::test_mul_reduced_power_of_2 ... ok
[INFO] [stdout] test compatibility_tests::u320_tests::test_large_number_addition ... ok
[INFO] [stdout] test compatibility_tests::u320_tests::test_large_multiply_needs_wide_reduction ... ok
[INFO] [stdout] test compatibility_tests::u320_tests::test_mul_by_one ... ok
[INFO] [stdout] test compatibility_tests::u320_tests::test_mul_overflow_triggers_cross_cancel ... ok
[INFO] [stdout] test compatibility_tests::u320_tests::test_mul_reduced_returns_reduced ... ok
[INFO] [stdout] test compatibility_tests::u320_tests::test_mul_reduced_small_values ... ok
[INFO] [stdout] test compatibility_tests::u320_tests::test_mul_with_coprime_values ... ok
[INFO] [stdout] test compatibility_tests::u320_tests::test_multiplication_compatibility ... ok
[INFO] [stdout] test compatibility_tests::u320_tests::test_mul_wide_fast_path ... ok
[INFO] [stdout] test compatibility_tests::u320_tests::test_multiply_chain_normalizes_correctly ... ok
[INFO] [stdout] test compatibility_tests::u320_tests::test_gcd_with_common_factors ... ok
[INFO] [stdout] test compatibility_tests::u320_tests::test_near_max_values ... ok
[INFO] [stdout] test compatibility_tests::u320_tests::test_needs_reduction_threshold ... ok
[INFO] [stdout] test compatibility_tests::u320_tests::test_negation_compatibility ... ok
[INFO] [stdout] test compatibility_tests::u16384_tests::test_multiply_chain_normalizes_correctly ... ok
[INFO] [stdout] test compatibility_tests::u320_tests::test_multiplication_extreme_sizes ... ok
[INFO] [stdout] test compatibility_tests::u320_tests::test_normalize_already_reduced ... ok
[INFO] [stdout] test compatibility_tests::u320_tests::test_multiplication_with_reduction_verification ... ok
[INFO] [stdout] test compatibility_tests::u320_tests::test_multiply_by_reciprocal ... ok
[INFO] [stdout] test compatibility_tests::u320_tests::test_multiply_sequence_with_verification ... ok
[INFO] [stdout] test compatibility_tests::u320_tests::test_multiplication_many_iterations ... ok
[INFO] [stdout] test compatibility_tests::u320_tests::test_normalize_power_of_2_optimization ... ok
[INFO] [stdout] test compatibility_tests::u320_tests::test_ordering_comprehensive ... ok
[INFO] [stdout] test compatibility_tests::u320_tests::test_multiply_very_large_normalized_fractions ... ok
[INFO] [stdout] test compatibility_tests::u320_tests::test_overflow_to_wide_path ... ok
[INFO] [stdout] test compatibility_tests::u320_tests::test_regression_mul_reduced_should_reduce ... ok
[INFO] [stdout] test compatibility_tests::u320_tests::test_regression_mul_should_not_reduce ... ok
[INFO] [stdout] test compatibility_tests::u320_tests::test_repeated_operations ... ok
[INFO] [stdout] test compatibility_tests::u320_tests::test_sign_in_operations ... ok
[INFO] [stdout] test compatibility_tests::u320_tests::test_signed_addition ... ok
[INFO] [stdout] test compatibility_tests::u320_tests::test_signed_large_numbers ... ok
[INFO] [stdout] test compatibility_tests::u320_tests::test_subtraction_compatibility ... ok
[INFO] [stdout] test compatibility_tests::u320_tests::test_taylor_series_accumulation ... ok
[INFO] [stdout] test compatibility_tests::u320_tests::test_reciprocal_compatibility ... ok
[INFO] [stdout] test compatibility_tests::u320_tests::test_reciprocal_of_zero - should panic ... ok
[INFO] [stdout] test compatibility_tests::u320_tests::test_unreduced_comparison ... ok
[INFO] [stdout] test compatibility_tests::u320_tests::test_unreduced_addition_correctness ... ok
[INFO] [stdout] test compatibility_tests::u320_tests::test_zero_edge_cases ... ok
[INFO] [stdout] test compatibility_tests::u3584_tests::test_add_returns_unreduced_diff_denom ... ok
[INFO] [stdout] test compatibility_tests::u3584_tests::test_add_returns_unreduced_same_denom ... ok
[INFO] [stdout] test compatibility_tests::u3584_tests::test_add_overflow_triggers_wide ... ok
[INFO] [stdout] test compatibility_tests::u320_tests::test_very_large_multiplication ... ok
[INFO] [stdout] test compatibility_tests::u320_tests::test_reduction ... ok
[INFO] [stdout] test compatibility_tests::u320_tests::test_sign_checks ... ok
[INFO] [stdout] test compatibility_tests::u3584_tests::test_add_zero ... ok
[INFO] [stdout] test compatibility_tests::u3584_tests::test_addition_with_large_lcm ... ok
[INFO] [stdout] test compatibility_tests::u320_tests::test_identity_elements ... ok
[INFO] [stdout] test compatibility_tests::u3584_tests::test_addition_compatibility ... ok
[INFO] [stdout] test compatibility_tests::u3584_tests::test_add_same_denominator ... ok
[INFO] [stdout] test compatibility_tests::u320_tests::test_inverse_elements ... ok
[INFO] [stdout] test compatibility_tests::u320_tests::test_mul_returns_unreduced ... ok
[INFO] [stdout] test compatibility_tests::u3584_tests::test_comparison_compatibility ... ok
[INFO] [stdout] test compatibility_tests::u3584_tests::test_comparison_transitivity ... ok
[INFO] [stdout] test compatibility_tests::u3584_tests::test_comparison_with_large_numbers ... ok
[INFO] [stdout] test compatibility_tests::u320_tests::test_reduction_idempotence ... ok
[INFO] [stdout] test compatibility_tests::u3584_tests::test_deferred_reduction ... ok
[INFO] [stdout] test compatibility_tests::u3584_tests::test_complex_operations ... ok
[INFO] [stdout] test compatibility_tests::u3584_tests::test_divide_by_zero - should panic ... ok
[INFO] [stdout] test compatibility_tests::u3584_tests::test_division_by_large_uint ... ok
[INFO] [stdout] test compatibility_tests::u3584_tests::test_division_compatibility ... ok
[INFO] [stdout] test compatibility_tests::u3584_tests::test_double_negation ... ok
[INFO] [stdout] test compatibility_tests::u3584_tests::test_cross_cancellation_effectiveness ... ok
[INFO] [stdout] test compatibility_tests::u3584_tests::test_distributivity ... ok
[INFO] [stdout] test compatibility_tests::u3584_tests::test_commutativity ... ok
[INFO] [stdout] test compatibility_tests::u320_tests::test_unreduced_equality ... ok
[INFO] [stdout] test compatibility_tests::u3584_tests::test_equality_compatibility ... ok
[INFO] [stdout] test compatibility_tests::u3584_tests::test_fibonacci_like_gcd ... ok
[INFO] [stdout] test compatibility_tests::u3584_tests::test_gcd_with_common_factors ... ok
[INFO] [stdout] test compatibility_tests::u3584_tests::test_gcd_powers_of_two ... ok
[INFO] [stdout] test compatibility_tests::u3584_tests::test_associativity ... ok
[INFO] [stdout] test compatibility_tests::u3584_tests::test_from_float_then_mul ... ok
[INFO] [stdout] test compatibility_tests::u3584_tests::test_gcd_consecutive_numbers ... ok
[INFO] [stdout] test compatibility_tests::u3584_tests::test_gcd_with_large_bit_differences ... ok
[INFO] [stdout] test compatibility_tests::u3584_tests::test_gcd_with_zero_and_nonzero ... ok
[INFO] [stdout] test compatibility_tests::u3584_tests::test_from_float_edge_cases_comprehensive ... ok
[INFO] [stdout] test compatibility_tests::u3584_tests::test_gcd_correctness ... ok
[INFO] [stdout] test compatibility_tests::u3584_tests::test_is_integer_compatibility ... ok
[INFO] [stdout] test compatibility_tests::u3584_tests::test_identity_elements ... ok
[INFO] [stdout] test compatibility_tests::u3584_tests::test_inverse_elements ... ok
[INFO] [stdout] test compatibility_tests::u320_tests::test_taylor_series_realistic ... ok
[INFO] [stdout] test compatibility_tests::u3584_tests::test_mul_overflow_triggers_cross_cancel ... ok
[INFO] [stdout] test compatibility_tests::u3584_tests::test_mul_chain_unreduced ... ok
[INFO] [stdout] test compatibility_tests::u3584_tests::test_mul_reduced_large_coprime ... ok
[INFO] [stdout] test compatibility_tests::u3584_tests::test_mul_by_one ... ok
[INFO] [stdout] test compatibility_tests::u3584_tests::test_mul_large_with_small ... ok
[INFO] [stdout] test compatibility_tests::u3584_tests::test_gcd_near_equal_values ... ok
[INFO] [stdout] test compatibility_tests::u16384_tests::test_inverse_elements ... ok
[INFO] [stdout] test compatibility_tests::u3584_tests::test_large_number_addition ... ok
[INFO] [stdout] test compatibility_tests::u3584_tests::test_mul_by_zero ... ok
[INFO] [stdout] test compatibility_tests::u3584_tests::test_large_multiply_needs_wide_reduction ... ok
[INFO] [stdout] test compatibility_tests::u3584_tests::test_mul_reduced_power_of_2 ... ok
[INFO] [stdout] test compatibility_tests::u3584_tests::test_mul_wide_fast_path ... ok
[INFO] [stdout] test compatibility_tests::u3584_tests::test_mul_returns_unreduced ... ok
[INFO] [stdout] test compatibility_tests::u3584_tests::test_multiplication_many_iterations ... ok
[INFO] [stdout] test compatibility_tests::u3584_tests::test_multiply_very_large_normalized_fractions ... ok
[INFO] [stdout] test compatibility_tests::u3584_tests::test_mul_reduced_returns_reduced ... ok
[INFO] [stdout] test compatibility_tests::u3584_tests::test_mul_reduced_small_values ... ok
[INFO] [stdout] test compatibility_tests::u3584_tests::test_mul_with_coprime_values ... ok
[INFO] [stdout] test compatibility_tests::u3584_tests::test_multiply_chain_normalizes_correctly ... ok
[INFO] [stdout] test compatibility_tests::u3584_tests::test_needs_reduction_threshold ... ok
[INFO] [stdout] test compatibility_tests::u3584_tests::test_normalize_already_reduced ... ok
[INFO] [stdout] test compatibility_tests::u3584_tests::test_multiplication_extreme_sizes ... ok
[INFO] [stdout] test compatibility_tests::u3584_tests::test_multiply_sequence_with_verification ... ok
[INFO] [stdout] test compatibility_tests::u3584_tests::test_negation_compatibility ... ok
[INFO] [stdout] test compatibility_tests::u3584_tests::test_near_max_values ... ok
[INFO] [stdout] test compatibility_tests::u3584_tests::test_normalize_power_of_2_optimization ... ok
[INFO] [stdout] test compatibility_tests::u3584_tests::test_ordering_comprehensive ... ok
[INFO] [stdout] test compatibility_tests::u3584_tests::test_overflow_to_wide_path ... ok
[INFO] [stdout] test compatibility_tests::u3584_tests::test_reduction ... ok
[INFO] [stdout] test compatibility_tests::u3584_tests::test_reciprocal_compatibility ... ok
[INFO] [stdout] test compatibility_tests::u3584_tests::test_reciprocal_of_zero - should panic ... ok
[INFO] [stdout] test compatibility_tests::u3584_tests::test_reduction_idempotence ... ok
[INFO] [stdout] test compatibility_tests::u3584_tests::test_regression_mul_should_not_reduce ... ok
[INFO] [stdout] test compatibility_tests::u3584_tests::test_regression_mul_reduced_should_reduce ... ok
[INFO] [stdout] test compatibility_tests::u3584_tests::test_multiplication_compatibility ... ok
[INFO] [stdout] test compatibility_tests::u3584_tests::test_signed_addition ... ok
[INFO] [stdout] test compatibility_tests::u3584_tests::test_multiply_by_reciprocal ... ok
[INFO] [stdout] test compatibility_tests::u3584_tests::test_repeated_operations ... ok
[INFO] [stdout] test compatibility_tests::u3584_tests::test_multiplication_with_reduction_verification ... ok
[INFO] [stdout] test compatibility_tests::u3584_tests::test_unreduced_addition_correctness ... ok
[INFO] [stdout] test compatibility_tests::u3584_tests::test_signed_large_numbers ... ok
[INFO] [stdout] test compatibility_tests::u3584_tests::test_gcd_properties ... ok
[INFO] [stdout] test compatibility_tests::u3584_tests::test_subtraction_compatibility ... ok
[INFO] [stdout] test compatibility_tests::u3584_tests::test_unreduced_equality ... ok
[INFO] [stdout] test compatibility_tests::u3584_tests::test_taylor_series_accumulation ... ok
[INFO] [stdout] test compatibility_tests::u3584_tests::test_sign_checks ... ok
[INFO] [stdout] test compatibility_tests::u3584_tests::test_sign_in_operations ... ok
[INFO] [stdout] test compatibility_tests::u3584_tests::test_very_large_multiplication ... ok
[INFO] [stdout] test compatibility_tests::u3584_tests::test_zero_edge_cases ... ok
[INFO] [stdout] test compatibility_tests::u384_tests::test_add_returns_unreduced_diff_denom ... ok
[INFO] [stdout] test compatibility_tests::u384_tests::test_add_same_denominator ... ok
[INFO] [stdout] test compatibility_tests::u3584_tests::test_unreduced_comparison ... ok
[INFO] [stdout] test compatibility_tests::u384_tests::test_comparison_with_large_numbers ... ok
[INFO] [stdout] test compatibility_tests::u384_tests::test_complex_operations ... ok
[INFO] [stdout] test compatibility_tests::u384_tests::test_addition_with_large_lcm ... ok
[INFO] [stdout] test compatibility_tests::u384_tests::test_associativity ... ok
[INFO] [stdout] test compatibility_tests::u384_tests::test_cross_cancellation_effectiveness ... ok
[INFO] [stdout] test compatibility_tests::u384_tests::test_comparison_compatibility ... ok
[INFO] [stdout] test compatibility_tests::u384_tests::test_distributivity ... ok
[INFO] [stdout] test compatibility_tests::u384_tests::test_division_by_large_uint ... ok
[INFO] [stdout] test compatibility_tests::u384_tests::test_add_returns_unreduced_same_denom ... ok
[INFO] [stdout] test compatibility_tests::u384_tests::test_addition_compatibility ... ok
[INFO] [stdout] test compatibility_tests::u384_tests::test_fibonacci_like_gcd ... ok
[INFO] [stdout] test compatibility_tests::u384_tests::test_equality_compatibility ... ok
[INFO] [stdout] test compatibility_tests::u384_tests::test_from_float_edge_cases_comprehensive ... ok
[INFO] [stdout] test compatibility_tests::u3584_tests::test_taylor_series_realistic ... ok
[INFO] [stdout] test compatibility_tests::u384_tests::test_division_compatibility ... ok
[INFO] [stdout] test compatibility_tests::u384_tests::test_add_zero ... ok
[INFO] [stdout] test compatibility_tests::u384_tests::test_comparison_transitivity ... ok
[INFO] [stdout] test compatibility_tests::u384_tests::test_double_negation ... ok
[INFO] [stdout] test compatibility_tests::u384_tests::test_divide_by_zero - should panic ... ok
[INFO] [stdout] test compatibility_tests::u384_tests::test_from_float_then_mul ... ok
[INFO] [stdout] test compatibility_tests::u384_tests::test_gcd_consecutive_numbers ... ok
[INFO] [stdout] test compatibility_tests::u384_tests::test_gcd_correctness ... ok
[INFO] [stdout] test compatibility_tests::u384_tests::test_deferred_reduction ... ok
[INFO] [stdout] test compatibility_tests::u384_tests::test_add_overflow_triggers_wide ... ok
[INFO] [stdout] test compatibility_tests::u384_tests::test_commutativity ... ok
[INFO] [stdout] test compatibility_tests::u384_tests::test_gcd_near_equal_values ... ok
[INFO] [stdout] test compatibility_tests::u384_tests::test_mul_by_one ... ok
[INFO] [stdout] test compatibility_tests::u384_tests::test_identity_elements ... ok
[INFO] [stdout] test compatibility_tests::u384_tests::test_gcd_powers_of_two ... ok
[INFO] [stdout] test compatibility_tests::u384_tests::test_large_multiply_needs_wide_reduction ... ok
[INFO] [stdout] test compatibility_tests::u384_tests::test_large_number_addition ... ok
[INFO] [stdout] test compatibility_tests::u384_tests::test_gcd_properties ... ok
[INFO] [stdout] test compatibility_tests::u384_tests::test_mul_by_zero ... ok
[INFO] [stdout] test compatibility_tests::u384_tests::test_gcd_with_common_factors ... ok
[INFO] [stdout] test compatibility_tests::u384_tests::test_inverse_elements ... ok
[INFO] [stdout] test compatibility_tests::u384_tests::test_mul_reduced_small_values ... ok
[INFO] [stdout] test compatibility_tests::u384_tests::test_mul_overflow_triggers_cross_cancel ... ok
[INFO] [stdout] test compatibility_tests::u384_tests::test_mul_reduced_large_coprime ... ok
[INFO] [stdout] test compatibility_tests::u384_tests::test_mul_returns_unreduced ... ok
[INFO] [stdout] test compatibility_tests::u384_tests::test_mul_chain_unreduced ... ok
[INFO] [stdout] test compatibility_tests::u384_tests::test_mul_large_with_small ... ok
[INFO] [stdout] test compatibility_tests::u384_tests::test_mul_reduced_power_of_2 ... ok
[INFO] [stdout] test compatibility_tests::u384_tests::test_multiplication_compatibility ... ok
[INFO] [stdout] test compatibility_tests::u384_tests::test_multiplication_extreme_sizes ... ok
[INFO] [stdout] test compatibility_tests::u384_tests::test_mul_wide_fast_path ... ok
[INFO] [stdout] test compatibility_tests::u384_tests::test_mul_with_coprime_values ... ok
[INFO] [stdout] test compatibility_tests::u384_tests::test_gcd_with_zero_and_nonzero ... ok
[INFO] [stdout] test compatibility_tests::u384_tests::test_gcd_with_large_bit_differences ... ok
[INFO] [stdout] test compatibility_tests::u384_tests::test_mul_reduced_returns_reduced ... ok
[INFO] [stdout] test compatibility_tests::u384_tests::test_is_integer_compatibility ... ok
[INFO] [stdout] test compatibility_tests::u16384_tests::test_associativity ... ok
[INFO] [stdout] test compatibility_tests::u384_tests::test_multiplication_many_iterations ... ok
[INFO] [stdout] test compatibility_tests::u384_tests::test_multiply_very_large_normalized_fractions ... ok
[INFO] [stdout] test compatibility_tests::u384_tests::test_multiplication_with_reduction_verification ... ok
[INFO] [stdout] test compatibility_tests::u384_tests::test_multiply_by_reciprocal ... ok
[INFO] [stdout] test compatibility_tests::u384_tests::test_multiply_chain_normalizes_correctly ... ok
[INFO] [stdout] test compatibility_tests::u384_tests::test_multiply_sequence_with_verification ... ok
[INFO] [stdout] test compatibility_tests::u384_tests::test_overflow_to_wide_path ... ok
[INFO] [stdout] test compatibility_tests::u384_tests::test_reciprocal_compatibility ... ok
[INFO] [stdout] test compatibility_tests::u384_tests::test_regression_mul_should_not_reduce ... ok
[INFO] [stdout] test compatibility_tests::u384_tests::test_normalize_power_of_2_optimization ... ok
[INFO] [stdout] test compatibility_tests::u384_tests::test_near_max_values ... ok
[INFO] [stdout] test compatibility_tests::u384_tests::test_negation_compatibility ... ok
[INFO] [stdout] test compatibility_tests::u384_tests::test_needs_reduction_threshold ... ok
[INFO] [stdout] test compatibility_tests::u384_tests::test_normalize_already_reduced ... ok
[INFO] [stdout] test compatibility_tests::u384_tests::test_regression_mul_reduced_should_reduce ... ok
[INFO] [stdout] test compatibility_tests::u384_tests::test_ordering_comprehensive ... ok
[INFO] [stdout] test compatibility_tests::u384_tests::test_reciprocal_of_zero - should panic ... ok
[INFO] [stdout] test compatibility_tests::u384_tests::test_reduction ... ok
[INFO] [stdout] test compatibility_tests::u384_tests::test_reduction_idempotence ... ok
[INFO] [stdout] test compatibility_tests::u384_tests::test_unreduced_comparison ... ok
[INFO] [stdout] test compatibility_tests::u384_tests::test_unreduced_addition_correctness ... ok
[INFO] [stdout] test compatibility_tests::u384_tests::test_sign_in_operations ... ok
[INFO] [stdout] test compatibility_tests::u384_tests::test_sign_checks ... ok
[INFO] [stdout] test compatibility_tests::u384_tests::test_repeated_operations ... ok
[INFO] [stdout] test compatibility_tests::u384_tests::test_very_large_multiplication ... ok
[INFO] [stdout] test compatibility_tests::u384_tests::test_unreduced_equality ... ok
[INFO] [stdout] test compatibility_tests::u4096_tests::test_add_returns_unreduced_same_denom ... ok
[INFO] [stdout] test compatibility_tests::u4096_tests::test_add_zero ... ok
[INFO] [stdout] test compatibility_tests::u4096_tests::test_add_overflow_triggers_wide ... ok
[INFO] [stdout] test compatibility_tests::u384_tests::test_signed_large_numbers ... ok
[INFO] [stdout] test compatibility_tests::u384_tests::test_subtraction_compatibility ... ok
[INFO] [stdout] test compatibility_tests::u384_tests::test_taylor_series_accumulation ... ok
[INFO] [stdout] test compatibility_tests::u384_tests::test_zero_edge_cases ... ok
[INFO] [stdout] test compatibility_tests::u384_tests::test_signed_addition ... ok
[INFO] [stdout] test compatibility_tests::u384_tests::test_taylor_series_realistic ... ok
[INFO] [stdout] test compatibility_tests::u4096_tests::test_add_returns_unreduced_diff_denom ... ok
[INFO] [stdout] test compatibility_tests::u4096_tests::test_addition_compatibility ... ok
[INFO] [stdout] test compatibility_tests::u4096_tests::test_addition_with_large_lcm ... ok
[INFO] [stdout] test compatibility_tests::u4096_tests::test_add_same_denominator ... ok
[INFO] [stdout] test compatibility_tests::u4096_tests::test_comparison_with_large_numbers ... ok
[INFO] [stdout] test compatibility_tests::u4096_tests::test_deferred_reduction ... ok
[INFO] [stdout] test compatibility_tests::u4096_tests::test_comparison_transitivity ... ok
[INFO] [stdout] test compatibility_tests::u4096_tests::test_cross_cancellation_effectiveness ... ok
[INFO] [stdout] test compatibility_tests::u4096_tests::test_complex_operations ... ok
[INFO] [stdout] test compatibility_tests::u4096_tests::test_distributivity ... ok
[INFO] [stdout] test compatibility_tests::u4096_tests::test_fibonacci_like_gcd ... ok
[INFO] [stdout] test compatibility_tests::u4096_tests::test_divide_by_zero - should panic ... ok
[INFO] [stdout] test compatibility_tests::u4096_tests::test_division_by_large_uint ... ok
[INFO] [stdout] test compatibility_tests::u4096_tests::test_equality_compatibility ... ok
[INFO] [stdout] test compatibility_tests::u4096_tests::test_gcd_powers_of_two ... ok
[INFO] [stdout] test compatibility_tests::u4096_tests::test_division_compatibility ... ok
[INFO] [stdout] test compatibility_tests::u4096_tests::test_double_negation ... ok
[INFO] [stdout] test compatibility_tests::u4096_tests::test_from_float_then_mul ... ok
[INFO] [stdout] test compatibility_tests::u4096_tests::test_associativity ... ok
[INFO] [stdout] test compatibility_tests::u4096_tests::test_comparison_compatibility ... ok
[INFO] [stdout] test compatibility_tests::u4096_tests::test_gcd_with_zero_and_nonzero ... ok
[INFO] [stdout] test compatibility_tests::u4096_tests::test_gcd_near_equal_values ... ok
[INFO] [stdout] test compatibility_tests::u4096_tests::test_from_float_edge_cases_comprehensive ... ok
[INFO] [stdout] test compatibility_tests::u4096_tests::test_gcd_correctness ... ok
[INFO] [stdout] test compatibility_tests::u4096_tests::test_identity_elements ... ok
[INFO] [stdout] test compatibility_tests::u4096_tests::test_gcd_with_large_bit_differences ... ok
[INFO] [stdout] test compatibility_tests::u4096_tests::test_inverse_elements ... ok
[INFO] [stdout] test compatibility_tests::u4096_tests::test_gcd_with_common_factors ... ok
[INFO] [stdout] test compatibility_tests::u4096_tests::test_commutativity ... ok
[INFO] [stdout] test compatibility_tests::u4096_tests::test_gcd_consecutive_numbers ... ok
[INFO] [stdout] test compatibility_tests::u4096_tests::test_large_number_addition ... ok
[INFO] [stdout] test compatibility_tests::u4096_tests::test_mul_by_zero ... ok
[INFO] [stdout] test compatibility_tests::u4096_tests::test_mul_reduced_large_coprime ... ok
[INFO] [stdout] test compatibility_tests::u4096_tests::test_is_integer_compatibility ... ok
[INFO] [stdout] test compatibility_tests::u4096_tests::test_mul_reduced_power_of_2 ... ok
[INFO] [stdout] test compatibility_tests::u4096_tests::test_mul_by_one ... ok
[INFO] [stdout] test compatibility_tests::u4096_tests::test_mul_overflow_triggers_cross_cancel ... ok
[INFO] [stdout] test compatibility_tests::u4096_tests::test_large_multiply_needs_wide_reduction ... ok
[INFO] [stdout] test compatibility_tests::u4096_tests::test_mul_reduced_small_values ... ok
[INFO] [stdout] test compatibility_tests::u4096_tests::test_mul_wide_fast_path ... ok
[INFO] [stdout] test compatibility_tests::u4096_tests::test_mul_returns_unreduced ... ok
[INFO] [stdout] test compatibility_tests::u4096_tests::test_mul_with_coprime_values ... ok
[INFO] [stdout] test compatibility_tests::u4096_tests::test_mul_chain_unreduced ... ok
[INFO] [stdout] test compatibility_tests::u4096_tests::test_multiply_very_large_normalized_fractions ... ok
[INFO] [stdout] test compatibility_tests::u4096_tests::test_needs_reduction_threshold ... ok
[INFO] [stdout] test compatibility_tests::u4096_tests::test_multiplication_many_iterations ... ok
[INFO] [stdout] test compatibility_tests::u4096_tests::test_multiplication_compatibility ... ok
[INFO] [stdout] test compatibility_tests::u4096_tests::test_near_max_values ... ok
[INFO] [stdout] test compatibility_tests::u4096_tests::test_multiplication_extreme_sizes ... ok
[INFO] [stdout] test compatibility_tests::u4096_tests::test_multiplication_with_reduction_verification ... ok
[INFO] [stdout] test compatibility_tests::u4096_tests::test_gcd_properties ... ok
[INFO] [stdout] test compatibility_tests::u4096_tests::test_negation_compatibility ... ok
[INFO] [stdout] test compatibility_tests::u4096_tests::test_reciprocal_compatibility ... ok
[INFO] [stdout] test compatibility_tests::u4096_tests::test_mul_reduced_returns_reduced ... ok
[INFO] [stdout] test compatibility_tests::u4096_tests::test_normalize_already_reduced ... ok
[INFO] [stdout] test compatibility_tests::u4096_tests::test_mul_large_with_small ... ok
[INFO] [stdout] test compatibility_tests::u4096_tests::test_reduction ... ok
[INFO] [stdout] test compatibility_tests::u4096_tests::test_ordering_comprehensive ... ok
[INFO] [stdout] test compatibility_tests::u4096_tests::test_multiply_sequence_with_verification ... ok
[INFO] [stdout] test compatibility_tests::u4096_tests::test_multiply_by_reciprocal ... ok
[INFO] [stdout] test compatibility_tests::u4096_tests::test_normalize_power_of_2_optimization ... ok
[INFO] [stdout] test compatibility_tests::u4096_tests::test_reciprocal_of_zero - should panic ... ok
[INFO] [stdout] test compatibility_tests::u4096_tests::test_regression_mul_reduced_should_reduce ... ok
[INFO] [stdout] test compatibility_tests::u4096_tests::test_regression_mul_should_not_reduce ... ok
[INFO] [stdout] test compatibility_tests::u4096_tests::test_multiply_chain_normalizes_correctly ... ok
[INFO] [stdout] test compatibility_tests::u4096_tests::test_reduction_idempotence ... ok
[INFO] [stdout] test compatibility_tests::u4096_tests::test_overflow_to_wide_path ... ok
[INFO] [stdout] test compatibility_tests::u4096_tests::test_unreduced_comparison ... ok
[INFO] [stdout] test compatibility_tests::u4096_tests::test_subtraction_compatibility ... ok
[INFO] [stdout] test compatibility_tests::u4096_tests::test_signed_addition ... ok
[INFO] [stdout] test compatibility_tests::u4096_tests::test_unreduced_addition_correctness ... ok
[INFO] [stdout] test compatibility_tests::u4096_tests::test_unreduced_equality ... ok
[INFO] [stdout] test compatibility_tests::u4096_tests::test_repeated_operations ... ok
[INFO] [stdout] test compatibility_tests::u16384_tests::test_multiplication_with_reduction_verification ... ok
[INFO] [stdout] test compatibility_tests::u4096_tests::test_signed_large_numbers ... ok
[INFO] [stdout] test compatibility_tests::u4096_tests::test_taylor_series_accumulation ... ok
[INFO] [stdout] test compatibility_tests::u4096_tests::test_sign_checks ... ok
[INFO] [stdout] test compatibility_tests::u4096_tests::test_very_large_multiplication ... ok
[INFO] [stdout] test compatibility_tests::u4096_tests::test_zero_edge_cases ... ok
[INFO] [stdout] test compatibility_tests::u4224_tests::test_add_zero ... ok
[INFO] [stdout] test compatibility_tests::u4224_tests::test_add_overflow_triggers_wide ... ok
[INFO] [stdout] test compatibility_tests::u4224_tests::test_add_returns_unreduced_diff_denom ... ok
[INFO] [stdout] test compatibility_tests::u4224_tests::test_add_returns_unreduced_same_denom ... ok
[INFO] [stdout] test compatibility_tests::u4224_tests::test_comparison_transitivity ... ok
[INFO] [stdout] test compatibility_tests::u4224_tests::test_comparison_with_large_numbers ... ok
[INFO] [stdout] test compatibility_tests::u4224_tests::test_comparison_compatibility ... ok
[INFO] [stdout] test compatibility_tests::u4224_tests::test_addition_compatibility ... ok
[INFO] [stdout] test compatibility_tests::u4224_tests::test_addition_with_large_lcm ... ok
[INFO] [stdout] test compatibility_tests::u4096_tests::test_sign_in_operations ... ok
[INFO] [stdout] test compatibility_tests::u4224_tests::test_complex_operations ... ok
[INFO] [stdout] test compatibility_tests::u4224_tests::test_add_same_denominator ... ok
[INFO] [stdout] test compatibility_tests::u4224_tests::test_associativity ... ok
[INFO] [stdout] test compatibility_tests::u4224_tests::test_commutativity ... ok
[INFO] [stdout] test compatibility_tests::u4224_tests::test_deferred_reduction ... ok
[INFO] [stdout] test compatibility_tests::u4224_tests::test_double_negation ... ok
[INFO] [stdout] test compatibility_tests::u4224_tests::test_fibonacci_like_gcd ... ok
[INFO] [stdout] test compatibility_tests::u4224_tests::test_from_float_then_mul ... ok
[INFO] [stdout] test compatibility_tests::u4224_tests::test_division_compatibility ... ok
[INFO] [stdout] test compatibility_tests::u4224_tests::test_division_by_large_uint ... ok
[INFO] [stdout] test compatibility_tests::u4224_tests::test_cross_cancellation_effectiveness ... ok
[INFO] [stdout] test compatibility_tests::u4096_tests::test_taylor_series_realistic ... ok
[INFO] [stdout] test compatibility_tests::u4224_tests::test_gcd_consecutive_numbers ... ok
[INFO] [stdout] test compatibility_tests::u4224_tests::test_equality_compatibility ... ok
[INFO] [stdout] test compatibility_tests::u4224_tests::test_gcd_correctness ... ok
[INFO] [stdout] test compatibility_tests::u4224_tests::test_from_float_edge_cases_comprehensive ... ok
[INFO] [stdout] test compatibility_tests::u4224_tests::test_mul_by_one ... ok
[INFO] [stdout] test compatibility_tests::u4224_tests::test_identity_elements ... ok
[INFO] [stdout] test compatibility_tests::u4224_tests::test_is_integer_compatibility ... ok
[INFO] [stdout] test compatibility_tests::u4224_tests::test_gcd_near_equal_values ... ok
[INFO] [stdout] test compatibility_tests::u4224_tests::test_gcd_powers_of_two ... ok
[INFO] [stdout] test compatibility_tests::u4224_tests::test_gcd_with_common_factors ... ok
[INFO] [stdout] test compatibility_tests::u4224_tests::test_large_number_addition ... ok
[INFO] [stdout] test compatibility_tests::u4224_tests::test_large_multiply_needs_wide_reduction ... ok
[INFO] [stdout] test compatibility_tests::u4224_tests::test_gcd_with_zero_and_nonzero ... ok
[INFO] [stdout] test compatibility_tests::u4224_tests::test_mul_overflow_triggers_cross_cancel ... ok
[INFO] [stdout] test compatibility_tests::u4224_tests::test_mul_reduced_large_coprime ... ok
[INFO] [stdout] test compatibility_tests::u4224_tests::test_gcd_with_large_bit_differences ... ok
[INFO] [stdout] test compatibility_tests::u4224_tests::test_mul_by_zero ... ok
[INFO] [stdout] test compatibility_tests::u4224_tests::test_divide_by_zero - should panic ... ok
[INFO] [stdout] test compatibility_tests::u4224_tests::test_mul_reduced_power_of_2 ... ok
[INFO] [stdout] test compatibility_tests::u4224_tests::test_mul_reduced_returns_reduced ... ok
[INFO] [stdout] test compatibility_tests::u4224_tests::test_mul_reduced_small_values ... ok
[INFO] [stdout] test compatibility_tests::u4224_tests::test_mul_chain_unreduced ... ok
[INFO] [stdout] test compatibility_tests::u4224_tests::test_mul_returns_unreduced ... ok
[INFO] [stdout] test compatibility_tests::u4224_tests::test_mul_wide_fast_path ... ok
[INFO] [stdout] test compatibility_tests::u4224_tests::test_mul_with_coprime_values ... ok
[INFO] [stdout] test compatibility_tests::u4224_tests::test_distributivity ... ok
[INFO] [stdout] test compatibility_tests::u4224_tests::test_mul_large_with_small ... ok
[INFO] [stdout] test compatibility_tests::u4224_tests::test_multiplication_extreme_sizes ... ok
[INFO] [stdout] test compatibility_tests::u4224_tests::test_negation_compatibility ... ok
[INFO] [stdout] test compatibility_tests::u4224_tests::test_multiplication_many_iterations ... ok
[INFO] [stdout] test compatibility_tests::u4224_tests::test_needs_reduction_threshold ... ok
[INFO] [stdout] test compatibility_tests::u4224_tests::test_multiply_very_large_normalized_fractions ... ok
[INFO] [stdout] test compatibility_tests::u4224_tests::test_reciprocal_compatibility ... ok
[INFO] [stdout] test compatibility_tests::u4224_tests::test_reciprocal_of_zero - should panic ... ok
[INFO] [stdout] test compatibility_tests::u4224_tests::test_normalize_power_of_2_optimization ... ok
[INFO] [stdout] test compatibility_tests::u4224_tests::test_ordering_comprehensive ... ok
[INFO] [stdout] test compatibility_tests::u4224_tests::test_overflow_to_wide_path ... ok
[INFO] [stdout] test compatibility_tests::u4224_tests::test_near_max_values ... ok
[INFO] [stdout] test compatibility_tests::u4224_tests::test_normalize_already_reduced ... ok
[INFO] [stdout] test compatibility_tests::u4224_tests::test_multiply_sequence_with_verification ... ok
[INFO] [stdout] test compatibility_tests::u4224_tests::test_multiply_chain_normalizes_correctly ... ok
[INFO] [stdout] test compatibility_tests::u4224_tests::test_reduction_idempotence ... ok
[INFO] [stdout] test compatibility_tests::u4224_tests::test_regression_mul_reduced_should_reduce ... ok
[INFO] [stdout] test compatibility_tests::u4224_tests::test_regression_mul_should_not_reduce ... ok
[INFO] [stdout] test compatibility_tests::u4224_tests::test_signed_addition ... ok
[INFO] [stdout] test compatibility_tests::u4224_tests::test_gcd_properties ... ok
[INFO] [stdout] test compatibility_tests::u4224_tests::test_inverse_elements ... ok
[INFO] [stdout] test compatibility_tests::u4224_tests::test_multiplication_compatibility ... ok
[INFO] [stdout] test compatibility_tests::u4224_tests::test_multiply_by_reciprocal ... ok
[INFO] [stdout] test compatibility_tests::u4224_tests::test_unreduced_comparison ... ok
[INFO] [stdout] test compatibility_tests::u4224_tests::test_subtraction_compatibility ... ok
[INFO] [stdout] test compatibility_tests::u4224_tests::test_repeated_operations ... ok
[INFO] [stdout] test compatibility_tests::u4224_tests::test_taylor_series_accumulation ... ok
[INFO] [stdout] test compatibility_tests::u4224_tests::test_unreduced_addition_correctness ... ok
[INFO] [stdout] test compatibility_tests::u4224_tests::test_sign_checks ... ok
[INFO] [stdout] test compatibility_tests::u4224_tests::test_reduction ... ok
[INFO] [stdout] test compatibility_tests::u4224_tests::test_sign_in_operations ... ok
[INFO] [stdout] test compatibility_tests::u4224_tests::test_signed_large_numbers ... ok
[INFO] [stdout] test compatibility_tests::u4224_tests::test_taylor_series_realistic ... ok
[INFO] [stdout] test compatibility_tests::u4224_tests::test_unreduced_equality ... ok
[INFO] [stdout] test compatibility_tests::u4352_tests::test_add_returns_unreduced_same_denom ... ok
[INFO] [stdout] test compatibility_tests::u4352_tests::test_add_returns_unreduced_diff_denom ... ok
[INFO] [stdout] test compatibility_tests::u4352_tests::test_addition_with_large_lcm ... ok
[INFO] [stdout] test compatibility_tests::u4352_tests::test_add_overflow_triggers_wide ... ok
[INFO] [stdout] test compatibility_tests::u4352_tests::test_addition_compatibility ... ok
[INFO] [stdout] test compatibility_tests::u4224_tests::test_zero_edge_cases ... ok
[INFO] [stdout] test compatibility_tests::u4352_tests::test_comparison_with_large_numbers ... ok
[INFO] [stdout] test compatibility_tests::u4352_tests::test_add_same_denominator ... ok
[INFO] [stdout] test compatibility_tests::u4352_tests::test_complex_operations ... ok
[INFO] [stdout] test compatibility_tests::u4224_tests::test_very_large_multiplication ... ok
[INFO] [stdout] test compatibility_tests::u4352_tests::test_comparison_compatibility ... ok
[INFO] [stdout] test compatibility_tests::u4352_tests::test_comparison_transitivity ... ok
[INFO] [stdout] test compatibility_tests::u4352_tests::test_deferred_reduction ... ok
[INFO] [stdout] test compatibility_tests::u4352_tests::test_add_zero ... ok
[INFO] [stdout] test compatibility_tests::u4352_tests::test_cross_cancellation_effectiveness ... ok
[INFO] [stdout] test compatibility_tests::u4352_tests::test_from_float_then_mul ... ok
[INFO] [stdout] test compatibility_tests::u4352_tests::test_divide_by_zero - should panic ... ok
[INFO] [stdout] test compatibility_tests::u4352_tests::test_distributivity ... ok
[INFO] [stdout] test compatibility_tests::u4352_tests::test_division_by_large_uint ... ok
[INFO] [stdout] test compatibility_tests::u4352_tests::test_division_compatibility ... ok
[INFO] [stdout] test compatibility_tests::u16384_tests::test_gcd_properties ... ok
[INFO] [stdout] test compatibility_tests::u4352_tests::test_gcd_correctness ... ok
[INFO] [stdout] test compatibility_tests::u4352_tests::test_double_negation ... ok
[INFO] [stdout] test compatibility_tests::u4352_tests::test_fibonacci_like_gcd ... ok
[INFO] [stdout] test compatibility_tests::u4224_tests::test_multiplication_with_reduction_verification ... ok
[INFO] [stdout] test compatibility_tests::u4352_tests::test_equality_compatibility ... ok
[INFO] [stdout] test compatibility_tests::u4352_tests::test_from_float_edge_cases_comprehensive ... ok
[INFO] [stdout] test compatibility_tests::u4352_tests::test_gcd_consecutive_numbers ... ok
[INFO] [stdout] test compatibility_tests::u4352_tests::test_commutativity ... ok
[INFO] [stdout] test compatibility_tests::u4352_tests::test_gcd_with_common_factors ... ok
[INFO] [stdout] test compatibility_tests::u4352_tests::test_gcd_powers_of_two ... ok
[INFO] [stdout] test compatibility_tests::u4352_tests::test_mul_by_one ... ok
[INFO] [stdout] test compatibility_tests::u4352_tests::test_identity_elements ... ok
[INFO] [stdout] test compatibility_tests::u4352_tests::test_is_integer_compatibility ... ok
[INFO] [stdout] test compatibility_tests::u4352_tests::test_mul_by_zero ... ok
[INFO] [stdout] test compatibility_tests::u4352_tests::test_associativity ... ok
[INFO] [stdout] test compatibility_tests::u4352_tests::test_gcd_near_equal_values ... ok
[INFO] [stdout] test compatibility_tests::u4352_tests::test_gcd_with_zero_and_nonzero ... ok
[INFO] [stdout] test compatibility_tests::u4352_tests::test_large_multiply_needs_wide_reduction ... ok
[INFO] [stdout] test compatibility_tests::u4352_tests::test_large_number_addition ... ok
[INFO] [stdout] test compatibility_tests::u4352_tests::test_gcd_with_large_bit_differences ... ok
[INFO] [stdout] test compatibility_tests::u4352_tests::test_mul_overflow_triggers_cross_cancel ... ok
[INFO] [stdout] test compatibility_tests::u4352_tests::test_mul_reduced_large_coprime ... ok
[INFO] [stdout] test compatibility_tests::u4352_tests::test_mul_reduced_returns_reduced ... ok
[INFO] [stdout] test compatibility_tests::u4352_tests::test_mul_reduced_small_values ... ok
[INFO] [stdout] test compatibility_tests::u4352_tests::test_mul_large_with_small ... ok
[INFO] [stdout] test compatibility_tests::u4352_tests::test_mul_chain_unreduced ... ok
[INFO] [stdout] test compatibility_tests::u4352_tests::test_inverse_elements ... ok
[INFO] [stdout] test compatibility_tests::u4352_tests::test_mul_reduced_power_of_2 ... ok
[INFO] [stdout] test compatibility_tests::u4352_tests::test_mul_returns_unreduced ... ok
[INFO] [stdout] test compatibility_tests::u4352_tests::test_needs_reduction_threshold ... ok
[INFO] [stdout] test compatibility_tests::u4352_tests::test_multiply_very_large_normalized_fractions ... ok
[INFO] [stdout] test compatibility_tests::u4352_tests::test_multiplication_extreme_sizes ... ok
[INFO] [stdout] test compatibility_tests::u4352_tests::test_mul_wide_fast_path ... ok
[INFO] [stdout] test compatibility_tests::u4352_tests::test_near_max_values ... ok
[INFO] [stdout] test compatibility_tests::u4352_tests::test_ordering_comprehensive ... ok
[INFO] [stdout] test compatibility_tests::u4352_tests::test_multiply_sequence_with_verification ... ok
[INFO] [stdout] test compatibility_tests::u4352_tests::test_mul_with_coprime_values ... ok
[INFO] [stdout] test compatibility_tests::u4352_tests::test_multiplication_many_iterations ... ok
[INFO] [stdout] test compatibility_tests::u4352_tests::test_negation_compatibility ... ok
[INFO] [stdout] test compatibility_tests::u4352_tests::test_normalize_power_of_2_optimization ... ok
[INFO] [stdout] test compatibility_tests::u4352_tests::test_multiply_chain_normalizes_correctly ... ok
[INFO] [stdout] test compatibility_tests::u4352_tests::test_normalize_already_reduced ... ok
[INFO] [stdout] test compatibility_tests::u4352_tests::test_multiply_by_reciprocal ... ok
[INFO] [stdout] test compatibility_tests::u4352_tests::test_reduction_idempotence ... ok
[INFO] [stdout] test compatibility_tests::u4352_tests::test_reciprocal_of_zero - should panic ... ok
[INFO] [stdout] test compatibility_tests::u4352_tests::test_reciprocal_compatibility ... ok
[INFO] [stdout] test compatibility_tests::u4352_tests::test_regression_mul_reduced_should_reduce ... ok
[INFO] [stdout] test compatibility_tests::u4352_tests::test_signed_addition ... ok
[INFO] [stdout] test compatibility_tests::u4352_tests::test_multiplication_with_reduction_verification ... ok
[INFO] [stdout] test compatibility_tests::u4352_tests::test_sign_checks ... ok
[INFO] [stdout] test compatibility_tests::u4352_tests::test_signed_large_numbers ... ok
[INFO] [stdout] test compatibility_tests::u4352_tests::test_overflow_to_wide_path ... ok
[INFO] [stdout] test compatibility_tests::u4352_tests::test_regression_mul_should_not_reduce ... ok
[INFO] [stdout] test compatibility_tests::u4352_tests::test_gcd_properties ... ok
[INFO] [stdout] test compatibility_tests::u4352_tests::test_multiplication_compatibility ... ok
[INFO] [stdout] test compatibility_tests::u4352_tests::test_unreduced_addition_correctness ... ok
[INFO] [stdout] test compatibility_tests::u4352_tests::test_unreduced_comparison ... ok
[INFO] [stdout] test compatibility_tests::u4352_tests::test_unreduced_equality ... ok
[INFO] [stdout] test compatibility_tests::u4352_tests::test_reduction ... ok
[INFO] [stdout] test compatibility_tests::u4352_tests::test_very_large_multiplication ... ok
[INFO] [stdout] test compatibility_tests::u448_tests::test_add_returns_unreduced_diff_denom ... ok
[INFO] [stdout] test compatibility_tests::u4352_tests::test_repeated_operations ... ok
[INFO] [stdout] test compatibility_tests::u4352_tests::test_zero_edge_cases ... ok
[INFO] [stdout] test compatibility_tests::u448_tests::test_add_overflow_triggers_wide ... ok
[INFO] [stdout] test compatibility_tests::u448_tests::test_comparison_transitivity ... ok
[INFO] [stdout] test compatibility_tests::u448_tests::test_add_same_denominator ... ok
[INFO] [stdout] test compatibility_tests::u448_tests::test_add_zero ... ok
[INFO] [stdout] test compatibility_tests::u448_tests::test_addition_with_large_lcm ... ok
[INFO] [stdout] test compatibility_tests::u448_tests::test_complex_operations ... ok
[INFO] [stdout] test compatibility_tests::u448_tests::test_distributivity ... ok
[INFO] [stdout] test compatibility_tests::u448_tests::test_comparison_with_large_numbers ... ok
[INFO] [stdout] test compatibility_tests::u448_tests::test_add_returns_unreduced_same_denom ... ok
[INFO] [stdout] test compatibility_tests::u448_tests::test_cross_cancellation_effectiveness ... ok
[INFO] [stdout] test compatibility_tests::u448_tests::test_associativity ... ok
[INFO] [stdout] test compatibility_tests::u448_tests::test_commutativity ... ok
[INFO] [stdout] test compatibility_tests::u4352_tests::test_subtraction_compatibility ... ok
[INFO] [stdout] test compatibility_tests::u4352_tests::test_taylor_series_accumulation ... ok
[INFO] [stdout] test compatibility_tests::u448_tests::test_divide_by_zero - should panic ... ok
[INFO] [stdout] test compatibility_tests::u448_tests::test_from_float_edge_cases_comprehensive ... ok
[INFO] [stdout] test compatibility_tests::u448_tests::test_fibonacci_like_gcd ... ok
[INFO] [stdout] test compatibility_tests::u448_tests::test_deferred_reduction ... ok
[INFO] [stdout] test compatibility_tests::u448_tests::test_division_by_large_uint ... ok
[INFO] [stdout] test compatibility_tests::u448_tests::test_double_negation ... ok
[INFO] [stdout] test compatibility_tests::u448_tests::test_comparison_compatibility ... ok
[INFO] [stdout] test compatibility_tests::u448_tests::test_from_float_then_mul ... ok
[INFO] [stdout] test compatibility_tests::u4352_tests::test_taylor_series_realistic ... ok
[INFO] [stdout] test compatibility_tests::u448_tests::test_division_compatibility ... ok
[INFO] [stdout] test compatibility_tests::u448_tests::test_gcd_properties ... ok
[INFO] [stdout] test compatibility_tests::u448_tests::test_equality_compatibility ... ok
[INFO] [stdout] test compatibility_tests::u448_tests::test_addition_compatibility ... ok
[INFO] [stdout] test compatibility_tests::u448_tests::test_gcd_with_large_bit_differences ... ok
[INFO] [stdout] test compatibility_tests::u448_tests::test_gcd_with_common_factors ... ok
[INFO] [stdout] test compatibility_tests::u448_tests::test_gcd_powers_of_two ... ok
[INFO] [stdout] test compatibility_tests::u448_tests::test_gcd_consecutive_numbers ... ok
[INFO] [stdout] test compatibility_tests::u448_tests::test_gcd_with_zero_and_nonzero ... ok
[INFO] [stdout] test compatibility_tests::u448_tests::test_gcd_near_equal_values ... ok
[INFO] [stdout] test compatibility_tests::u448_tests::test_gcd_correctness ... ok
[INFO] [stdout] test compatibility_tests::u448_tests::test_identity_elements ... ok
[INFO] [stdout] test compatibility_tests::u448_tests::test_mul_reduced_returns_reduced ... ok
[INFO] [stdout] test compatibility_tests::u448_tests::test_mul_reduced_small_values ... ok
[INFO] [stdout] test compatibility_tests::u448_tests::test_mul_wide_fast_path ... ok
[INFO] [stdout] test compatibility_tests::u448_tests::test_mul_overflow_triggers_cross_cancel ... ok
[INFO] [stdout] test compatibility_tests::u448_tests::test_mul_reduced_power_of_2 ... ok
[INFO] [stdout] test compatibility_tests::u448_tests::test_multiplication_compatibility ... ok
[INFO] [stdout] test compatibility_tests::u448_tests::test_inverse_elements ... ok
[INFO] [stdout] test compatibility_tests::u448_tests::test_is_integer_compatibility ... ok
[INFO] [stdout] test compatibility_tests::u448_tests::test_large_multiply_needs_wide_reduction ... ok
[INFO] [stdout] test compatibility_tests::u448_tests::test_mul_by_one ... ok
[INFO] [stdout] test compatibility_tests::u448_tests::test_multiplication_extreme_sizes ... ok
[INFO] [stdout] test compatibility_tests::u448_tests::test_multiplication_many_iterations ... ok
[INFO] [stdout] test compatibility_tests::u448_tests::test_mul_by_zero ... ok
[INFO] [stdout] test compatibility_tests::u448_tests::test_near_max_values ... ok
[INFO] [stdout] test compatibility_tests::u448_tests::test_negation_compatibility ... ok
[INFO] [stdout] test compatibility_tests::u448_tests::test_mul_chain_unreduced ... ok
[INFO] [stdout] test compatibility_tests::u448_tests::test_needs_reduction_threshold ... ok
[INFO] [stdout] test compatibility_tests::u448_tests::test_multiply_very_large_normalized_fractions ... ok
[INFO] [stdout] test compatibility_tests::u448_tests::test_multiply_chain_normalizes_correctly ... ok
[INFO] [stdout] test compatibility_tests::u448_tests::test_multiply_sequence_with_verification ... ok
[INFO] [stdout] test compatibility_tests::u448_tests::test_multiply_by_reciprocal ... ok
[INFO] [stdout] test compatibility_tests::u448_tests::test_normalize_already_reduced ... ok
[INFO] [stdout] test compatibility_tests::u448_tests::test_normalize_power_of_2_optimization ... ok
[INFO] [stdout] test compatibility_tests::u448_tests::test_ordering_comprehensive ... ok
[INFO] [stdout] test compatibility_tests::u448_tests::test_overflow_to_wide_path ... ok
[INFO] [stdout] test compatibility_tests::u448_tests::test_reciprocal_compatibility ... ok
[INFO] [stdout] test compatibility_tests::u448_tests::test_mul_with_coprime_values ... ok
[INFO] [stdout] test compatibility_tests::u448_tests::test_mul_large_with_small ... ok
[INFO] [stdout] test compatibility_tests::u448_tests::test_mul_reduced_large_coprime ... ok
[INFO] [stdout] test compatibility_tests::u448_tests::test_regression_mul_reduced_should_reduce ... ok
[INFO] [stdout] test compatibility_tests::u448_tests::test_signed_large_numbers ... ok
[INFO] [stdout] test compatibility_tests::u448_tests::test_subtraction_compatibility ... ok
[INFO] [stdout] test compatibility_tests::u448_tests::test_unreduced_addition_correctness ... ok
[INFO] [stdout] test compatibility_tests::u448_tests::test_multiplication_with_reduction_verification ... ok
[INFO] [stdout] test compatibility_tests::u448_tests::test_reciprocal_of_zero - should panic ... ok
[INFO] [stdout] test compatibility_tests::u448_tests::test_sign_checks ... ok
[INFO] [stdout] test compatibility_tests::u448_tests::test_unreduced_comparison ... ok
[INFO] [stdout] test compatibility_tests::u448_tests::test_sign_in_operations ... ok
[INFO] [stdout] test compatibility_tests::u448_tests::test_taylor_series_accumulation ... ok
[INFO] [stdout] test compatibility_tests::u448_tests::test_large_number_addition ... ok
[INFO] [stdout] test compatibility_tests::u448_tests::test_mul_returns_unreduced ... ok
[INFO] [stdout] test compatibility_tests::u448_tests::test_repeated_operations ... ok
[INFO] [stdout] test compatibility_tests::u448_tests::test_reduction_idempotence ... ok
[INFO] [stdout] test compatibility_tests::u448_tests::test_regression_mul_should_not_reduce ... ok
[INFO] [stdout] test compatibility_tests::u448_tests::test_signed_addition ... ok
[INFO] [stdout] test compatibility_tests::u448_tests::test_reduction ... ok
[INFO] [stdout] test compatibility_tests::u448_tests::test_taylor_series_realistic ... ok
[INFO] [stdout] test compatibility_tests::u4352_tests::test_sign_in_operations ... ok
[INFO] [stdout] test compatibility_tests::u512_tests::test_addition_compatibility ... ok
[INFO] [stdout] test compatibility_tests::u448_tests::test_unreduced_equality ... ok
[INFO] [stdout] test compatibility_tests::u512_tests::test_add_same_denominator ... ok
[INFO] [stdout] test compatibility_tests::u512_tests::test_comparison_with_large_numbers ... ok
[INFO] [stdout] test compatibility_tests::u512_tests::test_addition_with_large_lcm ... ok
[INFO] [stdout] test compatibility_tests::u448_tests::test_zero_edge_cases ... ok
[INFO] [stdout] test compatibility_tests::u512_tests::test_add_zero ... ok
[INFO] [stdout] test compatibility_tests::u512_tests::test_add_returns_unreduced_diff_denom ... ok
[INFO] [stdout] test compatibility_tests::u512_tests::test_add_returns_unreduced_same_denom ... ok
[INFO] [stdout] test compatibility_tests::u512_tests::test_associativity ... ok
[INFO] [stdout] test compatibility_tests::u512_tests::test_comparison_compatibility ... ok
[INFO] [stdout] test compatibility_tests::u448_tests::test_very_large_multiplication ... ok
[INFO] [stdout] test compatibility_tests::u512_tests::test_commutativity ... ok
[INFO] [stdout] test compatibility_tests::u512_tests::test_comparison_transitivity ... ok
[INFO] [stdout] test compatibility_tests::u512_tests::test_add_overflow_triggers_wide ... ok
[INFO] [stdout] test compatibility_tests::u512_tests::test_complex_operations ... ok
[INFO] [stdout] test compatibility_tests::u512_tests::test_cross_cancellation_effectiveness ... ok
[INFO] [stdout] test compatibility_tests::u512_tests::test_distributivity ... ok
[INFO] [stdout] test compatibility_tests::u512_tests::test_from_float_then_mul ... ok
[INFO] [stdout] test compatibility_tests::u512_tests::test_gcd_correctness ... ok
[INFO] [stdout] test compatibility_tests::u512_tests::test_deferred_reduction ... ok
[INFO] [stdout] test compatibility_tests::u512_tests::test_division_by_large_uint ... ok
[INFO] [stdout] test compatibility_tests::u512_tests::test_gcd_near_equal_values ... ok
[INFO] [stdout] test compatibility_tests::u512_tests::test_division_compatibility ... ok
[INFO] [stdout] test compatibility_tests::u512_tests::test_divide_by_zero - should panic ... ok
[INFO] [stdout] test compatibility_tests::u512_tests::test_double_negation ... ok
[INFO] [stdout] test compatibility_tests::u512_tests::test_gcd_consecutive_numbers ... ok
[INFO] [stdout] test compatibility_tests::u512_tests::test_from_float_edge_cases_comprehensive ... ok
[INFO] [stdout] test compatibility_tests::u512_tests::test_fibonacci_like_gcd ... ok
[INFO] [stdout] test compatibility_tests::u512_tests::test_equality_compatibility ... ok
[INFO] [stdout] test compatibility_tests::u512_tests::test_gcd_powers_of_two ... ok
[INFO] [stdout] test compatibility_tests::u512_tests::test_gcd_properties ... ok
[INFO] [stdout] test compatibility_tests::u512_tests::test_gcd_with_large_bit_differences ... ok
[INFO] [stdout] test compatibility_tests::u512_tests::test_gcd_with_common_factors ... ok
[INFO] [stdout] test compatibility_tests::u512_tests::test_mul_by_zero ... ok
[INFO] [stdout] test compatibility_tests::u512_tests::test_mul_by_one ... ok
[INFO] [stdout] test compatibility_tests::u512_tests::test_is_integer_compatibility ... ok
[INFO] [stdout] test compatibility_tests::u512_tests::test_large_number_addition ... ok
[INFO] [stdout] test compatibility_tests::u512_tests::test_mul_overflow_triggers_cross_cancel ... ok
[INFO] [stdout] test compatibility_tests::u512_tests::test_mul_reduced_returns_reduced ... ok
[INFO] [stdout] test compatibility_tests::u512_tests::test_gcd_with_zero_and_nonzero ... ok
[INFO] [stdout] test compatibility_tests::u512_tests::test_inverse_elements ... ok
[INFO] [stdout] test compatibility_tests::u512_tests::test_large_multiply_needs_wide_reduction ... ok
[INFO] [stdout] test compatibility_tests::u512_tests::test_mul_chain_unreduced ... ok
[INFO] [stdout] test compatibility_tests::u512_tests::test_identity_elements ... ok
[INFO] [stdout] test compatibility_tests::u512_tests::test_mul_large_with_small ... ok
[INFO] [stdout] test compatibility_tests::u512_tests::test_mul_reduced_large_coprime ... ok
[INFO] [stdout] test compatibility_tests::u512_tests::test_mul_reduced_power_of_2 ... ok
[INFO] [stdout] test compatibility_tests::u512_tests::test_mul_returns_unreduced ... ok
[INFO] [stdout] test compatibility_tests::u512_tests::test_mul_wide_fast_path ... ok
[INFO] [stdout] test compatibility_tests::u512_tests::test_mul_with_coprime_values ... ok
[INFO] [stdout] test compatibility_tests::u512_tests::test_normalize_power_of_2_optimization ... ok
[INFO] [stdout] test compatibility_tests::u512_tests::test_multiplication_with_reduction_verification ... ok
[INFO] [stdout] test compatibility_tests::u512_tests::test_multiply_by_reciprocal ... ok
[INFO] [stdout] test compatibility_tests::u512_tests::test_near_max_values ... ok
[INFO] [stdout] test compatibility_tests::u512_tests::test_reciprocal_of_zero - should panic ... ok
[INFO] [stdout] test compatibility_tests::u512_tests::test_reduction ... ok
[INFO] [stdout] test compatibility_tests::u512_tests::test_reduction_idempotence ... ok
[INFO] [stdout] test compatibility_tests::u512_tests::test_regression_mul_reduced_should_reduce ... ok
[INFO] [stdout] test compatibility_tests::u512_tests::test_regression_mul_should_not_reduce ... ok
[INFO] [stdout] test compatibility_tests::u512_tests::test_repeated_operations ... ok
[INFO] [stdout] test compatibility_tests::u512_tests::test_sign_checks ... ok
[INFO] [stdout] test compatibility_tests::u512_tests::test_sign_in_operations ... ok
[INFO] [stdout] test compatibility_tests::u512_tests::test_normalize_already_reduced ... ok
[INFO] [stdout] test compatibility_tests::u512_tests::test_ordering_comprehensive ... ok
[INFO] [stdout] test compatibility_tests::u512_tests::test_multiply_chain_normalizes_correctly ... ok
[INFO] [stdout] test compatibility_tests::u512_tests::test_signed_addition ... ok
[INFO] [stdout] test compatibility_tests::u512_tests::test_overflow_to_wide_path ... ok
[INFO] [stdout] test compatibility_tests::u512_tests::test_mul_reduced_small_values ... ok
[INFO] [stdout] test compatibility_tests::u512_tests::test_signed_large_numbers ... ok
[INFO] [stdout] test compatibility_tests::u512_tests::test_reciprocal_compatibility ... ok
[INFO] [stdout] test compatibility_tests::u512_tests::test_multiplication_compatibility ... ok
[INFO] [stdout] test compatibility_tests::u512_tests::test_subtraction_compatibility ... ok
[INFO] [stdout] test compatibility_tests::u512_tests::test_negation_compatibility ... ok
[INFO] [stdout] test compatibility_tests::u512_tests::test_multiply_very_large_normalized_fractions ... ok
[INFO] [stdout] test compatibility_tests::u512_tests::test_multiplication_extreme_sizes ... ok
[INFO] [stdout] test compatibility_tests::u512_tests::test_multiply_sequence_with_verification ... ok
[INFO] [stdout] test compatibility_tests::u512_tests::test_taylor_series_accumulation ... ok
[INFO] [stdout] test compatibility_tests::u512_tests::test_multiplication_many_iterations ... ok
[INFO] [stdout] test compatibility_tests::u512_tests::test_unreduced_comparison ... ok
[INFO] [stdout] test compatibility_tests::u512_tests::test_unreduced_equality ... ok
[INFO] [stdout] test compatibility_tests::u512_tests::test_zero_edge_cases ... ok
[INFO] [stdout] test compatibility_tests::u576_tests::test_add_returns_unreduced_diff_denom ... ok
[INFO] [stdout] test compatibility_tests::u512_tests::test_needs_reduction_threshold ... ok
[INFO] [stdout] test compatibility_tests::u576_tests::test_add_returns_unreduced_same_denom ... ok
[INFO] [stdout] test compatibility_tests::u576_tests::test_add_same_denominator ... ok
[INFO] [stdout] test compatibility_tests::u512_tests::test_taylor_series_realistic ... ok
[INFO] [stdout] test compatibility_tests::u512_tests::test_unreduced_addition_correctness ... ok
[INFO] [stdout] test compatibility_tests::u576_tests::test_addition_compatibility ... ok
[INFO] [stdout] test compatibility_tests::u576_tests::test_add_overflow_triggers_wide ... ok
[INFO] [stdout] test compatibility_tests::u512_tests::test_very_large_multiplication ... ok
[INFO] [stdout] test compatibility_tests::u576_tests::test_add_zero ... ok
[INFO] [stdout] test compatibility_tests::u576_tests::test_comparison_with_large_numbers ... ok
[INFO] [stdout] test compatibility_tests::u576_tests::test_complex_operations ... ok
[INFO] [stdout] test compatibility_tests::u576_tests::test_cross_cancellation_effectiveness ... ok
[INFO] [stdout] test compatibility_tests::u576_tests::test_deferred_reduction ... ok
[INFO] [stdout] test compatibility_tests::u576_tests::test_distributivity ... ok
[INFO] [stdout] test compatibility_tests::u576_tests::test_from_float_then_mul ... ok
[INFO] [stdout] test compatibility_tests::u576_tests::test_gcd_consecutive_numbers ... ok
[INFO] [stdout] test compatibility_tests::u576_tests::test_gcd_correctness ... ok
[INFO] [stdout] test compatibility_tests::u576_tests::test_division_by_large_uint ... ok
[INFO] [stdout] test compatibility_tests::u576_tests::test_gcd_near_equal_values ... ok
[INFO] [stdout] test compatibility_tests::u576_tests::test_gcd_powers_of_two ... ok
[INFO] [stdout] test compatibility_tests::u576_tests::test_gcd_properties ... ok
[INFO] [stdout] test compatibility_tests::u576_tests::test_gcd_with_large_bit_differences ... ok
[INFO] [stdout] test compatibility_tests::u576_tests::test_gcd_with_zero_and_nonzero ... ok
[INFO] [stdout] test compatibility_tests::u576_tests::test_addition_with_large_lcm ... ok
[INFO] [stdout] test compatibility_tests::u576_tests::test_division_compatibility ... ok
[INFO] [stdout] test compatibility_tests::u576_tests::test_double_negation ... ok
[INFO] [stdout] test compatibility_tests::u576_tests::test_equality_compatibility ... ok
[INFO] [stdout] test compatibility_tests::u576_tests::test_associativity ... ok
[INFO] [stdout] test compatibility_tests::u576_tests::test_fibonacci_like_gcd ... ok
[INFO] [stdout] test compatibility_tests::u576_tests::test_identity_elements ... ok
[INFO] [stdout] test compatibility_tests::u576_tests::test_commutativity ... ok
[INFO] [stdout] test compatibility_tests::u576_tests::test_from_float_edge_cases_comprehensive ... ok
[INFO] [stdout] test compatibility_tests::u576_tests::test_comparison_compatibility ... ok
[INFO] [stdout] test compatibility_tests::u576_tests::test_comparison_transitivity ... ok
[INFO] [stdout] test compatibility_tests::u576_tests::test_divide_by_zero - should panic ... ok
[INFO] [stdout] test compatibility_tests::u576_tests::test_is_integer_compatibility ... ok
[INFO] [stdout] test compatibility_tests::u576_tests::test_inverse_elements ... ok
[INFO] [stdout] test compatibility_tests::u576_tests::test_large_multiply_needs_wide_reduction ... ok
[INFO] [stdout] test compatibility_tests::u576_tests::test_mul_by_one ... ok
[INFO] [stdout] test compatibility_tests::u576_tests::test_mul_chain_unreduced ... ok
[INFO] [stdout] test compatibility_tests::u576_tests::test_mul_overflow_triggers_cross_cancel ... ok
[INFO] [stdout] test compatibility_tests::u576_tests::test_mul_large_with_small ... ok
[INFO] [stdout] test compatibility_tests::u576_tests::test_large_number_addition ... ok
[INFO] [stdout] test compatibility_tests::u576_tests::test_mul_reduced_large_coprime ... ok
[INFO] [stdout] test compatibility_tests::u576_tests::test_mul_reduced_returns_reduced ... ok
[INFO] [stdout] test compatibility_tests::u576_tests::test_mul_reduced_power_of_2 ... ok
[INFO] [stdout] test compatibility_tests::u576_tests::test_mul_by_zero ... ok
[INFO] [stdout] test compatibility_tests::u576_tests::test_mul_returns_unreduced ... ok
[INFO] [stdout] test compatibility_tests::u576_tests::test_mul_wide_fast_path ... ok
[INFO] [stdout] test compatibility_tests::u576_tests::test_mul_with_coprime_values ... ok
[INFO] [stdout] test compatibility_tests::u576_tests::test_multiplication_compatibility ... ok
[INFO] [stdout] test compatibility_tests::u576_tests::test_multiplication_extreme_sizes ... ok
[INFO] [stdout] test compatibility_tests::u576_tests::test_multiply_by_reciprocal ... ok
[INFO] [stdout] test compatibility_tests::u576_tests::test_multiply_chain_normalizes_correctly ... ok
[INFO] [stdout] test compatibility_tests::u576_tests::test_multiplication_many_iterations ... ok
[INFO] [stdout] test compatibility_tests::u576_tests::test_multiply_sequence_with_verification ... ok
[INFO] [stdout] test compatibility_tests::u576_tests::test_multiply_very_large_normalized_fractions ... ok
[INFO] [stdout] test compatibility_tests::u576_tests::test_multiplication_with_reduction_verification ... ok
[INFO] [stdout] test compatibility_tests::u576_tests::test_negation_compatibility ... ok
[INFO] [stdout] test compatibility_tests::u576_tests::test_normalize_already_reduced ... ok
[INFO] [stdout] test compatibility_tests::u576_tests::test_ordering_comprehensive ... ok
[INFO] [stdout] test compatibility_tests::u576_tests::test_regression_mul_reduced_should_reduce ... ok
[INFO] [stdout] test compatibility_tests::u576_tests::test_near_max_values ... ok
[INFO] [stdout] test compatibility_tests::u576_tests::test_needs_reduction_threshold ... ok
[INFO] [stdout] test compatibility_tests::u576_tests::test_normalize_power_of_2_optimization ... ok
[INFO] [stdout] test compatibility_tests::u576_tests::test_overflow_to_wide_path ... ok
[INFO] [stdout] test compatibility_tests::u576_tests::test_reciprocal_compatibility ... ok
[INFO] [stdout] test compatibility_tests::u576_tests::test_reciprocal_of_zero - should panic ... ok
[INFO] [stdout] test compatibility_tests::u576_tests::test_reduction_idempotence ... ok
[INFO] [stdout] test compatibility_tests::u576_tests::test_regression_mul_should_not_reduce ... ok
[INFO] [stdout] test compatibility_tests::u576_tests::test_signed_large_numbers ... ok
[INFO] [stdout] test compatibility_tests::u576_tests::test_unreduced_equality ... ok
[INFO] [stdout] test compatibility_tests::u576_tests::test_taylor_series_realistic ... ok
[INFO] [stdout] test compatibility_tests::u576_tests::test_repeated_operations ... ok
[INFO] [stdout] test compatibility_tests::u576_tests::test_zero_edge_cases ... ok
[INFO] [stdout] test compatibility_tests::u576_tests::test_signed_addition ... ok
[INFO] [stdout] test compatibility_tests::u576_tests::test_unreduced_addition_correctness ... ok
[INFO] [stdout] test compatibility_tests::u576_tests::test_very_large_multiplication ... ok
[INFO] [stdout] test compatibility_tests::u576_tests::test_taylor_series_accumulation ... ok
[INFO] [stdout] test compatibility_tests::u576_tests::test_unreduced_comparison ... ok
[INFO] [stdout] test compatibility_tests::u576_tests::test_sign_checks ... ok
[INFO] [stdout] test compatibility_tests::u576_tests::test_mul_reduced_small_values ... ok
[INFO] [stdout] test compatibility_tests::u576_tests::test_reduction ... ok
[INFO] [stdout] test compatibility_tests::u576_tests::test_sign_in_operations ... ok
[INFO] [stdout] test compatibility_tests::u576_tests::test_subtraction_compatibility ... ok
[INFO] [stdout] test compatibility_tests::u6144_tests::test_addition_compatibility ... ok
[INFO] [stdout] test compatibility_tests::u6144_tests::test_add_returns_unreduced_diff_denom ... ok
[INFO] [stdout] test compatibility_tests::u6144_tests::test_add_returns_unreduced_same_denom ... ok
[INFO] [stdout] test compatibility_tests::u6144_tests::test_addition_with_large_lcm ... ok
[INFO] [stdout] test compatibility_tests::u6144_tests::test_add_overflow_triggers_wide ... ok
[INFO] [stdout] test compatibility_tests::u576_tests::test_gcd_with_common_factors ... ok
[INFO] [stdout] test compatibility_tests::u6144_tests::test_add_zero ... ok
[INFO] [stdout] test compatibility_tests::u6144_tests::test_comparison_with_large_numbers ... ok
[INFO] [stdout] test compatibility_tests::u6144_tests::test_division_by_large_uint ... ok
[INFO] [stdout] test compatibility_tests::u6144_tests::test_comparison_transitivity ... ok
[INFO] [stdout] test compatibility_tests::u6144_tests::test_deferred_reduction ... ok
[INFO] [stdout] test compatibility_tests::u6144_tests::test_divide_by_zero - should panic ... ok
[INFO] [stdout] test compatibility_tests::u6144_tests::test_division_compatibility ... ok
[INFO] [stdout] test compatibility_tests::u6144_tests::test_double_negation ... ok
[INFO] [stdout] test compatibility_tests::u6144_tests::test_fibonacci_like_gcd ... ok
[INFO] [stdout] test compatibility_tests::u6144_tests::test_equality_compatibility ... ok
[INFO] [stdout] test compatibility_tests::u6144_tests::test_comparison_compatibility ... ok
[INFO] [stdout] test compatibility_tests::u6144_tests::test_from_float_then_mul ... ok
[INFO] [stdout] test compatibility_tests::u6144_tests::test_gcd_consecutive_numbers ... ok
[INFO] [stdout] test compatibility_tests::u6144_tests::test_gcd_correctness ... ok
[INFO] [stdout] test compatibility_tests::u6144_tests::test_gcd_powers_of_two ... ok
[INFO] [stdout] test compatibility_tests::u6144_tests::test_distributivity ... ok
[INFO] [stdout] test compatibility_tests::u6144_tests::test_add_same_denominator ... ok
[INFO] [stdout] test compatibility_tests::u6144_tests::test_gcd_with_zero_and_nonzero ... ok
[INFO] [stdout] test compatibility_tests::u6144_tests::test_identity_elements ... ok
[INFO] [stdout] test compatibility_tests::u6144_tests::test_gcd_with_common_factors ... ok
[INFO] [stdout] test compatibility_tests::u6144_tests::test_gcd_near_equal_values ... ok
[INFO] [stdout] test compatibility_tests::u6144_tests::test_is_integer_compatibility ... ok
[INFO] [stdout] test compatibility_tests::u6144_tests::test_large_multiply_needs_wide_reduction ... ok
[INFO] [stdout] test compatibility_tests::u6144_tests::test_mul_by_one ... ok
[INFO] [stdout] test compatibility_tests::u6144_tests::test_large_number_addition ... ok
[INFO] [stdout] test compatibility_tests::u6144_tests::test_mul_by_zero ... ok
[INFO] [stdout] test compatibility_tests::u6144_tests::test_mul_reduced_returns_reduced ... ok
[INFO] [stdout] test compatibility_tests::u6144_tests::test_mul_reduced_power_of_2 ... ok
[INFO] [stdout] test compatibility_tests::u6144_tests::test_mul_reduced_small_values ... ok
[INFO] [stdout] test compatibility_tests::u6144_tests::test_mul_returns_unreduced ... ok
[INFO] [stdout] test compatibility_tests::u6144_tests::test_mul_wide_fast_path ... ok
[INFO] [stdout] test compatibility_tests::u6144_tests::test_multiplication_extreme_sizes ... ok
[INFO] [stdout] test compatibility_tests::u6144_tests::test_mul_large_with_small ... ok
[INFO] [stdout] test compatibility_tests::u6144_tests::test_mul_overflow_triggers_cross_cancel ... ok
[INFO] [stdout] test compatibility_tests::u6144_tests::test_mul_reduced_large_coprime ... ok
[INFO] [stdout] test compatibility_tests::u6144_tests::test_multiplication_many_iterations ... ok
[INFO] [stdout] test compatibility_tests::u6144_tests::test_commutativity ... ok
[INFO] [stdout] test compatibility_tests::u6144_tests::test_mul_with_coprime_values ... ok
[INFO] [stdout] test compatibility_tests::u6144_tests::test_multiply_very_large_normalized_fractions ... ok
[INFO] [stdout] test compatibility_tests::u6144_tests::test_needs_reduction_threshold ... ok
[INFO] [stdout] test compatibility_tests::u6144_tests::test_negation_compatibility ... ok
[INFO] [stdout] test compatibility_tests::u6144_tests::test_from_float_edge_cases_comprehensive ... ok
[INFO] [stdout] test compatibility_tests::u6144_tests::test_normalize_already_reduced ... ok
[INFO] [stdout] test compatibility_tests::u6144_tests::test_ordering_comprehensive ... ok
[INFO] [stdout] test compatibility_tests::u6144_tests::test_overflow_to_wide_path ... ok
[INFO] [stdout] test compatibility_tests::u6144_tests::test_normalize_power_of_2_optimization ... ok
[INFO] [stdout] test compatibility_tests::u6144_tests::test_reciprocal_compatibility ... ok
[INFO] [stdout] test compatibility_tests::u6144_tests::test_reduction ... ok
[INFO] [stdout] test compatibility_tests::u6144_tests::test_near_max_values ... ok
[INFO] [stdout] test compatibility_tests::u6144_tests::test_complex_operations ... ok
[INFO] [stdout] test compatibility_tests::u6144_tests::test_reduction_idempotence ... ok
[INFO] [stdout] test compatibility_tests::u6144_tests::test_multiply_sequence_with_verification ... ok
[INFO] [stdout] test compatibility_tests::u6144_tests::test_cross_cancellation_effectiveness ... ok
[INFO] [stdout] test compatibility_tests::u6144_tests::test_regression_mul_should_not_reduce ... ok
[INFO] [stdout] test compatibility_tests::u6144_tests::test_sign_checks ... ok
[INFO] [stdout] test compatibility_tests::u6144_tests::test_reciprocal_of_zero - should panic ... ok
[INFO] [stdout] test compatibility_tests::u6144_tests::test_associativity ... ok
[INFO] [stdout] test compatibility_tests::u6144_tests::test_multiply_chain_normalizes_correctly ... ok
[INFO] [stdout] test compatibility_tests::u6144_tests::test_inverse_elements ... ok
[INFO] [stdout] test compatibility_tests::u6144_tests::test_mul_chain_unreduced ... ok
[INFO] [stdout] test compatibility_tests::u6144_tests::test_repeated_operations ... ok
[INFO] [stdout] test compatibility_tests::u6144_tests::test_signed_addition ... ok
[INFO] [stdout] test compatibility_tests::u6144_tests::test_regression_mul_reduced_should_reduce ... ok
[INFO] [stdout] test compatibility_tests::u6144_tests::test_signed_large_numbers ... ok
[INFO] [stdout] test compatibility_tests::u6144_tests::test_gcd_with_large_bit_differences ... ok
[INFO] [stdout] test compatibility_tests::u6144_tests::test_subtraction_compatibility ... ok
[INFO] [stdout] test compatibility_tests::u6144_tests::test_multiplication_compatibility ... ok
[INFO] [stdout] test compatibility_tests::u6144_tests::test_unreduced_addition_correctness ... ok
[INFO] [stdout] test compatibility_tests::u6144_tests::test_unreduced_equality ... ok
[INFO] [stdout] test compatibility_tests::u6144_tests::test_taylor_series_realistic ... ok
[INFO] [stdout] test compatibility_tests::u6144_tests::test_unreduced_comparison ... ok
[INFO] [stdout] test compatibility_tests::u6144_tests::test_zero_edge_cases ... ok
[INFO] [stdout] test compatibility_tests::u6144_tests::test_taylor_series_accumulation ... ok
[INFO] [stdout] test compatibility_tests::u640_tests::test_associativity ... ok
[INFO] [stdout] test compatibility_tests::u640_tests::test_addition_with_large_lcm ... ok
[INFO] [stdout] test compatibility_tests::u640_tests::test_comparison_compatibility ... ok
[INFO] [stdout] test compatibility_tests::u640_tests::test_add_returns_unreduced_diff_denom ... ok
[INFO] [stdout] test compatibility_tests::u640_tests::test_add_returns_unreduced_same_denom ... ok
[INFO] [stdout] test compatibility_tests::u640_tests::test_add_same_denominator ... ok
[INFO] [stdout] test compatibility_tests::u640_tests::test_commutativity ... ok
[INFO] [stdout] test compatibility_tests::u640_tests::test_add_overflow_triggers_wide ... ok
[INFO] [stdout] test compatibility_tests::u640_tests::test_complex_operations ... ok
[INFO] [stdout] test compatibility_tests::u640_tests::test_deferred_reduction ... ok
[INFO] [stdout] test compatibility_tests::u640_tests::test_addition_compatibility ... ok
[INFO] [stdout] test compatibility_tests::u640_tests::test_division_compatibility ... ok
[INFO] [stdout] test compatibility_tests::u640_tests::test_cross_cancellation_effectiveness ... ok
[INFO] [stdout] test compatibility_tests::u640_tests::test_divide_by_zero - should panic ... ok
[INFO] [stdout] test compatibility_tests::u640_tests::test_comparison_with_large_numbers ... ok
[INFO] [stdout] test compatibility_tests::u640_tests::test_division_by_large_uint ... ok
[INFO] [stdout] test compatibility_tests::u6144_tests::test_very_large_multiplication ... ok
[INFO] [stdout] test compatibility_tests::u640_tests::test_from_float_edge_cases_comprehensive ... ok
[INFO] [stdout] test compatibility_tests::u640_tests::test_from_float_then_mul ... ok
[INFO] [stdout] test compatibility_tests::u640_tests::test_add_zero ... ok
[INFO] [stdout] test compatibility_tests::u640_tests::test_fibonacci_like_gcd ... ok
[INFO] [stdout] test compatibility_tests::u640_tests::test_equality_compatibility ... ok
[INFO] [stdout] test compatibility_tests::u640_tests::test_double_negation ... ok
[INFO] [stdout] test compatibility_tests::u640_tests::test_gcd_consecutive_numbers ... ok
[INFO] [stdout] test compatibility_tests::u640_tests::test_gcd_near_equal_values ... ok
[INFO] [stdout] test compatibility_tests::u6144_tests::test_gcd_properties ... ok
[INFO] [stdout] test compatibility_tests::u640_tests::test_gcd_with_common_factors ... ok
[INFO] [stdout] test compatibility_tests::u640_tests::test_gcd_correctness ... ok
[INFO] [stdout] test compatibility_tests::u640_tests::test_identity_elements ... ok
[INFO] [stdout] test compatibility_tests::u640_tests::test_gcd_properties ... ok
[INFO] [stdout] test compatibility_tests::u640_tests::test_gcd_with_zero_and_nonzero ... ok
[INFO] [stdout] test compatibility_tests::u640_tests::test_gcd_powers_of_two ... ok
[INFO] [stdout] test compatibility_tests::u640_tests::test_inverse_elements ... ok
[INFO] [stdout] test compatibility_tests::u640_tests::test_gcd_with_large_bit_differences ... ok
[INFO] [stdout] test compatibility_tests::u640_tests::test_is_integer_compatibility ... ok
[INFO] [stdout] test compatibility_tests::u640_tests::test_mul_chain_unreduced ... ok
[INFO] [stdout] test compatibility_tests::u640_tests::test_mul_large_with_small ... ok
[INFO] [stdout] test compatibility_tests::u640_tests::test_mul_overflow_triggers_cross_cancel ... ok
[INFO] [stdout] test compatibility_tests::u640_tests::test_mul_by_zero ... ok
[INFO] [stdout] test compatibility_tests::u640_tests::test_mul_by_one ... ok
[INFO] [stdout] test compatibility_tests::u640_tests::test_comparison_transitivity ... ok
[INFO] [stdout] test compatibility_tests::u640_tests::test_large_multiply_needs_wide_reduction ... ok
[INFO] [stdout] test compatibility_tests::u640_tests::test_mul_reduced_power_of_2 ... ok
[INFO] [stdout] test compatibility_tests::u640_tests::test_distributivity ... ok
[INFO] [stdout] test compatibility_tests::u6144_tests::test_sign_in_operations ... ok
[INFO] [stdout] test compatibility_tests::u640_tests::test_multiplication_with_reduction_verification ... ok
[INFO] [stdout] test compatibility_tests::u640_tests::test_multiplication_many_iterations ... ok
[INFO] [stdout] test compatibility_tests::u640_tests::test_multiply_chain_normalizes_correctly ... ok
[INFO] [stdout] test compatibility_tests::u640_tests::test_mul_with_coprime_values ... ok
[INFO] [stdout] test compatibility_tests::u640_tests::test_mul_reduced_small_values ... ok
[INFO] [stdout] test compatibility_tests::u640_tests::test_mul_reduced_returns_reduced ... ok
[INFO] [stdout] test compatibility_tests::u640_tests::test_mul_returns_unreduced ... ok
[INFO] [stdout] test compatibility_tests::u640_tests::test_mul_wide_fast_path ... ok
[INFO] [stdout] test compatibility_tests::u640_tests::test_multiply_by_reciprocal ... ok
[INFO] [stdout] test compatibility_tests::u640_tests::test_large_number_addition ... ok
[INFO] [stdout] test compatibility_tests::u640_tests::test_mul_reduced_large_coprime ... ok
[INFO] [stdout] test compatibility_tests::u640_tests::test_multiply_sequence_with_verification ... ok
[INFO] [stdout] test compatibility_tests::u640_tests::test_near_max_values ... ok
[INFO] [stdout] test compatibility_tests::u640_tests::test_multiply_very_large_normalized_fractions ... ok
[INFO] [stdout] test compatibility_tests::u640_tests::test_ordering_comprehensive ... ok
[INFO] [stdout] test compatibility_tests::u640_tests::test_needs_reduction_threshold ... ok
[INFO] [stdout] test compatibility_tests::u640_tests::test_normalize_power_of_2_optimization ... ok
[INFO] [stdout] test compatibility_tests::u640_tests::test_reduction ... ok
[INFO] [stdout] test compatibility_tests::u640_tests::test_reduction_idempotence ... ok
[INFO] [stdout] test compatibility_tests::u640_tests::test_regression_mul_reduced_should_reduce ... ok
[INFO] [stdout] test compatibility_tests::u640_tests::test_regression_mul_should_not_reduce ... ok
[INFO] [stdout] test compatibility_tests::u640_tests::test_sign_checks ... ok
[INFO] [stdout] test compatibility_tests::u640_tests::test_reciprocal_compatibility ... ok
[INFO] [stdout] test compatibility_tests::u640_tests::test_repeated_operations ... ok
[INFO] [stdout] test compatibility_tests::u640_tests::test_negation_compatibility ... ok
[INFO] [stdout] test compatibility_tests::u640_tests::test_reciprocal_of_zero - should panic ... ok
[INFO] [stdout] test compatibility_tests::u640_tests::test_sign_in_operations ... ok
[INFO] [stdout] test compatibility_tests::u640_tests::test_signed_addition ... ok
[INFO] [stdout] test compatibility_tests::u640_tests::test_multiplication_compatibility ... ok
[INFO] [stdout] test compatibility_tests::u640_tests::test_multiplication_extreme_sizes ... ok
[INFO] [stdout] test compatibility_tests::u640_tests::test_overflow_to_wide_path ... ok
[INFO] [stdout] test compatibility_tests::u640_tests::test_signed_large_numbers ... ok
[INFO] [stdout] test compatibility_tests::u640_tests::test_subtraction_compatibility ... ok
[INFO] [stdout] test compatibility_tests::u640_tests::test_taylor_series_accumulation ... ok
[INFO] [stdout] test compatibility_tests::u640_tests::test_taylor_series_realistic ... ok
[INFO] [stdout] test compatibility_tests::u640_tests::test_normalize_already_reduced ... ok
[INFO] [stdout] test compatibility_tests::u6144_tests::test_multiplication_with_reduction_verification ... ok
[INFO] [stdout] test compatibility_tests::u6144_tests::test_multiply_by_reciprocal ... ok
[INFO] [stdout] test compatibility_tests::u640_tests::test_unreduced_addition_correctness ... ok
[INFO] [stdout] test compatibility_tests::u640_tests::test_unreduced_comparison ... ok
[INFO] [stdout] test compatibility_tests::u640_tests::test_unreduced_equality ... ok
[INFO] [stdout] test compatibility_tests::u64_tests::test_add_returns_unreduced_same_denom ... ok
[INFO] [stdout] test compatibility_tests::u64_tests::test_add_zero ... ok
[INFO] [stdout] test compatibility_tests::u64_tests::test_add_same_denominator ... ok
[INFO] [stdout] test compatibility_tests::u640_tests::test_very_large_multiplication ... ok
[INFO] [stdout] test compatibility_tests::u64_tests::test_associativity ... ok
[INFO] [stdout] test compatibility_tests::u64_tests::test_commutativity ... ok
[INFO] [stdout] test compatibility_tests::u64_tests::test_complex_operations ... ok
[INFO] [stdout] test compatibility_tests::u640_tests::test_zero_edge_cases ... ok
[INFO] [stdout] test compatibility_tests::u64_tests::test_add_returns_unreduced_diff_denom ... ok
[INFO] [stdout] test compatibility_tests::u64_tests::test_comparison_transitivity ... ok
[INFO] [stdout] test compatibility_tests::u64_tests::test_comparison_with_large_numbers ... ok
[INFO] [stdout] test compatibility_tests::u64_tests::test_comparison_compatibility ... ok
[INFO] [stdout] test compatibility_tests::u64_tests::test_addition_with_large_lcm ... ok
[INFO] [stdout] test compatibility_tests::u64_tests::test_cross_cancellation_effectiveness ... ok
[INFO] [stdout] test compatibility_tests::u64_tests::test_add_overflow_triggers_wide ... ok
[INFO] [stdout] test compatibility_tests::u64_tests::test_fibonacci_like_gcd ... ok
[INFO] [stdout] test compatibility_tests::u64_tests::test_deferred_reduction ... ok
[INFO] [stdout] test compatibility_tests::u64_tests::test_distributivity ... ok
[INFO] [stdout] test compatibility_tests::u64_tests::test_divide_by_zero - should panic ... ok
[INFO] [stdout] test compatibility_tests::u64_tests::test_gcd_powers_of_two ... ok
[INFO] [stdout] test compatibility_tests::u64_tests::test_division_compatibility ... ok
[INFO] [stdout] test compatibility_tests::u64_tests::test_gcd_with_large_bit_differences ... ok
[INFO] [stdout] test compatibility_tests::u64_tests::test_gcd_with_zero_and_nonzero ... ok
[INFO] [stdout] test compatibility_tests::u64_tests::test_identity_elements ... ok
[INFO] [stdout] test compatibility_tests::u64_tests::test_large_multiply_needs_wide_reduction ... ok
[INFO] [stdout] test compatibility_tests::u64_tests::test_inverse_elements ... ok
[INFO] [stdout] test compatibility_tests::u64_tests::test_mul_by_zero ... ok
[INFO] [stdout] test compatibility_tests::u64_tests::test_mul_chain_unreduced ... ok
[INFO] [stdout] test compatibility_tests::u64_tests::test_mul_large_with_small ... ok
[INFO] [stdout] test compatibility_tests::u64_tests::test_gcd_with_common_factors ... ok
[INFO] [stdout] test compatibility_tests::u64_tests::test_double_negation ... ok
[INFO] [stdout] test compatibility_tests::u64_tests::test_division_by_large_uint ... ok
[INFO] [stdout] test compatibility_tests::u64_tests::test_mul_overflow_triggers_cross_cancel ... ok
[INFO] [stdout] test compatibility_tests::u64_tests::test_equality_compatibility ... ok
[INFO] [stdout] test compatibility_tests::u64_tests::test_mul_reduced_large_coprime ... ok
[INFO] [stdout] test compatibility_tests::u64_tests::test_from_float_edge_cases_comprehensive ... ok
[INFO] [stdout] test compatibility_tests::u64_tests::test_mul_reduced_small_values ... ok
[INFO] [stdout] test compatibility_tests::u64_tests::test_mul_wide_fast_path ... ok
[INFO] [stdout] test compatibility_tests::u64_tests::test_mul_returns_unreduced ... ok
[INFO] [stdout] test compatibility_tests::u64_tests::test_multiplication_many_iterations ... ok
[INFO] [stdout] test compatibility_tests::u64_tests::test_mul_with_coprime_values ... ok
[INFO] [stdout] test compatibility_tests::u64_tests::test_multiplication_compatibility ... ok
[INFO] [stdout] test compatibility_tests::u64_tests::test_from_float_then_mul ... ok
[INFO] [stdout] test compatibility_tests::u64_tests::test_mul_reduced_returns_reduced ... ok
[INFO] [stdout] test compatibility_tests::u64_tests::test_multiplication_extreme_sizes ... ok
[INFO] [stdout] test compatibility_tests::u64_tests::test_gcd_consecutive_numbers ... ok
[INFO] [stdout] test compatibility_tests::u64_tests::test_gcd_correctness ... ok
[INFO] [stdout] test compatibility_tests::u64_tests::test_gcd_near_equal_values ... ok
[INFO] [stdout] test compatibility_tests::u64_tests::test_multiply_chain_normalizes_correctly ... ok
[INFO] [stdout] test compatibility_tests::u64_tests::test_large_number_addition ... ok
[INFO] [stdout] test compatibility_tests::u64_tests::test_multiply_by_reciprocal ... ok
[INFO] [stdout] test compatibility_tests::u64_tests::test_multiply_sequence_with_verification ... ok
[INFO] [stdout] test compatibility_tests::u64_tests::test_multiply_very_large_normalized_fractions ... ok
[INFO] [stdout] test compatibility_tests::u64_tests::test_near_max_values ... ok
[INFO] [stdout] test compatibility_tests::u64_tests::test_needs_reduction_threshold ... ok
[INFO] [stdout] test compatibility_tests::u64_tests::test_is_integer_compatibility ... ok
[INFO] [stdout] test compatibility_tests::u64_tests::test_normalize_already_reduced ... ok
[INFO] [stdout] test compatibility_tests::u64_tests::test_mul_by_one ... ok
[INFO] [stdout] test compatibility_tests::u64_tests::test_multiplication_with_reduction_verification ... ok
[INFO] [stdout] test compatibility_tests::u64_tests::test_normalize_power_of_2_optimization ... ok
[INFO] [stdout] test compatibility_tests::u64_tests::test_reciprocal_compatibility ... ok
[INFO] [stdout] test compatibility_tests::u64_tests::test_overflow_to_wide_path ... ok
[INFO] [stdout] test compatibility_tests::u64_tests::test_reciprocal_of_zero - should panic ... ok
[INFO] [stdout] test compatibility_tests::u64_tests::test_reduction ... ok
[INFO] [stdout] test compatibility_tests::u64_tests::test_reduction_idempotence ... ok
[INFO] [stdout] test compatibility_tests::u64_tests::test_regression_mul_reduced_should_reduce ... ok
[INFO] [stdout] test compatibility_tests::u64_tests::test_regression_mul_should_not_reduce ... ok
[INFO] [stdout] test compatibility_tests::u64_tests::test_gcd_properties ... ok
[INFO] [stdout] test compatibility_tests::u64_tests::test_ordering_comprehensive ... ok
[INFO] [stdout] test compatibility_tests::u64_tests::test_signed_addition ... ok
[INFO] [stdout] test compatibility_tests::u64_tests::test_signed_large_numbers ... ok
[INFO] [stdout] test compatibility_tests::u64_tests::test_taylor_series_accumulation ... ok
[INFO] [stdout] test compatibility_tests::u64_tests::test_unreduced_addition_correctness ... ok
[INFO] [stdout] test compatibility_tests::u64_tests::test_zero_edge_cases ... ok
[INFO] [stdout] test compatibility_tests::u704_tests::test_add_overflow_triggers_wide ... ok
[INFO] [stdout] test compatibility_tests::u704_tests::test_add_returns_unreduced_diff_denom ... ok
[INFO] [stdout] test compatibility_tests::u704_tests::test_add_returns_unreduced_same_denom ... ok
[INFO] [stdout] test compatibility_tests::u704_tests::test_add_zero ... ok
[INFO] [stdout] test compatibility_tests::u704_tests::test_addition_compatibility ... ok
[INFO] [stdout] test compatibility_tests::u704_tests::test_addition_with_large_lcm ... ok
[INFO] [stdout] test compatibility_tests::u64_tests::test_repeated_operations ... ok
[INFO] [stdout] test compatibility_tests::u64_tests::test_sign_checks ... ok
[INFO] [stdout] test compatibility_tests::u64_tests::test_unreduced_comparison ... ok
[INFO] [stdout] test compatibility_tests::u64_tests::test_sign_in_operations ... ok
[INFO] [stdout] test compatibility_tests::u64_tests::test_unreduced_equality ... ok
[INFO] [stdout] test compatibility_tests::u64_tests::test_subtraction_compatibility ... ok
[INFO] [stdout] test compatibility_tests::u64_tests::test_taylor_series_realistic ... ok
[INFO] [stdout] test compatibility_tests::u704_tests::test_comparison_compatibility ... ok
[INFO] [stdout] test compatibility_tests::u64_tests::test_very_large_multiplication ... ok
[INFO] [stdout] test compatibility_tests::u704_tests::test_comparison_transitivity ... ok
[INFO] [stdout] test compatibility_tests::u704_tests::test_comparison_with_large_numbers ... ok
[INFO] [stdout] test compatibility_tests::u704_tests::test_distributivity ... ok
[INFO] [stdout] test compatibility_tests::u704_tests::test_division_compatibility ... ok
[INFO] [stdout] test compatibility_tests::u64_tests::test_mul_reduced_power_of_2 ... ok
[INFO] [stdout] test compatibility_tests::u704_tests::test_cross_cancellation_effectiveness ... ok
[INFO] [stdout] test compatibility_tests::u704_tests::test_deferred_reduction ... ok
[INFO] [stdout] test compatibility_tests::u704_tests::test_division_by_large_uint ... ok
[INFO] [stdout] test compatibility_tests::u704_tests::test_gcd_correctness ... ok
[INFO] [stdout] test compatibility_tests::u64_tests::test_negation_compatibility ... ok
[INFO] [stdout] test compatibility_tests::u704_tests::test_from_float_then_mul ... ok
[INFO] [stdout] test compatibility_tests::u64_tests::test_addition_compatibility ... ok
[INFO] [stdout] test compatibility_tests::u704_tests::test_add_same_denominator ... ok
[INFO] [stdout] test compatibility_tests::u704_tests::test_associativity ... ok
[INFO] [stdout] test compatibility_tests::u704_tests::test_commutativity ... ok
[INFO] [stdout] test compatibility_tests::u704_tests::test_complex_operations ... ok
[INFO] [stdout] test compatibility_tests::u704_tests::test_divide_by_zero - should panic ... ok
[INFO] [stdout] test compatibility_tests::u704_tests::test_double_negation ... ok
[INFO] [stdout] test compatibility_tests::u704_tests::test_gcd_consecutive_numbers ... ok
[INFO] [stdout] test compatibility_tests::u704_tests::test_gcd_powers_of_two ... ok
[INFO] [stdout] test compatibility_tests::u704_tests::test_gcd_with_common_factors ... ok
[INFO] [stdout] test compatibility_tests::u704_tests::test_gcd_near_equal_values ... ok
[INFO] [stdout] test compatibility_tests::u704_tests::test_equality_compatibility ... ok
[INFO] [stdout] test compatibility_tests::u704_tests::test_fibonacci_like_gcd ... ok
[INFO] [stdout] test compatibility_tests::u704_tests::test_from_float_edge_cases_comprehensive ... ok
[INFO] [stdout] test compatibility_tests::u704_tests::test_gcd_with_zero_and_nonzero ... ok
[INFO] [stdout] test compatibility_tests::u704_tests::test_identity_elements ... ok
[INFO] [stdout] test compatibility_tests::u704_tests::test_is_integer_compatibility ... ok
[INFO] [stdout] test compatibility_tests::u704_tests::test_gcd_with_large_bit_differences ... ok
[INFO] [stdout] test compatibility_tests::u704_tests::test_mul_chain_unreduced ... ok
[INFO] [stdout] test compatibility_tests::u704_tests::test_mul_reduced_large_coprime ... ok
[INFO] [stdout] test compatibility_tests::u704_tests::test_mul_large_with_small ... ok
[INFO] [stdout] test compatibility_tests::u704_tests::test_inverse_elements ... ok
[INFO] [stdout] test compatibility_tests::u704_tests::test_large_multiply_needs_wide_reduction ... ok
[INFO] [stdout] test compatibility_tests::u704_tests::test_mul_wide_fast_path ... ok
[INFO] [stdout] test compatibility_tests::u704_tests::test_mul_reduced_power_of_2 ... ok
[INFO] [stdout] test compatibility_tests::u704_tests::test_mul_reduced_returns_reduced ... ok
[INFO] [stdout] test compatibility_tests::u704_tests::test_mul_reduced_small_values ... ok
[INFO] [stdout] test compatibility_tests::u704_tests::test_multiplication_compatibility ... ok
[INFO] [stdout] test compatibility_tests::u704_tests::test_mul_returns_unreduced ... ok
[INFO] [stdout] test compatibility_tests::u704_tests::test_mul_with_coprime_values ... ok
[INFO] [stdout] test compatibility_tests::u704_tests::test_multiplication_extreme_sizes ... ok
[INFO] [stdout] test compatibility_tests::u704_tests::test_large_number_addition ... ok
[INFO] [stdout] test compatibility_tests::u704_tests::test_mul_by_one ... ok
[INFO] [stdout] test compatibility_tests::u704_tests::test_multiply_sequence_with_verification ... ok
[INFO] [stdout] test compatibility_tests::u704_tests::test_mul_by_zero ... ok
[INFO] [stdout] test compatibility_tests::u704_tests::test_multiply_very_large_normalized_fractions ... ok
[INFO] [stdout] test compatibility_tests::u704_tests::test_mul_overflow_triggers_cross_cancel ... ok
[INFO] [stdout] test compatibility_tests::u704_tests::test_needs_reduction_threshold ... ok
[INFO] [stdout] test compatibility_tests::u704_tests::test_near_max_values ... ok
[INFO] [stdout] test compatibility_tests::u704_tests::test_reduction ... ok
[INFO] [stdout] test compatibility_tests::u704_tests::test_reduction_idempotence ... ok
[INFO] [stdout] test compatibility_tests::u704_tests::test_regression_mul_should_not_reduce ... ok
[INFO] [stdout] test compatibility_tests::u704_tests::test_sign_checks ... ok
[INFO] [stdout] test compatibility_tests::u704_tests::test_regression_mul_reduced_should_reduce ... ok
[INFO] [stdout] test compatibility_tests::u704_tests::test_multiplication_many_iterations ... ok
[INFO] [stdout] test compatibility_tests::u704_tests::test_repeated_operations ... ok
[INFO] [stdout] test compatibility_tests::u704_tests::test_multiplication_with_reduction_verification ... ok
[INFO] [stdout] test compatibility_tests::u704_tests::test_sign_in_operations ... ok
[INFO] [stdout] test compatibility_tests::u704_tests::test_multiply_by_reciprocal ... ok
[INFO] [stdout] test compatibility_tests::u704_tests::test_multiply_chain_normalizes_correctly ... ok
[INFO] [stdout] test compatibility_tests::u704_tests::test_normalize_power_of_2_optimization ... ok
[INFO] [stdout] test compatibility_tests::u704_tests::test_ordering_comprehensive ... ok
[INFO] [stdout] test compatibility_tests::u704_tests::test_overflow_to_wide_path ... ok
[INFO] [stdout] test compatibility_tests::u704_tests::test_reciprocal_of_zero - should panic ... ok
[INFO] [stdout] test compatibility_tests::u704_tests::test_signed_large_numbers ... ok
[INFO] [stdout] test compatibility_tests::u704_tests::test_subtraction_compatibility ... ok
[INFO] [stdout] test compatibility_tests::u704_tests::test_negation_compatibility ... ok
[INFO] [stdout] test compatibility_tests::u704_tests::test_normalize_already_reduced ... ok
[INFO] [stdout] test compatibility_tests::u704_tests::test_unreduced_addition_correctness ... ok
[INFO] [stdout] test compatibility_tests::u704_tests::test_unreduced_equality ... ok
[INFO] [stdout] test compatibility_tests::u704_tests::test_signed_addition ... ok
[INFO] [stdout] test compatibility_tests::u704_tests::test_reciprocal_compatibility ... ok
[INFO] [stdout] test compatibility_tests::u704_tests::test_very_large_multiplication ... ok
[INFO] [stdout] test compatibility_tests::u704_tests::test_zero_edge_cases ... ok
[INFO] [stdout] test compatibility_tests::u768_tests::test_add_overflow_triggers_wide ... ok
[INFO] [stdout] test compatibility_tests::u768_tests::test_associativity ... ok
[INFO] [stdout] test compatibility_tests::u768_tests::test_add_returns_unreduced_diff_denom ... ok
[INFO] [stdout] test compatibility_tests::u768_tests::test_complex_operations ... ok
[INFO] [stdout] test compatibility_tests::u768_tests::test_addition_with_large_lcm ... ok
[INFO] [stdout] test compatibility_tests::u768_tests::test_addition_compatibility ... ok
[INFO] [stdout] test compatibility_tests::u768_tests::test_commutativity ... ok
[INFO] [stdout] test compatibility_tests::u768_tests::test_comparison_compatibility ... ok
[INFO] [stdout] test compatibility_tests::u768_tests::test_comparison_transitivity ... ok
[INFO] [stdout] test compatibility_tests::u704_tests::test_gcd_properties ... ok
[INFO] [stdout] test compatibility_tests::u768_tests::test_cross_cancellation_effectiveness ... ok
[INFO] [stdout] test compatibility_tests::u768_tests::test_deferred_reduction ... ok
[INFO] [stdout] test compatibility_tests::u704_tests::test_taylor_series_accumulation ... ok
[INFO] [stdout] test compatibility_tests::u704_tests::test_taylor_series_realistic ... ok
[INFO] [stdout] test compatibility_tests::u704_tests::test_unreduced_comparison ... ok
[INFO] [stdout] test compatibility_tests::u768_tests::test_add_returns_unreduced_same_denom ... ok
[INFO] [stdout] test compatibility_tests::u768_tests::test_fibonacci_like_gcd ... ok
[INFO] [stdout] test compatibility_tests::u768_tests::test_from_float_edge_cases_comprehensive ... ok
[INFO] [stdout] test compatibility_tests::u768_tests::test_division_by_large_uint ... ok
[INFO] [stdout] test compatibility_tests::u768_tests::test_add_same_denominator ... ok
[INFO] [stdout] test compatibility_tests::u768_tests::test_add_zero ... ok
[INFO] [stdout] test compatibility_tests::u768_tests::test_gcd_consecutive_numbers ... ok
[INFO] [stdout] test compatibility_tests::u768_tests::test_equality_compatibility ... ok
[INFO] [stdout] test compatibility_tests::u768_tests::test_gcd_powers_of_two ... ok
[INFO] [stdout] test compatibility_tests::u768_tests::test_gcd_correctness ... ok
[INFO] [stdout] test compatibility_tests::u768_tests::test_gcd_near_equal_values ... ok
[INFO] [stdout] test compatibility_tests::u768_tests::test_from_float_then_mul ... ok
[INFO] [stdout] test compatibility_tests::u768_tests::test_identity_elements ... ok
[INFO] [stdout] test compatibility_tests::u768_tests::test_distributivity ... ok
[INFO] [stdout] test compatibility_tests::u768_tests::test_divide_by_zero - should panic ... ok
[INFO] [stdout] test compatibility_tests::u768_tests::test_division_compatibility ... ok
[INFO] [stdout] test compatibility_tests::u768_tests::test_mul_by_zero ... ok
[INFO] [stdout] test compatibility_tests::u768_tests::test_gcd_properties ... ok
[INFO] [stdout] test compatibility_tests::u768_tests::test_gcd_with_common_factors ... ok
[INFO] [stdout] test compatibility_tests::u768_tests::test_mul_overflow_triggers_cross_cancel ... ok
[INFO] [stdout] test compatibility_tests::u768_tests::test_mul_large_with_small ... ok
[INFO] [stdout] test compatibility_tests::u768_tests::test_mul_reduced_small_values ... ok
[INFO] [stdout] test compatibility_tests::u768_tests::test_mul_reduced_returns_reduced ... ok
[INFO] [stdout] test compatibility_tests::u768_tests::test_mul_chain_unreduced ... ok
[INFO] [stdout] test compatibility_tests::u768_tests::test_mul_wide_fast_path ... ok
[INFO] [stdout] test compatibility_tests::u768_tests::test_inverse_elements ... ok
[INFO] [stdout] test compatibility_tests::u768_tests::test_mul_returns_unreduced ... ok
[INFO] [stdout] test compatibility_tests::u768_tests::test_is_integer_compatibility ... ok
[INFO] [stdout] test compatibility_tests::u768_tests::test_comparison_with_large_numbers ... ok
[INFO] [stdout] test compatibility_tests::u768_tests::test_gcd_with_large_bit_differences ... ok
[INFO] [stdout] test compatibility_tests::u768_tests::test_gcd_with_zero_and_nonzero ... ok
[INFO] [stdout] test compatibility_tests::u768_tests::test_multiplication_compatibility ... ok
[INFO] [stdout] test compatibility_tests::u768_tests::test_large_multiply_needs_wide_reduction ... ok
[INFO] [stdout] test compatibility_tests::u768_tests::test_mul_reduced_large_coprime ... ok
[INFO] [stdout] test compatibility_tests::u768_tests::test_large_number_addition ... ok
[INFO] [stdout] test compatibility_tests::u768_tests::test_mul_reduced_power_of_2 ... ok
[INFO] [stdout] test compatibility_tests::u768_tests::test_mul_by_one ... ok
[INFO] [stdout] test compatibility_tests::u768_tests::test_double_negation ... ok
[INFO] [stdout] test compatibility_tests::u768_tests::test_mul_with_coprime_values ... ok
[INFO] [stdout] test compatibility_tests::u768_tests::test_multiplication_many_iterations ... ok
[INFO] [stdout] test compatibility_tests::u768_tests::test_overflow_to_wide_path ... ok
[INFO] [stdout] test compatibility_tests::u768_tests::test_multiply_sequence_with_verification ... ok
[INFO] [stdout] test compatibility_tests::u768_tests::test_reciprocal_compatibility ... ok
[INFO] [stdout] test compatibility_tests::u768_tests::test_multiply_by_reciprocal ... ok
[INFO] [stdout] test compatibility_tests::u768_tests::test_reciprocal_of_zero - should panic ... ok
[INFO] [stdout] test compatibility_tests::u768_tests::test_multiply_chain_normalizes_correctly ... ok
[INFO] [stdout] test compatibility_tests::u768_tests::test_reduction ... ok
[INFO] [stdout] test compatibility_tests::u768_tests::test_ordering_comprehensive ... ok
[INFO] [stdout] test compatibility_tests::u768_tests::test_multiply_very_large_normalized_fractions ... ok
[INFO] [stdout] test compatibility_tests::u768_tests::test_multiplication_extreme_sizes ... ok
[INFO] [stdout] test compatibility_tests::u768_tests::test_reduction_idempotence ... ok
[INFO] [stdout] test compatibility_tests::u768_tests::test_signed_addition ... ok
[INFO] [stdout] test compatibility_tests::u768_tests::test_regression_mul_should_not_reduce ... ok
[INFO] [stdout] test compatibility_tests::u768_tests::test_multiplication_with_reduction_verification ... ok
[INFO] [stdout] test compatibility_tests::u768_tests::test_normalize_already_reduced ... ok
[INFO] [stdout] test compatibility_tests::u768_tests::test_sign_checks ... ok
[INFO] [stdout] test compatibility_tests::u768_tests::test_near_max_values ... ok
[INFO] [stdout] test compatibility_tests::u768_tests::test_signed_large_numbers ... ok
[INFO] [stdout] test compatibility_tests::u768_tests::test_needs_reduction_threshold ... ok
[INFO] [stdout] test compatibility_tests::u768_tests::test_normalize_power_of_2_optimization ... ok
[INFO] [stdout] test compatibility_tests::u768_tests::test_repeated_operations ... ok
[INFO] [stdout] test compatibility_tests::u768_tests::test_sign_in_operations ... ok
[INFO] [stdout] test compatibility_tests::u768_tests::test_regression_mul_reduced_should_reduce ... ok
[INFO] [stdout] test compatibility_tests::u8192_tests::test_add_returns_unreduced_diff_denom ... ok
[INFO] [stdout] test compatibility_tests::u768_tests::test_taylor_series_realistic ... ok
[INFO] [stdout] test compatibility_tests::u8192_tests::test_add_returns_unreduced_same_denom ... ok
[INFO] [stdout] test compatibility_tests::u8192_tests::test_add_zero ... ok
[INFO] [stdout] test compatibility_tests::u768_tests::test_subtraction_compatibility ... ok
[INFO] [stdout] test compatibility_tests::u8192_tests::test_addition_with_large_lcm ... ok
[INFO] [stdout] test compatibility_tests::u768_tests::test_unreduced_comparison ... ok
[INFO] [stdout] test compatibility_tests::u768_tests::test_unreduced_addition_correctness ... ok
[INFO] [stdout] test compatibility_tests::u8192_tests::test_comparison_transitivity ... ok
[INFO] [stdout] test compatibility_tests::u768_tests::test_taylor_series_accumulation ... ok
[INFO] [stdout] test compatibility_tests::u8192_tests::test_addition_compatibility ... ok
[INFO] [stdout] test compatibility_tests::u768_tests::test_very_large_multiplication ... ok
[INFO] [stdout] test compatibility_tests::u8192_tests::test_division_by_large_uint ... ok
[INFO] [stdout] test compatibility_tests::u8192_tests::test_comparison_with_large_numbers ... ok
[INFO] [stdout] test compatibility_tests::u768_tests::test_zero_edge_cases ... ok
[INFO] [stdout] test compatibility_tests::u768_tests::test_unreduced_equality ... ok
[INFO] [stdout] test compatibility_tests::u8192_tests::test_division_compatibility ... ok
[INFO] [stdout] test compatibility_tests::u8192_tests::test_divide_by_zero - should panic ... ok
[INFO] [stdout] test compatibility_tests::u8192_tests::test_double_negation ... ok
[INFO] [stdout] test compatibility_tests::u8192_tests::test_fibonacci_like_gcd ... ok
[INFO] [stdout] test compatibility_tests::u8192_tests::test_gcd_consecutive_numbers ... ok
[INFO] [stdout] test compatibility_tests::u8192_tests::test_comparison_compatibility ... ok
[INFO] [stdout] test compatibility_tests::u8192_tests::test_equality_compatibility ... ok
[INFO] [stdout] test compatibility_tests::u8192_tests::test_deferred_reduction ... ok
[INFO] [stdout] test compatibility_tests::u8192_tests::test_add_overflow_triggers_wide ... ok
[INFO] [stdout] test compatibility_tests::u8192_tests::test_from_float_then_mul ... ok
[INFO] [stdout] test compatibility_tests::u8192_tests::test_gcd_with_zero_and_nonzero ... ok
[INFO] [stdout] test compatibility_tests::u8192_tests::test_gcd_correctness ... ok
[INFO] [stdout] test compatibility_tests::u8192_tests::test_gcd_with_common_factors ... ok
[INFO] [stdout] test compatibility_tests::u8192_tests::test_gcd_powers_of_two ... ok
[INFO] [stdout] test compatibility_tests::u8192_tests::test_is_integer_compatibility ... ok
[INFO] [stdout] test compatibility_tests::u8192_tests::test_large_number_addition ... ok
[INFO] [stdout] test compatibility_tests::u8192_tests::test_mul_by_one ... ok
[INFO] [stdout] test compatibility_tests::u8192_tests::test_mul_by_zero ... ok
[INFO] [stdout] test compatibility_tests::u8192_tests::test_identity_elements ... ok
[INFO] [stdout] test compatibility_tests::u768_tests::test_negation_compatibility ... ok
[INFO] [stdout] test compatibility_tests::u16384_tests::test_sign_in_operations ... ok
[INFO] [stdout] test compatibility_tests::u8192_tests::test_large_multiply_needs_wide_reduction ... ok
[INFO] [stdout] test compatibility_tests::u8192_tests::test_mul_overflow_triggers_cross_cancel ... ok
[INFO] [stdout] test compatibility_tests::u8192_tests::test_mul_reduced_large_coprime ... ok
[INFO] [stdout] test compatibility_tests::u8192_tests::test_mul_reduced_returns_reduced ... ok
[INFO] [stdout] test compatibility_tests::u8192_tests::test_mul_reduced_small_values ... ok
[INFO] [stdout] test compatibility_tests::u8192_tests::test_mul_wide_fast_path ... ok
[INFO] [stdout] test compatibility_tests::u8192_tests::test_mul_returns_unreduced ... ok
[INFO] [stdout] test compatibility_tests::u8192_tests::test_mul_with_coprime_values ... ok
[INFO] [stdout] test compatibility_tests::u8192_tests::test_multiplication_extreme_sizes ... ok
[INFO] [stdout] test compatibility_tests::u8192_tests::test_multiplication_many_iterations ... ok
[INFO] [stdout] test compatibility_tests::u8192_tests::test_mul_reduced_power_of_2 ... ok
[INFO] [stdout] test compatibility_tests::u8192_tests::test_gcd_with_large_bit_differences ... ok
[INFO] [stdout] test compatibility_tests::u8192_tests::test_gcd_near_equal_values ... ok
[INFO] [stdout] test compatibility_tests::u8192_tests::test_add_same_denominator ... ok
[INFO] [stdout] test compatibility_tests::u8192_tests::test_multiply_very_large_normalized_fractions ... ok
[INFO] [stdout] test compatibility_tests::u8192_tests::test_near_max_values ... ok
[INFO] [stdout] test compatibility_tests::u8192_tests::test_needs_reduction_threshold ... ok
[INFO] [stdout] test compatibility_tests::u8192_tests::test_negation_compatibility ... ok
[INFO] [stdout] test compatibility_tests::u8192_tests::test_normalize_already_reduced ... ok
[INFO] [stdout] test compatibility_tests::u8192_tests::test_normalize_power_of_2_optimization ... ok
[INFO] [stdout] test compatibility_tests::u8192_tests::test_ordering_comprehensive ... ok
[INFO] [stdout] test compatibility_tests::u8192_tests::test_overflow_to_wide_path ... ok
[INFO] [stdout] test compatibility_tests::u8192_tests::test_reciprocal_compatibility ... ok
[INFO] [stdout] test compatibility_tests::u8192_tests::test_mul_chain_unreduced ... ok
[INFO] [stdout] test compatibility_tests::u8192_tests::test_multiply_sequence_with_verification ... ok
[INFO] [stdout] test compatibility_tests::u8192_tests::test_reciprocal_of_zero - should panic ... ok
[INFO] [stdout] test compatibility_tests::u8192_tests::test_mul_large_with_small ... ok
[INFO] [stdout] test compatibility_tests::u8192_tests::test_from_float_edge_cases_comprehensive ... ok
[INFO] [stdout] test compatibility_tests::u8192_tests::test_cross_cancellation_effectiveness ... ok
[INFO] [stdout] test compatibility_tests::u8192_tests::test_distributivity ... ok
[INFO] [stdout] test compatibility_tests::u8192_tests::test_complex_operations ... ok
[INFO] [stdout] test compatibility_tests::u8192_tests::test_multiply_chain_normalizes_correctly ... ok
[INFO] [stdout] test compatibility_tests::u8192_tests::test_regression_mul_should_not_reduce ... ok
[INFO] [stdout] test compatibility_tests::u8192_tests::test_regression_mul_reduced_should_reduce ... ok
[INFO] [stdout] test compatibility_tests::u8192_tests::test_signed_addition ... ok
[INFO] [stdout] test compatibility_tests::u8192_tests::test_subtraction_compatibility ... ok
[INFO] [stdout] test compatibility_tests::u8192_tests::test_unreduced_addition_correctness ... ok
[INFO] [stdout] test compatibility_tests::u8192_tests::test_unreduced_comparison ... ok
[INFO] [stdout] test compatibility_tests::u8192_tests::test_reduction ... ok
[INFO] [stdout] test compatibility_tests::u8192_tests::test_reduction_idempotence ... ok
[INFO] [stdout] test compatibility_tests::u8192_tests::test_sign_checks ... ok
[INFO] [stdout] test compatibility_tests::u8192_tests::test_zero_edge_cases ... ok
[INFO] [stdout] test compatibility_tests::u832_tests::test_add_returns_unreduced_diff_denom ... ok
[INFO] [stdout] test compatibility_tests::u8192_tests::test_unreduced_equality ... ok
[INFO] [stdout] test compatibility_tests::u832_tests::test_add_overflow_triggers_wide ... ok
[INFO] [stdout] test compatibility_tests::u832_tests::test_add_returns_unreduced_same_denom ... ok
[INFO] [stdout] test compatibility_tests::u832_tests::test_add_same_denominator ... ok
[INFO] [stdout] test compatibility_tests::u832_tests::test_add_zero ... ok
[INFO] [stdout] test compatibility_tests::u832_tests::test_addition_with_large_lcm ... ok
[INFO] [stdout] test compatibility_tests::u832_tests::test_commutativity ... ok
[INFO] [stdout] test compatibility_tests::u832_tests::test_comparison_compatibility ... ok
[INFO] [stdout] test compatibility_tests::u832_tests::test_addition_compatibility ... ok
[INFO] [stdout] test compatibility_tests::u832_tests::test_comparison_transitivity ... ok
[INFO] [stdout] test compatibility_tests::u832_tests::test_associativity ... ok
[INFO] [stdout] test compatibility_tests::u832_tests::test_cross_cancellation_effectiveness ... ok
[INFO] [stdout] test compatibility_tests::u832_tests::test_deferred_reduction ... ok
[INFO] [stdout] test compatibility_tests::u832_tests::test_distributivity ... ok
[INFO] [stdout] test compatibility_tests::u832_tests::test_comparison_with_large_numbers ... ok
[INFO] [stdout] test compatibility_tests::u832_tests::test_division_by_large_uint ... ok
[INFO] [stdout] test compatibility_tests::u832_tests::test_division_compatibility ... ok
[INFO] [stdout] test compatibility_tests::u832_tests::test_double_negation ... ok
[INFO] [stdout] test compatibility_tests::u8192_tests::test_signed_large_numbers ... ok
[INFO] [stdout] test compatibility_tests::u832_tests::test_divide_by_zero - should panic ... ok
[INFO] [stdout] test compatibility_tests::u832_tests::test_fibonacci_like_gcd ... ok
[INFO] [stdout] test compatibility_tests::u832_tests::test_from_float_edge_cases_comprehensive ... ok
[INFO] [stdout] test compatibility_tests::u832_tests::test_from_float_then_mul ... ok
[INFO] [stdout] test compatibility_tests::u8192_tests::test_taylor_series_accumulation ... ok
[INFO] [stdout] test compatibility_tests::u832_tests::test_gcd_correctness ... ok
[INFO] [stdout] test compatibility_tests::u832_tests::test_gcd_powers_of_two ... ok
[INFO] [stdout] test compatibility_tests::u832_tests::test_gcd_consecutive_numbers ... ok
[INFO] [stdout] test compatibility_tests::u832_tests::test_gcd_near_equal_values ... ok
[INFO] [stdout] test compatibility_tests::u832_tests::test_gcd_with_large_bit_differences ... ok
[INFO] [stdout] test compatibility_tests::u832_tests::test_gcd_with_zero_and_nonzero ... ok
[INFO] [stdout] test compatibility_tests::u832_tests::test_equality_compatibility ... ok
[INFO] [stdout] test compatibility_tests::u832_tests::test_gcd_with_common_factors ... ok
[INFO] [stdout] test compatibility_tests::u8192_tests::test_very_large_multiplication ... ok
[INFO] [stdout] test compatibility_tests::u8192_tests::test_taylor_series_realistic ... ok
[INFO] [stdout] test compatibility_tests::u8192_tests::test_sign_in_operations ... ok
[INFO] [stdout] test compatibility_tests::u832_tests::test_inverse_elements ... ok
[INFO] [stdout] test compatibility_tests::u832_tests::test_is_integer_compatibility ... ok
[INFO] [stdout] test compatibility_tests::u832_tests::test_identity_elements ... ok
[INFO] [stdout] test compatibility_tests::u832_tests::test_gcd_properties ... ok
[INFO] [stdout] test compatibility_tests::u832_tests::test_large_multiply_needs_wide_reduction ... ok
[INFO] [stdout] test compatibility_tests::u8192_tests::test_commutativity ... ok
[INFO] [stdout] test compatibility_tests::u832_tests::test_large_number_addition ... ok
[INFO] [stdout] test compatibility_tests::u832_tests::test_mul_reduced_large_coprime ... ok
[INFO] [stdout] test compatibility_tests::u832_tests::test_mul_by_zero ... ok
[INFO] [stdout] test compatibility_tests::u832_tests::test_mul_large_with_small ... ok
[INFO] [stdout] test compatibility_tests::u832_tests::test_mul_reduced_power_of_2 ... ok
[INFO] [stdout] test compatibility_tests::u832_tests::test_mul_chain_unreduced ... ok
[INFO] [stdout] test compatibility_tests::u832_tests::test_mul_with_coprime_values ... ok
[INFO] [stdout] test compatibility_tests::u8192_tests::test_associativity ... ok
[INFO] [stdout] test compatibility_tests::u832_tests::test_mul_by_one ... ok
[INFO] [stdout] test compatibility_tests::u832_tests::test_multiplication_extreme_sizes ... ok
[INFO] [stdout] test compatibility_tests::u832_tests::test_multiplication_many_iterations ... ok
[INFO] [stdout] test compatibility_tests::u832_tests::test_multiply_chain_normalizes_correctly ... ok
[INFO] [stdout] test compatibility_tests::u832_tests::test_multiply_sequence_with_verification ... ok
[INFO] [stdout] test compatibility_tests::u832_tests::test_multiply_very_large_normalized_fractions ... ok
[INFO] [stdout] test compatibility_tests::u832_tests::test_near_max_values ... ok
[INFO] [stdout] test compatibility_tests::u832_tests::test_multiply_by_reciprocal ... ok
[INFO] [stdout] test compatibility_tests::u832_tests::test_needs_reduction_threshold ... ok
[INFO] [stdout] test compatibility_tests::u832_tests::test_negation_compatibility ... ok
[INFO] [stdout] test compatibility_tests::u832_tests::test_normalize_already_reduced ... ok
[INFO] [stdout] test compatibility_tests::u832_tests::test_normalize_power_of_2_optimization ... ok
[INFO] [stdout] test compatibility_tests::u832_tests::test_ordering_comprehensive ... ok
[INFO] [stdout] test compatibility_tests::u832_tests::test_overflow_to_wide_path ... ok
[INFO] [stdout] test compatibility_tests::u832_tests::test_reciprocal_compatibility ... ok
[INFO] [stdout] test compatibility_tests::u832_tests::test_mul_returns_unreduced ... ok
[INFO] [stdout] test compatibility_tests::u832_tests::test_mul_reduced_returns_reduced ... ok
[INFO] [stdout] test compatibility_tests::u832_tests::test_mul_wide_fast_path ... ok
[INFO] [stdout] test compatibility_tests::u832_tests::test_reduction ... ok
[INFO] [stdout] test compatibility_tests::u832_tests::test_reduction_idempotence ... ok
[INFO] [stdout] test compatibility_tests::u832_tests::test_multiplication_compatibility ... ok
[INFO] [stdout] test compatibility_tests::u832_tests::test_regression_mul_reduced_should_reduce ... ok
[INFO] [stdout] test compatibility_tests::u832_tests::test_regression_mul_should_not_reduce ... ok
[INFO] [stdout] test compatibility_tests::u832_tests::test_repeated_operations ... ok
[INFO] [stdout] test compatibility_tests::u832_tests::test_signed_large_numbers ... ok
[INFO] [stdout] test compatibility_tests::u832_tests::test_subtraction_compatibility ... ok
[INFO] [stdout] test compatibility_tests::u832_tests::test_sign_checks ... ok
[INFO] [stdout] test compatibility_tests::u832_tests::test_taylor_series_accumulation ... ok
[INFO] [stdout] test compatibility_tests::u832_tests::test_taylor_series_realistic ... ok
[INFO] [stdout] test compatibility_tests::u832_tests::test_sign_in_operations ... ok
[INFO] [stdout] test compatibility_tests::u832_tests::test_unreduced_addition_correctness ... ok
[INFO] [stdout] test compatibility_tests::u832_tests::test_signed_addition ... ok
[INFO] [stdout] test compatibility_tests::u832_tests::test_zero_edge_cases ... ok
[INFO] [stdout] test compatibility_tests::u896_tests::test_add_overflow_triggers_wide ... ok
[INFO] [stdout] test compatibility_tests::u832_tests::test_multiplication_with_reduction_verification ... ok
[INFO] [stdout] test compatibility_tests::u896_tests::test_add_returns_unreduced_same_denom ... ok
[INFO] [stdout] test compatibility_tests::u896_tests::test_add_same_denominator ... ok
[INFO] [stdout] test compatibility_tests::u832_tests::test_unreduced_comparison ... ok
[INFO] [stdout] test compatibility_tests::u896_tests::test_addition_compatibility ... ok
[INFO] [stdout] test compatibility_tests::u832_tests::test_unreduced_equality ... ok
[INFO] [stdout] test compatibility_tests::u832_tests::test_complex_operations ... ok
[INFO] [stdout] test compatibility_tests::u832_tests::test_mul_overflow_triggers_cross_cancel ... ok
[INFO] [stdout] test compatibility_tests::u832_tests::test_very_large_multiplication ... ok
[INFO] [stdout] test compatibility_tests::u832_tests::test_mul_reduced_small_values ... ok
[INFO] [stdout] test compatibility_tests::u896_tests::test_comparison_transitivity ... ok
[INFO] [stdout] test compatibility_tests::u896_tests::test_cross_cancellation_effectiveness ... ok
[INFO] [stdout] test compatibility_tests::u896_tests::test_deferred_reduction ... ok
[INFO] [stdout] test compatibility_tests::u896_tests::test_add_returns_unreduced_diff_denom ... ok
[INFO] [stdout] test compatibility_tests::u896_tests::test_add_zero ... ok
[INFO] [stdout] test compatibility_tests::u896_tests::test_distributivity ... ok
[INFO] [stdout] test compatibility_tests::u896_tests::test_addition_with_large_lcm ... ok
[INFO] [stdout] test compatibility_tests::u896_tests::test_comparison_compatibility ... ok
[INFO] [stdout] test compatibility_tests::u896_tests::test_comparison_with_large_numbers ... ok
[INFO] [stdout] test compatibility_tests::u896_tests::test_associativity ... ok
[INFO] [stdout] test compatibility_tests::u896_tests::test_commutativity ... ok
[INFO] [stdout] test compatibility_tests::u896_tests::test_division_compatibility ... ok
[INFO] [stdout] test compatibility_tests::u896_tests::test_from_float_then_mul ... ok
[INFO] [stdout] test compatibility_tests::u896_tests::test_double_negation ... ok
[INFO] [stdout] test compatibility_tests::u896_tests::test_gcd_consecutive_numbers ... ok
[INFO] [stdout] test compatibility_tests::u896_tests::test_complex_operations ... ok
[INFO] [stdout] test compatibility_tests::u896_tests::test_divide_by_zero - should panic ... ok
[INFO] [stdout] test compatibility_tests::u896_tests::test_equality_compatibility ... ok
[INFO] [stdout] test compatibility_tests::u896_tests::test_gcd_with_large_bit_differences ... ok
[INFO] [stdout] test compatibility_tests::u896_tests::test_from_float_edge_cases_comprehensive ... ok
[INFO] [stdout] test compatibility_tests::u896_tests::test_gcd_with_zero_and_nonzero ... ok
[INFO] [stdout] test compatibility_tests::u896_tests::test_division_by_large_uint ... ok
[INFO] [stdout] test compatibility_tests::u896_tests::test_gcd_powers_of_two ... ok
[INFO] [stdout] test compatibility_tests::u896_tests::test_fibonacci_like_gcd ... ok
[INFO] [stdout] test compatibility_tests::u896_tests::test_gcd_properties ... ok
[INFO] [stdout] test compatibility_tests::u896_tests::test_large_multiply_needs_wide_reduction ... ok
[INFO] [stdout] test compatibility_tests::u896_tests::test_large_number_addition ... ok
[INFO] [stdout] test compatibility_tests::u8192_tests::test_multiply_by_reciprocal ... ok
[INFO] [stdout] test compatibility_tests::u896_tests::test_gcd_with_common_factors ... ok
[INFO] [stdout] test compatibility_tests::u896_tests::test_mul_by_zero ... ok
[INFO] [stdout] test compatibility_tests::u832_tests::test_reciprocal_of_zero - should panic ... ok
[INFO] [stdout] test compatibility_tests::u896_tests::test_is_integer_compatibility ... ok
[INFO] [stdout] test compatibility_tests::u896_tests::test_identity_elements ... ok
[INFO] [stdout] test compatibility_tests::u896_tests::test_mul_overflow_triggers_cross_cancel ... ok
[INFO] [stdout] test compatibility_tests::u896_tests::test_mul_reduced_power_of_2 ... ok
[INFO] [stdout] test compatibility_tests::u896_tests::test_mul_reduced_returns_reduced ... ok
[INFO] [stdout] test compatibility_tests::u896_tests::test_mul_returns_unreduced ... ok
[INFO] [stdout] test compatibility_tests::u896_tests::test_mul_wide_fast_path ... ok
[INFO] [stdout] test compatibility_tests::u896_tests::test_multiplication_extreme_sizes ... ok
[INFO] [stdout] test compatibility_tests::u896_tests::test_mul_reduced_large_coprime ... ok
[INFO] [stdout] test compatibility_tests::u896_tests::test_gcd_correctness ... ok
[INFO] [stdout] test compatibility_tests::u896_tests::test_multiplication_many_iterations ... ok
[INFO] [stdout] test compatibility_tests::u896_tests::test_mul_with_coprime_values ... ok
[INFO] [stdout] test compatibility_tests::u896_tests::test_multiplication_compatibility ... ok
[INFO] [stdout] test compatibility_tests::u896_tests::test_mul_by_one ... ok
[INFO] [stdout] test compatibility_tests::u896_tests::test_inverse_elements ... ok
[INFO] [stdout] test compatibility_tests::u896_tests::test_mul_large_with_small ... ok
[INFO] [stdout] test compatibility_tests::u896_tests::test_multiply_by_reciprocal ... ok
[INFO] [stdout] test compatibility_tests::u896_tests::test_mul_reduced_small_values ... ok
[INFO] [stdout] test compatibility_tests::u896_tests::test_gcd_near_equal_values ... ok
[INFO] [stdout] test compatibility_tests::u896_tests::test_mul_chain_unreduced ... ok
[INFO] [stdout] test compatibility_tests::u896_tests::test_normalize_already_reduced ... ok
[INFO] [stdout] test compatibility_tests::u896_tests::test_normalize_power_of_2_optimization ... ok
[INFO] [stdout] test compatibility_tests::u896_tests::test_negation_compatibility ... ok
[INFO] [stdout] test compatibility_tests::u896_tests::test_overflow_to_wide_path ... ok
[INFO] [stdout] test compatibility_tests::u896_tests::test_reciprocal_compatibility ... ok
[INFO] [stdout] test compatibility_tests::u896_tests::test_reciprocal_of_zero - should panic ... ok
[INFO] [stdout] test compatibility_tests::u896_tests::test_reduction ... ok
[INFO] [stdout] test compatibility_tests::u896_tests::test_reduction_idempotence ... ok
[INFO] [stdout] test compatibility_tests::u896_tests::test_multiply_sequence_with_verification ... ok
[INFO] [stdout] test compatibility_tests::u896_tests::test_multiply_chain_normalizes_correctly ... ok
[INFO] [stdout] test compatibility_tests::u896_tests::test_repeated_operations ... ok
[INFO] [stdout] test compatibility_tests::u896_tests::test_sign_checks ... ok
[INFO] [stdout] test compatibility_tests::u896_tests::test_needs_reduction_threshold ... ok
[INFO] [stdout] test compatibility_tests::u896_tests::test_taylor_series_accumulation ... ok
[INFO] [stdout] test compatibility_tests::u896_tests::test_signed_addition ... ok
[INFO] [stdout] test compatibility_tests::u896_tests::test_signed_large_numbers ... ok
[INFO] [stdout] test compatibility_tests::u896_tests::test_sign_in_operations ... ok
[INFO] [stdout] test compatibility_tests::u896_tests::test_taylor_series_realistic ... ok
[INFO] [stdout] test compatibility_tests::u896_tests::test_unreduced_addition_correctness ... ok
[INFO] [stdout] test compatibility_tests::u896_tests::test_unreduced_comparison ... ok
[INFO] [stdout] test compatibility_tests::u896_tests::test_multiply_very_large_normalized_fractions ... ok
[INFO] [stdout] test compatibility_tests::u896_tests::test_near_max_values ... ok
[INFO] [stdout] test compatibility_tests::u896_tests::test_very_large_multiplication ... ok
[INFO] [stdout] test compatibility_tests::u896_tests::test_ordering_comprehensive ... ok
[INFO] [stdout] test compatibility_tests::u960_tests::test_add_returns_unreduced_diff_denom ... ok
[INFO] [stdout] test compatibility_tests::u960_tests::test_add_returns_unreduced_same_denom ... ok
[INFO] [stdout] test compatibility_tests::u896_tests::test_zero_edge_cases ... ok
[INFO] [stdout] test compatibility_tests::u896_tests::test_regression_mul_reduced_should_reduce ... ok
[INFO] [stdout] test compatibility_tests::u960_tests::test_add_overflow_triggers_wide ... ok
[INFO] [stdout] test compatibility_tests::u896_tests::test_regression_mul_should_not_reduce ... ok
[INFO] [stdout] test compatibility_tests::u960_tests::test_addition_compatibility ... ok
[INFO] [stdout] test compatibility_tests::u960_tests::test_associativity ... ok
[INFO] [stdout] test compatibility_tests::u960_tests::test_comparison_with_large_numbers ... ok
[INFO] [stdout] test compatibility_tests::u960_tests::test_add_zero ... ok
[INFO] [stdout] test compatibility_tests::u896_tests::test_unreduced_equality ... ok
[INFO] [stdout] test compatibility_tests::u960_tests::test_cross_cancellation_effectiveness ... ok
[INFO] [stdout] test compatibility_tests::u960_tests::test_divide_by_zero - should panic ... ok
[INFO] [stdout] test compatibility_tests::u960_tests::test_addition_with_large_lcm ... ok
[INFO] [stdout] test compatibility_tests::u960_tests::test_add_same_denominator ... ok
[INFO] [stdout] test compatibility_tests::u960_tests::test_complex_operations ... ok
[INFO] [stdout] test compatibility_tests::u960_tests::test_distributivity ... ok
[INFO] [stdout] test compatibility_tests::u960_tests::test_fibonacci_like_gcd ... ok
[INFO] [stdout] test compatibility_tests::u960_tests::test_commutativity ... ok
[INFO] [stdout] test compatibility_tests::u960_tests::test_comparison_compatibility ... ok
[INFO] [stdout] test compatibility_tests::u960_tests::test_from_float_edge_cases_comprehensive ... ok
[INFO] [stdout] test compatibility_tests::u960_tests::test_from_float_then_mul ... ok
[INFO] [stdout] test compatibility_tests::u960_tests::test_gcd_consecutive_numbers ... ok
[INFO] [stdout] test compatibility_tests::u960_tests::test_division_by_large_uint ... ok
[INFO] [stdout] test compatibility_tests::u960_tests::test_division_compatibility ... ok
[INFO] [stdout] test compatibility_tests::u960_tests::test_double_negation ... ok
[INFO] [stdout] test compatibility_tests::u8192_tests::test_repeated_operations ... ok
[INFO] [stdout] test compatibility_tests::u960_tests::test_equality_compatibility ... ok
[INFO] [stdout] test compatibility_tests::u960_tests::test_gcd_with_large_bit_differences ... ok
[INFO] [stdout] test compatibility_tests::u960_tests::test_identity_elements ... ok
[INFO] [stdout] test compatibility_tests::u960_tests::test_is_integer_compatibility ... ok
[INFO] [stdout] test compatibility_tests::u960_tests::test_inverse_elements ... ok
[INFO] [stdout] test compatibility_tests::u960_tests::test_gcd_correctness ... ok
[INFO] [stdout] test compatibility_tests::u960_tests::test_comparison_transitivity ... ok
[INFO] [stdout] test compatibility_tests::u960_tests::test_deferred_reduction ... ok
[INFO] [stdout] test compatibility_tests::u960_tests::test_gcd_near_equal_values ... ok
[INFO] [stdout] test compatibility_tests::u960_tests::test_mul_by_zero ... ok
[INFO] [stdout] test compatibility_tests::u960_tests::test_large_multiply_needs_wide_reduction ... ok
[INFO] [stdout] test compatibility_tests::u960_tests::test_large_number_addition ... ok
[INFO] [stdout] test compatibility_tests::u960_tests::test_mul_by_one ... ok
[INFO] [stdout] test compatibility_tests::u960_tests::test_gcd_with_common_factors ... ok
[INFO] [stdout] test compatibility_tests::u960_tests::test_gcd_with_zero_and_nonzero ... ok
[INFO] [stdout] test compatibility_tests::u960_tests::test_mul_reduced_power_of_2 ... ok
[INFO] [stdout] test compatibility_tests::u960_tests::test_mul_wide_fast_path ... ok
[INFO] [stdout] test compatibility_tests::u960_tests::test_mul_reduced_small_values ... ok
[INFO] [stdout] test compatibility_tests::u960_tests::test_mul_returns_unreduced ... ok
[INFO] [stdout] test compatibility_tests::u960_tests::test_mul_chain_unreduced ... ok
[INFO] [stdout] test compatibility_tests::u960_tests::test_mul_large_with_small ... ok
[INFO] [stdout] test compatibility_tests::u960_tests::test_multiplication_compatibility ... ok
[INFO] [stdout] test compatibility_tests::u960_tests::test_multiplication_extreme_sizes ... ok
[INFO] [stdout] test compatibility_tests::u960_tests::test_mul_overflow_triggers_cross_cancel ... ok
[INFO] [stdout] test compatibility_tests::u960_tests::test_gcd_powers_of_two ... ok
[INFO] [stdout] test compatibility_tests::u960_tests::test_mul_with_coprime_values ... ok
[INFO] [stdout] test compatibility_tests::u960_tests::test_mul_reduced_large_coprime ... ok
[INFO] [stdout] test compatibility_tests::u960_tests::test_mul_reduced_returns_reduced ... ok
[INFO] [stdout] test compatibility_tests::u960_tests::test_multiply_sequence_with_verification ... ok
[INFO] [stdout] test compatibility_tests::u960_tests::test_multiply_chain_normalizes_correctly ... ok
[INFO] [stdout] test compatibility_tests::u960_tests::test_gcd_properties ... ok
[INFO] [stdout] test compatibility_tests::u960_tests::test_multiplication_many_iterations ... ok
[INFO] [stdout] test compatibility_tests::u960_tests::test_multiply_very_large_normalized_fractions ... ok
[INFO] [stdout] test compatibility_tests::u960_tests::test_multiplication_with_reduction_verification ... ok
[INFO] [stdout] test compatibility_tests::u960_tests::test_multiply_by_reciprocal ... ok
[INFO] [stdout] test compatibility_tests::u960_tests::test_normalize_already_reduced ... ok
[INFO] [stdout] test compatibility_tests::u960_tests::test_normalize_power_of_2_optimization ... ok
[INFO] [stdout] test compatibility_tests::u960_tests::test_near_max_values ... ok
[INFO] [stdout] test compatibility_tests::u960_tests::test_needs_reduction_threshold ... ok
[INFO] [stdout] test compatibility_tests::u960_tests::test_negation_compatibility ... ok
[INFO] [stdout] test compatibility_tests::u896_tests::test_multiplication_with_reduction_verification ... ok
[INFO] [stdout] test compatibility_tests::u896_tests::test_subtraction_compatibility ... ok
[INFO] [stdout] test compatibility_tests::u960_tests::test_regression_mul_reduced_should_reduce ... ok
[INFO] [stdout] test compatibility_tests::u960_tests::test_signed_large_numbers ... ok
[INFO] [stdout] test compatibility_tests::u960_tests::test_ordering_comprehensive ... ok
[INFO] [stdout] test compatibility_tests::u960_tests::test_reduction_idempotence ... ok
[INFO] [stdout] test compatibility_tests::u960_tests::test_regression_mul_should_not_reduce ... ok
[INFO] [stdout] test compatibility_tests::u960_tests::test_reciprocal_compatibility ... ok
[INFO] [stdout] test compatibility_tests::u960_tests::test_overflow_to_wide_path ... ok
[INFO] [stdout] test compatibility_tests::u960_tests::test_sign_checks ... ok
[INFO] [stdout] test compatibility_tests::u960_tests::test_reduction ... ok
[INFO] [stdout] test compatibility_tests::u960_tests::test_reciprocal_of_zero - should panic ... ok
[INFO] [stdout] test compatibility_tests::u960_tests::test_sign_in_operations ... ok
[INFO] [stdout] test compatibility_tests::u960_tests::test_subtraction_compatibility ... ok
[INFO] [stdout] test compatibility_tests::u960_tests::test_repeated_operations ... ok
[INFO] [stdout] test compatibility_tests::u960_tests::test_signed_addition ... ok
[INFO] [stdout] test compatibility_tests::u960_tests::test_unreduced_equality ... ok
[INFO] [stdout] test compatibility_tests::u960_tests::test_zero_edge_cases ... ok
[INFO] [stdout] test compatibility_tests::u960_tests::test_taylor_series_accumulation ... ok
[INFO] [stdout] test compatibility_tests::u960_tests::test_unreduced_addition_correctness ... ok
[INFO] [stdout] test compatibility_tests::u960_tests::test_taylor_series_realistic ... ok
[INFO] [stdout] test compatibility_tests::u960_tests::test_unreduced_comparison ... ok
[INFO] [stdout] test compatibility_tests::u960_tests::test_very_large_multiplication ... ok
[INFO] [stdout] test compatibility_tests::u8192_tests::test_inverse_elements ... ok
[INFO] [stdout] test compatibility_tests::u8192_tests::test_multiplication_compatibility ... ok
[INFO] [stdout] test compatibility_tests::u8192_tests::test_multiplication_with_reduction_verification ... ok
[INFO] [stderr]    Doc-tests crypto_ratio
[INFO] [stdout] test compatibility_tests::u8192_tests::test_gcd_properties ... ok
[INFO] [stdout] 
[INFO] [stdout] test result: ok. 2324 passed; 0 failed; 0 ignored; 0 measured; 0 filtered out; finished in 1.69s
[INFO] [stdout] 
[INFO] [stdout] 
[INFO] [stdout] running 16 tests
[INFO] [stdout] test src/lib.rs - Ratio<T>::new (line 149) ... FAILED
[INFO] [stdout] test src/lib.rs - Ratio<T>::new_raw (line 125) ... FAILED
[INFO] [stdout] test src/lib.rs - Ratio<T>::from_float_exact (line 394) ... FAILED
[INFO] [stdout] test src/lib.rs - (line 49) ... FAILED
[INFO] [stdout] test src/lib.rs - Ratio (line 94) ... FAILED
[INFO] [stdout] test src/lib.rs - Ratio<T>::from_float (line 340) ... ok
[INFO] [stdout] test src/lib.rs - Ratio<T>::normalize (line 292) ... ok
[INFO] [stdout] test src/lib.rs - Ratio<T>::from_u64 (line 175) ... ok
[INFO] [stdout] test src/ratio_trait.rs - ratio_trait::gcd_generic (line 370) ... ok
[INFO] [stdout] test src/lib.rs - Ratio<T>::add (line 496) ... ok
[INFO] [stdout] test src/lib.rs - Ratio<T>::mul_reduced (line 801) ... ok
[INFO] [stdout] test src/lib.rs - Ratio<T>::mul (line 696) ... ok
[INFO] [stdout] test src/lib.rs - Ratio<T>::to_f64_approx (line 455) ... ok
[INFO] [stdout] test src/lib.rs - (line 58) ... ok
[INFO] [stdout] test src/ratio_trait.rs - ratio_trait (line 16) ... ok
[INFO] [stdout] test src/lib.rs - (line 26) ... ok
[INFO] [stdout] 
[INFO] [stdout] failures:
[INFO] [stdout] 
[INFO] [stdout] ---- src/lib.rs - Ratio<T>::new (line 149) stdout ----
[INFO] [stdout] Couldn't compile the test.
[INFO] [stdout] ---- src/lib.rs - Ratio<T>::new_raw (line 125) stdout ----
[INFO] [stdout] Couldn't compile the test.
[INFO] [stdout] ---- src/lib.rs - Ratio<T>::from_float_exact (line 394) stdout ----
[INFO] [stdout] Couldn't compile the test.
[INFO] [stdout] ---- src/lib.rs - (line 49) stdout ----
[INFO] [stdout] Couldn't compile the test.
[INFO] [stdout] ---- src/lib.rs - Ratio (line 94) stdout ----
[INFO] [stdout] Couldn't compile the test.
[INFO] [stdout] 
[INFO] [stdout] failures:
[INFO] [stdout]     src/lib.rs - (line 49)
[INFO] [stdout]     src/lib.rs - Ratio (line 94)
[INFO] [stdout]     src/lib.rs - Ratio<T>::from_float_exact (line 394)
[INFO] [stdout]     src/lib.rs - Ratio<T>::new (line 149)
[INFO] [stdout]     src/lib.rs - Ratio<T>::new_raw (line 125)
[INFO] [stdout] 
[INFO] [stdout] test result: FAILED. 11 passed; 5 failed; 0 ignored; 0 measured; 0 filtered out; finished in 14.75s
[INFO] [stdout] 
[INFO] [stderr] error: doctest failed, to rerun pass `--doc`
[INFO] running `Command { std: "docker" "inspect" "6b4652b359e8f9ad92dc92442feaea145717e3f99d7b1f2d14f391615830ed42", kill_on_drop: false }`
[INFO] running `Command { std: "docker" "rm" "-f" "6b4652b359e8f9ad92dc92442feaea145717e3f99d7b1f2d14f391615830ed42", kill_on_drop: false }`
[INFO] [stdout] 6b4652b359e8f9ad92dc92442feaea145717e3f99d7b1f2d14f391615830ed42
