[INFO] fetching crate crypto-pay-api 0.2.2...
[INFO] testing crypto-pay-api-0.2.2 against 1.99.0-beta.8+cargoflags=--release for beta-release-1.100-2
[INFO] extracting crate crypto-pay-api 0.2.2 into /workspace/builds/worker-1-tc1/source
[INFO] started tweaking crates.io crate crypto-pay-api 0.2.2
[INFO] removed 0 missing examples
[INFO] removed 0 missing tests
[INFO] finished tweaking crates.io crate crypto-pay-api 0.2.2
[INFO] tweaked toml for crates.io crate crypto-pay-api 0.2.2 written to /workspace/builds/worker-1-tc1/source/Cargo.toml
[INFO] validating manifest of crates.io crate crypto-pay-api 0.2.2 on toolchain 1.99.0-beta.8
[INFO] running `Command { std: CARGO_HOME="/workspace/cargo-home" RUSTUP_HOME="/workspace/rustup-home" "/workspace/cargo-home/bin/cargo" "+1.99.0-beta.8" "metadata" "--manifest-path" "Cargo.toml" "--no-deps", kill_on_drop: false }`
[INFO] crate crates.io crate crypto-pay-api 0.2.2 already has a lockfile, it will not be regenerated
[INFO] running `Command { std: CARGO_HOME="/workspace/cargo-home" RUSTUP_HOME="/workspace/rustup-home" "/workspace/cargo-home/bin/cargo" "+1.99.0-beta.8" "fetch" "--manifest-path" "Cargo.toml", kill_on_drop: false }`
[INFO] [stderr]     Updating crates.io index
[INFO] [stderr]  Downloading crates ...
[INFO] [stderr]   Downloaded windows-link v0.2.0
[INFO] [stderr]   Downloaded unicode-ident v1.0.15
[INFO] [stderr]   Downloaded socket2 v0.6.0
[INFO] [stderr]   Downloaded yoke-derive v0.7.5
[INFO] [stderr]   Downloaded borsh-derive v1.5.5
[INFO] [stderr]   Downloaded zerofrom-derive v0.1.5
[INFO] [stderr]   Downloaded log v0.4.25
[INFO] [stderr]   Downloaded zerofrom v0.1.5
[INFO] [stderr]   Downloaded proc-macro-crate v3.2.0
[INFO] [stderr]   Downloaded itoa v1.0.14
[INFO] [stderr]   Downloaded wit-bindgen-rt v0.33.0
[INFO] [stderr]   Downloaded redox_syscall v0.5.8
[INFO] [stderr]   Downloaded yoke v0.7.5
[INFO] [stderr]   Downloaded litemap v0.7.4
[INFO] [stderr]   Downloaded find-msvc-tools v0.1.6
[INFO] [stderr]   Downloaded rustversion v1.0.19
[INFO] [stderr]   Downloaded iana-time-zone v0.1.61
[INFO] [stderr]   Downloaded serde_path_to_error v0.1.16
[INFO] [stderr]   Downloaded tokio-rustls v0.26.1
[INFO] [stderr]   Downloaded axum-core v0.5.5
[INFO] [stderr]   Downloaded bitflags v2.8.0
[INFO] [stderr]   Downloaded getrandom v0.3.1
[INFO] [stderr]   Downloaded hyper-rustls v0.27.5
[INFO] [stderr]   Downloaded mockito v1.7.2
[INFO] [stderr]   Downloaded tinyvec v1.8.1
[INFO] [stderr]   Downloaded bytes v1.9.0
[INFO] [stderr]   Downloaded uuid v1.13.1
[INFO] [stderr]   Downloaded borsh v1.5.5
[INFO] [stderr]   Downloaded indexmap v2.7.1
[INFO] [stderr]   Downloaded cc v1.2.51
[INFO] [stderr]   Downloaded zerocopy-derive v0.8.23
[INFO] [stderr]   Downloaded rand v0.9.0
[INFO] [stderr]   Downloaded hyper-util v0.1.14
[INFO] [stderr]   Downloaded mio v1.0.3
[INFO] [stderr]   Downloaded toml_edit v0.22.23
[INFO] [stderr]   Downloaded http v1.2.0
[INFO] [stderr]   Downloaded tokio-util v0.7.13
[INFO] [stderr]   Downloaded wasi v0.13.3+wasi-0.2.2
[INFO] [stderr]   Downloaded hashbrown v0.15.2
[INFO] [stderr]   Downloaded rust_decimal v1.40.0
[INFO] [stderr]   Downloaded reqwest v0.13.2
[INFO] [stderr]   Downloaded winnow v0.7.1
[INFO] [stderr]   Downloaded axum v0.8.8
[INFO] [stderr]   Downloaded aws-lc-rs v1.15.2
[INFO] [stderr]   Downloaded zerocopy v0.8.23
[INFO] [stderr]   Downloaded libc v0.2.173
[INFO] [stderr]   Downloaded windows-sys v0.61.1
[INFO] [stderr]   Downloaded aws-lc-sys v0.35.0
[INFO] running `Command { std: "docker" "create" "-v" "/var/lib/crater-agent-workspace/builds/worker-1-tc1/source:/opt/rustwide/workdir:ro,Z" "-v" "/var/lib/crater-agent-workspace/builds/worker-1-tc1/target:/opt/rustwide/target:rw,Z" "-v" "/var/lib/crater-agent-workspace/cargo-home:/opt/rustwide/cargo-home:ro,Z" "-v" "/var/lib/crater-agent-workspace/rustup-home:/opt/rustwide/rustup-home:ro,Z" "-m" "1610612736" "--network" "none" "ghcr.io/rust-lang/crates-build-env/linux@sha256:77db811e55d90add9212f6832c23229e3de5f1c1f9905e8cb07319ea15df73ac" "sleep" "infinity", kill_on_drop: false }`
[INFO] [stdout] 31b7c62d2f775da3bf89dafb398880b4c191fb490735de13b6828df3240ce207
[INFO] running `Command { std: "docker" "start" "31b7c62d2f775da3bf89dafb398880b4c191fb490735de13b6828df3240ce207", kill_on_drop: false }`
[INFO] running `Command { std: "docker" "inspect" "31b7c62d2f775da3bf89dafb398880b4c191fb490735de13b6828df3240ce207", kill_on_drop: false }`
[INFO] running `Command { std: "docker" "exec" "-e" "SOURCE_DIR=/opt/rustwide/workdir" "-e" "CARGO_HOME=/opt/rustwide/cargo-home" "-e" "RUSTUP_HOME=/opt/rustwide/rustup-home" "-e" "CARGO_TARGET_DIR=/opt/rustwide/target" "-w" "/opt/rustwide/workdir" "--user" "0:0" "31b7c62d2f775da3bf89dafb398880b4c191fb490735de13b6828df3240ce207" "/opt/rustwide/cargo-home/bin/cargo" "+1.99.0-beta.8" "metadata" "--no-deps" "--format-version=1", kill_on_drop: false }`
[INFO] running `Command { std: "docker" "inspect" "31b7c62d2f775da3bf89dafb398880b4c191fb490735de13b6828df3240ce207", kill_on_drop: false }`
[INFO] running `Command { std: "docker" "exec" "-e" "SOURCE_DIR=/opt/rustwide/workdir" "-e" "CARGO_HOME=/opt/rustwide/cargo-home" "-e" "RUSTUP_HOME=/opt/rustwide/rustup-home" "-e" "CARGO_TARGET_DIR=/opt/rustwide/target" "-e" "CARGO_INCREMENTAL=0" "-e" "RUST_BACKTRACE=full" "-e" "RUSTFLAGS=--cap-lints=warn" "-e" "RUSTDOCFLAGS=--cap-lints=warn" "-w" "/opt/rustwide/workdir" "--user" "0:0" "31b7c62d2f775da3bf89dafb398880b4c191fb490735de13b6828df3240ce207" "/opt/rustwide/cargo-home/bin/cargo" "+1.99.0-beta.8" "build" "--frozen" "--message-format=json" "--release", kill_on_drop: false }`
[INFO] [stderr]    Compiling proc-macro2 v1.0.93
[INFO] [stderr]    Compiling unicode-ident v1.0.15
[INFO] [stderr]    Compiling libc v0.2.173
[INFO] [stderr]    Compiling find-msvc-tools v0.1.6
[INFO] [stderr]    Compiling shlex v1.3.0
[INFO] [stderr]    Compiling bytes v1.9.0
[INFO] [stderr]    Compiling stable_deref_trait v1.2.0
[INFO] [stderr]    Compiling futures-core v0.3.32
[INFO] [stderr]    Compiling itoa v1.0.14
[INFO] [stderr]    Compiling once_cell v1.20.2
[INFO] [stderr]    Compiling litemap v0.7.4
[INFO] [stderr]    Compiling aws-lc-rs v1.15.2
[INFO] [stderr]    Compiling zeroize v1.8.1
[INFO] [stderr]    Compiling writeable v0.5.5
[INFO] [stderr]    Compiling futures-task v0.3.32
[INFO] [stderr]    Compiling version_check v0.9.5
[INFO] [stderr]    Compiling rustls-pki-types v1.13.2
[INFO] [stderr]    Compiling futures-util v0.3.32
[INFO] [stderr]    Compiling icu_locid_transform_data v1.5.0
[INFO] [stderr]    Compiling generic-array v0.14.7
[INFO] [stderr]    Compiling serde_core v1.0.228
[INFO] [stderr]    Compiling tracing-core v0.1.33
[INFO] [stderr]    Compiling quote v1.0.38
[INFO] [stderr]    Compiling http v1.2.0
[INFO] [stderr]    Compiling syn v2.0.96
[INFO] [stderr]    Compiling jobserver v0.1.32
[INFO] [stderr]    Compiling futures-sink v0.3.32
[INFO] [stderr]    Compiling mio v1.0.3
[INFO] [stderr]    Compiling socket2 v0.6.0
[INFO] [stderr]    Compiling cc v1.2.51
[INFO] [stderr]    Compiling httparse v1.9.5
[INFO] [stderr]    Compiling tokio v1.50.0
[INFO] [stderr]    Compiling icu_properties_data v1.5.0
[INFO] [stderr]    Compiling hashbrown v0.15.2
[INFO] [stderr]    Compiling rustls v0.23.36
[INFO] [stderr]    Compiling tracing v0.1.41
[INFO] [stderr]    Compiling http-body v1.0.1
[INFO] [stderr]    Compiling cmake v0.1.57
[INFO] [stderr]    Compiling indexmap v2.7.1
[INFO] [stderr]    Compiling serde v1.0.228
[INFO] [stderr]    Compiling aws-lc-sys v0.35.0
[INFO] [stderr]    Compiling utf16_iter v1.0.5
[INFO] [stderr]    Compiling icu_normalizer_data v1.5.0
[INFO] [stderr]    Compiling write16 v1.0.0
[INFO] [stderr]    Compiling futures-channel v0.3.32
[INFO] [stderr]    Compiling num-traits v0.2.19
[INFO] [stderr]    Compiling zmij v1.0.2
[INFO] [stderr]    Compiling block-buffer v0.10.4
[INFO] [stderr]    Compiling crypto-common v0.1.6
[INFO] [stderr]    Compiling socket2 v0.5.10
[INFO] [stderr]    Compiling sync_wrapper v1.0.2
[INFO] [stderr]    Compiling openssl-probe v0.2.0
[INFO] [stderr]    Compiling serde_json v1.0.149
[INFO] [stderr]    Compiling ipnet v2.11.0
[INFO] [stderr]    Compiling rustls-native-certs v0.8.3
[INFO] [stderr]    Compiling digest v0.10.7
[INFO] [stderr]    Compiling form_urlencoded v1.2.1
[INFO] [stderr]    Compiling memchr v2.7.4
[INFO] [stderr]    Compiling log v0.4.25
[INFO] [stderr]    Compiling rust_decimal v1.40.0
[INFO] [stderr]    Compiling iri-string v0.7.8
[INFO] [stderr]    Compiling bitflags v2.8.0
[INFO] [stderr]    Compiling thiserror v2.0.18
[INFO] [stderr]    Compiling synstructure v0.13.1
[INFO] [stderr]    Compiling encoding_rs v0.8.35
[INFO] [stderr]    Compiling http-body-util v0.1.2
[INFO] [stderr]    Compiling arrayvec v0.7.6
[INFO] [stderr]    Compiling tokio-util v0.7.13
[INFO] [stderr]    Compiling tower v0.5.3
[INFO] [stderr]    Compiling h2 v0.4.7
[INFO] [stderr]    Compiling tower-http v0.6.8
[INFO] [stderr]    Compiling zerofrom-derive v0.1.5
[INFO] [stderr]    Compiling yoke-derive v0.7.5
[INFO] [stderr]    Compiling zerovec-derive v0.10.3
[INFO] [stderr]    Compiling zerofrom v0.1.5
[INFO] [stderr]    Compiling displaydoc v0.2.5
[INFO] [stderr]    Compiling icu_provider_macros v1.5.0
[INFO] [stderr]    Compiling serde_derive v1.0.228
[INFO] [stderr]    Compiling yoke v0.7.5
[INFO] [stderr]    Compiling thiserror-impl v2.0.18
[INFO] [stderr]    Compiling cpufeatures v0.2.17
[INFO] [stderr]    Compiling iana-time-zone v0.1.61
[INFO] [stderr]    Compiling zerovec v0.10.4
[INFO] [stderr]    Compiling sha2 v0.10.9
[INFO] [stderr]    Compiling rust_decimal_macros v1.40.0
[INFO] [stderr]    Compiling async-trait v0.1.89
[INFO] [stderr]    Compiling tinystr v0.7.6
[INFO] [stderr]    Compiling icu_collections v1.5.0
[INFO] [stderr]    Compiling icu_locid v1.5.0
[INFO] [stderr]    Compiling hyper v1.6.0
[INFO] [stderr]    Compiling hmac v0.12.1
[INFO] [stderr]    Compiling icu_provider v1.5.0
[INFO] [stderr]    Compiling icu_locid_transform v1.5.0
[INFO] [stderr]    Compiling hyper-util v0.1.14
[INFO] [stderr]    Compiling chrono v0.4.44
[INFO] [stderr]    Compiling icu_properties v1.5.1
[INFO] [stderr]    Compiling icu_normalizer v1.5.0
[INFO] [stderr]    Compiling idna_adapter v1.2.0
[INFO] [stderr]    Compiling idna v1.0.3
[INFO] [stderr]    Compiling url v2.5.4
[INFO] [stderr]    Compiling rustls-webpki v0.103.8
[INFO] [stderr]    Compiling tokio-rustls v0.26.1
[INFO] [stderr]    Compiling rustls-platform-verifier v0.6.2
[INFO] [stderr]    Compiling hyper-rustls v0.27.5
[INFO] [stderr]    Compiling reqwest v0.13.2
[INFO] [stderr]    Compiling crypto-pay-api v0.2.2 (/opt/rustwide/workdir)
[INFO] [stderr]     Finished `release` profile [optimized] target(s) in 4m 11s
[INFO] running `Command { std: "docker" "inspect" "31b7c62d2f775da3bf89dafb398880b4c191fb490735de13b6828df3240ce207", kill_on_drop: false }`
[INFO] running `Command { std: "docker" "exec" "-e" "SOURCE_DIR=/opt/rustwide/workdir" "-e" "CARGO_HOME=/opt/rustwide/cargo-home" "-e" "RUSTUP_HOME=/opt/rustwide/rustup-home" "-e" "CARGO_TARGET_DIR=/opt/rustwide/target" "-e" "CARGO_INCREMENTAL=0" "-e" "RUST_BACKTRACE=full" "-e" "RUSTFLAGS=--cap-lints=warn" "-e" "RUSTDOCFLAGS=--cap-lints=warn" "-w" "/opt/rustwide/workdir" "--user" "0:0" "31b7c62d2f775da3bf89dafb398880b4c191fb490735de13b6828df3240ce207" "/opt/rustwide/cargo-home/bin/cargo" "+1.99.0-beta.8" "test" "--frozen" "--no-run" "--message-format=json" "--release", kill_on_drop: false }`
[INFO] [stderr]    Compiling lock_api v0.4.12
[INFO] [stderr]    Compiling parking_lot_core v0.9.10
[INFO] [stderr]    Compiling futures-channel v0.3.32
[INFO] [stderr]    Compiling futures-macro v0.3.32
[INFO] [stderr]    Compiling futures-io v0.3.32
[INFO] [stderr]    Compiling futures-task v0.3.32
[INFO] [stderr]    Compiling tokio-macros v2.6.0
[INFO] [stderr]    Compiling signal-hook-registry v1.4.2
[INFO] [stderr]    Compiling serde_core v1.0.228
[INFO] [stderr]    Compiling tracing v0.1.41
[INFO] [stderr]    Compiling serde_json v1.0.149
[INFO] [stderr]    Compiling getrandom v0.3.1
[INFO] [stderr]    Compiling zerocopy-derive v0.7.35
[INFO] [stderr]    Compiling parking_lot v0.12.3
[INFO] [stderr]    Compiling byteorder v1.5.0
[INFO] [stderr]    Compiling zerocopy v0.8.23
[INFO] [stderr]    Compiling tokio v1.50.0
[INFO] [stderr]    Compiling aho-corasick v1.1.3
[INFO] [stderr]    Compiling rand_core v0.9.3
[INFO] [stderr]    Compiling futures-util v0.3.32
[INFO] [stderr]    Compiling ryu v1.0.18
[INFO] [stderr]    Compiling regex-syntax v0.8.5
[INFO] [stderr]    Compiling zerocopy v0.7.35
[INFO] [stderr]    Compiling url v2.5.4
[INFO] [stderr]    Compiling ppv-lite86 v0.2.20
[INFO] [stderr]    Compiling rand_chacha v0.9.0
[INFO] [stderr]    Compiling colored v2.2.0
[INFO] [stderr]    Compiling rand v0.9.0
[INFO] [stderr]    Compiling serde v1.0.228
[INFO] [stderr]    Compiling regex-automata v0.4.9
[INFO] [stderr]    Compiling serde_urlencoded v0.7.1
[INFO] [stderr]    Compiling serde_path_to_error v0.1.16
[INFO] [stderr]    Compiling chrono v0.4.44
[INFO] [stderr]    Compiling http-body-util v0.1.2
[INFO] [stderr]    Compiling futures-executor v0.3.32
[INFO] [stderr]    Compiling axum-core v0.5.5
[INFO] [stderr]    Compiling assert-json-diff v2.0.2
[INFO] [stderr]    Compiling rust_decimal v1.40.0
[INFO] [stderr]    Compiling tokio-util v0.7.13
[INFO] [stderr]    Compiling tower v0.5.3
[INFO] [stderr]    Compiling h2 v0.4.7
[INFO] [stderr]    Compiling tokio-rustls v0.26.1
[INFO] [stderr]    Compiling tower-http v0.6.8
[INFO] [stderr]    Compiling regex v1.11.1
[INFO] [stderr]    Compiling similar v2.7.0
[INFO] [stderr]    Compiling matchit v0.8.4
[INFO] [stderr]    Compiling futures v0.3.32
[INFO] [stderr]    Compiling hyper v1.6.0
[INFO] [stderr]    Compiling hyper-util v0.1.14
[INFO] [stderr]    Compiling hyper-rustls v0.27.5
[INFO] [stderr]    Compiling mockito v1.7.2
[INFO] [stderr]    Compiling axum v0.8.8
[INFO] [stderr]    Compiling reqwest v0.13.2
[INFO] [stderr]    Compiling crypto-pay-api v0.2.2 (/opt/rustwide/workdir)
[INFO] [stderr]     Finished `release` profile [optimized] target(s) in 3m 31s
[INFO] running `Command { std: "docker" "inspect" "31b7c62d2f775da3bf89dafb398880b4c191fb490735de13b6828df3240ce207", kill_on_drop: false }`
[INFO] running `Command { std: "docker" "exec" "-e" "SOURCE_DIR=/opt/rustwide/workdir" "-e" "CARGO_HOME=/opt/rustwide/cargo-home" "-e" "RUSTUP_HOME=/opt/rustwide/rustup-home" "-e" "CARGO_TARGET_DIR=/opt/rustwide/target" "-e" "CARGO_INCREMENTAL=0" "-e" "RUST_BACKTRACE=full" "-e" "RUSTFLAGS=--cap-lints=warn" "-e" "RUSTDOCFLAGS=--cap-lints=warn" "-w" "/opt/rustwide/workdir" "--user" "0:0" "31b7c62d2f775da3bf89dafb398880b4c191fb490735de13b6828df3240ce207" "/opt/rustwide/cargo-home/bin/cargo" "+1.99.0-beta.8" "test" "--frozen" "--release", kill_on_drop: false }`
[INFO] [stderr]     Finished `release` profile [optimized] target(s) in 0.29s
[INFO] [stderr]      Running unittests src/lib.rs (/opt/rustwide/target/release/deps/crypto_pay_api-bbcf2c44251f2637)
[INFO] [stdout] 
[INFO] [stdout] running 108 tests
[INFO] [stdout] test api::check::tests::test_get_checks_invalid_count ... ok
[INFO] [stdout] test api::check::tests::test_delete_check ... ok
[INFO] [stdout] test api::check::tests::test_create_check_rejects_non_positive_amount ... ok
[INFO] [stdout] test api::check::tests::test_check_validate_with_context_missing_rate ... ok
[INFO] [stdout] test api::check::tests::test_get_checks_with_all_filters ... ok
[INFO] [stdout] test api::check::tests::test_get_checks_without_params ... ok
[INFO] [stdout] test api::check::tests::test_create_check_with_pin_targets ... ok
[INFO] [stdout] test api::check::tests::test_create_check ... ok
[INFO] [stdout] test api::check::tests::test_get_checks_with_check_ids ... ok
[INFO] [stdout] test api::invoice::tests::test_create_invoice_rejects_hidden_message_too_long ... ok
[INFO] [stdout] test api::balance::tests::test_get_balance ... ok
[INFO] [stdout] test api::invoice::tests::test_create_invoice ... ok
[INFO] [stdout] test api::exchange::tests::test_get_exchange_rates_cached_without_http ... ok
[INFO] [stdout] test api::invoice::tests::test_create_invoice_invalid_paid_button_url ... ok
[INFO] [stdout] test api::exchange::tests::test_get_exchange_rates ... ok
[INFO] [stdout] test api::exchange::tests::test_get_exchange_rates_from_test_client_cache ... ok
[INFO] [stdout] test api::invoice::tests::test_create_invoice_rejects_description_too_long ... ok
[INFO] [stdout] test api::invoice::tests::test_create_invoice_rejects_invalid_expires_in ... ok
[INFO] [stdout] test api::invoice::tests::test_create_invoice_rejects_negative_amount ... ok
[INFO] [stdout] test api::invoice::tests::test_get_invoices_invalid_count ... ok
[INFO] [stdout] test api::invoice::tests::test_get_invoices_with_params ... ok
[INFO] [stdout] test api::invoice::tests::test_invoice_swap_fields_serialization ... ok
[INFO] [stdout] test api::invoice::tests::test_create_invoice_with_all_optional_params ... ok
[INFO] [stdout] test api::invoice::tests::test_create_invoice_rejects_payload_too_long ... ok
[INFO] [stdout] test api::invoice::tests::test_create_invoice_with_accept_asset_and_flags ... ok
[INFO] [stdout] test api::invoice::tests::test_swap_to_assets_serialization ... ok
[INFO] [stdout] test api::invoice::tests::test_get_invoices_without_params ... ok
[INFO] [stdout] test api::invoice::tests::test_delete_invoice ... ok
[INFO] [stdout] test api::invoice::tests::test_get_invoices_serializes_filters ... ok
[INFO] [stdout] test api::misc::tests::test_get_stats_start_date_in_future_rejected ... ok
[INFO] [stdout] test api::invoice::tests::test_invoice_validate_with_context_fiat_skips_amount_check ... ok
[INFO] [stdout] test api::invoice::tests::test_invoice_validate_with_context_crypto_amount ... ok
[INFO] [stdout] test api::invoice::tests::test_get_invoices_with_all_params ... ok
[INFO] [stdout] test api::misc::tests::test_get_stats_end_before_start_rejected ... ok
[INFO] [stdout] test api::misc::tests::test_get_me ... ok
[INFO] [stdout] test api::transfer::tests::test_get_transfers_with_transfer_ids ... ok
[INFO] [stdout] test api::misc::tests::test_get_stats_without_params ... ok
[INFO] [stdout] test api::misc::tests::test_get_currencies ... ok
[INFO] [stdout] test api::transfer::tests::test_get_transfers_without_params ... ok
[INFO] [stdout] test api::transfer::tests::test_get_transfers_invalid_count ... ok
[INFO] [stdout] test api::transfer::tests::test_transfer_rejects_long_comment ... ok
[INFO] [stdout] test api::transfer::tests::test_get_transfers_with_all_filters ... ok
[INFO] [stdout] test client::builder::tests::test_builder_custom_config ... ok
[INFO] [stdout] test api::transfer::tests::test_transfer ... ok
[INFO] [stdout] test api::transfer::tests::test_transfer_with_disable_notification_flag ... ok
[INFO] [stdout] test client::builder::tests::test_builder_default_config ... ok
[INFO] [stdout] test client::builder::tests::test_builder_custom_headers ... ok
[INFO] [stdout] test client::tests::test_api_error_response_partial_fields ... ok
[INFO] [stdout] test client::tests::test_api_error_response ... ok
[INFO] [stdout] test api::misc::tests::test_get_stats_with_params ... ok
[INFO] [stdout] test api::transfer::tests::test_transfer_rejects_long_spend_id ... ok
[INFO] [stdout] test client::tests::test_http_error_response ... ok
[INFO] [stdout] test error::tests::test_validation_error_formatting ... ok
[INFO] [stdout] test error::tests::test_validation_error_kind_display ... ok
[INFO] [stdout] test error::tests::test_webhook_error_formatting ... ok
[INFO] [stdout] test error::tests::test_webhook_error_kind_display ... ok
[INFO] [stdout] test models::currency::tests::test_crypto_currency_code_serialization ... ok
[INFO] [stdout] test models::currency::tests::test_currency_code_conversion ... ok
[INFO] [stdout] test models::currency::tests::test_currency_code_deserialization ... ok
[INFO] [stdout] test models::currency::tests::test_currency_type_serialization ... ok
[INFO] [stdout] test models::currency::tests::test_fiat_currency_code_serialization ... ok
[INFO] [stdout] test utils::serde_helpers::tests::test_deserialize_currency_code ... ok
[INFO] [stdout] test utils::serde_helpers::tests::test_deserialize_decimal_from_large_unsigned_number ... ok
[INFO] [stdout] test utils::serde_helpers::tests::test_deserialize_decimal_from_number ... ok
[INFO] [stdout] test utils::serde_helpers::tests::test_deserialize_decimal_from_number_errors ... ok
[INFO] [stdout] test utils::serde_helpers::tests::test_deserialize_decimal_from_string ... ok
[INFO] [stdout] test utils::serde_helpers::tests::test_deserialize_decimal_from_string_errors ... ok
[INFO] [stdout] test utils::serde_helpers::tests::test_deserialize_decimal_rejects_non_numeric_types ... ok
[INFO] [stdout] test utils::serde_helpers::tests::test_deserialize_optional_decimal_from_string ... ok
[INFO] [stdout] test utils::serde_helpers::tests::test_serialize_comma_separated_list ... ok
[INFO] [stdout] test utils::serde_helpers::tests::test_serialize_decimal_to_string ... ok
[INFO] [stdout] test utils::types::tests::test_decimal_conversions ... ok
[INFO] [stdout] test utils::types::tests::test_decimal_ref_conversions ... ok
[INFO] [stdout] test utils::types::tests::test_edge_case_numbers ... ok
[INFO] [stdout] test utils::types::tests::test_empty_string_conversion ... ok
[INFO] [stdout] test utils::types::tests::test_error_messages ... ok
[INFO] [stdout] test utils::types::tests::test_float_conversions ... ok
[INFO] [stdout] test utils::types::tests::test_integer_conversions ... ok
[INFO] [stdout] test utils::types::tests::test_string_conversions ... ok
[INFO] [stdout] test validation::amount::tests::test_validate_amount_edge_cases ... ok
[INFO] [stdout] test validation::amount::tests::test_validate_amount_exchange_rate_not_found ... ok
[INFO] [stdout] test validation::amount::tests::test_validate_amount_too_large ... ok
[INFO] [stdout] test validation::amount::tests::test_validate_amount_too_small ... ok
[INFO] [stdout] test validation::amount::tests::test_validate_amount_valid ... ok
[INFO] [stdout] test validation::count::tests::test_validate_count_too_large ... ok
[INFO] [stdout] test validation::count::tests::test_validate_count_too_small ... ok
[INFO] [stdout] test validation::count::tests::test_validate_count_valid ... ok
[INFO] [stdout] test webhook::config::tests::test_webhook_handler_config_builder ... ok
[INFO] [stdout] test webhook::config::tests::test_webhook_handler_config_builder_default ... ok
[INFO] [stdout] test webhook::config::tests::test_webhook_handler_config_builder_disable_expiration ... ok
[INFO] [stdout] test webhook::handler::tests::test_custom_webhook_expiration ... ok
[INFO] [stdout] test webhook::handler::tests::test_default_webhook_expiration ... ok
[INFO] [stdout] test webhook::handler::tests::test_handle_update_with_missing_handler_ok ... ok
[INFO] [stdout] test webhook::handler::tests::test_parse_invalid_webhook_update ... ok
[INFO] [stdout] test webhook::handler::tests::test_parse_webhook_update ... ok
[INFO] [stdout] test webhook::handler::tests::test_webhook_handler ... ok
[INFO] [stdout] test webhook::handler::tests::test_webhook_handler_invalid_request_date ... ok
[INFO] [stdout] test webhook::handler::tests::test_webhook_handler_propagates_handler_error ... ok
[INFO] [stdout] test client::tests::test_api_error_response_missing_fields ... ok
[INFO] [stdout] test client::tests::test_make_request_with_custom_headers_and_body ... ok
[INFO] [stdout] test webhook::handler::tests::test_webhook_signature_verification ... ok
[INFO] [stdout] test webhook::handler::tests::test_webhook_handler_with_disabled_expiration ... ok
[INFO] [stdout] test client::tests::test_malformed_json_response ... ok
[INFO] [stdout] test client::tests::test_empty_response ... ok
[INFO] [stdout] test client::tests::test_make_request_delete_with_payload_and_headers ... ok
[INFO] [stdout] test client::tests::test_invalid_response_structure ... ok
[INFO] [stdout] test webhook::tests::test_webhook_handler_creation ... ok
[INFO] [stdout] test client::tests::test_invalid_api_token_header ... ok
[INFO] [stderr]      Running tests/integration_api.rs (/opt/rustwide/target/release/deps/integration_api-761c45cec22e4c18)
[INFO] [stdout] 
[INFO] [stdout] test result: ok. 108 passed; 0 failed; 0 ignored; 0 measured; 0 filtered out; finished in 1.02s
[INFO] [stdout] 
[INFO] [stdout] 
[INFO] [stdout] running 5 tests
[INFO] [stdout] test test_get_stats_real_api ... FAILED
[INFO] [stdout] test test_invoice_real_api ... FAILED
[INFO] [stdout] test test_get_me_real_api ... FAILED
[INFO] [stdout] test test_get_exchange_rates_real_api ... FAILED
[INFO] [stdout] test test_get_currencies_real_api ... FAILED
[INFO] [stdout] 
[INFO] [stdout] failures:
[INFO] [stdout] 
[INFO] [stdout] ---- test_get_stats_real_api stdout ----
[INFO] [stdout] 
[INFO] [stdout] thread 'test_get_stats_real_api' (4773) panicked at tests/integration_api.rs:52:55:
[INFO] [stdout] Failed to get stats: HttpError(reqwest::Error { kind: Request, url: "https://testnet-pay.crypt.bot/api/getStats", source: hyper_util::client::legacy::Error(Connect, ConnectError("dns error", Custom { kind: Uncategorized, error: "failed to lookup address information: Temporary failure in name resolution" })) })
[INFO] [stdout] stack backtrace:
[INFO] [stdout]    0:     0x633c2d701a31 - <<std[70759c8f55707aa4]::sys::backtrace::BacktraceLock>::print::DisplayBacktrace as core[df12db4294e9bfd3]::fmt::Display>::fmt
[INFO] [stdout]    1:     0x633c2d718a1a - core[df12db4294e9bfd3]::fmt::write
[INFO] [stdout]    2:     0x633c2d706a3c - <alloc[2182bb758b4b3781]::vec::Vec<u8> as core[df12db4294e9bfd3]::io::write::Write>::write_fmt
[INFO] [stdout]    3:     0x633c2d6dc866 - std[70759c8f55707aa4]::panicking::default_hook::{closure#0}
[INFO] [stdout]    4:     0x633c2d6f9749 - std[70759c8f55707aa4]::panicking::default_hook
[INFO] [stdout]    5:     0x633c2d247070 - test[9d35eded1c95d3be]::test_main_inner::<test[9d35eded1c95d3be]::test_main_static::{closure#0}>::{closure#0}
[INFO] [stdout]    6:     0x633c2d6f9a72 - std[70759c8f55707aa4]::panicking::panic_with_hook
[INFO] [stdout]    7:     0x633c2d6dc912 - std[70759c8f55707aa4]::panicking::panic_handler::{closure#0}
[INFO] [stdout]    8:     0x633c2d6d5519 - std[70759c8f55707aa4]::sys::backtrace::__rust_end_short_backtrace::<std[70759c8f55707aa4]::panicking::panic_handler::{closure#0}, !>
[INFO] [stdout]    9:     0x633c2d6dd6fd - __rustc[8fa7c3cbc660c2b3]::rust_begin_unwind
[INFO] [stdout]   10:     0x633c2d71917c - core[df12db4294e9bfd3]::panicking::panic_fmt
[INFO] [stdout]   11:     0x633c2d718f52 - core[df12db4294e9bfd3]::result::unwrap_failed
[INFO] [stdout]   12:     0x633c2d21d0d1 - integration_api[44b4fb670386095c]::test_get_stats_real_api::{closure#0}
[INFO] [stdout]   13:     0x633c2d237033 - <tokio[756dbfb81777afa4]::runtime::scheduler::current_thread::Context>::enter::<core[df12db4294e9bfd3]::task::poll::Poll<()>, <tokio[756dbfb81777afa4]::runtime::scheduler::current_thread::CoreGuard>::block_on<core[df12db4294e9bfd3]::pin::Pin<&mut core[df12db4294e9bfd3]::pin::Pin<&mut dyn core[df12db4294e9bfd3]::future::future::Future<Output = ()>>>>::{closure#0}::{closure#0}>
[INFO] [stdout]   14:     0x633c2d22c5bc - <tokio[756dbfb81777afa4]::runtime::context::scoped::Scoped<tokio[756dbfb81777afa4]::runtime::scheduler::Context>>::set::<<tokio[756dbfb81777afa4]::runtime::scheduler::current_thread::CoreGuard>::enter<<tokio[756dbfb81777afa4]::runtime::scheduler::current_thread::CoreGuard>::block_on<core[df12db4294e9bfd3]::pin::Pin<&mut core[df12db4294e9bfd3]::pin::Pin<&mut dyn core[df12db4294e9bfd3]::future::future::Future<Output = ()>>>>::{closure#0}, core[df12db4294e9bfd3]::option::Option<()>>::{closure#0}, (alloc[2182bb758b4b3781]::boxed::Box<tokio[756dbfb81777afa4]::runtime::scheduler::current_thread::Core>, core[df12db4294e9bfd3]::option::Option<()>)>
[INFO] [stdout]   15:     0x633c2d23696f - <tokio[756dbfb81777afa4]::runtime::scheduler::current_thread::CurrentThread>::block_on::<core[df12db4294e9bfd3]::pin::Pin<&mut dyn core[df12db4294e9bfd3]::future::future::Future<Output = ()>>>
[INFO] [stdout]   16:     0x633c2d237c82 - <tokio[756dbfb81777afa4]::runtime::runtime::Runtime>::block_on::<core[df12db4294e9bfd3]::pin::Pin<&mut dyn core[df12db4294e9bfd3]::future::future::Future<Output = ()>>>
[INFO] [stdout]   17:     0x633c2d2219fe - <integration_api[44b4fb670386095c]::test_get_stats_real_api::{closure#0} as core[df12db4294e9bfd3]::ops::function::FnOnce<()>>::call_once
[INFO] [stdout]   18:     0x633c2d23a35b - test[9d35eded1c95d3be]::__rust_begin_short_backtrace::<core[df12db4294e9bfd3]::result::Result<(), alloc[2182bb758b4b3781]::string::String>, fn() -> core[df12db4294e9bfd3]::result::Result<(), alloc[2182bb758b4b3781]::string::String>>
[INFO] [stdout]   19:     0x633c2d2479c5 - test[9d35eded1c95d3be]::run_test::{closure#0}
[INFO] [stdout]   20:     0x633c2d241284 - std[70759c8f55707aa4]::sys::backtrace::__rust_begin_short_backtrace::<test[9d35eded1c95d3be]::run_test::{closure#1}, ()>
[INFO] [stdout]   21:     0x633c2d24ab22 - <std[70759c8f55707aa4]::thread::lifecycle::spawn_unchecked<test[9d35eded1c95d3be]::run_test::{closure#1}, ()>::{closure#1} as core[df12db4294e9bfd3]::ops::function::FnOnce<()>>::call_once::{shim:vtable#0}
[INFO] [stdout]   22:     0x633c2d700f59 - <std[70759c8f55707aa4]::sys::thread::unix::Thread>::new::thread_start
[INFO] [stdout]   23:     0x74f574ff1dfa - <unknown>
[INFO] [stdout]   24:     0x74f5750853d4 - clone
[INFO] [stdout]   25:                0x0 - <unknown>
[INFO] [stdout] 
[INFO] [stdout] ---- test_invoice_real_api stdout ----
[INFO] [stdout] 
[INFO] [stdout] thread 'test_invoice_real_api' (4774) panicked at tests/integration_api.rs:91:10:
[INFO] [stdout] Failed to create invoice: HttpError(reqwest::Error { kind: Request, url: "https://testnet-pay.crypt.bot/api/getExchangeRates", source: hyper_util::client::legacy::Error(Connect, ConnectError("dns error", Custom { kind: Uncategorized, error: "failed to lookup address information: Temporary failure in name resolution" })) })
[INFO] [stdout] stack backtrace:
[INFO] [stdout]    0:     0x633c2d701a31 - <<std[70759c8f55707aa4]::sys::backtrace::BacktraceLock>::print::DisplayBacktrace as core[df12db4294e9bfd3]::fmt::Display>::fmt
[INFO] [stdout]    1:     0x633c2d718a1a - core[df12db4294e9bfd3]::fmt::write
[INFO] [stdout]    2:     0x633c2d706a3c - <alloc[2182bb758b4b3781]::vec::Vec<u8> as core[df12db4294e9bfd3]::io::write::Write>::write_fmt
[INFO] [stdout]    3:     0x633c2d6dc866 - std[70759c8f55707aa4]::panicking::default_hook::{closure#0}
[INFO] [stdout]    4:     0x633c2d6f9749 - std[70759c8f55707aa4]::panicking::default_hook
[INFO] [stdout]    5:     0x633c2d247070 - test[9d35eded1c95d3be]::test_main_inner::<test[9d35eded1c95d3be]::test_main_static::{closure#0}>::{closure#0}
[INFO] [stdout]    6:     0x633c2d6f9a72 - std[70759c8f55707aa4]::panicking::panic_with_hook
[INFO] [stdout]    7:     0x633c2d6dc912 - std[70759c8f55707aa4]::panicking::panic_handler::{closure#0}
[INFO] [stdout]    8:     0x633c2d6d5519 - std[70759c8f55707aa4]::sys::backtrace::__rust_end_short_backtrace::<std[70759c8f55707aa4]::panicking::panic_handler::{closure#0}, !>
[INFO] [stdout]    9:     0x633c2d6dd6fd - __rustc[8fa7c3cbc660c2b3]::rust_begin_unwind
[INFO] [stdout]   10:     0x633c2d71917c - core[df12db4294e9bfd3]::panicking::panic_fmt
[INFO] [stdout]   11:     0x633c2d718f52 - core[df12db4294e9bfd3]::result::unwrap_failed
[INFO] [stdout]   12:     0x633c2d21aa00 - integration_api[44b4fb670386095c]::test_invoice_real_api::{closure#0}
[INFO] [stdout]   13:     0x633c2d237033 - <tokio[756dbfb81777afa4]::runtime::scheduler::current_thread::Context>::enter::<core[df12db4294e9bfd3]::task::poll::Poll<()>, <tokio[756dbfb81777afa4]::runtime::scheduler::current_thread::CoreGuard>::block_on<core[df12db4294e9bfd3]::pin::Pin<&mut core[df12db4294e9bfd3]::pin::Pin<&mut dyn core[df12db4294e9bfd3]::future::future::Future<Output = ()>>>>::{closure#0}::{closure#0}>
[INFO] [stdout]   14:     0x633c2d22c5bc - <tokio[756dbfb81777afa4]::runtime::context::scoped::Scoped<tokio[756dbfb81777afa4]::runtime::scheduler::Context>>::set::<<tokio[756dbfb81777afa4]::runtime::scheduler::current_thread::CoreGuard>::enter<<tokio[756dbfb81777afa4]::runtime::scheduler::current_thread::CoreGuard>::block_on<core[df12db4294e9bfd3]::pin::Pin<&mut core[df12db4294e9bfd3]::pin::Pin<&mut dyn core[df12db4294e9bfd3]::future::future::Future<Output = ()>>>>::{closure#0}, core[df12db4294e9bfd3]::option::Option<()>>::{closure#0}, (alloc[2182bb758b4b3781]::boxed::Box<tokio[756dbfb81777afa4]::runtime::scheduler::current_thread::Core>, core[df12db4294e9bfd3]::option::Option<()>)>
[INFO] [stdout]   15:     0x633c2d23696f - <tokio[756dbfb81777afa4]::runtime::scheduler::current_thread::CurrentThread>::block_on::<core[df12db4294e9bfd3]::pin::Pin<&mut dyn core[df12db4294e9bfd3]::future::future::Future<Output = ()>>>
[INFO] [stdout]   16:     0x633c2d237c82 - <tokio[756dbfb81777afa4]::runtime::runtime::Runtime>::block_on::<core[df12db4294e9bfd3]::pin::Pin<&mut dyn core[df12db4294e9bfd3]::future::future::Future<Output = ()>>>
[INFO] [stdout]   17:     0x633c2d22189e - <integration_api[44b4fb670386095c]::test_invoice_real_api::{closure#0} as core[df12db4294e9bfd3]::ops::function::FnOnce<()>>::call_once
[INFO] [stdout]   18:     0x633c2d23a35b - test[9d35eded1c95d3be]::__rust_begin_short_backtrace::<core[df12db4294e9bfd3]::result::Result<(), alloc[2182bb758b4b3781]::string::String>, fn() -> core[df12db4294e9bfd3]::result::Result<(), alloc[2182bb758b4b3781]::string::String>>
[INFO] [stdout]   19:     0x633c2d2479c5 - test[9d35eded1c95d3be]::run_test::{closure#0}
[INFO] [stdout]   20:     0x633c2d241284 - std[70759c8f55707aa4]::sys::backtrace::__rust_begin_short_backtrace::<test[9d35eded1c95d3be]::run_test::{closure#1}, ()>
[INFO] [stdout]   21:     0x633c2d24ab22 - <std[70759c8f55707aa4]::thread::lifecycle::spawn_unchecked<test[9d35eded1c95d3be]::run_test::{closure#1}, ()>::{closure#1} as core[df12db4294e9bfd3]::ops::function::FnOnce<()>>::call_once::{shim:vtable#0}
[INFO] [stdout]   22:     0x633c2d700f59 - <std[70759c8f55707aa4]::sys::thread::unix::Thread>::new::thread_start
[INFO] [stdout]   23:     0x74f574ff1dfa - <unknown>
[INFO] [stdout]   24:     0x74f5750853d4 - clone
[INFO] [stdout]   25:                0x0 - <unknown>
[INFO] [stdout] 
[INFO] [stdout] ---- test_get_me_real_api stdout ----
[INFO] [stdout] 
[INFO] [stdout] thread 'test_get_me_real_api' (4772) panicked at tests/integration_api.rs:19:52:
[INFO] [stdout] Failed to get me: HttpError(reqwest::Error { kind: Request, url: "https://testnet-pay.crypt.bot/api/getMe", source: hyper_util::client::legacy::Error(Connect, ConnectError("dns error", Custom { kind: Uncategorized, error: "failed to lookup address information: Temporary failure in name resolution" })) })
[INFO] [stdout] stack backtrace:
[INFO] [stdout]    0:     0x633c2d701a31 - <<std[70759c8f55707aa4]::sys::backtrace::BacktraceLock>::print::DisplayBacktrace as core[df12db4294e9bfd3]::fmt::Display>::fmt
[INFO] [stdout]    1:     0x633c2d718a1a - core[df12db4294e9bfd3]::fmt::write
[INFO] [stdout]    2:     0x633c2d706a3c - <alloc[2182bb758b4b3781]::vec::Vec<u8> as core[df12db4294e9bfd3]::io::write::Write>::write_fmt
[INFO] [stdout]    3:     0x633c2d6dc866 - std[70759c8f55707aa4]::panicking::default_hook::{closure#0}
[INFO] [stdout]    4:     0x633c2d6f9749 - std[70759c8f55707aa4]::panicking::default_hook
[INFO] [stdout]    5:     0x633c2d247070 - test[9d35eded1c95d3be]::test_main_inner::<test[9d35eded1c95d3be]::test_main_static::{closure#0}>::{closure#0}
[INFO] [stdout]    6:     0x633c2d6f9a72 - std[70759c8f55707aa4]::panicking::panic_with_hook
[INFO] [stdout]    7:     0x633c2d6dc912 - std[70759c8f55707aa4]::panicking::panic_handler::{closure#0}
[INFO] [stdout]    8:     0x633c2d6d5519 - std[70759c8f55707aa4]::sys::backtrace::__rust_end_short_backtrace::<std[70759c8f55707aa4]::panicking::panic_handler::{closure#0}, !>
[INFO] [stdout]    9:     0x633c2d6dd6fd - __rustc[8fa7c3cbc660c2b3]::rust_begin_unwind
[INFO] [stdout]   10:     0x633c2d71917c - core[df12db4294e9bfd3]::panicking::panic_fmt
[INFO] [stdout]   11:     0x633c2d718f52 - core[df12db4294e9bfd3]::result::unwrap_failed
[INFO] [stdout]   12:     0x633c2d216ddc - integration_api[44b4fb670386095c]::test_get_me_real_api::{closure#0}
[INFO] [stdout]   13:     0x633c2d237033 - <tokio[756dbfb81777afa4]::runtime::scheduler::current_thread::Context>::enter::<core[df12db4294e9bfd3]::task::poll::Poll<()>, <tokio[756dbfb81777afa4]::runtime::scheduler::current_thread::CoreGuard>::block_on<core[df12db4294e9bfd3]::pin::Pin<&mut core[df12db4294e9bfd3]::pin::Pin<&mut dyn core[df12db4294e9bfd3]::future::future::Future<Output = ()>>>>::{closure#0}::{closure#0}>
[INFO] [stdout]   14:     0x633c2d22c5bc - <tokio[756dbfb81777afa4]::runtime::context::scoped::Scoped<tokio[756dbfb81777afa4]::runtime::scheduler::Context>>::set::<<tokio[756dbfb81777afa4]::runtime::scheduler::current_thread::CoreGuard>::enter<<tokio[756dbfb81777afa4]::runtime::scheduler::current_thread::CoreGuard>::block_on<core[df12db4294e9bfd3]::pin::Pin<&mut core[df12db4294e9bfd3]::pin::Pin<&mut dyn core[df12db4294e9bfd3]::future::future::Future<Output = ()>>>>::{closure#0}, core[df12db4294e9bfd3]::option::Option<()>>::{closure#0}, (alloc[2182bb758b4b3781]::boxed::Box<tokio[756dbfb81777afa4]::runtime::scheduler::current_thread::Core>, core[df12db4294e9bfd3]::option::Option<()>)>
[INFO] [stdout]   15:     0x633c2d23696f - <tokio[756dbfb81777afa4]::runtime::scheduler::current_thread::CurrentThread>::block_on::<core[df12db4294e9bfd3]::pin::Pin<&mut dyn core[df12db4294e9bfd3]::future::future::Future<Output = ()>>>
[INFO] [stdout]   16:     0x633c2d237c82 - <tokio[756dbfb81777afa4]::runtime::runtime::Runtime>::block_on::<core[df12db4294e9bfd3]::pin::Pin<&mut dyn core[df12db4294e9bfd3]::future::future::Future<Output = ()>>>
[INFO] [stdout]   17:     0x633c2d22170e - <integration_api[44b4fb670386095c]::test_get_me_real_api::{closure#0} as core[df12db4294e9bfd3]::ops::function::FnOnce<()>>::call_once
[INFO] [stdout]   18:     0x633c2d23a35b - test[9d35eded1c95d3be]::__rust_begin_short_backtrace::<core[df12db4294e9bfd3]::result::Result<(), alloc[2182bb758b4b3781]::string::String>, fn() -> core[df12db4294e9bfd3]::result::Result<(), alloc[2182bb758b4b3781]::string::String>>
[INFO] [stdout]   19:     0x633c2d2479c5 - test[9d35eded1c95d3be]::run_test::{closure#0}
[INFO] [stdout]   20:     0x633c2d241284 - std[70759c8f55707aa4]::sys::backtrace::__rust_begin_short_backtrace::<test[9d35eded1c95d3be]::run_test::{closure#1}, ()>
[INFO] [stdout]   21:     0x633c2d24ab22 - <std[70759c8f55707aa4]::thread::lifecycle::spawn_unchecked<test[9d35eded1c95d3be]::run_test::{closure#1}, ()>::{closure#1} as core[df12db4294e9bfd3]::ops::function::FnOnce<()>>::call_once::{shim:vtable#0}
[INFO] [stdout]   22:     0x633c2d700f59 - <std[70759c8f55707aa4]::sys::thread::unix::Thread>::new::thread_start
[INFO] [stdout]   23:     0x74f574ff1dfa - <unknown>
[INFO] [stdout]   24:     0x74f5750853d4 - clone
[INFO] [stdout]   25:                0x0 - <unknown>
[INFO] [stdout] 
[INFO] [stdout] ---- test_get_exchange_rates_real_api stdout ----
[INFO] [stdout] 
[INFO] [stdout] thread 'test_get_exchange_rates_real_api' (4771) panicked at tests/integration_api.rs:68:10:
[INFO] [stdout] Failed to get exchange rates: HttpError(reqwest::Error { kind: Request, url: "https://testnet-pay.crypt.bot/api/getExchangeRates", source: hyper_util::client::legacy::Error(Connect, ConnectError("dns error", Custom { kind: Uncategorized, error: "failed to lookup address information: Temporary failure in name resolution" })) })
[INFO] [stdout] stack backtrace:
[INFO] [stdout]    0:     0x633c2d701a31 - <<std[70759c8f55707aa4]::sys::backtrace::BacktraceLock>::print::DisplayBacktrace as core[df12db4294e9bfd3]::fmt::Display>::fmt
[INFO] [stdout]    1:     0x633c2d718a1a - core[df12db4294e9bfd3]::fmt::write
[INFO] [stdout]    2:     0x633c2d706a3c - <alloc[2182bb758b4b3781]::vec::Vec<u8> as core[df12db4294e9bfd3]::io::write::Write>::write_fmt
[INFO] [stdout]    3:     0x633c2d6dc866 - std[70759c8f55707aa4]::panicking::default_hook::{closure#0}
[INFO] [stdout]    4:     0x633c2d6f9749 - std[70759c8f55707aa4]::panicking::default_hook
[INFO] [stdout]    5:     0x633c2d247070 - test[9d35eded1c95d3be]::test_main_inner::<test[9d35eded1c95d3be]::test_main_static::{closure#0}>::{closure#0}
[INFO] [stdout]    6:     0x633c2d6f9a72 - std[70759c8f55707aa4]::panicking::panic_with_hook
[INFO] [stdout]    7:     0x633c2d6dc912 - std[70759c8f55707aa4]::panicking::panic_handler::{closure#0}
[INFO] [stdout]    8:     0x633c2d6d5519 - std[70759c8f55707aa4]::sys::backtrace::__rust_end_short_backtrace::<std[70759c8f55707aa4]::panicking::panic_handler::{closure#0}, !>
[INFO] [stdout]    9:     0x633c2d6dd6fd - __rustc[8fa7c3cbc660c2b3]::rust_begin_unwind
[INFO] [stdout]   10:     0x633c2d71917c - core[df12db4294e9bfd3]::panicking::panic_fmt
[INFO] [stdout]   11:     0x633c2d718f52 - core[df12db4294e9bfd3]::result::unwrap_failed
[INFO] [stdout]   12:     0x633c2d21ecfe - integration_api[44b4fb670386095c]::test_get_exchange_rates_real_api::{closure#0}
[INFO] [stdout]   13:     0x633c2d237033 - <tokio[756dbfb81777afa4]::runtime::scheduler::current_thread::Context>::enter::<core[df12db4294e9bfd3]::task::poll::Poll<()>, <tokio[756dbfb81777afa4]::runtime::scheduler::current_thread::CoreGuard>::block_on<core[df12db4294e9bfd3]::pin::Pin<&mut core[df12db4294e9bfd3]::pin::Pin<&mut dyn core[df12db4294e9bfd3]::future::future::Future<Output = ()>>>>::{closure#0}::{closure#0}>
[INFO] [stdout]   14:     0x633c2d22c5bc - <tokio[756dbfb81777afa4]::runtime::context::scoped::Scoped<tokio[756dbfb81777afa4]::runtime::scheduler::Context>>::set::<<tokio[756dbfb81777afa4]::runtime::scheduler::current_thread::CoreGuard>::enter<<tokio[756dbfb81777afa4]::runtime::scheduler::current_thread::CoreGuard>::block_on<core[df12db4294e9bfd3]::pin::Pin<&mut core[df12db4294e9bfd3]::pin::Pin<&mut dyn core[df12db4294e9bfd3]::future::future::Future<Output = ()>>>>::{closure#0}, core[df12db4294e9bfd3]::option::Option<()>>::{closure#0}, (alloc[2182bb758b4b3781]::boxed::Box<tokio[756dbfb81777afa4]::runtime::scheduler::current_thread::Core>, core[df12db4294e9bfd3]::option::Option<()>)>
[INFO] [stdout]   15:     0x633c2d23696f - <tokio[756dbfb81777afa4]::runtime::scheduler::current_thread::CurrentThread>::block_on::<core[df12db4294e9bfd3]::pin::Pin<&mut dyn core[df12db4294e9bfd3]::future::future::Future<Output = ()>>>
[INFO] [stdout]   16:     0x633c2d237c82 - <tokio[756dbfb81777afa4]::runtime::runtime::Runtime>::block_on::<core[df12db4294e9bfd3]::pin::Pin<&mut dyn core[df12db4294e9bfd3]::future::future::Future<Output = ()>>>
[INFO] [stdout]   17:     0x633c2d221d1e - <integration_api[44b4fb670386095c]::test_get_exchange_rates_real_api::{closure#0} as core[df12db4294e9bfd3]::ops::function::FnOnce<()>>::call_once
[INFO] [stdout]   18:     0x633c2d23a35b - test[9d35eded1c95d3be]::__rust_begin_short_backtrace::<core[df12db4294e9bfd3]::result::Result<(), alloc[2182bb758b4b3781]::string::String>, fn() -> core[df12db4294e9bfd3]::result::Result<(), alloc[2182bb758b4b3781]::string::String>>
[INFO] [stdout]   19:     0x633c2d2479c5 - test[9d35eded1c95d3be]::run_test::{closure#0}
[INFO] [stdout]   20:     0x633c2d241284 - std[70759c8f55707aa4]::sys::backtrace::__rust_begin_short_backtrace::<test[9d35eded1c95d3be]::run_test::{closure#1}, ()>
[INFO] [stdout]   21:     0x633c2d24ab22 - <std[70759c8f55707aa4]::thread::lifecycle::spawn_unchecked<test[9d35eded1c95d3be]::run_test::{closure#1}, ()>::{closure#1} as core[df12db4294e9bfd3]::ops::function::FnOnce<()>>::call_once::{shim:vtable#0}
[INFO] [stdout]   22:     0x633c2d700f59 - <std[70759c8f55707aa4]::sys::thread::unix::Thread>::new::thread_start
[INFO] [stdout]   23:     0x74f574ff1dfa - <unknown>
[INFO] [stdout]   24:     0x74f5750853d4 - clone
[INFO] [stdout]   25:                0x0 - <unknown>
[INFO] [stdout] 
[INFO] [stdout] ---- test_get_currencies_real_api stdout ----
[INFO] [stdout] 
[INFO] [stdout] thread 'test_get_currencies_real_api' (4770) panicked at tests/integration_api.rs:36:10:
[INFO] [stdout] Failed to get currencies: HttpError(reqwest::Error { kind: Request, url: "https://testnet-pay.crypt.bot/api/getCurrencies", source: hyper_util::client::legacy::Error(Connect, ConnectError("dns error", Custom { kind: Uncategorized, error: "failed to lookup address information: Temporary failure in name resolution" })) })
[INFO] [stdout] stack backtrace:
[INFO] [stdout]    0:     0x633c2d701a31 - <<std[70759c8f55707aa4]::sys::backtrace::BacktraceLock>::print::DisplayBacktrace as core[df12db4294e9bfd3]::fmt::Display>::fmt
[INFO] [stdout]    1:     0x633c2d718a1a - core[df12db4294e9bfd3]::fmt::write
[INFO] [stdout]    2:     0x633c2d706a3c - <alloc[2182bb758b4b3781]::vec::Vec<u8> as core[df12db4294e9bfd3]::io::write::Write>::write_fmt
[INFO] [stdout]    3:     0x633c2d6dc866 - std[70759c8f55707aa4]::panicking::default_hook::{closure#0}
[INFO] [stdout]    4:     0x633c2d6f9749 - std[70759c8f55707aa4]::panicking::default_hook
[INFO] [stdout]    5:     0x633c2d247070 - test[9d35eded1c95d3be]::test_main_inner::<test[9d35eded1c95d3be]::test_main_static::{closure#0}>::{closure#0}
[INFO] [stdout]    6:     0x633c2d6f9a72 - std[70759c8f55707aa4]::panicking::panic_with_hook
[INFO] [stdout]    7:     0x633c2d6dc912 - std[70759c8f55707aa4]::panicking::panic_handler::{closure#0}
[INFO] [stdout]    8:     0x633c2d6d5519 - std[70759c8f55707aa4]::sys::backtrace::__rust_end_short_backtrace::<std[70759c8f55707aa4]::panicking::panic_handler::{closure#0}, !>
[INFO] [stdout]    9:     0x633c2d6dd6fd - __rustc[8fa7c3cbc660c2b3]::rust_begin_unwind
[INFO] [stdout]   10:     0x633c2d71917c - core[df12db4294e9bfd3]::panicking::panic_fmt
[INFO] [stdout]   11:     0x633c2d718f52 - core[df12db4294e9bfd3]::result::unwrap_failed
[INFO] [stdout]   12:     0x633c2d21e5a3 - integration_api[44b4fb670386095c]::test_get_currencies_real_api::{closure#0}
[INFO] [stdout]   13:     0x633c2d237033 - <tokio[756dbfb81777afa4]::runtime::scheduler::current_thread::Context>::enter::<core[df12db4294e9bfd3]::task::poll::Poll<()>, <tokio[756dbfb81777afa4]::runtime::scheduler::current_thread::CoreGuard>::block_on<core[df12db4294e9bfd3]::pin::Pin<&mut core[df12db4294e9bfd3]::pin::Pin<&mut dyn core[df12db4294e9bfd3]::future::future::Future<Output = ()>>>>::{closure#0}::{closure#0}>
[INFO] [stdout]   14:     0x633c2d22c5bc - <tokio[756dbfb81777afa4]::runtime::context::scoped::Scoped<tokio[756dbfb81777afa4]::runtime::scheduler::Context>>::set::<<tokio[756dbfb81777afa4]::runtime::scheduler::current_thread::CoreGuard>::enter<<tokio[756dbfb81777afa4]::runtime::scheduler::current_thread::CoreGuard>::block_on<core[df12db4294e9bfd3]::pin::Pin<&mut core[df12db4294e9bfd3]::pin::Pin<&mut dyn core[df12db4294e9bfd3]::future::future::Future<Output = ()>>>>::{closure#0}, core[df12db4294e9bfd3]::option::Option<()>>::{closure#0}, (alloc[2182bb758b4b3781]::boxed::Box<tokio[756dbfb81777afa4]::runtime::scheduler::current_thread::Core>, core[df12db4294e9bfd3]::option::Option<()>)>
[INFO] [stdout]   15:     0x633c2d23696f - <tokio[756dbfb81777afa4]::runtime::scheduler::current_thread::CurrentThread>::block_on::<core[df12db4294e9bfd3]::pin::Pin<&mut dyn core[df12db4294e9bfd3]::future::future::Future<Output = ()>>>
[INFO] [stdout]   16:     0x633c2d237c82 - <tokio[756dbfb81777afa4]::runtime::runtime::Runtime>::block_on::<core[df12db4294e9bfd3]::pin::Pin<&mut dyn core[df12db4294e9bfd3]::future::future::Future<Output = ()>>>
[INFO] [stdout]   17:     0x633c2d221b8e - <integration_api[44b4fb670386095c]::test_get_currencies_real_api::{closure#0} as core[df12db4294e9bfd3]::ops::function::FnOnce<()>>::call_once
[INFO] [stdout]   18:     0x633c2d23a35b - test[9d35eded1c95d3be]::__rust_begin_short_backtrace::<core[df12db4294e9bfd3]::result::Result<(), alloc[2182bb758b4b3781]::string::String>, fn() -> core[df12db4294e9bfd3]::result::Result<(), alloc[2182bb758b4b3781]::string::String>>
[INFO] [stdout]   19:     0x633c2d2479c5 - test[9d35eded1c95d3be]::run_test::{closure#0}
[INFO] [stdout]   20:     0x633c2d241284 - std[70759c8f55707aa4]::sys::backtrace::__rust_begin_short_backtrace::<test[9d35eded1c95d3be]::run_test::{closure#1}, ()>
[INFO] [stdout]   21:     0x633c2d24ab22 - <std[70759c8f55707aa4]::thread::lifecycle::spawn_unchecked<test[9d35eded1c95d3be]::run_test::{closure#1}, ()>::{closure#1} as core[df12db4294e9bfd3]::ops::function::FnOnce<()>>::call_once::{shim:vtable#0}
[INFO] [stdout]   22:     0x633c2d700f59 - <std[70759c8f55707aa4]::sys::thread::unix::Thread>::new::thread_start
[INFO] [stdout]   23:     0x74f574ff1dfa - <unknown>
[INFO] [stdout]   24:     0x74f5750853d4 - clone
[INFO] [stdout]   25:                0x0 - <unknown>
[INFO] [stdout] 
[INFO] [stdout] 
[INFO] [stdout] failures:
[INFO] [stdout]     test_get_currencies_real_api
[INFO] [stdout]     test_get_exchange_rates_real_api
[INFO] [stdout]     test_get_me_real_api
[INFO] [stdout]     test_get_stats_real_api
[INFO] [stdout]     test_invoice_real_api
[INFO] [stdout] 
[INFO] [stdout] test result: FAILED. 0 passed; 5 failed; 0 ignored; 0 measured; 0 filtered out; finished in 0.11s
[INFO] [stdout] 
[INFO] [stderr] error: test failed, to rerun pass `--test integration_api`
[INFO] running `Command { std: "docker" "inspect" "31b7c62d2f775da3bf89dafb398880b4c191fb490735de13b6828df3240ce207", kill_on_drop: false }`
[INFO] running `Command { std: "docker" "rm" "-f" "31b7c62d2f775da3bf89dafb398880b4c191fb490735de13b6828df3240ce207", kill_on_drop: false }`
[INFO] [stdout] 31b7c62d2f775da3bf89dafb398880b4c191fb490735de13b6828df3240ce207
