[INFO] fetching crate crypticy 0.2.2...
[INFO] testing crypticy-0.2.2 against 1.100.0-beta.1+cargoflags=--release for beta-release-1.100-2
[INFO] extracting crate crypticy 0.2.2 into /workspace/builds/worker-6-tc2/source
[INFO] started tweaking crates.io crate crypticy 0.2.2
[INFO] finished tweaking crates.io crate crypticy 0.2.2
[INFO] tweaked toml for crates.io crate crypticy 0.2.2 written to /workspace/builds/worker-6-tc2/source/Cargo.toml
[INFO] validating manifest of crates.io crate crypticy 0.2.2 on toolchain 1.100.0-beta.1
[INFO] running `Command { std: CARGO_HOME="/workspace/cargo-home" RUSTUP_HOME="/workspace/rustup-home" "/workspace/cargo-home/bin/cargo" "+1.100.0-beta.1" "metadata" "--manifest-path" "Cargo.toml" "--no-deps", kill_on_drop: false }`
[INFO] running `Command { std: CARGO_HOME="/workspace/cargo-home" RUSTUP_HOME="/workspace/rustup-home" "/workspace/cargo-home/bin/cargo" "+1.100.0-beta.1" "generate-lockfile" "--manifest-path" "Cargo.toml", kill_on_drop: false }`
[INFO] [stderr]     Updating crates.io index
[INFO] [stderr]      Locking 36 packages to highest compatible versions
[INFO] [stderr]       Adding aes-gcm v0.10.3 (available: v0.11.1)
[INFO] [stderr]       Adding argon2 v0.4.1 (available: v0.6.0)
[INFO] [stderr]       Adding generic-array v0.14.7 (available: v0.14.9)
[INFO] [stderr]       Adding rand v0.8.8 (available: v0.10.3)
[INFO] running `Command { std: CARGO_HOME="/workspace/cargo-home" RUSTUP_HOME="/workspace/rustup-home" "/workspace/cargo-home/bin/cargo" "+1.100.0-beta.1" "fetch" "--manifest-path" "Cargo.toml", kill_on_drop: false }`
[INFO] [stderr]     Blocking waiting for file lock on package cache
[INFO] running `Command { std: "docker" "create" "-v" "/var/lib/crater-agent-workspace/builds/worker-6-tc2/source:/opt/rustwide/workdir:ro,Z" "-v" "/var/lib/crater-agent-workspace/builds/worker-6-tc2/target:/opt/rustwide/target:rw,Z" "-v" "/var/lib/crater-agent-workspace/cargo-home:/opt/rustwide/cargo-home:ro,Z" "-v" "/var/lib/crater-agent-workspace/rustup-home:/opt/rustwide/rustup-home:ro,Z" "-m" "1610612736" "--network" "none" "ghcr.io/rust-lang/crates-build-env/linux@sha256:77db811e55d90add9212f6832c23229e3de5f1c1f9905e8cb07319ea15df73ac" "sleep" "infinity", kill_on_drop: false }`
[INFO] [stdout] c79cd538ceacaa3fcb580f5325e99800fe8039164ecc86e12181d03448108b93
[INFO] running `Command { std: "docker" "start" "c79cd538ceacaa3fcb580f5325e99800fe8039164ecc86e12181d03448108b93", kill_on_drop: false }`
[INFO] running `Command { std: "docker" "inspect" "c79cd538ceacaa3fcb580f5325e99800fe8039164ecc86e12181d03448108b93", kill_on_drop: false }`
[INFO] running `Command { std: "docker" "exec" "-e" "SOURCE_DIR=/opt/rustwide/workdir" "-e" "CARGO_HOME=/opt/rustwide/cargo-home" "-e" "RUSTUP_HOME=/opt/rustwide/rustup-home" "-e" "CARGO_TARGET_DIR=/opt/rustwide/target" "-w" "/opt/rustwide/workdir" "--user" "0:0" "c79cd538ceacaa3fcb580f5325e99800fe8039164ecc86e12181d03448108b93" "/opt/rustwide/cargo-home/bin/cargo" "+1.100.0-beta.1" "metadata" "--no-deps" "--format-version=1", kill_on_drop: false }`
[INFO] running `Command { std: "docker" "inspect" "c79cd538ceacaa3fcb580f5325e99800fe8039164ecc86e12181d03448108b93", kill_on_drop: false }`
[INFO] running `Command { std: "docker" "exec" "-e" "SOURCE_DIR=/opt/rustwide/workdir" "-e" "CARGO_HOME=/opt/rustwide/cargo-home" "-e" "RUSTUP_HOME=/opt/rustwide/rustup-home" "-e" "CARGO_TARGET_DIR=/opt/rustwide/target" "-e" "CARGO_INCREMENTAL=0" "-e" "RUST_BACKTRACE=full" "-e" "RUSTFLAGS=--cap-lints=warn" "-e" "RUSTDOCFLAGS=--cap-lints=warn" "-w" "/opt/rustwide/workdir" "--user" "0:0" "c79cd538ceacaa3fcb580f5325e99800fe8039164ecc86e12181d03448108b93" "/opt/rustwide/cargo-home/bin/cargo" "+1.100.0-beta.1" "build" "--frozen" "--message-format=json" "--release", kill_on_drop: false }`
[INFO] [stderr]    Compiling libc v0.2.191
[INFO] [stderr]    Compiling version_check v0.9.5
[INFO] [stderr]    Compiling cfg-if v1.0.5
[INFO] [stderr]    Compiling typenum v1.20.1
[INFO] [stderr]    Compiling subtle v2.6.1
[INFO] [stderr]    Compiling zerocopy v0.8.63
[INFO] [stderr]    Compiling cpufeatures v0.2.17
[INFO] [stderr]    Compiling opaque-debug v0.3.1
[INFO] [stderr]    Compiling base64ct v1.8.3
[INFO] [stderr]    Compiling generic-array v0.14.7
[INFO] [stderr]    Compiling inout v0.1.4
[INFO] [stderr]    Compiling block-buffer v0.10.4
[INFO] [stderr]    Compiling getrandom v0.2.17
[INFO] [stderr]    Compiling rand_core v0.6.4
[INFO] [stderr]    Compiling crypto-common v0.1.7
[INFO] [stderr]    Compiling password-hash v0.4.2
[INFO] [stderr]    Compiling universal-hash v0.5.1
[INFO] [stderr]    Compiling cipher v0.4.4
[INFO] [stderr]    Compiling digest v0.10.7
[INFO] [stderr]    Compiling aead v0.5.2
[INFO] [stderr]    Compiling polyval v0.6.2
[INFO] [stderr]    Compiling blake2 v0.10.6
[INFO] [stderr]    Compiling ctr v0.9.2
[INFO] [stderr]    Compiling aes v0.8.4
[INFO] [stderr]    Compiling ghash v0.5.1
[INFO] [stderr]    Compiling argon2 v0.4.1
[INFO] [stderr]    Compiling aes-gcm v0.10.3
[INFO] [stderr]    Compiling ppv-lite86 v0.2.21
[INFO] [stderr]    Compiling rand_chacha v0.3.1
[INFO] [stderr]    Compiling rand v0.8.8
[INFO] [stderr]    Compiling crypticy v0.2.2 (/opt/rustwide/workdir)
[INFO] [stdout] warning: unused import: `rand::Rng`
[INFO] [stdout]  --> src/lib.rs:7:5
[INFO] [stdout]   |
[INFO] [stdout] 7 | use rand::Rng;
[INFO] [stdout]   |     ^^^^^^^^^
[INFO] [stdout]   |
[INFO] [stdout]   = note: `#[warn(unused_imports)]` (part of `#[warn(unused)]`) on by default
[INFO] [stdout] 
[INFO] [stdout] 
[INFO] [stdout] warning: constant `SALT` is never used
[INFO] [stdout]  --> src/lib.rs:9:7
[INFO] [stdout]   |
[INFO] [stdout] 9 | const SALT: &[u8] = b"salasasdfasft";
[INFO] [stdout]   |       ^^^^
[INFO] [stdout]   |
[INFO] [stdout]   = note: `#[warn(dead_code)]` (part of `#[warn(unused)]`) on by default
[INFO] [stdout] 
[INFO] [stdout] 
[INFO] [stdout] warning: constant `OPSLIMIT` is never used
[INFO] [stdout]   --> src/lib.rs:10:7
[INFO] [stdout]    |
[INFO] [stdout] 10 | const OPSLIMIT: u32 = 3;
[INFO] [stdout]    |       ^^^^^^^^
[INFO] [stdout] 
[INFO] [stdout] 
[INFO] [stdout] warning: constant `MEMLIMIT` is never used
[INFO] [stdout]   --> src/lib.rs:11:7
[INFO] [stdout]    |
[INFO] [stdout] 11 | const MEMLIMIT: u32 = 102400;
[INFO] [stdout]    |       ^^^^^^^^
[INFO] [stdout] 
[INFO] [stdout] 
[INFO] [stdout] warning: function `derive_key` is never used
[INFO] [stdout]   --> src/lib.rs:13:4
[INFO] [stdout]    |
[INFO] [stdout] 13 | fn derive_key(password: &[u8]) -> GenericArray<u8, U32> {
[INFO] [stdout]    |    ^^^^^^^^^^
[INFO] [stdout] 
[INFO] [stdout] 
[INFO] [stdout] warning: function `encrypt` is never used
[INFO] [stdout]   --> src/lib.rs:33:4
[INFO] [stdout]    |
[INFO] [stdout] 33 | fn encrypt(data: &[u8], password: &[u8]) -> Result<Vec<u8>, aes_gcm::Error> {
[INFO] [stdout]    |    ^^^^^^^
[INFO] [stdout] 
[INFO] [stdout] 
[INFO] [stdout] warning: function `decrypt` is never used
[INFO] [stdout]   --> src/lib.rs:40:4
[INFO] [stdout]    |
[INFO] [stdout] 40 | fn decrypt(ciphertext: &[u8], password: &[u8]) -> Result<Vec<u8>, aes_gcm::Error> {
[INFO] [stdout]    |    ^^^^^^^
[INFO] [stdout] 
[INFO] [stdout] 
[INFO] [stderr]     Finished `release` profile [optimized] target(s) in 8.45s
[INFO] running `Command { std: "docker" "inspect" "c79cd538ceacaa3fcb580f5325e99800fe8039164ecc86e12181d03448108b93", kill_on_drop: false }`
[INFO] running `Command { std: "docker" "exec" "-e" "SOURCE_DIR=/opt/rustwide/workdir" "-e" "CARGO_HOME=/opt/rustwide/cargo-home" "-e" "RUSTUP_HOME=/opt/rustwide/rustup-home" "-e" "CARGO_TARGET_DIR=/opt/rustwide/target" "-e" "CARGO_INCREMENTAL=0" "-e" "RUST_BACKTRACE=full" "-e" "RUSTFLAGS=--cap-lints=warn" "-e" "RUSTDOCFLAGS=--cap-lints=warn" "-w" "/opt/rustwide/workdir" "--user" "0:0" "c79cd538ceacaa3fcb580f5325e99800fe8039164ecc86e12181d03448108b93" "/opt/rustwide/cargo-home/bin/cargo" "+1.100.0-beta.1" "test" "--frozen" "--no-run" "--message-format=json" "--release", kill_on_drop: false }`
[INFO] [stderr]    Compiling crypticy v0.2.2 (/opt/rustwide/workdir)
[INFO] [stdout] warning: unused import: `rand::Rng`
[INFO] [stdout]  --> src/lib.rs:7:5
[INFO] [stdout]   |
[INFO] [stdout] 7 | use rand::Rng;
[INFO] [stdout]   |     ^^^^^^^^^
[INFO] [stdout]   |
[INFO] [stdout]   = note: `#[warn(unused_imports)]` (part of `#[warn(unused)]`) on by default
[INFO] [stdout] 
[INFO] [stdout] 
[INFO] [stdout] warning: constant `SALT` is never used
[INFO] [stdout]  --> src/lib.rs:9:7
[INFO] [stdout]   |
[INFO] [stdout] 9 | const SALT: &[u8] = b"salasasdfasft";
[INFO] [stdout]   |       ^^^^
[INFO] [stdout]   |
[INFO] [stdout]   = note: `#[warn(dead_code)]` (part of `#[warn(unused)]`) on by default
[INFO] [stdout] 
[INFO] [stdout] 
[INFO] [stdout] warning: constant `OPSLIMIT` is never used
[INFO] [stdout]   --> src/lib.rs:10:7
[INFO] [stdout]    |
[INFO] [stdout] 10 | const OPSLIMIT: u32 = 3;
[INFO] [stdout]    |       ^^^^^^^^
[INFO] [stdout] 
[INFO] [stdout] 
[INFO] [stdout] warning: constant `MEMLIMIT` is never used
[INFO] [stdout]   --> src/lib.rs:11:7
[INFO] [stdout]    |
[INFO] [stdout] 11 | const MEMLIMIT: u32 = 102400;
[INFO] [stdout]    |       ^^^^^^^^
[INFO] [stdout] 
[INFO] [stdout] 
[INFO] [stdout] warning: function `derive_key` is never used
[INFO] [stdout]   --> src/lib.rs:13:4
[INFO] [stdout]    |
[INFO] [stdout] 13 | fn derive_key(password: &[u8]) -> GenericArray<u8, U32> {
[INFO] [stdout]    |    ^^^^^^^^^^
[INFO] [stdout] 
[INFO] [stdout] 
[INFO] [stdout] warning: function `encrypt` is never used
[INFO] [stdout]   --> src/lib.rs:33:4
[INFO] [stdout]    |
[INFO] [stdout] 33 | fn encrypt(data: &[u8], password: &[u8]) -> Result<Vec<u8>, aes_gcm::Error> {
[INFO] [stdout]    |    ^^^^^^^
[INFO] [stdout] 
[INFO] [stdout] 
[INFO] [stdout] warning: function `decrypt` is never used
[INFO] [stdout]   --> src/lib.rs:40:4
[INFO] [stdout]    |
[INFO] [stdout] 40 | fn decrypt(ciphertext: &[u8], password: &[u8]) -> Result<Vec<u8>, aes_gcm::Error> {
[INFO] [stdout]    |    ^^^^^^^
[INFO] [stdout] 
[INFO] [stdout] 
[INFO] [stdout] warning: unused import: `rand::Rng`
[INFO] [stdout]  --> src/lib.rs:7:5
[INFO] [stdout]   |
[INFO] [stdout] 7 | use rand::Rng;
[INFO] [stdout]   |     ^^^^^^^^^
[INFO] [stdout]   |
[INFO] [stdout]   = note: `#[warn(unused_imports)]` (part of `#[warn(unused)]`) on by default
[INFO] [stdout] 
[INFO] [stdout] 
[INFO] [stdout] warning: constant `SALT` is never used
[INFO] [stdout]  --> src/lib.rs:9:7
[INFO] [stdout]   |
[INFO] [stdout] 9 | const SALT: &[u8] = b"salasasdfasft";
[INFO] [stdout]   |       ^^^^
[INFO] [stdout]   |
[INFO] [stdout]   = note: `#[warn(dead_code)]` (part of `#[warn(unused)]`) on by default
[INFO] [stdout] 
[INFO] [stdout] 
[INFO] [stderr]     Finished `release` profile [optimized] target(s) in 0.47s
[INFO] running `Command { std: "docker" "inspect" "c79cd538ceacaa3fcb580f5325e99800fe8039164ecc86e12181d03448108b93", kill_on_drop: false }`
[INFO] running `Command { std: "docker" "exec" "-e" "SOURCE_DIR=/opt/rustwide/workdir" "-e" "CARGO_HOME=/opt/rustwide/cargo-home" "-e" "RUSTUP_HOME=/opt/rustwide/rustup-home" "-e" "CARGO_TARGET_DIR=/opt/rustwide/target" "-e" "CARGO_INCREMENTAL=0" "-e" "RUST_BACKTRACE=full" "-e" "RUSTFLAGS=--cap-lints=warn" "-e" "RUSTDOCFLAGS=--cap-lints=warn" "-w" "/opt/rustwide/workdir" "--user" "0:0" "c79cd538ceacaa3fcb580f5325e99800fe8039164ecc86e12181d03448108b93" "/opt/rustwide/cargo-home/bin/cargo" "+1.100.0-beta.1" "test" "--frozen" "--release", kill_on_drop: false }`
[INFO] [stderr] warning: unused import: `rand::Rng`
[INFO] [stderr]  --> src/lib.rs:7:5
[INFO] [stderr]   |
[INFO] [stderr] 7 | use rand::Rng;
[INFO] [stderr]   |     ^^^^^^^^^
[INFO] [stderr]   |
[INFO] [stderr]   = note: `#[warn(unused_imports)]` (part of `#[warn(unused)]`) on by default
[INFO] [stderr] 
[INFO] [stderr] warning: constant `SALT` is never used
[INFO] [stderr]  --> src/lib.rs:9:7
[INFO] [stderr]   |
[INFO] [stderr] 9 | const SALT: &[u8] = b"salasasdfasft";
[INFO] [stderr]   |       ^^^^
[INFO] [stderr]   |
[INFO] [stderr]   = note: `#[warn(dead_code)]` (part of `#[warn(unused)]`) on by default
[INFO] [stderr] 
[INFO] [stderr] warning: constant `OPSLIMIT` is never used
[INFO] [stderr]   --> src/lib.rs:10:7
[INFO] [stderr]    |
[INFO] [stderr] 10 | const OPSLIMIT: u32 = 3;
[INFO] [stderr]    |       ^^^^^^^^
[INFO] [stderr] 
[INFO] [stderr] warning: constant `MEMLIMIT` is never used
[INFO] [stderr]   --> src/lib.rs:11:7
[INFO] [stderr]    |
[INFO] [stderr] 11 | const MEMLIMIT: u32 = 102400;
[INFO] [stderr]    |       ^^^^^^^^
[INFO] [stderr] 
[INFO] [stderr] warning: function `derive_key` is never used
[INFO] [stderr]   --> src/lib.rs:13:4
[INFO] [stderr]    |
[INFO] [stderr] 13 | fn derive_key(password: &[u8]) -> GenericArray<u8, U32> {
[INFO] [stderr]    |    ^^^^^^^^^^
[INFO] [stderr] 
[INFO] [stderr] warning: function `encrypt` is never used
[INFO] [stderr]   --> src/lib.rs:33:4
[INFO] [stderr]    |
[INFO] [stderr] 33 | fn encrypt(data: &[u8], password: &[u8]) -> Result<Vec<u8>, aes_gcm::Error> {
[INFO] [stderr]    |    ^^^^^^^
[INFO] [stderr] 
[INFO] [stderr] warning: function `decrypt` is never used
[INFO] [stderr]   --> src/lib.rs:40:4
[INFO] [stderr]    |
[INFO] [stderr] 40 | fn decrypt(ciphertext: &[u8], password: &[u8]) -> Result<Vec<u8>, aes_gcm::Error> {
[INFO] [stderr]    |    ^^^^^^^
[INFO] [stderr] 
[INFO] [stderr] warning: `crypticy` (lib) generated 7 warnings (run `cargo fix --lib -p crypticy` to apply 1 suggestion)
[INFO] [stderr] warning: `crypticy` (lib test) generated 2 warnings (2 duplicates)
[INFO] [stderr]     Finished `release` profile [optimized] target(s) in 0.05s
[INFO] [stderr]      Running unittests src/lib.rs (/opt/rustwide/target/release/build/crypticy/41c2bcfab3dfd0b6/out/crypticy-41c2bcfab3dfd0b6)
[INFO] [stdout] 
[INFO] [stdout] running 1 test
[INFO] [stdout] test tests::test_encrypt_decrypt ... FAILED
[INFO] [stdout] 
[INFO] [stdout] failures:
[INFO] [stdout] 
[INFO] [stdout] ---- tests::test_encrypt_decrypt stdout ----
[INFO] [stdout] 
[INFO] [stdout] thread 'tests::test_encrypt_decrypt' (524) panicked at src/lib.rs:23:6:
[INFO] [stdout] called `Result::unwrap()` on an `Err` value: "memory cost is too small"
[INFO] [stdout] stack backtrace:
[INFO] [stdout]    0:     0x5df06deb76b1 - <<std[617be2ca0a6fd877]::sys::backtrace::BacktraceLock>::print::DisplayBacktrace as core[a373ad73a504971]::fmt::Display>::fmt
[INFO] [stdout]    1:     0x5df06decbdaa - core[a373ad73a504971]::fmt::write
[INFO] [stdout]    2:     0x5df06debb8cc - <alloc[2e1b2a31b91974c5]::vec::Vec<u8> as core[a373ad73a504971]::io::write::Write>::write_fmt
[INFO] [stdout]    3:     0x5df06de93b16 - std[617be2ca0a6fd877]::panicking::default_hook::{closure#0}
[INFO] [stdout]    4:     0x5df06deafd49 - std[617be2ca0a6fd877]::panicking::default_hook
[INFO] [stdout]    5:     0x5df06de3ded0 - test[aada8e7e76ba119b]::test_main_inner::{closure#0}
[INFO] [stdout]    6:     0x5df06deaff02 - std[617be2ca0a6fd877]::panicking::panic_with_hook
[INFO] [stdout]    7:     0x5df06de93bc2 - std[617be2ca0a6fd877]::panicking::panic_handler::{closure#0}
[INFO] [stdout]    8:     0x5df06de8c8d9 - std[617be2ca0a6fd877]::sys::backtrace::__rust_end_short_backtrace::<std[617be2ca0a6fd877]::panicking::panic_handler::{closure#0}, !>
[INFO] [stdout]    9:     0x5df06de947cd - __rustc[ea4f61d10b84890b]::rust_begin_unwind
[INFO] [stdout]   10:     0x5df06decc4dc - core[a373ad73a504971]::panicking::panic_fmt
[INFO] [stdout]   11:     0x5df06decc2b2 - core[a373ad73a504971]::result::unwrap_failed
[INFO] [stdout]   12:     0x5df06de305dd - crypticy[bb412eb7bbe807b0]::encrypt
[INFO] [stdout]   13:     0x5df06de3129e - <crypticy[bb412eb7bbe807b0]::tests::test_encrypt_decrypt::{closure#0} as core[a373ad73a504971]::ops::function::FnOnce<()>>::call_once
[INFO] [stdout]   14:     0x5df06de3131b - test[aada8e7e76ba119b]::__rust_begin_short_backtrace::<core[a373ad73a504971]::result::Result<(), alloc[2e1b2a31b91974c5]::string::String>, fn() -> core[a373ad73a504971]::result::Result<(), alloc[2e1b2a31b91974c5]::string::String>>
[INFO] [stdout]   15:     0x5df06de3e4f5 - test[aada8e7e76ba119b]::run_test::{closure#0}
[INFO] [stdout]   16:     0x5df06de37de4 - std[617be2ca0a6fd877]::sys::backtrace::__rust_begin_short_backtrace::<test[aada8e7e76ba119b]::run_test::{closure#1}, ()>
[INFO] [stdout]   17:     0x5df06de41582 - <std[617be2ca0a6fd877]::thread::lifecycle::spawn_unchecked<test[aada8e7e76ba119b]::run_test::{closure#1}, ()>::{closure#1} as core[a373ad73a504971]::ops::function::FnOnce<()>>::call_once::{shim:vtable#0}
[INFO] [stdout]   18:     0x5df06deb6f0f - <std[617be2ca0a6fd877]::sys::thread::unix::Thread>::new::thread_start
[INFO] [stdout]   19:     0x7ee4a189ddfa - <unknown>
[INFO] [stdout]   20:     0x7ee4a19313d4 - clone
[INFO] [stdout]   21:                0x0 - <unknown>
[INFO] [stdout] 
[INFO] [stdout] 
[INFO] [stdout] failures:
[INFO] [stdout]     tests::test_encrypt_decrypt
[INFO] [stdout] 
[INFO] [stdout] test result: FAILED. 0 passed; 1 failed; 0 ignored; 0 measured; 0 filtered out; finished in 0.00s
[INFO] [stdout] 
[INFO] [stderr] error: test failed, to rerun pass `--lib`
[INFO] running `Command { std: "docker" "inspect" "c79cd538ceacaa3fcb580f5325e99800fe8039164ecc86e12181d03448108b93", kill_on_drop: false }`
[INFO] running `Command { std: "docker" "rm" "-f" "c79cd538ceacaa3fcb580f5325e99800fe8039164ecc86e12181d03448108b93", kill_on_drop: false }`
[INFO] [stdout] c79cd538ceacaa3fcb580f5325e99800fe8039164ecc86e12181d03448108b93
