[INFO] fetching crate crypt-config 0.2.2...
[INFO] testing crypt-config-0.2.2 against 1.99.0-beta.8+cargoflags=--release for beta-release-1.100-2
[INFO] extracting crate crypt-config 0.2.2 into /workspace/builds/worker-5-tc1/source
[INFO] started tweaking crates.io crate crypt-config 0.2.2
[INFO] finished tweaking crates.io crate crypt-config 0.2.2
[INFO] tweaked toml for crates.io crate crypt-config 0.2.2 written to /workspace/builds/worker-5-tc1/source/Cargo.toml
[INFO] validating manifest of crates.io crate crypt-config 0.2.2 on toolchain 1.99.0-beta.8
[INFO] running `Command { std: CARGO_HOME="/workspace/cargo-home" RUSTUP_HOME="/workspace/rustup-home" "/workspace/cargo-home/bin/cargo" "+1.99.0-beta.8" "metadata" "--manifest-path" "Cargo.toml" "--no-deps", kill_on_drop: false }`
[INFO] running `Command { std: CARGO_HOME="/workspace/cargo-home" RUSTUP_HOME="/workspace/rustup-home" "/workspace/cargo-home/bin/cargo" "+1.99.0-beta.8" "generate-lockfile" "--manifest-path" "Cargo.toml", kill_on_drop: false }`
[INFO] [stderr]     Blocking waiting for file lock on package cache
[INFO] [stderr]     Updating crates.io index
[INFO] [stderr]      Locking 77 packages to highest compatible versions
[INFO] [stderr]       Adding base64 v0.12.3 (available: v0.23.1)
[INFO] [stderr]       Adding notify v4.0.18 (available: v8.2.0)
[INFO] [stderr]       Adding rand v0.7.3 (available: v0.10.3)
[INFO] [stderr]       Adding wasi v0.10.0+wasi-snapshot-preview1 (available: v0.10.2+wasi-snapshot-preview1)
[INFO] running `Command { std: CARGO_HOME="/workspace/cargo-home" RUSTUP_HOME="/workspace/rustup-home" "/workspace/cargo-home/bin/cargo" "+1.99.0-beta.8" "fetch" "--manifest-path" "Cargo.toml", kill_on_drop: false }`
[INFO] [stderr]  Downloading crates ...
[INFO] [stderr]   Downloaded mio-extras v2.0.6
[INFO] [stderr]   Downloaded rustc-serialize v0.3.25
[INFO] [stderr]   Downloaded rand v0.3.23
[INFO] [stderr]   Downloaded notify v4.0.18
[INFO] [stderr]   Downloaded fsevent-sys v2.0.1
[INFO] [stderr]   Downloaded fsevent v0.4.0
[INFO] [stderr]   Downloaded inotify v0.7.1
[INFO] [stderr]   Downloaded rust-crypto v0.2.36
[INFO] running `Command { std: "docker" "create" "-v" "/var/lib/crater-agent-workspace/builds/worker-5-tc1/source:/opt/rustwide/workdir:ro,Z" "-v" "/var/lib/crater-agent-workspace/builds/worker-5-tc1/target:/opt/rustwide/target:rw,Z" "-v" "/var/lib/crater-agent-workspace/cargo-home:/opt/rustwide/cargo-home:ro,Z" "-v" "/var/lib/crater-agent-workspace/rustup-home:/opt/rustwide/rustup-home:ro,Z" "-m" "1610612736" "--network" "none" "ghcr.io/rust-lang/crates-build-env/linux@sha256:77db811e55d90add9212f6832c23229e3de5f1c1f9905e8cb07319ea15df73ac" "sleep" "infinity", kill_on_drop: false }`
[INFO] [stdout] 69f6a273aea036ba23457efa636914390cd7e847e310ee3017013e5711154127
[INFO] running `Command { std: "docker" "start" "69f6a273aea036ba23457efa636914390cd7e847e310ee3017013e5711154127", kill_on_drop: false }`
[INFO] running `Command { std: "docker" "inspect" "69f6a273aea036ba23457efa636914390cd7e847e310ee3017013e5711154127", kill_on_drop: false }`
[INFO] running `Command { std: "docker" "exec" "-e" "SOURCE_DIR=/opt/rustwide/workdir" "-e" "CARGO_HOME=/opt/rustwide/cargo-home" "-e" "RUSTUP_HOME=/opt/rustwide/rustup-home" "-e" "CARGO_TARGET_DIR=/opt/rustwide/target" "-w" "/opt/rustwide/workdir" "--user" "0:0" "69f6a273aea036ba23457efa636914390cd7e847e310ee3017013e5711154127" "/opt/rustwide/cargo-home/bin/cargo" "+1.99.0-beta.8" "metadata" "--no-deps" "--format-version=1", kill_on_drop: false }`
[INFO] running `Command { std: "docker" "inspect" "69f6a273aea036ba23457efa636914390cd7e847e310ee3017013e5711154127", kill_on_drop: false }`
[INFO] running `Command { std: "docker" "exec" "-e" "SOURCE_DIR=/opt/rustwide/workdir" "-e" "CARGO_HOME=/opt/rustwide/cargo-home" "-e" "RUSTUP_HOME=/opt/rustwide/rustup-home" "-e" "CARGO_TARGET_DIR=/opt/rustwide/target" "-e" "CARGO_INCREMENTAL=0" "-e" "RUST_BACKTRACE=full" "-e" "RUSTFLAGS=--cap-lints=warn" "-e" "RUSTDOCFLAGS=--cap-lints=warn" "-w" "/opt/rustwide/workdir" "--user" "0:0" "69f6a273aea036ba23457efa636914390cd7e847e310ee3017013e5711154127" "/opt/rustwide/cargo-home/bin/cargo" "+1.99.0-beta.8" "build" "--frozen" "--message-format=json" "--release", kill_on_drop: false }`
[INFO] [stderr]    Compiling libc v0.2.191
[INFO] [stderr]    Compiling cfg-if v1.0.5
[INFO] [stderr]    Compiling find-msvc-tools v0.1.14
[INFO] [stderr]    Compiling getrandom v0.1.16
[INFO] [stderr]    Compiling zerocopy v0.8.63
[INFO] [stderr]    Compiling gcc v0.3.55
[INFO] [stderr]    Compiling lazycell v1.3.0
[INFO] [stderr]    Compiling serde_json v1.0.154
[INFO] [stderr]    Compiling openssl v0.10.81
[INFO] [stderr]    Compiling syn v2.0.119
[INFO] [stderr]    Compiling syn v3.0.9
[INFO] [stderr]    Compiling rustc-serialize v0.3.25
[INFO] [stderr]    Compiling bitflags v2.13.2
[INFO] [stderr]    Compiling base64 v0.12.3
[INFO] [stderr]    Compiling cc v1.8.0
[INFO] [stderr]    Compiling rust-crypto v0.2.36
[INFO] [stderr]    Compiling iovec v0.1.4
[INFO] [stderr]    Compiling net2 v0.2.39
[INFO] [stderr]    Compiling rand v0.4.6
[INFO] [stderr]    Compiling inotify-sys v0.1.8
[INFO] [stderr]    Compiling filetime v0.2.29
[INFO] [stderr]    Compiling time v0.1.45
[INFO] [stderr]    Compiling inotify v0.7.1
[INFO] [stderr]    Compiling rand_core v0.5.1
[INFO] [stderr]    Compiling mio v0.6.23
[INFO] [stderr]    Compiling openssl-sys v0.9.117
[INFO] [stderr]    Compiling rand v0.3.23
[INFO] [stderr]    Compiling mio-extras v2.0.6
[INFO] [stderr]    Compiling serde_derive v1.0.229
[INFO] [stderr]    Compiling notify v4.0.18
[INFO] [stderr]    Compiling openssl-macros v0.1.1
[INFO] [stderr]    Compiling serde v1.0.229
[INFO] [stderr]    Compiling ppv-lite86 v0.2.21
[INFO] [stderr]    Compiling rand_chacha v0.2.2
[INFO] [stderr]    Compiling rand v0.7.3
[INFO] [stderr]    Compiling crypt-config v0.2.2 (/opt/rustwide/workdir)
[INFO] [stdout] warning: unused import: `self::aes::*`
[INFO] [stdout]  --> src/cipher/mod.rs:4:9
[INFO] [stdout]   |
[INFO] [stdout] 4 | pub use self::aes::*;
[INFO] [stdout]   |         ^^^^^^^^^^^^
[INFO] [stdout]   |
[INFO] [stdout]   = note: `#[warn(unused_imports)]` (part of `#[warn(unused)]`) on by default
[INFO] [stdout] 
[INFO] [stdout] 
[INFO] [stdout] warning: use of deprecated method `std::error::Error::description`: use the Display impl or to_string()
[INFO] [stdout]   --> src/error.rs:73:38
[INFO] [stdout]    |
[INFO] [stdout] 73 |       CryptError::Io(ref err) => err.description(),
[INFO] [stdout]    |                                      ^^^^^^^^^^^
[INFO] [stdout]    |
[INFO] [stdout]    = note: `#[warn(deprecated)]` on by default
[INFO] [stdout] 
[INFO] [stdout] 
[INFO] [stdout] warning: use of deprecated method `std::error::Error::description`: use the Display impl or to_string()
[INFO] [stdout]   --> src/error.rs:74:48
[INFO] [stdout]    |
[INFO] [stdout] 74 |       CryptError::Base64Decode(ref err) => err.description(),
[INFO] [stdout]    |                                                ^^^^^^^^^^^
[INFO] [stdout] 
[INFO] [stdout] 
[INFO] [stdout] warning: use of deprecated method `std::error::Error::description`: use the Display impl or to_string()
[INFO] [stdout]   --> src/error.rs:75:39
[INFO] [stdout]    |
[INFO] [stdout] 75 |       CryptError::Str(ref err) => err.description(),
[INFO] [stdout]    |                                       ^^^^^^^^^^^
[INFO] [stdout] 
[INFO] [stdout] 
[INFO] [stdout] warning: use of deprecated method `std::error::Error::description`: use the Display impl or to_string()
[INFO] [stdout]   --> src/error.rs:76:40
[INFO] [stdout]    |
[INFO] [stdout] 76 |       CryptError::Json(ref err) => err.description(),
[INFO] [stdout]    |                                        ^^^^^^^^^^^
[INFO] [stdout] 
[INFO] [stdout] 
[INFO] [stdout] warning: use of deprecated method `std::error::Error::description`: use the Display impl or to_string()
[INFO] [stdout]   --> src/error.rs:77:43
[INFO] [stdout]    |
[INFO] [stdout] 77 |       CryptError::OpenSSL(ref err) => err.description(),
[INFO] [stdout]    |                                           ^^^^^^^^^^^
[INFO] [stdout] 
[INFO] [stdout] 
[INFO] [stderr]     Finished `release` profile [optimized] target(s) in 32.55s
[INFO] running `Command { std: "docker" "inspect" "69f6a273aea036ba23457efa636914390cd7e847e310ee3017013e5711154127", kill_on_drop: false }`
[INFO] running `Command { std: "docker" "exec" "-e" "SOURCE_DIR=/opt/rustwide/workdir" "-e" "CARGO_HOME=/opt/rustwide/cargo-home" "-e" "RUSTUP_HOME=/opt/rustwide/rustup-home" "-e" "CARGO_TARGET_DIR=/opt/rustwide/target" "-e" "CARGO_INCREMENTAL=0" "-e" "RUST_BACKTRACE=full" "-e" "RUSTFLAGS=--cap-lints=warn" "-e" "RUSTDOCFLAGS=--cap-lints=warn" "-w" "/opt/rustwide/workdir" "--user" "0:0" "69f6a273aea036ba23457efa636914390cd7e847e310ee3017013e5711154127" "/opt/rustwide/cargo-home/bin/cargo" "+1.99.0-beta.8" "test" "--frozen" "--no-run" "--message-format=json" "--release", kill_on_drop: false }`
[INFO] [stdout] warning: unused import: `self::aes::*`
[INFO] [stdout]  --> src/cipher/mod.rs:4:9
[INFO] [stdout]   |
[INFO] [stdout] 4 | pub use self::aes::*;
[INFO] [stdout]   |         ^^^^^^^^^^^^
[INFO] [stdout]   |
[INFO] [stdout]   = note: `#[warn(unused_imports)]` (part of `#[warn(unused)]`) on by default
[INFO] [stdout] 
[INFO] [stdout] 
[INFO] [stdout] warning: use of deprecated method `std::error::Error::description`: use the Display impl or to_string()
[INFO] [stdout]   --> src/error.rs:73:38
[INFO] [stdout]    |
[INFO] [stdout] 73 |       CryptError::Io(ref err) => err.description(),
[INFO] [stdout]    |                                      ^^^^^^^^^^^
[INFO] [stdout]    |
[INFO] [stdout]    = note: `#[warn(deprecated)]` on by default
[INFO] [stdout] 
[INFO] [stdout] 
[INFO] [stdout] warning: use of deprecated method `std::error::Error::description`: use the Display impl or to_string()
[INFO] [stdout]   --> src/error.rs:74:48
[INFO] [stdout]    |
[INFO] [stdout] 74 |       CryptError::Base64Decode(ref err) => err.description(),
[INFO] [stdout]    |                                                ^^^^^^^^^^^
[INFO] [stdout] 
[INFO] [stdout] 
[INFO] [stdout] warning: use of deprecated method `std::error::Error::description`: use the Display impl or to_string()
[INFO] [stdout]   --> src/error.rs:75:39
[INFO] [stdout]    |
[INFO] [stdout] 75 |       CryptError::Str(ref err) => err.description(),
[INFO] [stdout]    |                                       ^^^^^^^^^^^
[INFO] [stdout] 
[INFO] [stdout] 
[INFO] [stdout] warning: use of deprecated method `std::error::Error::description`: use the Display impl or to_string()
[INFO] [stdout]   --> src/error.rs:76:40
[INFO] [stdout]    |
[INFO] [stdout] 76 |       CryptError::Json(ref err) => err.description(),
[INFO] [stdout]    |                                        ^^^^^^^^^^^
[INFO] [stdout] 
[INFO] [stdout] 
[INFO] [stdout] warning: use of deprecated method `std::error::Error::description`: use the Display impl or to_string()
[INFO] [stdout]   --> src/error.rs:77:43
[INFO] [stdout]    |
[INFO] [stdout] 77 |       CryptError::OpenSSL(ref err) => err.description(),
[INFO] [stdout]    |                                           ^^^^^^^^^^^
[INFO] [stdout] 
[INFO] [stdout] 
[INFO] [stderr]    Compiling crypt-config v0.2.2 (/opt/rustwide/workdir)
[INFO] [stdout] warning: unused import: `self::aes::*`
[INFO] [stdout]  --> src/cipher/mod.rs:4:9
[INFO] [stdout]   |
[INFO] [stdout] 4 | pub use self::aes::*;
[INFO] [stdout]   |         ^^^^^^^^^^^^
[INFO] [stdout]   |
[INFO] [stdout]   = note: `#[warn(unused_imports)]` (part of `#[warn(unused)]`) on by default
[INFO] [stdout] 
[INFO] [stdout] 
[INFO] [stdout] warning: use of deprecated method `std::error::Error::description`: use the Display impl or to_string()
[INFO] [stdout]   --> src/error.rs:73:38
[INFO] [stdout]    |
[INFO] [stdout] 73 |       CryptError::Io(ref err) => err.description(),
[INFO] [stdout]    |                                      ^^^^^^^^^^^
[INFO] [stdout]    |
[INFO] [stdout]    = note: `#[warn(deprecated)]` on by default
[INFO] [stdout] 
[INFO] [stdout] 
[INFO] [stdout] warning: use of deprecated method `std::error::Error::description`: use the Display impl or to_string()
[INFO] [stdout]   --> src/error.rs:74:48
[INFO] [stdout]    |
[INFO] [stdout] 74 |       CryptError::Base64Decode(ref err) => err.description(),
[INFO] [stdout]    |                                                ^^^^^^^^^^^
[INFO] [stdout] 
[INFO] [stdout] 
[INFO] [stdout] warning: use of deprecated method `std::error::Error::description`: use the Display impl or to_string()
[INFO] [stdout]   --> src/error.rs:75:39
[INFO] [stdout]    |
[INFO] [stdout] 75 |       CryptError::Str(ref err) => err.description(),
[INFO] [stdout]    |                                       ^^^^^^^^^^^
[INFO] [stdout] 
[INFO] [stdout] 
[INFO] [stdout] warning: use of deprecated method `std::error::Error::description`: use the Display impl or to_string()
[INFO] [stdout]   --> src/error.rs:76:40
[INFO] [stdout]    |
[INFO] [stdout] 76 |       CryptError::Json(ref err) => err.description(),
[INFO] [stdout]    |                                        ^^^^^^^^^^^
[INFO] [stdout] 
[INFO] [stdout] 
[INFO] [stdout] warning: use of deprecated method `std::error::Error::description`: use the Display impl or to_string()
[INFO] [stdout]   --> src/error.rs:77:43
[INFO] [stdout]    |
[INFO] [stdout] 77 |       CryptError::OpenSSL(ref err) => err.description(),
[INFO] [stdout]    |                                           ^^^^^^^^^^^
[INFO] [stdout] 
[INFO] [stdout] 
[INFO] [stderr]     Finished `release` profile [optimized] target(s) in 5.59s
[INFO] running `Command { std: "docker" "inspect" "69f6a273aea036ba23457efa636914390cd7e847e310ee3017013e5711154127", kill_on_drop: false }`
[INFO] running `Command { std: "docker" "exec" "-e" "SOURCE_DIR=/opt/rustwide/workdir" "-e" "CARGO_HOME=/opt/rustwide/cargo-home" "-e" "RUSTUP_HOME=/opt/rustwide/rustup-home" "-e" "CARGO_TARGET_DIR=/opt/rustwide/target" "-e" "CARGO_INCREMENTAL=0" "-e" "RUST_BACKTRACE=full" "-e" "RUSTFLAGS=--cap-lints=warn" "-e" "RUSTDOCFLAGS=--cap-lints=warn" "-w" "/opt/rustwide/workdir" "--user" "0:0" "69f6a273aea036ba23457efa636914390cd7e847e310ee3017013e5711154127" "/opt/rustwide/cargo-home/bin/cargo" "+1.99.0-beta.8" "test" "--frozen" "--release", kill_on_drop: false }`
[INFO] [stderr] warning: unused import: `self::aes::*`
[INFO] [stderr]  --> src/cipher/mod.rs:4:9
[INFO] [stderr]   |
[INFO] [stderr] 4 | pub use self::aes::*;
[INFO] [stderr]   |         ^^^^^^^^^^^^
[INFO] [stderr]   |
[INFO] [stderr]   = note: `#[warn(unused_imports)]` (part of `#[warn(unused)]`) on by default
[INFO] [stderr] 
[INFO] [stderr] warning: use of deprecated method `std::error::Error::description`: use the Display impl or to_string()
[INFO] [stderr]   --> src/error.rs:73:38
[INFO] [stderr]    |
[INFO] [stderr] 73 |       CryptError::Io(ref err) => err.description(),
[INFO] [stderr]    |                                      ^^^^^^^^^^^
[INFO] [stderr]    |
[INFO] [stderr]    = note: `#[warn(deprecated)]` on by default
[INFO] [stderr] 
[INFO] [stderr] warning: use of deprecated method `std::error::Error::description`: use the Display impl or to_string()
[INFO] [stderr]   --> src/error.rs:74:48
[INFO] [stderr]    |
[INFO] [stderr] 74 |       CryptError::Base64Decode(ref err) => err.description(),
[INFO] [stderr]    |                                                ^^^^^^^^^^^
[INFO] [stderr] 
[INFO] [stderr] warning: use of deprecated method `std::error::Error::description`: use the Display impl or to_string()
[INFO] [stderr]   --> src/error.rs:75:39
[INFO] [stderr]    |
[INFO] [stderr] 75 |       CryptError::Str(ref err) => err.description(),
[INFO] [stderr]    |                                       ^^^^^^^^^^^
[INFO] [stderr] 
[INFO] [stderr] warning: use of deprecated method `std::error::Error::description`: use the Display impl or to_string()
[INFO] [stderr]   --> src/error.rs:76:40
[INFO] [stderr]    |
[INFO] [stderr] 76 |       CryptError::Json(ref err) => err.description(),
[INFO] [stderr]    |                                        ^^^^^^^^^^^
[INFO] [stderr] 
[INFO] [stderr] warning: use of deprecated method `std::error::Error::description`: use the Display impl or to_string()
[INFO] [stderr]   --> src/error.rs:77:43
[INFO] [stderr]    |
[INFO] [stderr] 77 |       CryptError::OpenSSL(ref err) => err.description(),
[INFO] [stderr]    |                                           ^^^^^^^^^^^
[INFO] [stderr] 
[INFO] [stderr] warning: `crypt-config` (lib) generated 6 warnings (run `cargo fix --lib -p crypt-config` to apply 1 suggestion)
[INFO] [stderr] warning: `crypt-config` (lib test) generated 6 warnings (6 duplicates)
[INFO] [stderr]     Finished `release` profile [optimized] target(s) in 0.09s
[INFO] [stderr]      Running unittests src/lib.rs (/opt/rustwide/target/release/deps/crypt_config-e5cd7820891be678)
[INFO] [stdout] 
[INFO] [stdout] running 61 tests
[INFO] [stdout] test config::cipher::tests::unknown_algorithm ... ok
[INFO] [stdout] test config::cipher_loader::tests::load_configuration ... ok
[INFO] [stdout] test config::cipher::tests::aes_cbc_algorithm ... ok
[INFO] [stdout] test cipher::aes::cbc::tests::cbc_encrypt_decrypt_192 ... ok
[INFO] [stdout] test cipher::aes::cbc::tests::cbc_encrypt_decrypt_256 ... ok
[INFO] [stdout] test config::cipher::tests::aes_ecb_algorithm ... ok
[INFO] [stdout] test cipher::aes::cbc::tests::cbc_encrypt_decrypt_128 ... ok
[INFO] [stdout] test cipher::aes::ecb::tests::ecb_encrypt_decrypt_128 ... ok
[INFO] [stdout] test cipher::aes::ecb::tests::ecb_encrypt_decrypt_192 ... ok
[INFO] [stdout] test cipher::aes::ecb::tests::ecb_encrypt_decrypt_other ... ok
[INFO] [stdout] test cipher::aes::ecb::tests::ecb_encrypt_decrypt_256 ... ok
[INFO] [stdout] test cipher::aes::cfb1::tests::cfb1_encrypt_decrypt_other ... ok
[INFO] [stdout] test cipher::aes::cfb1::tests::cfb1_encrypt_decrypt_128 ... ok
[INFO] [stdout] test config::cipher::tests::aes_cfb1_algorithm ... ok
[INFO] [stdout] test cipher::aes::cfb1::tests::cfb1_encrypt_decrypt_256 ... ok
[INFO] [stdout] test cipher::aes::cbc::tests::cbc_encrypt_decrypt_other ... ok
[INFO] [stdout] test config::version::tests::version_missing ... ok
[INFO] [stdout] test config::hasher::tests::unknown_algorithm ... ok
[INFO] [stdout] test convert::convert::tests::crypt_single_bool_field ... ok
[INFO] [stdout] test config::hasher_loader::tests::load_configuration ... ok
[INFO] [stdout] test convert::convert::tests::crypt_single_number_field ... ok
[INFO] [stdout] test config::version::tests::allow_unknown_fields ... ok
[INFO] [stdout] test config::version::tests::version_valid ... ok
[INFO] [stdout] test config::hasher::tests::pbkdf2_algorithm ... ok
[INFO] [stdout] test convert::convert::tests::crypt_and_hash_other_fields ... ok
[INFO] [stdout] test convert::convert::tests::crypt_single_array_field ... ok
[INFO] [stdout] test convert::convert::tests::crypt_two_fields ... ok
[INFO] [stdout] test convert::convert::tests::crypt_single_string_field ... ok
[INFO] [stdout] test convert::convert::tests::encrypt_decrypt_single_bool_field ... ok
[INFO] [stdout] test convert::convert::tests::encrypt_decrypt_single_array_field ... ok
[INFO] [stdout] test convert::convert::tests::encrypt_decrypt_single_object_field ... ok
[INFO] [stdout] test convert::convert::tests::encrypt_decrypt_single_number_field ... ok
[INFO] [stdout] test convert::convert::tests::hash_single_bool_field ... ok
[INFO] [stdout] test cipher::aes::cfb1::tests::cfb1_encrypt_decrypt_192 ... ok
[INFO] [stdout] test convert::convert::tests::encrypt_decrypt_single_string_field ... ok
[INFO] [stdout] test convert::convert::tests::crypt_single_object_field ... ok
[INFO] [stdout] test convert::convert::tests::hash_single_array_field ... ok
[INFO] [stdout] test convert::convert::tests::hash_single_number_field ... ok
[INFO] [stdout] test convert::convert::tests::ne_query_single_number_field ... ok
[INFO] [stdout] test hasher::pbkdf2::tests::encode_verify ... ok
[INFO] [stdout] test convert::convert::tests::hash_single_object_field ... ok
[INFO] [stdout] test tests::crypto_pbkdf2_encrypt ... ok
[INFO] [stdout] test tests::decode_base64 ... ok
[INFO] [stdout] test tests::decode_hex ... ok
[INFO] [stdout] test tests::encode_base64 ... ok
[INFO] [stdout] test tests::encode_hex ... ok
[INFO] [stdout] test convert::convert::tests::hash_single_string_field ... ok
[INFO] [stdout] test convert::convert::tests::crypt_and_hash_same_field ... ok
[INFO] [stdout] test tests::crypto_bcrypt_encrypt ... ok
[INFO] [stdout] test tests::crypto_bcrypt_verify ... ok
[INFO] [stdout] test convert::convert::tests::eq_query_single_string_field_two_versions ... ok
[INFO] [stdout] test convert::convert::tests::hash_two_fields ... ok
[INFO] [stdout] test convert::convert::tests::ne_query_single_string_field_two_versions ... ok
[INFO] [stdout] test config::hasher::tests::mixed_algorithm ... ok
[INFO] [stdout] test convert::convert::tests::in_query_single_string_field_two_versions ... ok
[INFO] [stdout] test hasher::bcrypt::tests::encode_verify ... ok
[INFO] [stdout] test convert::convert::tests::eq_query_single_string_field ... ok
[INFO] [stdout] test config::hasher::tests::bcrypt_algorithm ... ok
[INFO] [stdout] test config::config::tests::autoloaded_cipher_configuration ... FAILED
[INFO] [stdout] test config::config::tests::autoloaded_configuration ... FAILED
[INFO] [stderr] error: test failed, to rerun pass `--lib`
[INFO] [stdout] test config::config::tests::empty_configuration ... ok
[INFO] [stdout] 
[INFO] [stdout] failures:
[INFO] [stdout] 
[INFO] [stdout] ---- config::config::tests::autoloaded_cipher_configuration stdout ----
[INFO] [stdout] 
[INFO] [stdout] thread 'config::config::tests::autoloaded_cipher_configuration' (955) panicked at src/config/config.rs:235:39:
[INFO] [stdout] called `Result::unwrap()` on an `Err` value: Os { code: 30, kind: ReadOnlyFilesystem, message: "Read-only file system" }
[INFO] [stdout] stack backtrace:
[INFO] [stdout]    0:     0x58abdd4da3b1 - <<std[70759c8f55707aa4]::sys::backtrace::BacktraceLock>::print::DisplayBacktrace as core[df12db4294e9bfd3]::fmt::Display>::fmt
[INFO] [stdout]    1:     0x58abdd4efa1a - core[df12db4294e9bfd3]::fmt::write
[INFO] [stdout]    2:     0x58abdd4dec3c - <alloc[2182bb758b4b3781]::vec::Vec<u8> as core[df12db4294e9bfd3]::io::write::Write>::write_fmt
[INFO] [stdout]    3:     0x58abdd4b5816 - std[70759c8f55707aa4]::panicking::default_hook::{closure#0}
[INFO] [stdout]    4:     0x58abdd4d22b9 - std[70759c8f55707aa4]::panicking::default_hook
[INFO] [stdout]    5:     0x58abdd434aa0 - test[9d35eded1c95d3be]::test_main_inner::<test[9d35eded1c95d3be]::test_main_static::{closure#0}>::{closure#0}
[INFO] [stdout]    6:     0x58abdd4d2472 - std[70759c8f55707aa4]::panicking::panic_with_hook
[INFO] [stdout]    7:     0x58abdd4b58c2 - std[70759c8f55707aa4]::panicking::panic_handler::{closure#0}
[INFO] [stdout]    8:     0x58abdd4ae3e9 - std[70759c8f55707aa4]::sys::backtrace::__rust_end_short_backtrace::<std[70759c8f55707aa4]::panicking::panic_handler::{closure#0}, !>
[INFO] [stdout]    9:     0x58abdd4b64bd - __rustc[8fa7c3cbc660c2b3]::rust_begin_unwind
[INFO] [stdout]   10:     0x58abdd4f014c - core[df12db4294e9bfd3]::panicking::panic_fmt
[INFO] [stdout]   11:     0x58abdd4eff22 - core[df12db4294e9bfd3]::result::unwrap_failed
[INFO] [stdout]   12:     0x58abdd41abc6 - crypt_config[e6f2ccfbf85e59f5]::config::config::tests::write_to_empty_file
[INFO] [stdout]   13:     0x58abdd41b2db - crypt_config[e6f2ccfbf85e59f5]::config::config::tests::autoloaded_cipher_configuration
[INFO] [stdout]   14:     0x58abdd414889 - <crypt_config[e6f2ccfbf85e59f5]::config::config::tests::autoloaded_cipher_configuration::{closure#0} as core[df12db4294e9bfd3]::ops::function::FnOnce<()>>::call_once
[INFO] [stdout]   15:     0x58abdd427d8b - test[9d35eded1c95d3be]::__rust_begin_short_backtrace::<core[df12db4294e9bfd3]::result::Result<(), alloc[2182bb758b4b3781]::string::String>, fn() -> core[df12db4294e9bfd3]::result::Result<(), alloc[2182bb758b4b3781]::string::String>>
[INFO] [stdout]   16:     0x58abdd4353f5 - test[9d35eded1c95d3be]::run_test::{closure#0}
[INFO] [stdout]   17:     0x58abdd42ecb4 - std[70759c8f55707aa4]::sys::backtrace::__rust_begin_short_backtrace::<test[9d35eded1c95d3be]::run_test::{closure#1}, ()>
[INFO] [stdout]   18:     0x58abdd438552 - <std[70759c8f55707aa4]::thread::lifecycle::spawn_unchecked<test[9d35eded1c95d3be]::run_test::{closure#1}, ()>::{closure#1} as core[df12db4294e9bfd3]::ops::function::FnOnce<()>>::call_once::{shim:vtable#0}
[INFO] [stdout]   19:     0x58abdd4d9919 - <std[70759c8f55707aa4]::sys::thread::unix::Thread>::new::thread_start
[INFO] [stdout]   20:     0x7f2de7493dfa - <unknown>
[INFO] [stdout]   21:     0x7f2de75273d4 - clone
[INFO] [stdout]   22:                0x0 - <unknown>
[INFO] [stdout] 
[INFO] [stdout] ---- config::config::tests::autoloaded_configuration stdout ----
[INFO] [stdout] 
[INFO] [stdout] thread 'config::config::tests::autoloaded_configuration' (958) panicked at src/config/config.rs:235:39:
[INFO] [stdout] called `Result::unwrap()` on an `Err` value: Os { code: 30, kind: ReadOnlyFilesystem, message: "Read-only file system" }
[INFO] [stdout] stack backtrace:
[INFO] [stdout]    0:     0x58abdd4da3b1 - <<std[70759c8f55707aa4]::sys::backtrace::BacktraceLock>::print::DisplayBacktrace as core[df12db4294e9bfd3]::fmt::Display>::fmt
[INFO] [stdout]    1:     0x58abdd4efa1a - core[df12db4294e9bfd3]::fmt::write
[INFO] [stdout]    2:     0x58abdd4dec3c - <alloc[2182bb758b4b3781]::vec::Vec<u8> as core[df12db4294e9bfd3]::io::write::Write>::write_fmt
[INFO] [stdout]    3:     0x58abdd4b5816 - std[70759c8f55707aa4]::panicking::default_hook::{closure#0}
[INFO] [stdout]    4:     0x58abdd4d22b9 - std[70759c8f55707aa4]::panicking::default_hook
[INFO] [stdout]    5:     0x58abdd434aa0 - test[9d35eded1c95d3be]::test_main_inner::<test[9d35eded1c95d3be]::test_main_static::{closure#0}>::{closure#0}
[INFO] [stdout]    6:     0x58abdd4d2472 - std[70759c8f55707aa4]::panicking::panic_with_hook
[INFO] [stdout]    7:     0x58abdd4b58c2 - std[70759c8f55707aa4]::panicking::panic_handler::{closure#0}
[INFO] [stdout]    8:     0x58abdd4ae3e9 - std[70759c8f55707aa4]::sys::backtrace::__rust_end_short_backtrace::<std[70759c8f55707aa4]::panicking::panic_handler::{closure#0}, !>
[INFO] [stdout]    9:     0x58abdd4b64bd - __rustc[8fa7c3cbc660c2b3]::rust_begin_unwind
[INFO] [stdout]   10:     0x58abdd4f014c - core[df12db4294e9bfd3]::panicking::panic_fmt
[INFO] [stdout]   11:     0x58abdd4eff22 - core[df12db4294e9bfd3]::result::unwrap_failed
[INFO] [stdout]   12:     0x58abdd41abc6 - crypt_config[e6f2ccfbf85e59f5]::config::config::tests::write_to_empty_file
[INFO] [stdout]   13:     0x58abdd41aebc - crypt_config[e6f2ccfbf85e59f5]::config::config::tests::autoloaded_configuration
[INFO] [stdout]   14:     0x58abdd414869 - <crypt_config[e6f2ccfbf85e59f5]::config::config::tests::autoloaded_configuration::{closure#0} as core[df12db4294e9bfd3]::ops::function::FnOnce<()>>::call_once
[INFO] [stdout]   15:     0x58abdd427d8b - test[9d35eded1c95d3be]::__rust_begin_short_backtrace::<core[df12db4294e9bfd3]::result::Result<(), alloc[2182bb758b4b3781]::string::String>, fn() -> core[df12db4294e9bfd3]::result::Result<(), alloc[2182bb758b4b3781]::string::String>>
[INFO] [stdout]   16:     0x58abdd4353f5 - test[9d35eded1c95d3be]::run_test::{closure#0}
[INFO] [stdout]   17:     0x58abdd42ecb4 - std[70759c8f55707aa4]::sys::backtrace::__rust_begin_short_backtrace::<test[9d35eded1c95d3be]::run_test::{closure#1}, ()>
[INFO] [stdout]   18:     0x58abdd438552 - <std[70759c8f55707aa4]::thread::lifecycle::spawn_unchecked<test[9d35eded1c95d3be]::run_test::{closure#1}, ()>::{closure#1} as core[df12db4294e9bfd3]::ops::function::FnOnce<()>>::call_once::{shim:vtable#0}
[INFO] [stdout]   19:     0x58abdd4d9919 - <std[70759c8f55707aa4]::sys::thread::unix::Thread>::new::thread_start
[INFO] [stdout]   20:     0x7f2de7493dfa - <unknown>
[INFO] [stdout]   21:     0x7f2de75273d4 - clone
[INFO] [stdout]   22:                0x0 - <unknown>
[INFO] [stdout] 
[INFO] [stdout] 
[INFO] [stdout] failures:
[INFO] [stdout]     config::config::tests::autoloaded_cipher_configuration
[INFO] [stdout]     config::config::tests::autoloaded_configuration
[INFO] [stdout] 
[INFO] [stdout] test result: FAILED. 59 passed; 2 failed; 0 ignored; 0 measured; 0 filtered out; finished in 1.05s
[INFO] [stdout] 
[INFO] running `Command { std: "docker" "inspect" "69f6a273aea036ba23457efa636914390cd7e847e310ee3017013e5711154127", kill_on_drop: false }`
[INFO] running `Command { std: "docker" "rm" "-f" "69f6a273aea036ba23457efa636914390cd7e847e310ee3017013e5711154127", kill_on_drop: false }`
[INFO] [stdout] 69f6a273aea036ba23457efa636914390cd7e847e310ee3017013e5711154127
