[INFO] fetching crate cryoid 0.1.0...
[INFO] testing cryoid-0.1.0 against 1.99.0-beta.8+cargoflags=--release for beta-release-1.100-2
[INFO] extracting crate cryoid 0.1.0 into /workspace/builds/worker-4-tc1/source
[INFO] started tweaking crates.io crate cryoid 0.1.0
[INFO] removed 0 missing examples
[INFO] finished tweaking crates.io crate cryoid 0.1.0
[INFO] tweaked toml for crates.io crate cryoid 0.1.0 written to /workspace/builds/worker-4-tc1/source/Cargo.toml
[INFO] validating manifest of crates.io crate cryoid 0.1.0 on toolchain 1.99.0-beta.8
[INFO] running `Command { std: CARGO_HOME="/workspace/cargo-home" RUSTUP_HOME="/workspace/rustup-home" "/workspace/cargo-home/bin/cargo" "+1.99.0-beta.8" "metadata" "--manifest-path" "Cargo.toml" "--no-deps", kill_on_drop: false }`
[INFO] crate crates.io crate cryoid 0.1.0 already has a lockfile, it will not be regenerated
[INFO] running `Command { std: CARGO_HOME="/workspace/cargo-home" RUSTUP_HOME="/workspace/rustup-home" "/workspace/cargo-home/bin/cargo" "+1.99.0-beta.8" "fetch" "--manifest-path" "Cargo.toml", kill_on_drop: false }`
[INFO] [stderr]     Updating crates.io index
[INFO] [stderr]     Blocking waiting for file lock on package cache
[INFO] [stderr]  Downloading crates ...
[INFO] [stderr]   Downloaded regex-lite v0.1.9
[INFO] [stderr]   Downloaded condtype v1.3.0
[INFO] [stderr]   Downloaded clap v4.6.1
[INFO] [stderr]   Downloaded divan-macros v0.1.21
[INFO] [stderr]   Downloaded divan v0.1.21
[INFO] running `Command { std: "docker" "create" "-v" "/var/lib/crater-agent-workspace/builds/worker-4-tc1/source:/opt/rustwide/workdir:ro,Z" "-v" "/var/lib/crater-agent-workspace/builds/worker-4-tc1/target:/opt/rustwide/target:rw,Z" "-v" "/var/lib/crater-agent-workspace/cargo-home:/opt/rustwide/cargo-home:ro,Z" "-v" "/var/lib/crater-agent-workspace/rustup-home:/opt/rustwide/rustup-home:ro,Z" "-m" "1610612736" "--network" "none" "ghcr.io/rust-lang/crates-build-env/linux@sha256:77db811e55d90add9212f6832c23229e3de5f1c1f9905e8cb07319ea15df73ac" "sleep" "infinity", kill_on_drop: false }`
[INFO] [stdout] f2e37d82e1a62786a411f84657727d3063c33741cd363f0d77ee4d6b2ba40003
[INFO] running `Command { std: "docker" "start" "f2e37d82e1a62786a411f84657727d3063c33741cd363f0d77ee4d6b2ba40003", kill_on_drop: false }`
[INFO] running `Command { std: "docker" "inspect" "f2e37d82e1a62786a411f84657727d3063c33741cd363f0d77ee4d6b2ba40003", kill_on_drop: false }`
[INFO] running `Command { std: "docker" "exec" "-e" "SOURCE_DIR=/opt/rustwide/workdir" "-e" "CARGO_HOME=/opt/rustwide/cargo-home" "-e" "RUSTUP_HOME=/opt/rustwide/rustup-home" "-e" "CARGO_TARGET_DIR=/opt/rustwide/target" "-w" "/opt/rustwide/workdir" "--user" "0:0" "f2e37d82e1a62786a411f84657727d3063c33741cd363f0d77ee4d6b2ba40003" "/opt/rustwide/cargo-home/bin/cargo" "+1.99.0-beta.8" "metadata" "--no-deps" "--format-version=1", kill_on_drop: false }`
[INFO] running `Command { std: "docker" "inspect" "f2e37d82e1a62786a411f84657727d3063c33741cd363f0d77ee4d6b2ba40003", kill_on_drop: false }`
[INFO] running `Command { std: "docker" "exec" "-e" "SOURCE_DIR=/opt/rustwide/workdir" "-e" "CARGO_HOME=/opt/rustwide/cargo-home" "-e" "RUSTUP_HOME=/opt/rustwide/rustup-home" "-e" "CARGO_TARGET_DIR=/opt/rustwide/target" "-e" "CARGO_INCREMENTAL=0" "-e" "RUST_BACKTRACE=full" "-e" "RUSTFLAGS=--cap-lints=warn" "-e" "RUSTDOCFLAGS=--cap-lints=warn" "-w" "/opt/rustwide/workdir" "--user" "0:0" "f2e37d82e1a62786a411f84657727d3063c33741cd363f0d77ee4d6b2ba40003" "/opt/rustwide/cargo-home/bin/cargo" "+1.99.0-beta.8" "build" "--frozen" "--message-format=json" "--release", kill_on_drop: false }`
[INFO] [stderr]    Compiling cryoid v0.1.0 (/opt/rustwide/workdir)
[INFO] [stderr]     Finished `release` profile [optimized] target(s) in 0.18s
[INFO] running `Command { std: "docker" "inspect" "f2e37d82e1a62786a411f84657727d3063c33741cd363f0d77ee4d6b2ba40003", kill_on_drop: false }`
[INFO] running `Command { std: "docker" "exec" "-e" "SOURCE_DIR=/opt/rustwide/workdir" "-e" "CARGO_HOME=/opt/rustwide/cargo-home" "-e" "RUSTUP_HOME=/opt/rustwide/rustup-home" "-e" "CARGO_TARGET_DIR=/opt/rustwide/target" "-e" "CARGO_INCREMENTAL=0" "-e" "RUST_BACKTRACE=full" "-e" "RUSTFLAGS=--cap-lints=warn" "-e" "RUSTDOCFLAGS=--cap-lints=warn" "-w" "/opt/rustwide/workdir" "--user" "0:0" "f2e37d82e1a62786a411f84657727d3063c33741cd363f0d77ee4d6b2ba40003" "/opt/rustwide/cargo-home/bin/cargo" "+1.99.0-beta.8" "test" "--frozen" "--no-run" "--message-format=json" "--release", kill_on_drop: false }`
[INFO] [stderr]    Compiling rustix v1.1.4
[INFO] [stderr]    Compiling proc-macro2 v1.0.106
[INFO] [stderr]    Compiling quote v1.0.45
[INFO] [stderr]    Compiling unicode-ident v1.0.24
[INFO] [stderr]    Compiling linux-raw-sys v0.12.1
[INFO] [stderr]    Compiling bitflags v2.13.0
[INFO] [stderr]    Compiling libc v0.2.186
[INFO] [stderr]    Compiling clap_lex v1.1.0
[INFO] [stderr]    Compiling anstyle v1.0.14
[INFO] [stderr]    Compiling regex-lite v0.1.9
[INFO] [stderr]    Compiling condtype v1.3.0
[INFO] [stderr]    Compiling cfg-if v1.0.4
[INFO] [stderr]    Compiling cryoid v0.1.0 (/opt/rustwide/workdir)
[INFO] [stderr]    Compiling syn v2.0.118
[INFO] [stderr]    Compiling terminal_size v0.4.4
[INFO] [stderr]    Compiling clap_builder v4.6.0
[INFO] [stderr]    Compiling divan-macros v0.1.21
[INFO] [stderr]    Compiling clap v4.6.1
[INFO] [stderr]    Compiling divan v0.1.21
[INFO] [stderr]     Finished `release` profile [optimized] target(s) in 23.76s
[INFO] running `Command { std: "docker" "inspect" "f2e37d82e1a62786a411f84657727d3063c33741cd363f0d77ee4d6b2ba40003", kill_on_drop: false }`
[INFO] running `Command { std: "docker" "exec" "-e" "SOURCE_DIR=/opt/rustwide/workdir" "-e" "CARGO_HOME=/opt/rustwide/cargo-home" "-e" "RUSTUP_HOME=/opt/rustwide/rustup-home" "-e" "CARGO_TARGET_DIR=/opt/rustwide/target" "-e" "CARGO_INCREMENTAL=0" "-e" "RUST_BACKTRACE=full" "-e" "RUSTFLAGS=--cap-lints=warn" "-e" "RUSTDOCFLAGS=--cap-lints=warn" "-w" "/opt/rustwide/workdir" "--user" "0:0" "f2e37d82e1a62786a411f84657727d3063c33741cd363f0d77ee4d6b2ba40003" "/opt/rustwide/cargo-home/bin/cargo" "+1.99.0-beta.8" "test" "--frozen" "--release", kill_on_drop: false }`
[INFO] [stderr]     Finished `release` profile [optimized] target(s) in 0.07s
[INFO] [stdout] 
[INFO] [stderr]      Running unittests src/lib.rs (/opt/rustwide/target/release/deps/cryoid-2831018c2eef7f4f)
[INFO] [stdout] running 22 tests
[INFO] [stdout] test tests::tests::batch_double_ended ... ok
[INFO] [stdout] test tests::tests::builder_rejects_tag_overflow ... ok
[INFO] [stdout] test tests::tests::builder_rejects_machine_overflow ... ok
[INFO] [stdout] test tests::tests::first_id_has_sequence_zero ... ok
[INFO] [stdout] test tests::tests::batch_yields_correct_count ... ok
[INFO] [stdout] test tests::tests::different_machine_ids_never_collide ... ok
[INFO] [stdout] test tests::tests::clock_regression_returns_error ... ok
[INFO] [stderr] error: test failed, to rerun pass `--lib`
[INFO] [stdout] test tests::tests::batch_ids_are_sorted ... ok
[INFO] [stdout] test tests::tests::batch_sequence_continues_from_next_id ... ok
[INFO] [stdout] test tests::tests::builder_defaults_to_machine_zero ... ok
[INFO] [stdout] test tests::tests::gen_decode_resolves_typed_tag ... ok
[INFO] [stdout] test tests::tests::batch_exact_fresh_tick_capacity_succeeds ... FAILED
[INFO] [stdout] test tests::tests::ids_are_monotonic_across_ticks ... FAILED
[INFO] [stdout] test tests::tests::batch_one_past_fresh_tick_capacity_fails ... FAILED
[INFO] [stdout] test tests::tests::batch_overflow_returns_error ... FAILED
[INFO] [stdout] test tests::tests::gen_decode_rejects_foreign_tag_bits ... FAILED
[INFO] [stdout] test tests::tests::new_tick_resets_sequence ... ok
[INFO] [stdout] test tests::tests::pre_epoch_does_not_mutate_state ... ok
[INFO] [stdout] test tests::tests::pre_epoch_timestamp_returns_error ... ok
[INFO] [stdout] test tests::tests::round_trip_snowflake63 ... ok
[INFO] [stdout] test tests::tests::same_tick_increments_sequence ... ok
[INFO] [stdout] test tests::tests::sequence_overflow_returns_error ... FAILED
[INFO] [stdout] 
[INFO] [stdout] failures:
[INFO] [stdout] 
[INFO] [stdout] ---- tests::tests::batch_exact_fresh_tick_capacity_succeeds stdout ----
[INFO] [stdout] 
[INFO] [stdout] thread 'tests::tests::batch_exact_fresh_tick_capacity_succeeds' (482) panicked at src/tests.rs:180:9:
[INFO] [stdout] assertion failed: e.batch(TS, full).is_ok()
[INFO] [stdout] stack backtrace:
[INFO] [stdout]    0:     0x62016e42a767 - <<std[70759c8f55707aa4]::sys::backtrace::BacktraceLock>::print::DisplayBacktrace as core[df12db4294e9bfd3]::fmt::Display>::fmt
[INFO] [stdout]    1:     0x62016e41313a - core[df12db4294e9bfd3]::fmt::write
[INFO] [stdout]    2:     0x62016e429d1b - <alloc[2182bb758b4b3781]::vec::Vec<u8> as core[df12db4294e9bfd3]::io::write::Write>::write_fmt
[INFO] [stdout]    3:     0x62016e4297ff - std[70759c8f55707aa4]::panicking::default_hook::{closure#0}
[INFO] [stdout]    4:     0x62016e42942a - std[70759c8f55707aa4]::panicking::default_hook
[INFO] [stdout]    5:     0x62016e428f62 - std[70759c8f55707aa4]::panicking::panic_with_hook
[INFO] [stdout]    6:     0x62016e450302 - std[70759c8f55707aa4]::panicking::panic_handler::{closure#0}
[INFO] [stdout]    7:     0x62016e450289 - std[70759c8f55707aa4]::sys::backtrace::__rust_end_short_backtrace::<std[70759c8f55707aa4]::panicking::panic_handler::{closure#0}, !>
[INFO] [stdout]    8:     0x62016e45079c - __rustc[8fa7c3cbc660c2b3]::rust_begin_unwind
[INFO] [stdout]    9:     0x62016e412fcb - core[df12db4294e9bfd3]::panicking::panic_fmt
[INFO] [stdout]   10:     0x62016e414e21 - core[df12db4294e9bfd3]::panicking::panic
[INFO] [stdout]   11:     0x62016e411b29 - <cryoid[d3208c2d4210c6ac]::tests::tests::batch_exact_fresh_tick_capacity_succeeds::{closure#0} as core[df12db4294e9bfd3]::ops::function::FnOnce<()>>::call_once
[INFO] [stdout]   12:     0x62016e4682db - test[9d35eded1c95d3be]::__rust_begin_short_backtrace::<core[df12db4294e9bfd3]::result::Result<(), alloc[2182bb758b4b3781]::string::String>, fn() -> core[df12db4294e9bfd3]::result::Result<(), alloc[2182bb758b4b3781]::string::String>>
[INFO] [stdout]   13:     0x62016e4638ef - test[9d35eded1c95d3be]::run_test::{closure#0}
[INFO] [stdout]   14:     0x62016e46336c - std[70759c8f55707aa4]::sys::backtrace::__rust_begin_short_backtrace::<test[9d35eded1c95d3be]::run_test::{closure#1}, ()>
[INFO] [stdout]   15:     0x62016e48052c - <std[70759c8f55707aa4]::thread::lifecycle::spawn_unchecked<test[9d35eded1c95d3be]::run_test::{closure#1}, ()>::{closure#1} as core[df12db4294e9bfd3]::ops::function::FnOnce<()>>::call_once::{shim:vtable#0}
[INFO] [stdout]   16:     0x62016e451b52 - <std[70759c8f55707aa4]::sys::thread::unix::Thread>::new::thread_start
[INFO] [stdout]   17:     0x7c85ac5bbdfa - <unknown>
[INFO] [stdout]   18:     0x7c85ac64f3d4 - clone
[INFO] [stdout]   19:                0x0 - <unknown>
[INFO] [stdout] 
[INFO] [stdout] ---- tests::tests::ids_are_monotonic_across_ticks stdout ----
[INFO] [stdout] 
[INFO] [stdout] thread 'tests::tests::ids_are_monotonic_across_ticks' (496) panicked at src/tests.rs:98:17:
[INFO] [stdout] id=0 not greater than prev=0
[INFO] [stdout] stack backtrace:
[INFO] [stdout]    0:     0x62016e42a767 - <<std[70759c8f55707aa4]::sys::backtrace::BacktraceLock>::print::DisplayBacktrace as core[df12db4294e9bfd3]::fmt::Display>::fmt
[INFO] [stdout]    1:     0x62016e41313a - core[df12db4294e9bfd3]::fmt::write
[INFO] [stdout]    2:     0x62016e429d1b - <alloc[2182bb758b4b3781]::vec::Vec<u8> as core[df12db4294e9bfd3]::io::write::Write>::write_fmt
[INFO] [stdout]    3:     0x62016e4297ff - std[70759c8f55707aa4]::panicking::default_hook::{closure#0}
[INFO] [stdout]    4:     0x62016e42942a - std[70759c8f55707aa4]::panicking::default_hook
[INFO] [stdout]    5:     0x62016e428f62 - std[70759c8f55707aa4]::panicking::panic_with_hook
[INFO] [stdout]    6:     0x62016e4502d1 - std[70759c8f55707aa4]::panicking::panic_handler::{closure#0}
[INFO] [stdout]    7:     0x62016e450289 - std[70759c8f55707aa4]::sys::backtrace::__rust_end_short_backtrace::<std[70759c8f55707aa4]::panicking::panic_handler::{closure#0}, !>
[INFO] [stdout]    8:     0x62016e45079c - __rustc[8fa7c3cbc660c2b3]::rust_begin_unwind
[INFO] [stdout]    9:     0x62016e412fcb - core[df12db4294e9bfd3]::panicking::panic_fmt
[INFO] [stdout]   10:     0x62016e411173 - cryoid[d3208c2d4210c6ac]::tests::tests::ids_are_monotonic_across_ticks
[INFO] [stdout]   11:     0x62016e411936 - <cryoid[d3208c2d4210c6ac]::tests::tests::ids_are_monotonic_across_ticks::{closure#0} as core[df12db4294e9bfd3]::ops::function::FnOnce<()>>::call_once
[INFO] [stdout]   12:     0x62016e4682db - test[9d35eded1c95d3be]::__rust_begin_short_backtrace::<core[df12db4294e9bfd3]::result::Result<(), alloc[2182bb758b4b3781]::string::String>, fn() -> core[df12db4294e9bfd3]::result::Result<(), alloc[2182bb758b4b3781]::string::String>>
[INFO] [stdout]   13:     0x62016e4638ef - test[9d35eded1c95d3be]::run_test::{closure#0}
[INFO] [stdout]   14:     0x62016e46336c - std[70759c8f55707aa4]::sys::backtrace::__rust_begin_short_backtrace::<test[9d35eded1c95d3be]::run_test::{closure#1}, ()>
[INFO] [stdout]   15:     0x62016e48052c - <std[70759c8f55707aa4]::thread::lifecycle::spawn_unchecked<test[9d35eded1c95d3be]::run_test::{closure#1}, ()>::{closure#1} as core[df12db4294e9bfd3]::ops::function::FnOnce<()>>::call_once::{shim:vtable#0}
[INFO] [stdout]   16:     0x62016e451b52 - <std[70759c8f55707aa4]::sys::thread::unix::Thread>::new::thread_start
[INFO] [stdout]   17:     0x7c85ac5bbdfa - <unknown>
[INFO] [stdout]   18:     0x7c85ac64f3d4 - clone
[INFO] [stdout]   19:                0x0 - <unknown>
[INFO] [stdout] 
[INFO] [stdout] ---- tests::tests::batch_one_past_fresh_tick_capacity_fails stdout ----
[INFO] [stdout] 
[INFO] [stdout] thread 'tests::tests::batch_one_past_fresh_tick_capacity_fails' (484) panicked at src/tests.rs:188:9:
[INFO] [stdout] assertion failed: matches!(err, CryoidError::SequenceOverflow { .. })
[INFO] [stdout] stack backtrace:
[INFO] [stdout]    0:     0x62016e42a767 - <<std[70759c8f55707aa4]::sys::backtrace::BacktraceLock>::print::DisplayBacktrace as core[df12db4294e9bfd3]::fmt::Display>::fmt
[INFO] [stdout]    1:     0x62016e41313a - core[df12db4294e9bfd3]::fmt::write
[INFO] [stdout]    2:     0x62016e429d1b - <alloc[2182bb758b4b3781]::vec::Vec<u8> as core[df12db4294e9bfd3]::io::write::Write>::write_fmt
[INFO] [stdout]    3:     0x62016e4297ff - std[70759c8f55707aa4]::panicking::default_hook::{closure#0}
[INFO] [stdout]    4:     0x62016e42942a - std[70759c8f55707aa4]::panicking::default_hook
[INFO] [stdout]    5:     0x62016e428f62 - std[70759c8f55707aa4]::panicking::panic_with_hook
[INFO] [stdout]    6:     0x62016e450302 - std[70759c8f55707aa4]::panicking::panic_handler::{closure#0}
[INFO] [stdout]    7:     0x62016e450289 - std[70759c8f55707aa4]::sys::backtrace::__rust_end_short_backtrace::<std[70759c8f55707aa4]::panicking::panic_handler::{closure#0}, !>
[INFO] [stdout]    8:     0x62016e45079c - __rustc[8fa7c3cbc660c2b3]::rust_begin_unwind
[INFO] [stdout]    9:     0x62016e412fcb - core[df12db4294e9bfd3]::panicking::panic_fmt
[INFO] [stdout]   10:     0x62016e414e21 - core[df12db4294e9bfd3]::panicking::panic
[INFO] [stdout]   11:     0x62016e411b49 - <cryoid[d3208c2d4210c6ac]::tests::tests::batch_one_past_fresh_tick_capacity_fails::{closure#0} as core[df12db4294e9bfd3]::ops::function::FnOnce<()>>::call_once
[INFO] [stdout]   12:     0x62016e4682db - test[9d35eded1c95d3be]::__rust_begin_short_backtrace::<core[df12db4294e9bfd3]::result::Result<(), alloc[2182bb758b4b3781]::string::String>, fn() -> core[df12db4294e9bfd3]::result::Result<(), alloc[2182bb758b4b3781]::string::String>>
[INFO] [stdout]   13:     0x62016e4638ef - test[9d35eded1c95d3be]::run_test::{closure#0}
[INFO] [stdout]   14:     0x62016e46336c - std[70759c8f55707aa4]::sys::backtrace::__rust_begin_short_backtrace::<test[9d35eded1c95d3be]::run_test::{closure#1}, ()>
[INFO] [stdout]   15:     0x62016e48052c - <std[70759c8f55707aa4]::thread::lifecycle::spawn_unchecked<test[9d35eded1c95d3be]::run_test::{closure#1}, ()>::{closure#1} as core[df12db4294e9bfd3]::ops::function::FnOnce<()>>::call_once::{shim:vtable#0}
[INFO] [stdout]   16:     0x62016e451b52 - <std[70759c8f55707aa4]::sys::thread::unix::Thread>::new::thread_start
[INFO] [stdout]   17:     0x7c85ac5bbdfa - <unknown>
[INFO] [stdout]   18:     0x7c85ac64f3d4 - clone
[INFO] [stdout]   19:                0x0 - <unknown>
[INFO] [stdout] 
[INFO] [stdout] ---- tests::tests::batch_overflow_returns_error stdout ----
[INFO] [stdout] 
[INFO] [stdout] thread 'tests::tests::batch_overflow_returns_error' (485) panicked at src/tests.rs:173:9:
[INFO] [stdout] assertion failed: matches!(err, CryoidError::SequenceOverflow { .. })
[INFO] [stdout] stack backtrace:
[INFO] [stdout]    0:     0x62016e42a767 - <<std[70759c8f55707aa4]::sys::backtrace::BacktraceLock>::print::DisplayBacktrace as core[df12db4294e9bfd3]::fmt::Display>::fmt
[INFO] [stdout]    1:     0x62016e41313a - core[df12db4294e9bfd3]::fmt::write
[INFO] [stdout]    2:     0x62016e429d1b - <alloc[2182bb758b4b3781]::vec::Vec<u8> as core[df12db4294e9bfd3]::io::write::Write>::write_fmt
[INFO] [stdout]    3:     0x62016e4297ff - std[70759c8f55707aa4]::panicking::default_hook::{closure#0}
[INFO] [stdout]    4:     0x62016e42942a - std[70759c8f55707aa4]::panicking::default_hook
[INFO] [stdout]    5:     0x62016e428f62 - std[70759c8f55707aa4]::panicking::panic_with_hook
[INFO] [stdout]    6:     0x62016e450302 - std[70759c8f55707aa4]::panicking::panic_handler::{closure#0}
[INFO] [stdout]    7:     0x62016e450289 - std[70759c8f55707aa4]::sys::backtrace::__rust_end_short_backtrace::<std[70759c8f55707aa4]::panicking::panic_handler::{closure#0}, !>
[INFO] [stdout]    8:     0x62016e45079c - __rustc[8fa7c3cbc660c2b3]::rust_begin_unwind
[INFO] [stdout]    9:     0x62016e412fcb - core[df12db4294e9bfd3]::panicking::panic_fmt
[INFO] [stdout]   10:     0x62016e414e21 - core[df12db4294e9bfd3]::panicking::panic
[INFO] [stdout]   11:     0x62016e411929 - <cryoid[d3208c2d4210c6ac]::tests::tests::batch_overflow_returns_error::{closure#0} as core[df12db4294e9bfd3]::ops::function::FnOnce<()>>::call_once
[INFO] [stdout]   12:     0x62016e4682db - test[9d35eded1c95d3be]::__rust_begin_short_backtrace::<core[df12db4294e9bfd3]::result::Result<(), alloc[2182bb758b4b3781]::string::String>, fn() -> core[df12db4294e9bfd3]::result::Result<(), alloc[2182bb758b4b3781]::string::String>>
[INFO] [stdout]   13:     0x62016e4638ef - test[9d35eded1c95d3be]::run_test::{closure#0}
[INFO] [stdout]   14:     0x62016e46336c - std[70759c8f55707aa4]::sys::backtrace::__rust_begin_short_backtrace::<test[9d35eded1c95d3be]::run_test::{closure#1}, ()>
[INFO] [stdout]   15:     0x62016e48052c - <std[70759c8f55707aa4]::thread::lifecycle::spawn_unchecked<test[9d35eded1c95d3be]::run_test::{closure#1}, ()>::{closure#1} as core[df12db4294e9bfd3]::ops::function::FnOnce<()>>::call_once::{shim:vtable#0}
[INFO] [stdout]   16:     0x62016e451b52 - <std[70759c8f55707aa4]::sys::thread::unix::Thread>::new::thread_start
[INFO] [stdout]   17:     0x7c85ac5bbdfa - <unknown>
[INFO] [stdout]   18:     0x7c85ac64f3d4 - clone
[INFO] [stdout]   19:                0x0 - <unknown>
[INFO] [stdout] 
[INFO] [stdout] ---- tests::tests::gen_decode_rejects_foreign_tag_bits stdout ----
[INFO] [stdout] 
[INFO] [stdout] thread 'tests::tests::gen_decode_rejects_foreign_tag_bits' (494) panicked at src/tests.rs:246:9:
[INFO] [stdout] assertion failed: e.decode(corrupted).is_none()
[INFO] [stdout] stack backtrace:
[INFO] [stdout]    0:     0x62016e42a767 - <<std[70759c8f55707aa4]::sys::backtrace::BacktraceLock>::print::DisplayBacktrace as core[df12db4294e9bfd3]::fmt::Display>::fmt
[INFO] [stdout]    1:     0x62016e41313a - core[df12db4294e9bfd3]::fmt::write
[INFO] [stdout]    2:     0x62016e429d1b - <alloc[2182bb758b4b3781]::vec::Vec<u8> as core[df12db4294e9bfd3]::io::write::Write>::write_fmt
[INFO] [stdout]    3:     0x62016e4297ff - std[70759c8f55707aa4]::panicking::default_hook::{closure#0}
[INFO] [stdout]    4:     0x62016e42942a - std[70759c8f55707aa4]::panicking::default_hook
[INFO] [stdout]    5:     0x62016e428f62 - std[70759c8f55707aa4]::panicking::panic_with_hook
[INFO] [stdout]    6:     0x62016e450302 - std[70759c8f55707aa4]::panicking::panic_handler::{closure#0}
[INFO] [stdout]    7:     0x62016e450289 - std[70759c8f55707aa4]::sys::backtrace::__rust_end_short_backtrace::<std[70759c8f55707aa4]::panicking::panic_handler::{closure#0}, !>
[INFO] [stdout]    8:     0x62016e45079c - __rustc[8fa7c3cbc660c2b3]::rust_begin_unwind
[INFO] [stdout]    9:     0x62016e412fcb - core[df12db4294e9bfd3]::panicking::panic_fmt
[INFO] [stdout]   10:     0x62016e414e21 - core[df12db4294e9bfd3]::panicking::panic
[INFO] [stdout]   11:     0x62016e411999 - <cryoid[d3208c2d4210c6ac]::tests::tests::gen_decode_rejects_foreign_tag_bits::{closure#0} as core[df12db4294e9bfd3]::ops::function::FnOnce<()>>::call_once
[INFO] [stdout]   12:     0x62016e4682db - test[9d35eded1c95d3be]::__rust_begin_short_backtrace::<core[df12db4294e9bfd3]::result::Result<(), alloc[2182bb758b4b3781]::string::String>, fn() -> core[df12db4294e9bfd3]::result::Result<(), alloc[2182bb758b4b3781]::string::String>>
[INFO] [stdout]   13:     0x62016e4638ef - test[9d35eded1c95d3be]::run_test::{closure#0}
[INFO] [stdout]   14:     0x62016e46336c - std[70759c8f55707aa4]::sys::backtrace::__rust_begin_short_backtrace::<test[9d35eded1c95d3be]::run_test::{closure#1}, ()>
[INFO] [stdout]   15:     0x62016e48052c - <std[70759c8f55707aa4]::thread::lifecycle::spawn_unchecked<test[9d35eded1c95d3be]::run_test::{closure#1}, ()>::{closure#1} as core[df12db4294e9bfd3]::ops::function::FnOnce<()>>::call_once::{shim:vtable#0}
[INFO] [stdout]   16:     0x62016e451b52 - <std[70759c8f55707aa4]::sys::thread::unix::Thread>::new::thread_start
[INFO] [stdout]   17:     0x7c85ac5bbdfa - <unknown>
[INFO] [stdout]   18:     0x7c85ac64f3d4 - clone
[INFO] [stdout]   19:                0x0 - <unknown>
[INFO] [stdout] 
[INFO] [stdout] ---- tests::tests::sequence_overflow_returns_error stdout ----
[INFO] [stdout] 
[INFO] [stdout] thread 'tests::tests::sequence_overflow_returns_error' (502) panicked at src/tests.rs:116:46:
[INFO] [stdout] failed at seq 0
[INFO] [stdout] stack backtrace:
[INFO] [stdout]    0:     0x62016e42a767 - <<std[70759c8f55707aa4]::sys::backtrace::BacktraceLock>::print::DisplayBacktrace as core[df12db4294e9bfd3]::fmt::Display>::fmt
[INFO] [stdout]    1:     0x62016e41313a - core[df12db4294e9bfd3]::fmt::write
[INFO] [stdout]    2:     0x62016e429d1b - <alloc[2182bb758b4b3781]::vec::Vec<u8> as core[df12db4294e9bfd3]::io::write::Write>::write_fmt
[INFO] [stdout]    3:     0x62016e4297ff - std[70759c8f55707aa4]::panicking::default_hook::{closure#0}
[INFO] [stdout]    4:     0x62016e42942a - std[70759c8f55707aa4]::panicking::default_hook
[INFO] [stdout]    5:     0x62016e428f62 - std[70759c8f55707aa4]::panicking::panic_with_hook
[INFO] [stdout]    6:     0x62016e4502d1 - std[70759c8f55707aa4]::panicking::panic_handler::{closure#0}
[INFO] [stdout]    7:     0x62016e450289 - std[70759c8f55707aa4]::sys::backtrace::__rust_end_short_backtrace::<std[70759c8f55707aa4]::panicking::panic_handler::{closure#0}, !>
[INFO] [stdout]    8:     0x62016e45079c - __rustc[8fa7c3cbc660c2b3]::rust_begin_unwind
[INFO] [stdout]    9:     0x62016e412fcb - core[df12db4294e9bfd3]::panicking::panic_fmt
[INFO] [stdout]   10:     0x62016e411978 - <cryoid[d3208c2d4210c6ac]::tests::tests::sequence_overflow_returns_error::{closure#0} as core[df12db4294e9bfd3]::ops::function::FnOnce<()>>::call_once
[INFO] [stdout]   11:     0x62016e4682db - test[9d35eded1c95d3be]::__rust_begin_short_backtrace::<core[df12db4294e9bfd3]::result::Result<(), alloc[2182bb758b4b3781]::string::String>, fn() -> core[df12db4294e9bfd3]::result::Result<(), alloc[2182bb758b4b3781]::string::String>>
[INFO] [stdout]   12:     0x62016e4638ef - test[9d35eded1c95d3be]::run_test::{closure#0}
[INFO] [stdout]   13:     0x62016e46336c - std[70759c8f55707aa4]::sys::backtrace::__rust_begin_short_backtrace::<test[9d35eded1c95d3be]::run_test::{closure#1}, ()>
[INFO] [stdout]   14:     0x62016e48052c - <std[70759c8f55707aa4]::thread::lifecycle::spawn_unchecked<test[9d35eded1c95d3be]::run_test::{closure#1}, ()>::{closure#1} as core[df12db4294e9bfd3]::ops::function::FnOnce<()>>::call_once::{shim:vtable#0}
[INFO] [stdout]   15:     0x62016e451b52 - <std[70759c8f55707aa4]::sys::thread::unix::Thread>::new::thread_start
[INFO] [stdout]   16:     0x7c85ac5bbdfa - <unknown>
[INFO] [stdout]   17:     0x7c85ac64f3d4 - clone
[INFO] [stdout]   18:                0x0 - <unknown>
[INFO] [stdout] 
[INFO] [stdout] 
[INFO] [stdout] failures:
[INFO] [stdout]     tests::tests::batch_exact_fresh_tick_capacity_succeeds
[INFO] [stdout]     tests::tests::batch_one_past_fresh_tick_capacity_fails
[INFO] [stdout]     tests::tests::batch_overflow_returns_error
[INFO] [stdout]     tests::tests::gen_decode_rejects_foreign_tag_bits
[INFO] [stdout]     tests::tests::ids_are_monotonic_across_ticks
[INFO] [stdout]     tests::tests::sequence_overflow_returns_error
[INFO] [stdout] 
[INFO] [stdout] test result: FAILED. 16 passed; 6 failed; 0 ignored; 0 measured; 0 filtered out; finished in 0.01s
[INFO] [stdout] 
[INFO] running `Command { std: "docker" "inspect" "f2e37d82e1a62786a411f84657727d3063c33741cd363f0d77ee4d6b2ba40003", kill_on_drop: false }`
[INFO] running `Command { std: "docker" "rm" "-f" "f2e37d82e1a62786a411f84657727d3063c33741cd363f0d77ee4d6b2ba40003", kill_on_drop: false }`
[INFO] [stdout] f2e37d82e1a62786a411f84657727d3063c33741cd363f0d77ee4d6b2ba40003
