[INFO] fetching crate cruxx-agentic 0.2.6...
[INFO] testing cruxx-agentic-0.2.6 against 1.100.0-beta.1+cargoflags=--release for beta-release-1.100-2
[INFO] extracting crate cruxx-agentic 0.2.6 into /workspace/builds/worker-0-tc2/source
[INFO] started tweaking crates.io crate cruxx-agentic 0.2.6
[INFO] removed 0 missing tests
[INFO] finished tweaking crates.io crate cruxx-agentic 0.2.6
[INFO] tweaked toml for crates.io crate cruxx-agentic 0.2.6 written to /workspace/builds/worker-0-tc2/source/Cargo.toml
[INFO] validating manifest of crates.io crate cruxx-agentic 0.2.6 on toolchain 1.100.0-beta.1
[INFO] running `Command { std: CARGO_HOME="/workspace/cargo-home" RUSTUP_HOME="/workspace/rustup-home" "/workspace/cargo-home/bin/cargo" "+1.100.0-beta.1" "metadata" "--manifest-path" "Cargo.toml" "--no-deps", kill_on_drop: false }`
[INFO] crate crates.io crate cruxx-agentic 0.2.6 already has a lockfile, it will not be regenerated
[INFO] running `Command { std: CARGO_HOME="/workspace/cargo-home" RUSTUP_HOME="/workspace/rustup-home" "/workspace/cargo-home/bin/cargo" "+1.100.0-beta.1" "fetch" "--manifest-path" "Cargo.toml", kill_on_drop: false }`
[INFO] [stderr] warning: `package.homepage` is redundant with `package.repository`
[INFO] [stderr]   --> Cargo.toml:91:12
[INFO] [stderr]    |
[INFO] [stderr] 91 | homepage = "https://github.com/89jobrien/cruxx"
[INFO] [stderr]    |            ^^^^^^^^^^^^^^^^^^^^^^^^^^^^^^^^^^^^
[INFO] [stderr] ...
[INFO] [stderr] 96 | repository = "https://github.com/89jobrien/cruxx"
[INFO] [stderr]    |              ------------------------------------
[INFO] [stderr]    |
[INFO] [stderr]    = note: `cargo::redundant_homepage` is set to `warn` by default
[INFO] [stderr] help: consider removing `package.homepage`
[INFO] [stderr] warning: `cruxx-agentic` (manifest) generated 1 warning
[INFO] [stderr]     Blocking waiting for file lock on package cache
[INFO] running `Command { std: "docker" "create" "-v" "/var/lib/crater-agent-workspace/builds/worker-0-tc2/source:/opt/rustwide/workdir:ro,Z" "-v" "/var/lib/crater-agent-workspace/builds/worker-0-tc2/target:/opt/rustwide/target:rw,Z" "-v" "/var/lib/crater-agent-workspace/cargo-home:/opt/rustwide/cargo-home:ro,Z" "-v" "/var/lib/crater-agent-workspace/rustup-home:/opt/rustwide/rustup-home:ro,Z" "-m" "1610612736" "--network" "none" "ghcr.io/rust-lang/crates-build-env/linux@sha256:77db811e55d90add9212f6832c23229e3de5f1c1f9905e8cb07319ea15df73ac" "sleep" "infinity", kill_on_drop: false }`
[INFO] [stdout] 7c3d13998af1a9e6a17c17c83173d073002193ad39a9aa573014f6d96a8bb1d2
[INFO] running `Command { std: "docker" "start" "7c3d13998af1a9e6a17c17c83173d073002193ad39a9aa573014f6d96a8bb1d2", kill_on_drop: false }`
[INFO] running `Command { std: "docker" "inspect" "7c3d13998af1a9e6a17c17c83173d073002193ad39a9aa573014f6d96a8bb1d2", kill_on_drop: false }`
[INFO] running `Command { std: "docker" "exec" "-e" "SOURCE_DIR=/opt/rustwide/workdir" "-e" "CARGO_HOME=/opt/rustwide/cargo-home" "-e" "RUSTUP_HOME=/opt/rustwide/rustup-home" "-e" "CARGO_TARGET_DIR=/opt/rustwide/target" "-w" "/opt/rustwide/workdir" "--user" "0:0" "7c3d13998af1a9e6a17c17c83173d073002193ad39a9aa573014f6d96a8bb1d2" "/opt/rustwide/cargo-home/bin/cargo" "+1.100.0-beta.1" "metadata" "--no-deps" "--format-version=1", kill_on_drop: false }`
[INFO] running `Command { std: "docker" "inspect" "7c3d13998af1a9e6a17c17c83173d073002193ad39a9aa573014f6d96a8bb1d2", kill_on_drop: false }`
[INFO] running `Command { std: "docker" "exec" "-e" "SOURCE_DIR=/opt/rustwide/workdir" "-e" "CARGO_HOME=/opt/rustwide/cargo-home" "-e" "RUSTUP_HOME=/opt/rustwide/rustup-home" "-e" "CARGO_TARGET_DIR=/opt/rustwide/target" "-e" "CARGO_INCREMENTAL=0" "-e" "RUST_BACKTRACE=full" "-e" "RUSTFLAGS=--cap-lints=warn" "-e" "RUSTDOCFLAGS=--cap-lints=warn" "-w" "/opt/rustwide/workdir" "--user" "0:0" "7c3d13998af1a9e6a17c17c83173d073002193ad39a9aa573014f6d96a8bb1d2" "/opt/rustwide/cargo-home/bin/cargo" "+1.100.0-beta.1" "build" "--frozen" "--message-format=json" "--release", kill_on_drop: false }`
[INFO] [stderr] warning: `package.homepage` is redundant with `package.repository`
[INFO] [stderr]   --> Cargo.toml:91:12
[INFO] [stderr]    |
[INFO] [stderr] 91 | homepage = "https://github.com/89jobrien/cruxx"
[INFO] [stderr]    |            ^^^^^^^^^^^^^^^^^^^^^^^^^^^^^^^^^^^^
[INFO] [stderr] ...
[INFO] [stderr] 96 | repository = "https://github.com/89jobrien/cruxx"
[INFO] [stderr]    |              ------------------------------------
[INFO] [stderr]    |
[INFO] [stderr]    = note: `cargo::redundant_homepage` is set to `warn` by default
[INFO] [stderr] help: consider removing `package.homepage`
[INFO] [stderr] warning: `cruxx-agentic` (manifest) generated 1 warning
[INFO] [stderr]    Compiling libc v0.2.184
[INFO] [stderr]    Compiling zerocopy v0.8.48
[INFO] [stderr]    Compiling futures-sink v0.3.32
[INFO] [stderr]    Compiling syn v2.0.117
[INFO] [stderr]    Compiling cc v1.2.60
[INFO] [stderr]    Compiling hashbrown v0.17.0
[INFO] [stderr]    Compiling http v1.4.0
[INFO] [stderr]    Compiling serde_json v1.0.149
[INFO] [stderr]    Compiling rustls-pki-types v1.14.0
[INFO] [stderr]    Compiling aho-corasick v1.1.4
[INFO] [stderr]    Compiling rustls v0.23.38
[INFO] [stderr]    Compiling arraydeque v0.5.1
[INFO] [stderr]    Compiling pkg-config v0.3.33
[INFO] [stderr]    Compiling annotate-snippets v0.12.15
[INFO] [stderr]    Compiling encoding_rs_io v0.1.7
[INFO] [stderr]    Compiling anyhow v1.0.102
[INFO] [stderr]    Compiling futures-channel v0.3.32
[INFO] [stderr]    Compiling tracing v0.1.44
[INFO] [stderr]    Compiling sync_wrapper v1.0.2
[INFO] [stderr]    Compiling ipnet v2.12.0
[INFO] [stderr]    Compiling iri-string v0.7.12
[INFO] [stderr]    Compiling clap_builder v4.6.0
[INFO] [stderr]    Compiling unsafe-libyaml v0.2.11
[INFO] [stderr]    Compiling http-body v1.0.1
[INFO] [stderr]    Compiling glob v0.3.3
[INFO] [stderr]    Compiling webpki-roots v1.0.7
[INFO] [stderr]    Compiling http-body-util v0.1.3
[INFO] [stderr]    Compiling indexmap v2.14.0
[INFO] [stderr]    Compiling ring v0.17.14
[INFO] [stderr]    Compiling libsqlite3-sys v0.30.1
[INFO] [stderr]    Compiling getrandom v0.3.4
[INFO] [stderr]    Compiling parking_lot_core v0.9.12
[INFO] [stderr]    Compiling errno v0.3.14
[INFO] [stderr]    Compiling socket2 v0.6.3
[INFO] [stderr]    Compiling mio v1.2.0
[INFO] [stderr]    Compiling rand_core v0.9.5
[INFO] [stderr]    Compiling signal-hook-registry v1.4.8
[INFO] [stderr]    Compiling parking_lot v0.12.5
[INFO] [stderr]    Compiling getrandom v0.2.17
[INFO] [stderr]    Compiling regex-automata v0.4.14
[INFO] [stderr]    Compiling synstructure v0.13.2
[INFO] [stderr]    Compiling serde_derive v1.0.228
[INFO] [stderr]    Compiling zerofrom-derive v0.1.7
[INFO] [stderr]    Compiling yoke-derive v0.8.2
[INFO] [stderr]    Compiling zerofrom v0.1.7
[INFO] [stderr]    Compiling zerovec-derive v0.11.3
[INFO] [stderr]    Compiling tokio-macros v2.7.0
[INFO] [stderr]    Compiling displaydoc v0.2.5
[INFO] [stderr]    Compiling futures-macro v0.3.32
[INFO] [stderr]    Compiling thiserror-impl v2.0.18
[INFO] [stderr]    Compiling clap_derive v4.6.1
[INFO] [stderr]    Compiling tokio v1.51.1
[INFO] [stderr]    Compiling yoke v0.8.2
[INFO] [stderr]    Compiling zerovec v0.11.6
[INFO] [stderr]    Compiling zerotrie v0.2.4
[INFO] [stderr]    Compiling futures-util v0.3.32
[INFO] [stderr]    Compiling thiserror v2.0.18
[INFO] [stderr]    Compiling saphyr-parser-bw v0.0.611
[INFO] [stderr]    Compiling regex v1.12.3
[INFO] [stderr]    Compiling tinystr v0.8.3
[INFO] [stderr]    Compiling potential_utf v0.1.5
[INFO] [stderr]    Compiling icu_collections v2.2.0
[INFO] [stderr]    Compiling icu_locale_core v2.2.0
[INFO] [stderr]    Compiling serde v1.0.228
[INFO] [stderr]    Compiling ppv-lite86 v0.2.21
[INFO] [stderr]    Compiling ahash v0.8.12
[INFO] [stderr]    Compiling clap v4.6.1
[INFO] [stderr]    Compiling hashbrown v0.14.5
[INFO] [stderr]    Compiling chrono v0.4.44
[INFO] [stderr]    Compiling serde_spanned v0.6.9
[INFO] [stderr]    Compiling rand_chacha v0.9.0
[INFO] [stderr]    Compiling slashcrux v0.1.1
[INFO] [stderr]    Compiling rand v0.9.2
[INFO] [stderr]    Compiling toml_datetime v0.6.11
[INFO] [stderr]    Compiling icu_provider v2.2.0
[INFO] [stderr]    Compiling serde-saphyr v0.0.23
[INFO] [stderr]    Compiling toml_edit v0.22.27
[INFO] [stderr]    Compiling hashlink v0.9.1
[INFO] [stderr]    Compiling serde_urlencoded v0.7.1
[INFO] [stderr]    Compiling serde_yaml v0.9.34+deprecated
[INFO] [stderr]    Compiling cruxx-model v0.2.6
[INFO] [stderr]    Compiling ulid v1.2.1
[INFO] [stderr]    Compiling icu_normalizer v2.2.0
[INFO] [stderr]    Compiling icu_properties v2.2.0
[INFO] [stderr]    Compiling cruxx-types v0.2.6
[INFO] [stderr]    Compiling futures-executor v0.3.32
[INFO] [stderr]    Compiling futures v0.3.32
[INFO] [stderr]    Compiling idna_adapter v1.2.1
[INFO] [stderr]    Compiling idna v1.1.0
[INFO] [stderr]    Compiling url v2.5.8
[INFO] [stderr]    Compiling hyper v1.9.0
[INFO] [stderr]    Compiling cruxx-domain v0.2.6
[INFO] [stderr]    Compiling tower v0.5.3
[INFO] [stderr]    Compiling toml v0.8.23
[INFO] [stderr]    Compiling cruxx-core v0.2.6
[INFO] [stderr]    Compiling tower-http v0.6.8
[INFO] [stderr]    Compiling hyper-util v0.1.20
[INFO] [stderr]    Compiling cruxx-script v0.2.6
[INFO] [stderr]    Compiling rustls-webpki v0.103.12
[INFO] [stderr]    Compiling cruxx-plugin v0.2.6
[INFO] [stderr]    Compiling tokio-rustls v0.26.4
[INFO] [stderr]    Compiling hyper-rustls v0.27.9
[INFO] [stderr]    Compiling reqwest v0.12.28
[INFO] [stderr]    Compiling rusqlite v0.32.1
[INFO] [stderr]    Compiling cruxx-agentic v0.2.6 (/opt/rustwide/workdir)
[INFO] [stderr] warning: unused dependency `serde_yaml`
[INFO] [stderr]   --> Cargo.toml:52:15
[INFO] [stderr]    |
[INFO] [stderr] 52 | [dependencies.serde_yaml]
[INFO] [stderr]    |               ^^^^^^^^^^^
[INFO] [stderr]    |
[INFO] [stderr]    = note: `cargo::unused_dependencies` is set to `warn` by default
[INFO] [stderr] help: consider removing the dependency on `serde_yaml`
[INFO] [stderr] warning: `cruxx-agentic` (manifest) generated 1 warning
[INFO] [stderr]     Finished `release` profile [optimized] target(s) in 3m 43s
[INFO] running `Command { std: "docker" "inspect" "7c3d13998af1a9e6a17c17c83173d073002193ad39a9aa573014f6d96a8bb1d2", kill_on_drop: false }`
[INFO] running `Command { std: "docker" "exec" "-e" "SOURCE_DIR=/opt/rustwide/workdir" "-e" "CARGO_HOME=/opt/rustwide/cargo-home" "-e" "RUSTUP_HOME=/opt/rustwide/rustup-home" "-e" "CARGO_TARGET_DIR=/opt/rustwide/target" "-e" "CARGO_INCREMENTAL=0" "-e" "RUST_BACKTRACE=full" "-e" "RUSTFLAGS=--cap-lints=warn" "-e" "RUSTDOCFLAGS=--cap-lints=warn" "-w" "/opt/rustwide/workdir" "--user" "0:0" "7c3d13998af1a9e6a17c17c83173d073002193ad39a9aa573014f6d96a8bb1d2" "/opt/rustwide/cargo-home/bin/cargo" "+1.100.0-beta.1" "test" "--frozen" "--no-run" "--message-format=json" "--release", kill_on_drop: false }`
[INFO] [stderr] warning: `package.homepage` is redundant with `package.repository`
[INFO] [stderr]   --> Cargo.toml:91:12
[INFO] [stderr]    |
[INFO] [stderr] 91 | homepage = "https://github.com/89jobrien/cruxx"
[INFO] [stderr]    |            ^^^^^^^^^^^^^^^^^^^^^^^^^^^^^^^^^^^^
[INFO] [stderr] ...
[INFO] [stderr] 96 | repository = "https://github.com/89jobrien/cruxx"
[INFO] [stderr]    |              ------------------------------------
[INFO] [stderr]    |
[INFO] [stderr]    = note: `cargo::redundant_homepage` is set to `warn` by default
[INFO] [stderr] help: consider removing `package.homepage`
[INFO] [stderr] warning: `cruxx-agentic` (manifest) generated 1 warning
[INFO] [stderr]    Compiling bitflags v2.11.0
[INFO] [stderr]    Compiling wait-timeout v0.2.1
[INFO] [stderr]    Compiling bit-vec v0.8.0
[INFO] [stderr]    Compiling rand_xorshift v0.4.0
[INFO] [stderr]    Compiling unarray v0.1.4
[INFO] [stderr]    Compiling rustix v1.1.4
[INFO] [stderr]    Compiling tower-http v0.6.8
[INFO] [stderr]    Compiling rusqlite v0.32.1
[INFO] [stderr]    Compiling bit-set v0.8.0
[INFO] [stderr]    Compiling reqwest v0.12.28
[INFO] [stderr]    Compiling tempfile v3.27.0
[INFO] [stderr]    Compiling rusty-fork v0.3.1
[INFO] [stderr]    Compiling proptest v1.11.0
[INFO] [stderr]    Compiling cruxx-agentic v0.2.6 (/opt/rustwide/workdir)
[INFO] [stderr] warning: unused dependency `serde_yaml`
[INFO] [stderr]   --> Cargo.toml:52:15
[INFO] [stderr]    |
[INFO] [stderr] 52 | [dependencies.serde_yaml]
[INFO] [stderr]    |               ^^^^^^^^^^^
[INFO] [stderr]    |
[INFO] [stderr]    = note: `cargo::unused_dependencies` is set to `warn` by default
[INFO] [stderr] help: consider removing the dependency on `serde_yaml`
[INFO] [stderr] warning: `cruxx-agentic` (manifest) generated 1 warning
[INFO] [stderr]     Finished `release` profile [optimized] target(s) in 55.88s
[INFO] running `Command { std: "docker" "inspect" "7c3d13998af1a9e6a17c17c83173d073002193ad39a9aa573014f6d96a8bb1d2", kill_on_drop: false }`
[INFO] running `Command { std: "docker" "exec" "-e" "SOURCE_DIR=/opt/rustwide/workdir" "-e" "CARGO_HOME=/opt/rustwide/cargo-home" "-e" "RUSTUP_HOME=/opt/rustwide/rustup-home" "-e" "CARGO_TARGET_DIR=/opt/rustwide/target" "-e" "CARGO_INCREMENTAL=0" "-e" "RUST_BACKTRACE=full" "-e" "RUSTFLAGS=--cap-lints=warn" "-e" "RUSTDOCFLAGS=--cap-lints=warn" "-w" "/opt/rustwide/workdir" "--user" "0:0" "7c3d13998af1a9e6a17c17c83173d073002193ad39a9aa573014f6d96a8bb1d2" "/opt/rustwide/cargo-home/bin/cargo" "+1.100.0-beta.1" "test" "--frozen" "--release", kill_on_drop: false }`
[INFO] [stderr] warning: `package.homepage` is redundant with `package.repository`
[INFO] [stderr]   --> Cargo.toml:91:12
[INFO] [stderr]    |
[INFO] [stderr] 91 | homepage = "https://github.com/89jobrien/cruxx"
[INFO] [stderr]    |            ^^^^^^^^^^^^^^^^^^^^^^^^^^^^^^^^^^^^
[INFO] [stderr] ...
[INFO] [stderr] 96 | repository = "https://github.com/89jobrien/cruxx"
[INFO] [stderr]    |              ------------------------------------
[INFO] [stderr]    |
[INFO] [stderr]    = note: `cargo::redundant_homepage` is set to `warn` by default
[INFO] [stderr] help: consider removing `package.homepage`
[INFO] [stderr] warning: `cruxx-agentic` (manifest) generated 1 warning
[INFO] [stderr] warning: unused dependency `serde_yaml`
[INFO] [stderr]   --> Cargo.toml:52:15
[INFO] [stderr]    |
[INFO] [stderr] 52 | [dependencies.serde_yaml]
[INFO] [stderr]    |               ^^^^^^^^^^^
[INFO] [stderr]    |
[INFO] [stderr]    = note: `cargo::unused_dependencies` is set to `warn` by default
[INFO] [stderr] help: consider removing the dependency on `serde_yaml`
[INFO] [stderr] warning: `cruxx-agentic` (manifest) generated 1 warning
[INFO] [stderr]     Finished `release` profile [optimized] target(s) in 0.26s
[INFO] [stderr]      Running unittests src/lib.rs (/opt/rustwide/target/release/build/cruxx-agentic/7ce0db41afa8bafd/out/cruxx_agentic-7ce0db41afa8bafd)
[INFO] [stdout] 
[INFO] [stdout] running 13 tests
[INFO] [stdout] test adapters::anthropic::tests::from_env_uses_defaults ... ok
[INFO] [stdout] test adapters::ollama::tests::from_env_uses_defaults ... ok
[INFO] [stdout] test adapters::container_client::tests::mock_run_returns_running_handle ... ok
[INFO] [stdout] test llm_step::tests::llm_step_propagates_error ... ok
[INFO] [stdout] test llm_step::tests::llm_step_returns_provider_response ... ok
[INFO] [stdout] test adapters::ollama::tests::new_sets_fields ... ok
[INFO] [stdout] test adapters::container_client::tests::mock_wait_returns_stopped_zero ... ok
[INFO] [stdout] test provider::tests::default_max_tokens_is_1024 ... ok
[INFO] [stdout] test adapters::openai::tests::from_env_uses_defaults ... ok
[INFO] [stdout] test provider::tests::llm_response_roundtrips_serde ... ok
[INFO] [stdout] test provider::tests::llm_request_roundtrips_serde ... ok
[INFO] [stdout] test adapters::openai::tests::new_sets_fields ... ok
[INFO] [stderr]      Running unittests src/bin/cruxx.rs (/opt/rustwide/target/release/build/cruxx-agentic/a661199c67cd006d/out/crux-a661199c67cd006d)
[INFO] [stdout] test adapters::anthropic::tests::new_sets_fields ... ok
[INFO] [stdout] 
[INFO] [stdout] test result: ok. 13 passed; 0 failed; 0 ignored; 0 measured; 0 filtered out; finished in 0.01s
[INFO] [stdout] 
[INFO] [stdout] 
[INFO] [stdout] running 3 tests
[INFO] [stdout] test tests::plan_subcommand_goal_required ... ok
[INFO] [stdout] test tests::plan_subcommand_rule_planner_summarize ... ok
[INFO] [stdout] test tests::plan_subcommand_with_rule_planner_prints_steps ... ok
[INFO] [stdout] 
[INFO] [stdout] test result: ok. 3 passed; 0 failed; 0 ignored; 0 measured; 0 filtered out; finished in 0.00s
[INFO] [stderr]      Running tests/cli_check.rs (/opt/rustwide/target/release/build/cruxx-agentic/6f76518de63f1dcd/out/cli_check-6f76518de63f1dcd)
[INFO] [stdout] 
[INFO] [stdout] 
[INFO] [stdout] running 4 tests
[INFO] [stdout] test check_valid_pipeline_succeeds ... ok
[INFO] [stdout] test check_pipeline_collects_handler_names ... ok
[INFO] [stdout] test check_warns_about_unregistered_handlers ... ok
[INFO] [stdout] test check_invalid_pipeline_fails ... ok
[INFO] [stdout] 
[INFO] [stdout] test result: ok. 4 passed; 0 failed; 0 ignored; 0 measured; 0 filtered out; finished in 0.00s
[INFO] [stdout] 
[INFO] [stderr]      Running tests/cli_plan.rs (/opt/rustwide/target/release/build/cruxx-agentic/5dbb7dfb3ee9e3c6/out/cli_plan-5dbb7dfb3ee9e3c6)
[INFO] [stdout] 
[INFO] [stdout] running 0 tests
[INFO] [stdout] 
[INFO] [stdout] test result: ok. 0 passed; 0 failed; 0 ignored; 0 measured; 0 filtered out; finished in 0.00s
[INFO] [stdout] 
[INFO] [stderr]      Running tests/cli_plugins.rs (/opt/rustwide/target/release/build/cruxx-agentic/09d4e81a4b69a8f5/out/cli_plugins-09d4e81a4b69a8f5)
[INFO] [stdout] 
[INFO] [stdout] running 4 tests
[INFO] [stdout] test default_plugins_path_uses_home_directory ... ok
[INFO] [stdout] test valid_plugins_toml_parses_entries ... ok
[INFO] [stdout] test explicit_plugins_path_overrides_default ... ok
[INFO] [stdout] test missing_plugins_toml_returns_empty_manifest ... ok
[INFO] [stdout] 
[INFO] [stdout] test result: ok. 4 passed; 0 failed; 0 ignored; 0 measured; 0 filtered out; finished in 0.01s
[INFO] [stdout] 
[INFO] [stderr]      Running tests/container.rs (/opt/rustwide/target/release/build/cruxx-agentic/aec867dff88857ac/out/container-aec867dff88857ac)
[INFO] [stdout] 
[INFO] [stdout] running 3 tests
[INFO] [stdout] test container_run_returns_container_id ... ok
[INFO] [stdout] test container_wait_returns_state ... ok
[INFO] [stdout] test container_run_handler_registered ... ok
[INFO] [stdout] 
[INFO] [stdout] test result: ok. 3 passed; 0 failed; 0 ignored; 0 measured; 0 filtered out; finished in 0.00s
[INFO] [stdout] 
[INFO] [stderr]      Running tests/ctrl.rs (/opt/rustwide/target/release/build/cruxx-agentic/a0abf78de95ea2b6/out/ctrl-a0abf78de95ea2b6)
[INFO] [stdout] 
[INFO] [stdout] running 4 tests
[INFO] [stdout] test noop_passes_input_through ... ok
[INFO] [stdout] test assert_fails_when_condition_false ... ok
[INFO] [stdout] test log_passes_input_through ... ok
[INFO] [stdout] test assert_passes_when_condition_true ... ok
[INFO] [stdout] 
[INFO] [stdout] test result: ok. 4 passed; 0 failed; 0 ignored; 0 measured; 0 filtered out; finished in 0.00s
[INFO] [stdout] 
[INFO] [stderr]      Running tests/delegate_agents.rs (/opt/rustwide/target/release/build/cruxx-agentic/5fde42af4268cad8/out/delegate_agents-5fde42af4268cad8)
[INFO] [stdout] 
[INFO] [stdout] running 2 tests
[INFO] [stdout] test register_all_with_agents_wires_custom_agents ... ok
[INFO] [stdout] test register_agent_fn_allows_delegate_lookup ... ok
[INFO] [stdout] 
[INFO] [stdout] test result: ok. 2 passed; 0 failed; 0 ignored; 0 measured; 0 filtered out; finished in 0.00s
[INFO] [stdout] 
[INFO] [stderr]      Running tests/fs.rs (/opt/rustwide/target/release/build/cruxx-agentic/11053bf03de7f5b7/out/fs-11053bf03de7f5b7)
[INFO] [stdout] 
[INFO] [stdout] running 6 tests
[INFO] [stdout] test read_nonexistent_file_errors ... ok
[INFO] [stdout] test glob_finds_files ... ok
[INFO] [stdout] test exists_true_for_present_file ... ok
[INFO] [stdout] test read_returns_file_content ... ok
[INFO] [stdout] test exists_false_for_missing_file ... ok
[INFO] [stdout] test write_creates_file ... ok
[INFO] [stdout] 
[INFO] [stdout] test result: ok. 6 passed; 0 failed; 0 ignored; 0 measured; 0 filtered out; finished in 0.00s
[INFO] [stdout] 
[INFO] [stderr]      Running tests/git.rs (/opt/rustwide/target/release/build/cruxx-agentic/fe8905fb6f1a6b53/out/git-fe8905fb6f1a6b53)
[INFO] [stdout] 
[INFO] [stdout] running 4 tests
[INFO] [stdout] test log_returns_commits ... FAILED
[INFO] [stdout] test status_returns_clean_field ... FAILED
[INFO] [stdout] test staged_files_returns_array ... FAILED
[INFO] [stdout] test diff_returns_string ... FAILED
[INFO] [stdout] 
[INFO] [stdout] failures:
[INFO] [stdout] 
[INFO] [stdout] ---- log_returns_commits stdout ----
[INFO] [stdout] 
[INFO] [stdout] thread 'log_returns_commits' (3415) panicked at tests/git.rs:32:59:
[INFO] [stdout] called `Result::unwrap()` on an `Err` value: StepFailed { step: "git", source_msg: "exit exit status: 128: fatal: not a git repository (or any parent up to mount point /opt/rustwide)\nStopping at filesystem boundary (GIT_DISCOVERY_ACROSS_FILESYSTEM not set).\n" }
[INFO] [stdout] stack backtrace:
[INFO] [stdout]    0:     0x616b4e2c9d11 - <<std[617be2ca0a6fd877]::sys::backtrace::BacktraceLock>::print::DisplayBacktrace as core[a373ad73a504971]::fmt::Display>::fmt
[INFO] [stdout]    1:     0x616b4e2decba - core[a373ad73a504971]::fmt::write
[INFO] [stdout]    2:     0x616b4e2ce2ac - <alloc[2e1b2a31b91974c5]::vec::Vec<u8> as core[a373ad73a504971]::io::write::Write>::write_fmt
[INFO] [stdout]    3:     0x616b4e2a59b6 - std[617be2ca0a6fd877]::panicking::default_hook::{closure#0}
[INFO] [stdout]    4:     0x616b4e2c21e9 - std[617be2ca0a6fd877]::panicking::default_hook
[INFO] [stdout]    5:     0x616b4e22cf80 - test[aada8e7e76ba119b]::test_main_inner::{closure#0}
[INFO] [stdout]    6:     0x616b4e2c2512 - std[617be2ca0a6fd877]::panicking::panic_with_hook
[INFO] [stdout]    7:     0x616b4e2a5a62 - std[617be2ca0a6fd877]::panicking::panic_handler::{closure#0}
[INFO] [stdout]    8:     0x616b4e29e779 - std[617be2ca0a6fd877]::sys::backtrace::__rust_end_short_backtrace::<std[617be2ca0a6fd877]::panicking::panic_handler::{closure#0}, !>
[INFO] [stdout]    9:     0x616b4e2a666d - __rustc[ea4f61d10b84890b]::rust_begin_unwind
[INFO] [stdout]   10:     0x616b4e2df41c - core[a373ad73a504971]::panicking::panic_fmt
[INFO] [stdout]   11:     0x616b4e2df1f2 - core[a373ad73a504971]::result::unwrap_failed
[INFO] [stdout]   12:     0x616b4e21d126 - git[e00c62d08cbec896]::log_returns_commits::{closure#0}
[INFO] [stdout]   13:     0x616b4e21e3d3 - <tokio[74b8a94e071a12d3]::runtime::scheduler::current_thread::Context>::enter::<core[a373ad73a504971]::task::poll::Poll<()>, <tokio[74b8a94e071a12d3]::runtime::scheduler::current_thread::CoreGuard>::block_on<core[a373ad73a504971]::pin::Pin<&mut core[a373ad73a504971]::pin::Pin<&mut dyn core[a373ad73a504971]::future::future::Future<Output = ()>>>>::{closure#0}::{closure#0}>
[INFO] [stdout]   14:     0x616b4e21f2cc - <tokio[74b8a94e071a12d3]::runtime::context::scoped::Scoped<tokio[74b8a94e071a12d3]::runtime::scheduler::Context>>::set::<<tokio[74b8a94e071a12d3]::runtime::scheduler::current_thread::CoreGuard>::enter<<tokio[74b8a94e071a12d3]::runtime::scheduler::current_thread::CoreGuard>::block_on<core[a373ad73a504971]::pin::Pin<&mut core[a373ad73a504971]::pin::Pin<&mut dyn core[a373ad73a504971]::future::future::Future<Output = ()>>>>::{closure#0}, core[a373ad73a504971]::option::Option<()>>::{closure#0}, (alloc[2e1b2a31b91974c5]::boxed::Box<tokio[74b8a94e071a12d3]::runtime::scheduler::current_thread::Core>, core[a373ad73a504971]::option::Option<()>)>
[INFO] [stdout]   15:     0x616b4e21e727 - <tokio[74b8a94e071a12d3]::runtime::scheduler::current_thread::CoreGuard>::block_on::<core[a373ad73a504971]::pin::Pin<&mut core[a373ad73a504971]::pin::Pin<&mut dyn core[a373ad73a504971]::future::future::Future<Output = ()>>>>
[INFO] [stdout]   16:     0x616b4e21c7f0 - tokio[74b8a94e071a12d3]::runtime::context::runtime::enter_runtime::<<tokio[74b8a94e071a12d3]::runtime::scheduler::current_thread::CurrentThread>::block_on<core[a373ad73a504971]::pin::Pin<&mut dyn core[a373ad73a504971]::future::future::Future<Output = ()>>>::{closure#0}, ()>
[INFO] [stdout]   17:     0x616b4e21b33a - <tokio[74b8a94e071a12d3]::runtime::runtime::Runtime>::block_on::<core[a373ad73a504971]::pin::Pin<&mut dyn core[a373ad73a504971]::future::future::Future<Output = ()>>>
[INFO] [stdout]   18:     0x616b4e21df8e - <git[e00c62d08cbec896]::log_returns_commits::{closure#0} as core[a373ad73a504971]::ops::function::FnOnce<()>>::call_once
[INFO] [stdout]   19:     0x616b4e2203cb - test[aada8e7e76ba119b]::__rust_begin_short_backtrace::<core[a373ad73a504971]::result::Result<(), alloc[2e1b2a31b91974c5]::string::String>, fn() -> core[a373ad73a504971]::result::Result<(), alloc[2e1b2a31b91974c5]::string::String>>
[INFO] [stdout]   20:     0x616b4e22d5a5 - test[aada8e7e76ba119b]::run_test::{closure#0}
[INFO] [stdout]   21:     0x616b4e226e94 - std[617be2ca0a6fd877]::sys::backtrace::__rust_begin_short_backtrace::<test[aada8e7e76ba119b]::run_test::{closure#1}, ()>
[INFO] [stdout]   22:     0x616b4e230632 - <std[617be2ca0a6fd877]::thread::lifecycle::spawn_unchecked<test[aada8e7e76ba119b]::run_test::{closure#1}, ()>::{closure#1} as core[a373ad73a504971]::ops::function::FnOnce<()>>::call_once::{shim:vtable#0}
[INFO] [stdout]   23:     0x616b4e2c955f - <std[617be2ca0a6fd877]::sys::thread::unix::Thread>::new::thread_start
[INFO] [stdout]   24:     0x7fec3007fdfa - <unknown>
[INFO] [stdout]   25:     0x7fec301133d4 - clone
[INFO] [stdout]   26:                0x0 - <unknown>
[INFO] [stdout] 
[INFO] [stdout] ---- status_returns_clean_field stdout ----
[INFO] [stdout] 
[INFO] [stdout] thread 'status_returns_clean_field' (3417) panicked at tests/git.rs:23:43:
[INFO] [stdout] called `Result::unwrap()` on an `Err` value: StepFailed { step: "git", source_msg: "exit exit status: 128: fatal: not a git repository (or any parent up to mount point /opt/rustwide)\nStopping at filesystem boundary (GIT_DISCOVERY_ACROSS_FILESYSTEM not set).\n" }
[INFO] [stdout] stack backtrace:
[INFO] [stdout]    0:     0x616b4e2c9d11 - <<std[617be2ca0a6fd877]::sys::backtrace::BacktraceLock>::print::DisplayBacktrace as core[a373ad73a504971]::fmt::Display>::fmt
[INFO] [stdout]    1:     0x616b4e2decba - core[a373ad73a504971]::fmt::write
[INFO] [stdout]    2:     0x616b4e2ce2ac - <alloc[2e1b2a31b91974c5]::vec::Vec<u8> as core[a373ad73a504971]::io::write::Write>::write_fmt
[INFO] [stdout]    3:     0x616b4e2a59b6 - std[617be2ca0a6fd877]::panicking::default_hook::{closure#0}
[INFO] [stdout]    4:     0x616b4e2c21e9 - std[617be2ca0a6fd877]::panicking::default_hook
[INFO] [stdout]    5:     0x616b4e22cf80 - test[aada8e7e76ba119b]::test_main_inner::{closure#0}
[INFO] [stdout]    6:     0x616b4e2c2512 - std[617be2ca0a6fd877]::panicking::panic_with_hook
[INFO] [stdout]    7:     0x616b4e2a5a62 - std[617be2ca0a6fd877]::panicking::panic_handler::{closure#0}
[INFO] [stdout]    8:     0x616b4e29e779 - std[617be2ca0a6fd877]::sys::backtrace::__rust_end_short_backtrace::<std[617be2ca0a6fd877]::panicking::panic_handler::{closure#0}, !>
[INFO] [stdout]    9:     0x616b4e2a666d - __rustc[ea4f61d10b84890b]::rust_begin_unwind
[INFO] [stdout]   10:     0x616b4e2df41c - core[a373ad73a504971]::panicking::panic_fmt
[INFO] [stdout]   11:     0x616b4e2df1f2 - core[a373ad73a504971]::result::unwrap_failed
[INFO] [stdout]   12:     0x616b4e21d8b2 - git[e00c62d08cbec896]::status_returns_clean_field::{closure#0}
[INFO] [stdout]   13:     0x616b4e21e3d3 - <tokio[74b8a94e071a12d3]::runtime::scheduler::current_thread::Context>::enter::<core[a373ad73a504971]::task::poll::Poll<()>, <tokio[74b8a94e071a12d3]::runtime::scheduler::current_thread::CoreGuard>::block_on<core[a373ad73a504971]::pin::Pin<&mut core[a373ad73a504971]::pin::Pin<&mut dyn core[a373ad73a504971]::future::future::Future<Output = ()>>>>::{closure#0}::{closure#0}>
[INFO] [stdout]   14:     0x616b4e21f2cc - <tokio[74b8a94e071a12d3]::runtime::context::scoped::Scoped<tokio[74b8a94e071a12d3]::runtime::scheduler::Context>>::set::<<tokio[74b8a94e071a12d3]::runtime::scheduler::current_thread::CoreGuard>::enter<<tokio[74b8a94e071a12d3]::runtime::scheduler::current_thread::CoreGuard>::block_on<core[a373ad73a504971]::pin::Pin<&mut core[a373ad73a504971]::pin::Pin<&mut dyn core[a373ad73a504971]::future::future::Future<Output = ()>>>>::{closure#0}, core[a373ad73a504971]::option::Option<()>>::{closure#0}, (alloc[2e1b2a31b91974c5]::boxed::Box<tokio[74b8a94e071a12d3]::runtime::scheduler::current_thread::Core>, core[a373ad73a504971]::option::Option<()>)>
[INFO] [stdout]   15:     0x616b4e21e727 - <tokio[74b8a94e071a12d3]::runtime::scheduler::current_thread::CoreGuard>::block_on::<core[a373ad73a504971]::pin::Pin<&mut core[a373ad73a504971]::pin::Pin<&mut dyn core[a373ad73a504971]::future::future::Future<Output = ()>>>>
[INFO] [stdout]   16:     0x616b4e21c7f0 - tokio[74b8a94e071a12d3]::runtime::context::runtime::enter_runtime::<<tokio[74b8a94e071a12d3]::runtime::scheduler::current_thread::CurrentThread>::block_on<core[a373ad73a504971]::pin::Pin<&mut dyn core[a373ad73a504971]::future::future::Future<Output = ()>>>::{closure#0}, ()>
[INFO] [stdout]   17:     0x616b4e21b33a - <tokio[74b8a94e071a12d3]::runtime::runtime::Runtime>::block_on::<core[a373ad73a504971]::pin::Pin<&mut dyn core[a373ad73a504971]::future::future::Future<Output = ()>>>
[INFO] [stdout]   18:     0x616b4e21e24e - <git[e00c62d08cbec896]::status_returns_clean_field::{closure#0} as core[a373ad73a504971]::ops::function::FnOnce<()>>::call_once
[INFO] [stdout]   19:     0x616b4e2203cb - test[aada8e7e76ba119b]::__rust_begin_short_backtrace::<core[a373ad73a504971]::result::Result<(), alloc[2e1b2a31b91974c5]::string::String>, fn() -> core[a373ad73a504971]::result::Result<(), alloc[2e1b2a31b91974c5]::string::String>>
[INFO] [stdout]   20:     0x616b4e22d5a5 - test[aada8e7e76ba119b]::run_test::{closure#0}
[INFO] [stdout]   21:     0x616b4e226e94 - std[617be2ca0a6fd877]::sys::backtrace::__rust_begin_short_backtrace::<test[aada8e7e76ba119b]::run_test::{closure#1}, ()>
[INFO] [stdout]   22:     0x616b4e230632 - <std[617be2ca0a6fd877]::thread::lifecycle::spawn_unchecked<test[aada8e7e76ba119b]::run_test::{closure#1}, ()>::{closure#1} as core[a373ad73a504971]::ops::function::FnOnce<()>>::call_once::{shim:vtable#0}
[INFO] [stdout]   23:     0x616b4e2c955f - <std[617be2ca0a6fd877]::sys::thread::unix::Thread>::new::thread_start
[INFO] [stdout]   24:     0x7fec3007fdfa - <unknown>
[INFO] [stdout]   25:     0x7fec301133d4 - clone
[INFO] [stdout]   26:                0x0 - <unknown>
[INFO] [stdout] 
[INFO] [stdout] ---- staged_files_returns_array stdout ----
[INFO] [stdout] 
[INFO] [stdout] thread 'staged_files_returns_array' (3416) panicked at tests/git.rs:15:43:
[INFO] [stdout] called `Result::unwrap()` on an `Err` value: StepFailed { step: "git", source_msg: "exit exit status: 129: error: unknown option `cached'\nusage: git diff --no-index [<options>] <path> <path> [<pathspec>...]\n\nDiff output format options\n    -p, --patch           generate patch\n    -s, --no-patch        suppress diff output\n    -u                    generate patch\n    -U, --unified[=<n>]   generate diffs with <n> lines context\n    -W, --[no-]function-context\n                          generate diffs with <n> lines context\n    --raw                 generate the diff in raw format\n    --patch-with-raw      synonym for '-p --raw'\n    --patch-with-stat     synonym for '-p --stat'\n    --numstat             machine friendly --stat\n    --shortstat           output only the last line of --stat\n    -X, --dirstat[=<param1>,<param2>...]\n                          output the distribution of relative amount of changes for each sub-directory\n    --cumulative          synonym for --dirstat=cumulative\n    --dirstat-by-file[=<param1>,<param2>...]\n                          synonym for --dirstat=files,<param1>,<param2>...\n    --check               warn if changes introduce conflict markers or whitespace errors\n    --summary             condensed summary such as creations, renames and mode changes\n    --name-only           show only names of changed files\n    --name-status         show only names and status of changed files\n    --stat[=<width>[,<name-width>[,<count>]]]\n                          generate diffstat\n    --stat-width <width>  generate diffstat with a given width\n    --stat-name-width <width>\n                          generate diffstat with a given name width\n    --stat-graph-width <width>\n                          generate diffstat with a given graph width\n    --stat-count <count>  generate diffstat with limited lines\n    --[no-]compact-summary\n                          generate compact summary in diffstat\n    --binary              output a binary diff that can be applied\n    --[no-]full-index     show full pre- and post-image object names on the \"index\" lines\n    --[no-]color[=<when>] show colored diff\n    --ws-error-highlight <kind>\n                          highlight whitespace errors in the 'context', 'old' or 'new' lines in the diff\n    -z                    do not munge pathnames and use NULs as output field terminators in --raw or --numstat\n    --[no-]abbrev[=<n>]   use <n> digits to display object names\n    --src-prefix <prefix> show the given source prefix instead of \"a/\"\n    --dst-prefix <prefix> show the given destination prefix instead of \"b/\"\n    --line-prefix <prefix>\n                          prepend an additional prefix to every line of output\n    --no-prefix           do not show any source or destination prefix\n    --default-prefix      use default prefixes a/ and b/\n    --inter-hunk-context <n>\n                          show context between diff hunks up to the specified number of lines\n    --output-indicator-new <char>\n                          specify the character to indicate a new line instead of '+'\n    --output-indicator-old <char>\n                          specify the character to indicate an old line instead of '-'\n    --output-indicator-context <char>\n                          specify the character to indicate a context instead of ' '\n\nDiff rename options\n    -B, --break-rewrites[=<n>[/<m>]]\n                          break complete rewrite changes into pairs of delete and create\n    -M, --find-renames[=<n>]\n                          detect renames\n    -D, --irreversible-delete\n                          omit the preimage for deletes\n    -C, --find-copies[=<n>]\n                          detect copies\n    --[no-]find-copies-harder\n                          use unmodified files as source to find copies\n    --no-renames          disable rename detection\n    --[no-]rename-empty   use empty blobs as rename source\n    --[no-]follow         continue listing the history of a file beyond renames\n    -l <n>                prevent rename/copy detection if the number of rename/copy targets exceeds given limit\n\nDiff algorithm options\n    --minimal             produce the smallest possible diff\n    -w, --ignore-all-space\n                          ignore whitespace when comparing lines\n    -b, --ignore-space-change\n                          ignore changes in amount of whitespace\n    --ignore-space-at-eol ignore changes in whitespace at EOL\n    --ignore-cr-at-eol    ignore carrier-return at the end of line\n    --ignore-blank-lines  ignore changes whose lines are all blank\n    -I, --[no-]ignore-matching-lines <regex>\n                          ignore changes whose all lines match <regex>\n    --[no-]indent-heuristic\n                          heuristic to shift diff hunk boundaries for easy reading\n    --patience            generate diff using the \"patience diff\" algorithm\n    --histogram           generate diff using the \"histogram diff\" algorithm\n    --diff-algorithm <algorithm>\n                          choose a diff algorithm\n    --anchored <text>     generate diff using the \"anchored diff\" algorithm\n    --word-diff[=<mode>]  show word diff, using <mode> to delimit changed words\n    --word-diff-regex <regex>\n                          use <regex> to decide what a word is\n    --color-words[=<regex>]\n                          equivalent to --word-diff=color --word-diff-regex=<regex>\n    --[no-]color-moved[=<mode>]\n                          moved lines of code are colored differently\n    --[no-]color-moved-ws <mode>\n                          how white spaces are ignored in --color-moved\n\nOther diff options\n    --[no-]relative[=<prefix>]\n                          when run from subdir, exclude changes outside and show relative paths\n    -a, --[no-]text       treat all files as text\n    -R                    swap two inputs, reverse the diff\n    --[no-]exit-code      exit with 1 if there were differences, 0 otherwise\n    --[no-]quiet          disable all output of the program\n    --[no-]ext-diff       allow an external diff helper to be executed\n    --[no-]textconv       run external text conversion filters when comparing binary files\n    --ignore-submodules[=<when>]\n                          ignore changes to submodules in the diff generation\n    --submodule[=<format>]\n                          specify how differences in submodules are shown\n    --ita-invisible-in-index\n                          hide 'git add -N' entries from the index\n    --ita-visible-in-index\n                          treat 'git add -N' entries as real in the index\n    -S <string>           look for differences that change the number of occurrences of the specified string\n    -G <regex>            look for differences that change the number of occurrences of the specified regex\n    --pickaxe-all         show all changes in the changeset with -S or -G\n    --pickaxe-regex       treat <string> in -S as extended POSIX regular expression\n    -O <file>             control the order in which files appear in the output\n    --rotate-to <path>    show the change in the specified path first\n    --skip-to <path>      skip the output to the specified path\n    --find-object <object-id>\n                          look for differences that change the number of occurrences of the specified object\n    --diff-filter [(A|C|D|M|R|T|U|X|B)...[*]]\n                          select files by diff type\n    --max-depth <depth>   maximum tree depth to recurse\n    --output <file>       output to a specific file\n\n" }
[INFO] [stdout] stack backtrace:
[INFO] [stdout]    0:     0x616b4e2c9d11 - <<std[617be2ca0a6fd877]::sys::backtrace::BacktraceLock>::print::DisplayBacktrace as core[a373ad73a504971]::fmt::Display>::fmt
[INFO] [stdout]    1:     0x616b4e2decba - core[a373ad73a504971]::fmt::write
[INFO] [stdout]    2:     0x616b4e2ce2ac - <alloc[2e1b2a31b91974c5]::vec::Vec<u8> as core[a373ad73a504971]::io::write::Write>::write_fmt
[INFO] [stdout]    3:     0x616b4e2a59b6 - std[617be2ca0a6fd877]::panicking::default_hook::{closure#0}
[INFO] [stdout]    4:     0x616b4e2c21e9 - std[617be2ca0a6fd877]::panicking::default_hook
[INFO] [stdout]    5:     0x616b4e22cf80 - test[aada8e7e76ba119b]::test_main_inner::{closure#0}
[INFO] [stdout]    6:     0x616b4e2c2512 - std[617be2ca0a6fd877]::panicking::panic_with_hook
[INFO] [stdout]    7:     0x616b4e2a5a62 - std[617be2ca0a6fd877]::panicking::panic_handler::{closure#0}
[INFO] [stdout]    8:     0x616b4e29e779 - std[617be2ca0a6fd877]::sys::backtrace::__rust_end_short_backtrace::<std[617be2ca0a6fd877]::panicking::panic_handler::{closure#0}, !>
[INFO] [stdout]    9:     0x616b4e2a666d - __rustc[ea4f61d10b84890b]::rust_begin_unwind
[INFO] [stdout]   10:     0x616b4e2df41c - core[a373ad73a504971]::panicking::panic_fmt
[INFO] [stdout]   11:     0x616b4e2df1f2 - core[a373ad73a504971]::result::unwrap_failed
[INFO] [stdout]   12:     0x616b4e21d535 - git[e00c62d08cbec896]::staged_files_returns_array::{closure#0}
[INFO] [stdout]   13:     0x616b4e21e3d3 - <tokio[74b8a94e071a12d3]::runtime::scheduler::current_thread::Context>::enter::<core[a373ad73a504971]::task::poll::Poll<()>, <tokio[74b8a94e071a12d3]::runtime::scheduler::current_thread::CoreGuard>::block_on<core[a373ad73a504971]::pin::Pin<&mut core[a373ad73a504971]::pin::Pin<&mut dyn core[a373ad73a504971]::future::future::Future<Output = ()>>>>::{closure#0}::{closure#0}>
[INFO] [stdout]   14:     0x616b4e21f2cc - <tokio[74b8a94e071a12d3]::runtime::context::scoped::Scoped<tokio[74b8a94e071a12d3]::runtime::scheduler::Context>>::set::<<tokio[74b8a94e071a12d3]::runtime::scheduler::current_thread::CoreGuard>::enter<<tokio[74b8a94e071a12d3]::runtime::scheduler::current_thread::CoreGuard>::block_on<core[a373ad73a504971]::pin::Pin<&mut core[a373ad73a504971]::pin::Pin<&mut dyn core[a373ad73a504971]::future::future::Future<Output = ()>>>>::{closure#0}, core[a373ad73a504971]::option::Option<()>>::{closure#0}, (alloc[2e1b2a31b91974c5]::boxed::Box<tokio[74b8a94e071a12d3]::runtime::scheduler::current_thread::Core>, core[a373ad73a504971]::option::Option<()>)>
[INFO] [stdout]   15:     0x616b4e21e727 - <tokio[74b8a94e071a12d3]::runtime::scheduler::current_thread::CoreGuard>::block_on::<core[a373ad73a504971]::pin::Pin<&mut core[a373ad73a504971]::pin::Pin<&mut dyn core[a373ad73a504971]::future::future::Future<Output = ()>>>>
[INFO] [stdout]   16:     0x616b4e21c7f0 - tokio[74b8a94e071a12d3]::runtime::context::runtime::enter_runtime::<<tokio[74b8a94e071a12d3]::runtime::scheduler::current_thread::CurrentThread>::block_on<core[a373ad73a504971]::pin::Pin<&mut dyn core[a373ad73a504971]::future::future::Future<Output = ()>>>::{closure#0}, ()>
[INFO] [stdout]   17:     0x616b4e21b33a - <tokio[74b8a94e071a12d3]::runtime::runtime::Runtime>::block_on::<core[a373ad73a504971]::pin::Pin<&mut dyn core[a373ad73a504971]::future::future::Future<Output = ()>>>
[INFO] [stdout]   18:     0x616b4e21e0ee - <git[e00c62d08cbec896]::staged_files_returns_array::{closure#0} as core[a373ad73a504971]::ops::function::FnOnce<()>>::call_once
[INFO] [stdout]   19:     0x616b4e2203cb - test[aada8e7e76ba119b]::__rust_begin_short_backtrace::<core[a373ad73a504971]::result::Result<(), alloc[2e1b2a31b91974c5]::string::String>, fn() -> core[a373ad73a504971]::result::Result<(), alloc[2e1b2a31b91974c5]::string::String>>
[INFO] [stdout]   20:     0x616b4e22d5a5 - test[aada8e7e76ba119b]::run_test::{closure#0}
[INFO] [stdout]   21:     0x616b4e226e94 - std[617be2ca0a6fd877]::sys::backtrace::__rust_begin_short_backtrace::<test[aada8e7e76ba119b]::run_test::{closure#1}, ()>
[INFO] [stdout]   22:     0x616b4e230632 - <std[617be2ca0a6fd877]::thread::lifecycle::spawn_unchecked<test[aada8e7e76ba119b]::run_test::{closure#1}, ()>::{closure#1} as core[a373ad73a504971]::ops::function::FnOnce<()>>::call_once::{shim:vtable#0}
[INFO] [stdout]   23:     0x616b4e2c955f - <std[617be2ca0a6fd877]::sys::thread::unix::Thread>::new::thread_start
[INFO] [stdout]   24:     0x7fec3007fdfa - <unknown>
[INFO] [stdout]   25:     0x7fec301133d4 - clone
[INFO] [stdout]   26:                0x0 - <unknown>
[INFO] [stdout] 
[INFO] [stdout] ---- diff_returns_string stdout ----
[INFO] [stdout] 
[INFO] [stdout] thread 'diff_returns_string' (3414) panicked at tests/git.rs:44:43:
[INFO] [stdout] called `Result::unwrap()` on an `Err` value: StepFailed { step: "git", source_msg: "exit exit status: 129: warning: Not a git repository. Use --no-index to compare two paths outside a working tree\nusage: git diff --no-index [<options>] <path> <path> [<pathspec>...]\n\nDiff output format options\n    -p, --patch           generate patch\n    -s, --no-patch        suppress diff output\n    -u                    generate patch\n    -U, --unified[=<n>]   generate diffs with <n> lines context\n    -W, --[no-]function-context\n                          generate diffs with <n> lines context\n    --raw                 generate the diff in raw format\n    --patch-with-raw      synonym for '-p --raw'\n    --patch-with-stat     synonym for '-p --stat'\n    --numstat             machine friendly --stat\n    --shortstat           output only the last line of --stat\n    -X, --dirstat[=<param1>,<param2>...]\n                          output the distribution of relative amount of changes for each sub-directory\n    --cumulative          synonym for --dirstat=cumulative\n    --dirstat-by-file[=<param1>,<param2>...]\n                          synonym for --dirstat=files,<param1>,<param2>...\n    --check               warn if changes introduce conflict markers or whitespace errors\n    --summary             condensed summary such as creations, renames and mode changes\n    --name-only           show only names of changed files\n    --name-status         show only names and status of changed files\n    --stat[=<width>[,<name-width>[,<count>]]]\n                          generate diffstat\n    --stat-width <width>  generate diffstat with a given width\n    --stat-name-width <width>\n                          generate diffstat with a given name width\n    --stat-graph-width <width>\n                          generate diffstat with a given graph width\n    --stat-count <count>  generate diffstat with limited lines\n    --[no-]compact-summary\n                          generate compact summary in diffstat\n    --binary              output a binary diff that can be applied\n    --[no-]full-index     show full pre- and post-image object names on the \"index\" lines\n    --[no-]color[=<when>] show colored diff\n    --ws-error-highlight <kind>\n                          highlight whitespace errors in the 'context', 'old' or 'new' lines in the diff\n    -z                    do not munge pathnames and use NULs as output field terminators in --raw or --numstat\n    --[no-]abbrev[=<n>]   use <n> digits to display object names\n    --src-prefix <prefix> show the given source prefix instead of \"a/\"\n    --dst-prefix <prefix> show the given destination prefix instead of \"b/\"\n    --line-prefix <prefix>\n                          prepend an additional prefix to every line of output\n    --no-prefix           do not show any source or destination prefix\n    --default-prefix      use default prefixes a/ and b/\n    --inter-hunk-context <n>\n                          show context between diff hunks up to the specified number of lines\n    --output-indicator-new <char>\n                          specify the character to indicate a new line instead of '+'\n    --output-indicator-old <char>\n                          specify the character to indicate an old line instead of '-'\n    --output-indicator-context <char>\n                          specify the character to indicate a context instead of ' '\n\nDiff rename options\n    -B, --break-rewrites[=<n>[/<m>]]\n                          break complete rewrite changes into pairs of delete and create\n    -M, --find-renames[=<n>]\n                          detect renames\n    -D, --irreversible-delete\n                          omit the preimage for deletes\n    -C, --find-copies[=<n>]\n                          detect copies\n    --[no-]find-copies-harder\n                          use unmodified files as source to find copies\n    --no-renames          disable rename detection\n    --[no-]rename-empty   use empty blobs as rename source\n    --[no-]follow         continue listing the history of a file beyond renames\n    -l <n>                prevent rename/copy detection if the number of rename/copy targets exceeds given limit\n\nDiff algorithm options\n    --minimal             produce the smallest possible diff\n    -w, --ignore-all-space\n                          ignore whitespace when comparing lines\n    -b, --ignore-space-change\n                          ignore changes in amount of whitespace\n    --ignore-space-at-eol ignore changes in whitespace at EOL\n    --ignore-cr-at-eol    ignore carrier-return at the end of line\n    --ignore-blank-lines  ignore changes whose lines are all blank\n    -I, --[no-]ignore-matching-lines <regex>\n                          ignore changes whose all lines match <regex>\n    --[no-]indent-heuristic\n                          heuristic to shift diff hunk boundaries for easy reading\n    --patience            generate diff using the \"patience diff\" algorithm\n    --histogram           generate diff using the \"histogram diff\" algorithm\n    --diff-algorithm <algorithm>\n                          choose a diff algorithm\n    --anchored <text>     generate diff using the \"anchored diff\" algorithm\n    --word-diff[=<mode>]  show word diff, using <mode> to delimit changed words\n    --word-diff-regex <regex>\n                          use <regex> to decide what a word is\n    --color-words[=<regex>]\n                          equivalent to --word-diff=color --word-diff-regex=<regex>\n    --[no-]color-moved[=<mode>]\n                          moved lines of code are colored differently\n    --[no-]color-moved-ws <mode>\n                          how white spaces are ignored in --color-moved\n\nOther diff options\n    --[no-]relative[=<prefix>]\n                          when run from subdir, exclude changes outside and show relative paths\n    -a, --[no-]text       treat all files as text\n    -R                    swap two inputs, reverse the diff\n    --[no-]exit-code      exit with 1 if there were differences, 0 otherwise\n    --[no-]quiet          disable all output of the program\n    --[no-]ext-diff       allow an external diff helper to be executed\n    --[no-]textconv       run external text conversion filters when comparing binary files\n    --ignore-submodules[=<when>]\n                          ignore changes to submodules in the diff generation\n    --submodule[=<format>]\n                          specify how differences in submodules are shown\n    --ita-invisible-in-index\n                          hide 'git add -N' entries from the index\n    --ita-visible-in-index\n                          treat 'git add -N' entries as real in the index\n    -S <string>           look for differences that change the number of occurrences of the specified string\n    -G <regex>            look for differences that change the number of occurrences of the specified regex\n    --pickaxe-all         show all changes in the changeset with -S or -G\n    --pickaxe-regex       treat <string> in -S as extended POSIX regular expression\n    -O <file>             control the order in which files appear in the output\n    --rotate-to <path>    show the change in the specified path first\n    --skip-to <path>      skip the output to the specified path\n    --find-object <object-id>\n                          look for differences that change the number of occurrences of the specified object\n    --diff-filter [(A|C|D|M|R|T|U|X|B)...[*]]\n                          select files by diff type\n    --max-depth <depth>   maximum tree depth to recurse\n    --output <file>       output to a specific file\n\n" }
[INFO] [stdout] stack backtrace:
[INFO] [stdout]    0:     0x616b4e2c9d11 - <<std[617be2ca0a6fd877]::sys::backtrace::BacktraceLock>::print::DisplayBacktrace as core[a373ad73a504971]::fmt::Display>::fmt
[INFO] [stdout]    1:     0x616b4e2decba - core[a373ad73a504971]::fmt::write
[INFO] [stdout]    2:     0x616b4e2ce2ac - <alloc[2e1b2a31b91974c5]::vec::Vec<u8> as core[a373ad73a504971]::io::write::Write>::write_fmt
[INFO] [stdout]    3:     0x616b4e2a59b6 - std[617be2ca0a6fd877]::panicking::default_hook::{closure#0}
[INFO] [stdout]    4:     0x616b4e2c21e9 - std[617be2ca0a6fd877]::panicking::default_hook
[INFO] [stdout]    5:     0x616b4e22cf80 - test[aada8e7e76ba119b]::test_main_inner::{closure#0}
[INFO] [stdout]    6:     0x616b4e2c2512 - std[617be2ca0a6fd877]::panicking::panic_with_hook
[INFO] [stdout]    7:     0x616b4e2a5a62 - std[617be2ca0a6fd877]::panicking::panic_handler::{closure#0}
[INFO] [stdout]    8:     0x616b4e29e779 - std[617be2ca0a6fd877]::sys::backtrace::__rust_end_short_backtrace::<std[617be2ca0a6fd877]::panicking::panic_handler::{closure#0}, !>
[INFO] [stdout]    9:     0x616b4e2a666d - __rustc[ea4f61d10b84890b]::rust_begin_unwind
[INFO] [stdout]   10:     0x616b4e2df41c - core[a373ad73a504971]::panicking::panic_fmt
[INFO] [stdout]   11:     0x616b4e2df1f2 - core[a373ad73a504971]::result::unwrap_failed
[INFO] [stdout]   12:     0x616b4e21cba5 - git[e00c62d08cbec896]::diff_returns_string::{closure#0}
[INFO] [stdout]   13:     0x616b4e21e3d3 - <tokio[74b8a94e071a12d3]::runtime::scheduler::current_thread::Context>::enter::<core[a373ad73a504971]::task::poll::Poll<()>, <tokio[74b8a94e071a12d3]::runtime::scheduler::current_thread::CoreGuard>::block_on<core[a373ad73a504971]::pin::Pin<&mut core[a373ad73a504971]::pin::Pin<&mut dyn core[a373ad73a504971]::future::future::Future<Output = ()>>>>::{closure#0}::{closure#0}>
[INFO] [stdout]   14:     0x616b4e21f2cc - <tokio[74b8a94e071a12d3]::runtime::context::scoped::Scoped<tokio[74b8a94e071a12d3]::runtime::scheduler::Context>>::set::<<tokio[74b8a94e071a12d3]::runtime::scheduler::current_thread::CoreGuard>::enter<<tokio[74b8a94e071a12d3]::runtime::scheduler::current_thread::CoreGuard>::block_on<core[a373ad73a504971]::pin::Pin<&mut core[a373ad73a504971]::pin::Pin<&mut dyn core[a373ad73a504971]::future::future::Future<Output = ()>>>>::{closure#0}, core[a373ad73a504971]::option::Option<()>>::{closure#0}, (alloc[2e1b2a31b91974c5]::boxed::Box<tokio[74b8a94e071a12d3]::runtime::scheduler::current_thread::Core>, core[a373ad73a504971]::option::Option<()>)>
[INFO] [stdout]   15:     0x616b4e21e727 - <tokio[74b8a94e071a12d3]::runtime::scheduler::current_thread::CoreGuard>::block_on::<core[a373ad73a504971]::pin::Pin<&mut core[a373ad73a504971]::pin::Pin<&mut dyn core[a373ad73a504971]::future::future::Future<Output = ()>>>>
[INFO] [stdout]   16:     0x616b4e21c7f0 - tokio[74b8a94e071a12d3]::runtime::context::runtime::enter_runtime::<<tokio[74b8a94e071a12d3]::runtime::scheduler::current_thread::CurrentThread>::block_on<core[a373ad73a504971]::pin::Pin<&mut dyn core[a373ad73a504971]::future::future::Future<Output = ()>>>::{closure#0}, ()>
[INFO] [stdout]   17:     0x616b4e21b33a - <tokio[74b8a94e071a12d3]::runtime::runtime::Runtime>::block_on::<core[a373ad73a504971]::pin::Pin<&mut dyn core[a373ad73a504971]::future::future::Future<Output = ()>>>
[INFO] [stdout]   18:     0x616b4e21de2e - <git[e00c62d08cbec896]::diff_returns_string::{closure#0} as core[a373ad73a504971]::ops::function::FnOnce<()>>::call_once
[INFO] [stdout]   19:     0x616b4e2203cb - test[aada8e7e76ba119b]::__rust_begin_short_backtrace::<core[a373ad73a504971]::result::Result<(), alloc[2e1b2a31b91974c5]::string::String>, fn() -> core[a373ad73a504971]::result::Result<(), alloc[2e1b2a31b91974c5]::string::String>>
[INFO] [stdout]   20:     0x616b4e22d5a5 - test[aada8e7e76ba119b]::run_test::{closure#0}
[INFO] [stdout]   21:     0x616b4e226e94 - std[617be2ca0a6fd877]::sys::backtrace::__rust_begin_short_backtrace::<test[aada8e7e76ba119b]::run_test::{closure#1}, ()>
[INFO] [stdout]   22:     0x616b4e230632 - <std[617be2ca0a6fd877]::thread::lifecycle::spawn_unchecked<test[aada8e7e76ba119b]::run_test::{closure#1}, ()>::{closure#1} as core[a373ad73a504971]::ops::function::FnOnce<()>>::call_once::{shim:vtable#0}
[INFO] [stdout]   23:     0x616b4e2c955f - <std[617be2ca0a6fd877]::sys::thread::unix::Thread>::new::thread_start
[INFO] [stdout]   24:     0x7fec3007fdfa - <unknown>
[INFO] [stdout]   25:     0x7fec301133d4 - clone
[INFO] [stdout]   26:                0x0 - <unknown>
[INFO] [stdout] 
[INFO] [stdout] 
[INFO] [stdout] failures:
[INFO] [stdout]     diff_returns_string
[INFO] [stdout]     log_returns_commits
[INFO] [stdout]     staged_files_returns_array
[INFO] [stdout]     status_returns_clean_field
[INFO] [stdout] 
[INFO] [stdout] test result: FAILED. 0 passed; 4 failed; 0 ignored; 0 measured; 0 filtered out; finished in 0.01s
[INFO] [stdout] 
[INFO] [stderr] error: test failed, to rerun pass `--test git`
[INFO] running `Command { std: "docker" "inspect" "7c3d13998af1a9e6a17c17c83173d073002193ad39a9aa573014f6d96a8bb1d2", kill_on_drop: false }`
[INFO] running `Command { std: "docker" "rm" "-f" "7c3d13998af1a9e6a17c17c83173d073002193ad39a9aa573014f6d96a8bb1d2", kill_on_drop: false }`
[INFO] [stdout] 7c3d13998af1a9e6a17c17c83173d073002193ad39a9aa573014f6d96a8bb1d2
