[INFO] fetching crate cruxlines 0.3.0...
[INFO] testing cruxlines-0.3.0 against 1.99.0-beta.8+cargoflags=--release for beta-release-1.100-2
[INFO] extracting crate cruxlines 0.3.0 into /workspace/builds/worker-2-tc1/source
[INFO] started tweaking crates.io crate cruxlines 0.3.0
[INFO] removed 0 missing tests
[INFO] finished tweaking crates.io crate cruxlines 0.3.0
[INFO] tweaked toml for crates.io crate cruxlines 0.3.0 written to /workspace/builds/worker-2-tc1/source/Cargo.toml
[INFO] validating manifest of crates.io crate cruxlines 0.3.0 on toolchain 1.99.0-beta.8
[INFO] running `Command { std: CARGO_HOME="/workspace/cargo-home" RUSTUP_HOME="/workspace/rustup-home" "/workspace/cargo-home/bin/cargo" "+1.99.0-beta.8" "metadata" "--manifest-path" "Cargo.toml" "--no-deps", kill_on_drop: false }`
[INFO] crate crates.io crate cruxlines 0.3.0 already has a lockfile, it will not be regenerated
[INFO] running `Command { std: CARGO_HOME="/workspace/cargo-home" RUSTUP_HOME="/workspace/rustup-home" "/workspace/cargo-home/bin/cargo" "+1.99.0-beta.8" "fetch" "--manifest-path" "Cargo.toml", kill_on_drop: false }`
[INFO] [stderr]     Updating crates.io index
[INFO] [stderr]  Downloading crates ...
[INFO] [stderr]   Downloaded itoa v1.0.16
[INFO] [stderr]   Downloaded frecenfile v0.4.1
[INFO] [stderr]   Downloaded lasso v0.7.3
[INFO] [stderr]   Downloaded zmij v0.1.9
[INFO] [stderr]   Downloaded git2 v0.20.3
[INFO] [stderr]   Downloaded sled v0.34.7
[INFO] [stderr]   Downloaded libz-sys v1.1.23
[INFO] [stderr]   Downloaded tree-sitter-kotlin-ng v1.1.0
[INFO] [stderr]   Downloaded libgit2-sys v0.18.3+1.9.2
[INFO] running `Command { std: "docker" "create" "-v" "/var/lib/crater-agent-workspace/builds/worker-2-tc1/source:/opt/rustwide/workdir:ro,Z" "-v" "/var/lib/crater-agent-workspace/builds/worker-2-tc1/target:/opt/rustwide/target:rw,Z" "-v" "/var/lib/crater-agent-workspace/cargo-home:/opt/rustwide/cargo-home:ro,Z" "-v" "/var/lib/crater-agent-workspace/rustup-home:/opt/rustwide/rustup-home:ro,Z" "-m" "1610612736" "--network" "none" "ghcr.io/rust-lang/crates-build-env/linux@sha256:77db811e55d90add9212f6832c23229e3de5f1c1f9905e8cb07319ea15df73ac" "sleep" "infinity", kill_on_drop: false }`
[INFO] [stdout] 742eacb5188ebf8c88a184a8a85bb521f1159b24c781e6814ce88ccce35cbb67
[INFO] running `Command { std: "docker" "start" "742eacb5188ebf8c88a184a8a85bb521f1159b24c781e6814ce88ccce35cbb67", kill_on_drop: false }`
[INFO] running `Command { std: "docker" "inspect" "742eacb5188ebf8c88a184a8a85bb521f1159b24c781e6814ce88ccce35cbb67", kill_on_drop: false }`
[INFO] running `Command { std: "docker" "exec" "-e" "SOURCE_DIR=/opt/rustwide/workdir" "-e" "CARGO_HOME=/opt/rustwide/cargo-home" "-e" "RUSTUP_HOME=/opt/rustwide/rustup-home" "-e" "CARGO_TARGET_DIR=/opt/rustwide/target" "-w" "/opt/rustwide/workdir" "--user" "0:0" "742eacb5188ebf8c88a184a8a85bb521f1159b24c781e6814ce88ccce35cbb67" "/opt/rustwide/cargo-home/bin/cargo" "+1.99.0-beta.8" "metadata" "--no-deps" "--format-version=1", kill_on_drop: false }`
[INFO] running `Command { std: "docker" "inspect" "742eacb5188ebf8c88a184a8a85bb521f1159b24c781e6814ce88ccce35cbb67", kill_on_drop: false }`
[INFO] running `Command { std: "docker" "exec" "-e" "SOURCE_DIR=/opt/rustwide/workdir" "-e" "CARGO_HOME=/opt/rustwide/cargo-home" "-e" "RUSTUP_HOME=/opt/rustwide/rustup-home" "-e" "CARGO_TARGET_DIR=/opt/rustwide/target" "-e" "CARGO_INCREMENTAL=0" "-e" "RUST_BACKTRACE=full" "-e" "RUSTFLAGS=--cap-lints=warn" "-e" "RUSTDOCFLAGS=--cap-lints=warn" "-w" "/opt/rustwide/workdir" "--user" "0:0" "742eacb5188ebf8c88a184a8a85bb521f1159b24c781e6814ce88ccce35cbb67" "/opt/rustwide/cargo-home/bin/cargo" "+1.99.0-beta.8" "build" "--frozen" "--message-format=json" "--release", kill_on_drop: false }`
[INFO] [stderr]    Compiling libc v0.2.178
[INFO] [stderr]    Compiling shlex v1.3.0
[INFO] [stderr]    Compiling find-msvc-tools v0.1.6
[INFO] [stderr]    Compiling proc-macro2 v1.0.103
[INFO] [stderr]    Compiling unicode-ident v1.0.22
[INFO] [stderr]    Compiling quote v1.0.42
[INFO] [stderr]    Compiling tree-sitter-language v0.1.6
[INFO] [stderr]    Compiling stable_deref_trait v1.2.1
[INFO] [stderr]    Compiling version_check v0.9.5
[INFO] [stderr]    Compiling crossbeam-utils v0.8.21
[INFO] [stderr]    Compiling cfg-if v1.0.4
[INFO] [stderr]    Compiling smallvec v1.15.1
[INFO] [stderr]    Compiling litemap v0.8.1
[INFO] [stderr]    Compiling writeable v0.6.2
[INFO] [stderr]    Compiling serde_core v1.0.228
[INFO] [stderr]    Compiling typenum v1.19.0
[INFO] [stderr]    Compiling pkg-config v0.3.32
[INFO] [stderr]    Compiling icu_normalizer_data v2.1.1
[INFO] [stderr]    Compiling icu_properties_data v2.1.2
[INFO] [stderr]    Compiling generic-array v0.14.7
[INFO] [stderr]    Compiling memchr v2.7.6
[INFO] [stderr]    Compiling rayon-core v1.13.0
[INFO] [stderr]    Compiling serde v1.0.228
[INFO] [stderr]    Compiling vcpkg v0.2.15
[INFO] [stderr]    Compiling crossbeam-epoch v0.9.18
[INFO] [stderr]    Compiling syn v2.0.111
[INFO] [stderr]    Compiling crossbeam-deque v0.8.6
[INFO] [stderr]    Compiling jobserver v0.1.34
[INFO] [stderr]    Compiling zerocopy v0.8.33
[INFO] [stderr]    Compiling scopeguard v1.2.0
[INFO] [stderr]    Compiling cc v1.2.51
[INFO] [stderr]    Compiling lock_api v0.4.14
[INFO] [stderr]    Compiling aho-corasick v1.1.4
[INFO] [stderr]    Compiling ahash v0.8.12
[INFO] [stderr]    Compiling log v0.4.29
[INFO] [stderr]    Compiling equivalent v1.0.2
[INFO] [stderr]    Compiling serde_json v1.0.147
[INFO] [stderr]    Compiling regex-syntax v0.8.8
[INFO] [stderr]    Compiling either v1.15.0
[INFO] [stderr]    Compiling autocfg v1.5.0
[INFO] [stderr]    Compiling parking_lot_core v0.8.6
[INFO] [stderr]    Compiling hashbrown v0.16.1
[INFO] [stderr]    Compiling utf8parse v0.2.2
[INFO] [stderr]    Compiling anstyle-parse v0.2.7
[INFO] [stderr]    Compiling num-traits v0.2.19
[INFO] [stderr]    Compiling rayon v1.11.0
[INFO] [stderr]    Compiling libz-sys v1.1.23
[INFO] [stderr]    Compiling libgit2-sys v0.18.3+1.9.2
[INFO] [stderr]    Compiling indexmap v2.12.1
[INFO] [stderr]    Compiling regex-automata v0.4.13
[INFO] [stderr]    Compiling instant v0.1.13
[INFO] [stderr]    Compiling itoa v1.0.16
[INFO] [stderr]    Compiling utf8_iter v1.0.4
[INFO] [stderr]    Compiling crc32fast v1.5.0
[INFO] [stderr]    Compiling percent-encoding v2.3.2
[INFO] [stderr]    Compiling colorchoice v1.0.4
[INFO] [stderr]    Compiling anstyle v1.0.13
[INFO] [stderr]    Compiling zmij v0.1.9
[INFO] [stderr]    Compiling once_cell v1.21.3
[INFO] [stderr]    Compiling parking_lot_core v0.9.12
[INFO] [stderr]    Compiling is_terminal_polyfill v1.70.2
[INFO] [stderr]    Compiling anstyle-query v1.1.5
[INFO] [stderr]    Compiling anstream v0.6.21
[INFO] [stderr]    Compiling synstructure v0.13.2
[INFO] [stderr]    Compiling form_urlencoded v1.2.2
[INFO] [stderr]    Compiling block-buffer v0.10.4
[INFO] [stderr]    Compiling crypto-common v0.1.7
[INFO] [stderr]    Compiling strsim v0.11.1
[INFO] [stderr]    Compiling heck v0.5.0
[INFO] [stderr]    Compiling option-ext v0.2.0
[INFO] [stderr]    Compiling allocator-api2 v0.2.21
[INFO] [stderr]    Compiling clap_lex v0.7.6
[INFO] [stderr]    Compiling anyhow v1.0.100
[INFO] [stderr]    Compiling byteorder v1.5.0
[INFO] [stderr]    Compiling hashbrown v0.14.5
[INFO] [stderr]    Compiling clap_builder v4.5.54
[INFO] [stderr]    Compiling fxhash v0.2.1
[INFO] [stderr]    Compiling dirs-sys v0.5.0
[INFO] [stderr]    Compiling digest v0.10.7
[INFO] [stderr]    Compiling parking_lot v0.11.2
[INFO] [stderr]    Compiling zerofrom-derive v0.1.6
[INFO] [stderr]    Compiling yoke-derive v0.8.1
[INFO] [stderr]    Compiling zerovec-derive v0.11.2
[INFO] [stderr]    Compiling displaydoc v0.2.5
[INFO] [stderr]    Compiling serde_derive v1.0.228
[INFO] [stderr]    Compiling tree-sitter v0.25.10
[INFO] [stderr]    Compiling clap_derive v4.5.49
[INFO] [stderr]    Compiling zerofrom v0.1.6
[INFO] [stderr]    Compiling yoke v0.8.1
[INFO] [stderr]    Compiling zerotrie v0.2.3
[INFO] [stderr]    Compiling tree-sitter-typescript v0.23.2
[INFO] [stderr]    Compiling zerovec v0.11.5
[INFO] [stderr]    Compiling tree-sitter-python v0.25.0
[INFO] [stderr]    Compiling tree-sitter-rust v0.24.0
[INFO] [stderr]    Compiling tree-sitter-go v0.25.0
[INFO] [stderr]    Compiling tree-sitter-kotlin-ng v1.1.0
[INFO] [stderr]    Compiling tree-sitter-javascript v0.25.0
[INFO] [stderr]    Compiling tree-sitter-java v0.23.5
[INFO] [stderr]    Compiling fs2 v0.4.3
[INFO] [stderr]    Compiling bstr v1.12.1
[INFO] [stderr]    Compiling tinystr v0.8.2
[INFO] [stderr]    Compiling potential_utf v0.1.4
[INFO] [stderr]    Compiling icu_locale_core v2.1.1
[INFO] [stderr]    Compiling icu_collections v2.1.1
[INFO] [stderr]    Compiling foldhash v0.1.5
[INFO] [stderr]    Compiling cpufeatures v0.2.17
[INFO] [stderr]    Compiling bitflags v2.10.0
[INFO] [stderr]    Compiling virtue v0.0.18
[INFO] [stderr]    Compiling same-file v1.0.6
[INFO] [stderr]    Compiling iana-time-zone v0.1.64
[INFO] [stderr]    Compiling chrono v0.4.42
[INFO] [stderr]    Compiling walkdir v2.5.0
[INFO] [stderr]    Compiling icu_provider v2.1.1
[INFO] [stderr]    Compiling bincode_derive v2.0.1
[INFO] [stderr]    Compiling icu_normalizer v2.1.1
[INFO] [stderr]    Compiling icu_properties v2.1.2
[INFO] [stderr]    Compiling hashbrown v0.15.5
[INFO] [stderr]    Compiling sha2 v0.10.9
[INFO] [stderr]    Compiling clap v4.5.54
[INFO] [stderr]    Compiling globset v0.4.18
[INFO] [stderr]    Compiling bincode v1.3.3
[INFO] [stderr]    Compiling sled v0.34.7
[INFO] [stderr]    Compiling idna_adapter v1.2.1
[INFO] [stderr]    Compiling idna v1.1.0
[INFO] [stderr]    Compiling url v2.5.7
[INFO] [stderr]    Compiling dashmap v6.1.0
[INFO] [stderr]    Compiling regex v1.12.2
[INFO] [stderr]    Compiling directories v6.0.0
[INFO] [stderr]    Compiling unty v0.0.4
[INFO] [stderr]    Compiling rustc-hash v2.1.1
[INFO] [stderr]    Compiling hex v0.4.3
[INFO] [stderr]    Compiling streaming-iterator v0.1.9
[INFO] [stderr]    Compiling fixedbitset v0.5.7
[INFO] [stderr]    Compiling bincode v2.0.1
[INFO] [stderr]    Compiling lasso v0.7.3
[INFO] [stderr]    Compiling petgraph v0.8.3
[INFO] [stderr]    Compiling ignore v0.4.25
[INFO] [stderr]    Compiling git2 v0.20.3
[INFO] [stderr]    Compiling frecenfile v0.4.1
[INFO] [stderr]    Compiling cruxlines v0.3.0 (/opt/rustwide/workdir)
[INFO] [stderr]     Finished `release` profile [optimized] target(s) in 4m 39s
[INFO] running `Command { std: "docker" "inspect" "742eacb5188ebf8c88a184a8a85bb521f1159b24c781e6814ce88ccce35cbb67", kill_on_drop: false }`
[INFO] running `Command { std: "docker" "exec" "-e" "SOURCE_DIR=/opt/rustwide/workdir" "-e" "CARGO_HOME=/opt/rustwide/cargo-home" "-e" "RUSTUP_HOME=/opt/rustwide/rustup-home" "-e" "CARGO_TARGET_DIR=/opt/rustwide/target" "-e" "CARGO_INCREMENTAL=0" "-e" "RUST_BACKTRACE=full" "-e" "RUSTFLAGS=--cap-lints=warn" "-e" "RUSTDOCFLAGS=--cap-lints=warn" "-w" "/opt/rustwide/workdir" "--user" "0:0" "742eacb5188ebf8c88a184a8a85bb521f1159b24c781e6814ce88ccce35cbb67" "/opt/rustwide/cargo-home/bin/cargo" "+1.99.0-beta.8" "test" "--frozen" "--no-run" "--message-format=json" "--release", kill_on_drop: false }`
[INFO] [stderr]    Compiling regex-syntax v0.8.8
[INFO] [stderr]    Compiling predicates-core v1.0.9
[INFO] [stderr]    Compiling float-cmp v0.10.0
[INFO] [stderr]    Compiling difflib v0.4.0
[INFO] [stderr]    Compiling assert_cmd v2.1.2
[INFO] [stderr]    Compiling termtree v0.5.1
[INFO] [stderr]    Compiling normalize-line-endings v0.3.0
[INFO] [stderr]    Compiling wait-timeout v0.2.1
[INFO] [stderr]    Compiling predicates-tree v1.0.12
[INFO] [stderr]    Compiling regex-automata v0.4.13
[INFO] [stderr]    Compiling regex v1.12.2
[INFO] [stderr]    Compiling bstr v1.12.1
[INFO] [stderr]    Compiling globset v0.4.18
[INFO] [stderr]    Compiling tree-sitter v0.25.10
[INFO] [stderr]    Compiling predicates v3.1.3
[INFO] [stderr]    Compiling ignore v0.4.25
[INFO] [stderr]    Compiling cruxlines v0.3.0 (/opt/rustwide/workdir)
[INFO] [stderr]     Finished `release` profile [optimized] target(s) in 3m 38s
[INFO] running `Command { std: "docker" "inspect" "742eacb5188ebf8c88a184a8a85bb521f1159b24c781e6814ce88ccce35cbb67", kill_on_drop: false }`
[INFO] running `Command { std: "docker" "exec" "-e" "SOURCE_DIR=/opt/rustwide/workdir" "-e" "CARGO_HOME=/opt/rustwide/cargo-home" "-e" "RUSTUP_HOME=/opt/rustwide/rustup-home" "-e" "CARGO_TARGET_DIR=/opt/rustwide/target" "-e" "CARGO_INCREMENTAL=0" "-e" "RUST_BACKTRACE=full" "-e" "RUSTFLAGS=--cap-lints=warn" "-e" "RUSTDOCFLAGS=--cap-lints=warn" "-w" "/opt/rustwide/workdir" "--user" "0:0" "742eacb5188ebf8c88a184a8a85bb521f1159b24c781e6814ce88ccce35cbb67" "/opt/rustwide/cargo-home/bin/cargo" "+1.99.0-beta.8" "test" "--frozen" "--release", kill_on_drop: false }`
[INFO] [stderr]     Finished `release` profile [optimized] target(s) in 0.20s
[INFO] [stderr]      Running unittests src/lib.rs (/opt/rustwide/target/release/deps/cruxlines-521376955c4ac17c)
[INFO] [stdout] 
[INFO] [stdout] running 17 tests
[INFO] [stdout] test analysis::tests::groups_edges_without_extension_by_ecosystem ... ok
[INFO] [stdout] test find_references::tests::walk_tree_visits_nodes ... ok
[INFO] [stdout] test graph::tests::builds_file_graph_with_cross_file_edges ... ok
[INFO] [stdout] test languages::tests::recognizes_jsx_extension ... ok
[INFO] [stdout] test languages::tests::recognizes_go_extension ... ok
[INFO] [stdout] test languages::tests::ignores_unknown_extensions ... ok
[INFO] [stdout] test languages::tests::recognizes_kotlin_extension ... ok
[INFO] [stdout] test languages::tests::recognizes_python_extension ... ok
[INFO] [stdout] test languages::tests::recognizes_javascript_extension ... ok
[INFO] [stdout] test languages::tests::recognizes_rust_extension ... ok
[INFO] [stdout] test languages::tests::recognizes_tsx_extension ... ok
[INFO] [stdout] test languages::tests::recognizes_typescript_extension ... ok
[INFO] [stdout] test analysis::tests::scores_are_normalized_by_definition_count ... ok
[INFO] [stdout] test languages::tests::recognizes_kotlin_script_extension ... ok
[INFO] [stdout] test languages::tests::recognizes_java_extension ... ok
[INFO] [stdout] test analysis::tests::file_rank_influences_score ... ok
[INFO] [stdout] test analysis::tests::analyze_paths_produces_rows ... ok
[INFO] [stdout] 
[INFO] [stdout] test result: ok. 17 passed; 0 failed; 0 ignored; 0 measured; 0 filtered out; finished in 0.02s
[INFO] [stdout] 
[INFO] [stderr]      Running unittests src/main.rs (/opt/rustwide/target/release/deps/cruxlines-481f79bf96485f80)
[INFO] [stderr]      Running tests/cli.rs (/opt/rustwide/target/release/deps/cli-b55081cab3e56aab)
[INFO] [stdout] 
[INFO] [stdout] running 0 tests
[INFO] [stdout] 
[INFO] [stdout] test result: ok. 0 passed; 0 failed; 0 ignored; 0 measured; 0 filtered out; finished in 0.00s
[INFO] [stdout] 
[INFO] [stdout] 
[INFO] [stdout] running 18 tests
[INFO] [stdout] test cli_accepts_ecosystem_aliases ... FAILED
[INFO] [stdout] test cli_outputs_non_uniform_pagerank_scores ... FAILED
[INFO] [stdout] test cli_hides_references_without_flag ... FAILED
[INFO] [stdout] test cli_outputs_quickfix_format ... FAILED
[INFO] [stdout] test cli_omits_metadata_by_default ... FAILED
[INFO] [stdout] test cli_includes_definition_line_content ... FAILED
[INFO] [stdout] test cli_outputs_reference_edges_for_python_files ... FAILED
[INFO] [stdout] test cli_filters_by_ecosystem ... FAILED
[INFO] [stdout] test cli_outputs_scores_in_descending_order ... FAILED
[INFO] [stdout] test cli_supports_ecosystem_short_flag ... FAILED
[INFO] [stdout] test cli_shows_metadata_with_flag ... FAILED
[INFO] [stdout] test cli_skips_unknown_extension_inputs ... ok
[INFO] [stdout] test cli_skips_non_utf8_inputs ... ok
[INFO] [stderr] hint: Using 'master' as the name for the initial branch. This default branch name
[INFO] [stdout] Initialized empty Git repository in /tmp/cruxlines-lib-root-1792306471685002852/.git/
[INFO] [stderr] hint: will change to "main" in Git 3.0. To configure the initial branch name
[INFO] [stdout] Initialized empty Git repository in /tmp/cruxlines-relpath-1792306471670639412/.git/
[INFO] [stderr] hint: to use in all of your new repositories, which will suppress this warning,
[INFO] [stdout] Initialized empty Git repository in /tmp/cruxlines-snapshot-1792306471681617812/.git/
[INFO] [stderr] hint: call:
[INFO] [stdout] Initialized empty Git repository in /tmp/cruxlines-frecency-1792306471682307362/.git/
[INFO] [stderr] hint:
[INFO] [stderr] hint: 	git config --global init.defaultBranch <name>
[INFO] [stderr] hint:
[INFO] [stderr] hint: Names commonly chosen instead of 'master' are 'main', 'trunk' and
[INFO] [stderr] hint: 'development'. The just-created branch can be renamed via this command:
[INFO] [stderr] hint:
[INFO] [stderr] hint: 	git branch -m <name>
[INFO] [stderr] hint:
[INFO] [stderr] hint: Disable this message with "git config set advice.defaultBranchName false"
[INFO] [stderr] hint: Using 'master' as the name for the initial branch. This default branch name
[INFO] [stderr] hint: will change to "main" in Git 3.0. To configure the initial branch name
[INFO] [stderr] hint: to use in all of your new repositories, which will suppress this warning,
[INFO] [stderr] hint: call:
[INFO] [stderr] hint:
[INFO] [stderr] hint: 	git config --global init.defaultBranch <name>
[INFO] [stderr] hint:
[INFO] [stderr] hint: Names commonly chosen instead of 'master' are 'main', 'trunk' and
[INFO] [stderr] hint: 'development'. The just-created branch can be renamed via this command:
[INFO] [stderr] hint:
[INFO] [stderr] hint: 	git branch -m <name>
[INFO] [stderr] hint:
[INFO] [stderr] hint: Disable this message with "git config set advice.defaultBranchName false"
[INFO] [stderr] hint: Using 'master' as the name for the initial branch. This default branch name
[INFO] [stderr] hint: will change to "main" in Git 3.0. To configure the initial branch name
[INFO] [stderr] hint: to use in all of your new repositories, which will suppress this warning,
[INFO] [stderr] hint: call:
[INFO] [stderr] hint:
[INFO] [stderr] hint: 	git config --global init.defaultBranch <name>
[INFO] [stderr] hint:
[INFO] [stderr] hint: Names commonly chosen instead of 'master' are 'main', 'trunk' and
[INFO] [stderr] hint: 'development'. The just-created branch can be renamed via this command:
[INFO] [stderr] hint:
[INFO] [stderr] hint: 	git branch -m <name>
[INFO] [stderr] hint:
[INFO] [stderr] hint: Disable this message with "git config set advice.defaultBranchName false"
[INFO] [stderr] hint: Using 'master' as the name for the initial branch. This default branch name
[INFO] [stderr] hint: will change to "main" in Git 3.0. To configure the initial branch name
[INFO] [stderr] hint: to use in all of your new repositories, which will suppress this warning,
[INFO] [stderr] hint: call:
[INFO] [stderr] hint:
[INFO] [stderr] hint: 	git config --global init.defaultBranch <name>
[INFO] [stderr] hint:
[INFO] [stderr] hint: Names commonly chosen instead of 'master' are 'main', 'trunk' and
[INFO] [stderr] hint: 'development'. The just-created branch can be renamed via this command:
[INFO] [stderr] hint:
[INFO] [stderr] hint: 	git branch -m <name>
[INFO] [stderr] hint:
[INFO] [stderr] hint: Disable this message with "git config set advice.defaultBranchName false"
[INFO] [stdout] test cli_skips_gitignored_when_scanning_directory ... ok
[INFO] [stdout] [master (root-commit) 458a476] init
[INFO] [stdout]  2 files changed, 5 insertions(+)
[INFO] [stdout]  create mode 100644 defs.py
[INFO] [stdout]  create mode 100644 main.py
[INFO] [stdout] [master (root-commit) 8491978] initial
[INFO] [stdout]  5 files changed, 122 insertions(+)
[INFO] [stdout]  create mode 100644 defs_a.py
[INFO] [stdout]  create mode 100644 defs_b.py
[INFO] [stdout]  create mode 100644 main.py
[INFO] [stdout]  create mode 100644 use_alpha.py
[INFO] [stdout]  create mode 100644 use_beta.py
[INFO] [stdout] [master (root-commit) bb60900] init
[INFO] [stdout]  1 file changed, 4 insertions(+)
[INFO] [stdout]  create mode 100644 main.py
[INFO] [stdout] [master (root-commit) bb60900] init
[INFO] [stdout]  1 file changed, 4 insertions(+)
[INFO] [stdout]  create mode 100644 main.py
[INFO] [stdout] [master c01996a] touch alpha
[INFO] [stdout]  1 file changed, 2 insertions(+)
[INFO] [stdout] test library_cruxlines_scans_repo_root ... ok
[INFO] [stdout] test cli_outputs_paths_relative_to_repo_root ... ok
[INFO] [stdout] [master b5fee54] touch alpha
[INFO] [stdout]  1 file changed, 1 insertion(+), 1 deletion(-)
[INFO] [stdout] [master 77f76fb] touch alpha
[INFO] [stdout]  1 file changed, 1 insertion(+), 1 deletion(-)
[INFO] [stdout] [master 4d96d86] touch alpha
[INFO] [stdout]  1 file changed, 1 insertion(+), 1 deletion(-)
[INFO] [stdout] [master 7b83cdd] touch alpha
[INFO] [stdout]  1 file changed, 1 insertion(+), 1 deletion(-)
[INFO] [stdout] [master 9659efb] touch alpha
[INFO] [stdout]  1 file changed, 1 insertion(+), 1 deletion(-)
[INFO] [stdout] [master 6a788c9] touch alpha
[INFO] [stdout]  1 file changed, 1 insertion(+), 1 deletion(-)
[INFO] [stdout] [master 84df996] touch alpha
[INFO] [stdout]  1 file changed, 1 insertion(+), 1 deletion(-)
[INFO] [stdout] test cli_uses_definition_snapshot_for_line_text ... ok
[INFO] [stdout] [master 8cf6ad5] touch alpha
[INFO] [stdout]  1 file changed, 1 insertion(+), 1 deletion(-)
[INFO] [stdout] [master 721fd6a] touch alpha
[INFO] [stdout]  1 file changed, 1 insertion(+), 1 deletion(-)
[INFO] [stdout] test cli_uses_repo_root_for_frecency ... ok
[INFO] [stdout] 
[INFO] [stdout] failures:
[INFO] [stderr] error: test failed, to rerun pass `--test cli`
[INFO] [stdout] 
[INFO] [stdout] ---- cli_accepts_ecosystem_aliases stdout ----
[INFO] [stdout] 
[INFO] [stdout] thread 'cli_accepts_ecosystem_aliases' (5295) panicked at /rustc/dfb0accb7f508ae8be965d8629557221c889dd98/library/core/src/ops/function.rs:250:5:
[INFO] [stdout] Unexpected failure.
[INFO] [stdout] code=1
[INFO] [stdout] stderr=```"cruxlines: current dir is not inside a git repository\n"```
[INFO] [stdout] command=`cd "/opt/rustwide/workdir" && "/opt/rustwide/target/release/cruxlines" "--ecosystem" "py"`
[INFO] [stdout] code=1
[INFO] [stdout] stdout=""
[INFO] [stdout] stderr="cruxlines: current dir is not inside a git repository\n"
[INFO] [stdout] 
[INFO] [stdout] stack backtrace:
[INFO] [stdout]    0:     0x637a94983fd6 - <<std[70759c8f55707aa4]::sys::backtrace::BacktraceLock>::print::DisplayBacktrace as core[df12db4294e9bfd3]::fmt::Display>::fmt
[INFO] [stdout]    1:     0x637a9477d97a - core[df12db4294e9bfd3]::fmt::write
[INFO] [stdout]    2:     0x637a9498c45c - <alloc[2182bb758b4b3781]::vec::Vec<u8> as core[df12db4294e9bfd3]::io::write::Write>::write_fmt
[INFO] [stdout]    3:     0x637a9495cb42 - std[70759c8f55707aa4]::panicking::default_hook::{closure#0}
[INFO] [stdout]    4:     0x637a9497a1f1 - std[70759c8f55707aa4]::panicking::default_hook
[INFO] [stdout]    5:     0x637a9497a632 - std[70759c8f55707aa4]::panicking::panic_with_hook
[INFO] [stdout]    6:     0x637a9495cbf2 - std[70759c8f55707aa4]::panicking::panic_handler::{closure#0}
[INFO] [stdout]    7:     0x637a949551d9 - std[70759c8f55707aa4]::sys::backtrace::__rust_end_short_backtrace::<std[70759c8f55707aa4]::panicking::panic_handler::{closure#0}, !>
[INFO] [stdout]    8:     0x637a9495dbed - __rustc[8fa7c3cbc660c2b3]::rust_begin_unwind
[INFO] [stdout]    9:     0x637a9477e09c - core[df12db4294e9bfd3]::panicking::panic_fmt
[INFO] [stdout]   10:     0x637a94764793 - <assert_cmd[ea192366662c1f1a]::assert::AssertError>::panic::<assert_cmd[ea192366662c1f1a]::assert::Assert>
[INFO] [stdout]   11:     0x637a94770ff3 - <cli[6139a7cd916f0ec0]::cli_accepts_ecosystem_aliases::{closure#0} as core[df12db4294e9bfd3]::ops::function::FnOnce<()>>::call_once
[INFO] [stdout]   12:     0x637a9498e3eb - test[9d35eded1c95d3be]::__rust_begin_short_backtrace::<core[df12db4294e9bfd3]::result::Result<(), alloc[2182bb758b4b3781]::string::String>, fn() -> core[df12db4294e9bfd3]::result::Result<(), alloc[2182bb758b4b3781]::string::String>>
[INFO] [stdout]   13:     0x637a9499c541 - test[9d35eded1c95d3be]::run_test::{closure#0}
[INFO] [stdout]   14:     0x637a94995c54 - std[70759c8f55707aa4]::sys::backtrace::__rust_begin_short_backtrace::<test[9d35eded1c95d3be]::run_test::{closure#1}, ()>
[INFO] [stdout]   15:     0x637a949a0362 - <std[70759c8f55707aa4]::thread::lifecycle::spawn_unchecked<test[9d35eded1c95d3be]::run_test::{closure#1}, ()>::{closure#1} as core[df12db4294e9bfd3]::ops::function::FnOnce<()>>::call_once::{shim:vtable#0}
[INFO] [stdout]   16:     0x637a94982d3e - <std[70759c8f55707aa4]::sys::thread::unix::Thread>::new::thread_start
[INFO] [stdout]   17:     0x7bd34bf10dfa - <unknown>
[INFO] [stdout]   18:     0x7bd34bfa43d4 - clone
[INFO] [stdout]   19:                0x0 - <unknown>
[INFO] [stdout] 
[INFO] [stdout] ---- cli_outputs_non_uniform_pagerank_scores stdout ----
[INFO] [stdout] 
[INFO] [stdout] thread 'cli_outputs_non_uniform_pagerank_scores' (5300) panicked at /rustc/dfb0accb7f508ae8be965d8629557221c889dd98/library/core/src/ops/function.rs:250:5:
[INFO] [stdout] Unexpected failure.
[INFO] [stdout] code=1
[INFO] [stdout] stderr=```"cruxlines: current dir is not inside a git repository\n"```
[INFO] [stdout] command=`cd "/opt/rustwide/workdir" && "/opt/rustwide/target/release/cruxlines" "--ecosystem" "python" "--metadata"`
[INFO] [stdout] code=1
[INFO] [stdout] stdout=""
[INFO] [stdout] stderr="cruxlines: current dir is not inside a git repository\n"
[INFO] [stdout] 
[INFO] [stdout] stack backtrace:
[INFO] [stdout]    0:     0x637a94983fd6 - <<std[70759c8f55707aa4]::sys::backtrace::BacktraceLock>::print::DisplayBacktrace as core[df12db4294e9bfd3]::fmt::Display>::fmt
[INFO] [stdout]    1:     0x637a9477d97a - core[df12db4294e9bfd3]::fmt::write
[INFO] [stdout]    2:     0x637a9498c45c - <alloc[2182bb758b4b3781]::vec::Vec<u8> as core[df12db4294e9bfd3]::io::write::Write>::write_fmt
[INFO] [stdout]    3:     0x637a9495cb42 - std[70759c8f55707aa4]::panicking::default_hook::{closure#0}
[INFO] [stdout]    4:     0x637a9497a1f1 - std[70759c8f55707aa4]::panicking::default_hook
[INFO] [stdout]    5:     0x637a9497a632 - std[70759c8f55707aa4]::panicking::panic_with_hook
[INFO] [stdout]    6:     0x637a9495cbf2 - std[70759c8f55707aa4]::panicking::panic_handler::{closure#0}
[INFO] [stdout]    7:     0x637a949551d9 - std[70759c8f55707aa4]::sys::backtrace::__rust_end_short_backtrace::<std[70759c8f55707aa4]::panicking::panic_handler::{closure#0}, !>
[INFO] [stdout]    8:     0x637a9495dbed - __rustc[8fa7c3cbc660c2b3]::rust_begin_unwind
[INFO] [stdout]    9:     0x637a9477e09c - core[df12db4294e9bfd3]::panicking::panic_fmt
[INFO] [stdout]   10:     0x637a94764793 - <assert_cmd[ea192366662c1f1a]::assert::AssertError>::panic::<assert_cmd[ea192366662c1f1a]::assert::Assert>
[INFO] [stdout]   11:     0x637a9476df6d - cli[6139a7cd916f0ec0]::run_cli_output_with_metadata
[INFO] [stdout]   12:     0x637a94774e40 - <cli[6139a7cd916f0ec0]::cli_outputs_non_uniform_pagerank_scores::{closure#0} as core[df12db4294e9bfd3]::ops::function::FnOnce<()>>::call_once
[INFO] [stdout]   13:     0x637a9498e3eb - test[9d35eded1c95d3be]::__rust_begin_short_backtrace::<core[df12db4294e9bfd3]::result::Result<(), alloc[2182bb758b4b3781]::string::String>, fn() -> core[df12db4294e9bfd3]::result::Result<(), alloc[2182bb758b4b3781]::string::String>>
[INFO] [stdout]   14:     0x637a9499c541 - test[9d35eded1c95d3be]::run_test::{closure#0}
[INFO] [stdout]   15:     0x637a94995c54 - std[70759c8f55707aa4]::sys::backtrace::__rust_begin_short_backtrace::<test[9d35eded1c95d3be]::run_test::{closure#1}, ()>
[INFO] [stdout]   16:     0x637a949a0362 - <std[70759c8f55707aa4]::thread::lifecycle::spawn_unchecked<test[9d35eded1c95d3be]::run_test::{closure#1}, ()>::{closure#1} as core[df12db4294e9bfd3]::ops::function::FnOnce<()>>::call_once::{shim:vtable#0}
[INFO] [stdout]   17:     0x637a94982d3e - <std[70759c8f55707aa4]::sys::thread::unix::Thread>::new::thread_start
[INFO] [stdout]   18:     0x7bd34bf10dfa - <unknown>
[INFO] [stdout]   19:     0x7bd34bfa43d4 - clone
[INFO] [stdout]   20:                0x0 - <unknown>
[INFO] [stdout] 
[INFO] [stdout] ---- cli_hides_references_without_flag stdout ----
[INFO] [stdout] 
[INFO] [stdout] thread 'cli_hides_references_without_flag' (5297) panicked at /rustc/dfb0accb7f508ae8be965d8629557221c889dd98/library/core/src/ops/function.rs:250:5:
[INFO] [stdout] Unexpected failure.
[INFO] [stdout] code=1
[INFO] [stdout] stderr=```"cruxlines: current dir is not inside a git repository\n"```
[INFO] [stdout] command=`cd "/opt/rustwide/workdir" && "/opt/rustwide/target/release/cruxlines" "--ecosystem" "python"`
[INFO] [stdout] code=1
[INFO] [stdout] stdout=""
[INFO] [stdout] stderr="cruxlines: current dir is not inside a git repository\n"
[INFO] [stdout] 
[INFO] [stdout] stack backtrace:
[INFO] [stdout]    0:     0x637a94983fd6 - <<std[70759c8f55707aa4]::sys::backtrace::BacktraceLock>::print::DisplayBacktrace as core[df12db4294e9bfd3]::fmt::Display>::fmt
[INFO] [stdout]    1:     0x637a9477d97a - core[df12db4294e9bfd3]::fmt::write
[INFO] [stdout]    2:     0x637a9498c45c - <alloc[2182bb758b4b3781]::vec::Vec<u8> as core[df12db4294e9bfd3]::io::write::Write>::write_fmt
[INFO] [stdout]    3:     0x637a9495cb42 - std[70759c8f55707aa4]::panicking::default_hook::{closure#0}
[INFO] [stdout]    4:     0x637a9497a1f1 - std[70759c8f55707aa4]::panicking::default_hook
[INFO] [stdout]    5:     0x637a9497a632 - std[70759c8f55707aa4]::panicking::panic_with_hook
[INFO] [stdout]    6:     0x637a9495cbf2 - std[70759c8f55707aa4]::panicking::panic_handler::{closure#0}
[INFO] [stdout]    7:     0x637a949551d9 - std[70759c8f55707aa4]::sys::backtrace::__rust_end_short_backtrace::<std[70759c8f55707aa4]::panicking::panic_handler::{closure#0}, !>
[INFO] [stdout]    8:     0x637a9495dbed - __rustc[8fa7c3cbc660c2b3]::rust_begin_unwind
[INFO] [stdout]    9:     0x637a9477e09c - core[df12db4294e9bfd3]::panicking::panic_fmt
[INFO] [stdout]   10:     0x637a94764793 - <assert_cmd[ea192366662c1f1a]::assert::AssertError>::panic::<assert_cmd[ea192366662c1f1a]::assert::Assert>
[INFO] [stdout]   11:     0x637a9476d20d - cli[6139a7cd916f0ec0]::run_cli_output
[INFO] [stdout]   12:     0x637a94772aab - <cli[6139a7cd916f0ec0]::cli_hides_references_without_flag::{closure#0} as core[df12db4294e9bfd3]::ops::function::FnOnce<()>>::call_once
[INFO] [stdout]   13:     0x637a9498e3eb - test[9d35eded1c95d3be]::__rust_begin_short_backtrace::<core[df12db4294e9bfd3]::result::Result<(), alloc[2182bb758b4b3781]::string::String>, fn() -> core[df12db4294e9bfd3]::result::Result<(), alloc[2182bb758b4b3781]::string::String>>
[INFO] [stdout]   14:     0x637a9499c541 - test[9d35eded1c95d3be]::run_test::{closure#0}
[INFO] [stdout]   15:     0x637a94995c54 - std[70759c8f55707aa4]::sys::backtrace::__rust_begin_short_backtrace::<test[9d35eded1c95d3be]::run_test::{closure#1}, ()>
[INFO] [stdout]   16:     0x637a949a0362 - <std[70759c8f55707aa4]::thread::lifecycle::spawn_unchecked<test[9d35eded1c95d3be]::run_test::{closure#1}, ()>::{closure#1} as core[df12db4294e9bfd3]::ops::function::FnOnce<()>>::call_once::{shim:vtable#0}
[INFO] [stdout]   17:     0x637a94982d3e - <std[70759c8f55707aa4]::sys::thread::unix::Thread>::new::thread_start
[INFO] [stdout]   18:     0x7bd34bf10dfa - <unknown>
[INFO] [stdout]   19:     0x7bd34bfa43d4 - clone
[INFO] [stdout]   20:                0x0 - <unknown>
[INFO] [stdout] 
[INFO] [stdout] ---- cli_outputs_quickfix_format stdout ----
[INFO] [stdout] 
[INFO] [stdout] thread 'cli_outputs_quickfix_format' (5303) panicked at /rustc/dfb0accb7f508ae8be965d8629557221c889dd98/library/core/src/ops/function.rs:250:5:
[INFO] [stdout] Unexpected failure.
[INFO] [stdout] code=1
[INFO] [stdout] stderr=```"cruxlines: current dir is not inside a git repository\n"```
[INFO] [stdout] command=`cd "/opt/rustwide/workdir" && "/opt/rustwide/target/release/cruxlines" "--ecosystem" "python"`
[INFO] [stdout] code=1
[INFO] [stdout] stdout=""
[INFO] [stdout] stderr="cruxlines: current dir is not inside a git repository\n"
[INFO] [stdout] 
[INFO] [stdout] stack backtrace:
[INFO] [stdout]    0:     0x637a94983fd6 - <<std[70759c8f55707aa4]::sys::backtrace::BacktraceLock>::print::DisplayBacktrace as core[df12db4294e9bfd3]::fmt::Display>::fmt
[INFO] [stdout]    1:     0x637a9477d97a - core[df12db4294e9bfd3]::fmt::write
[INFO] [stdout]    2:     0x637a9498c45c - <alloc[2182bb758b4b3781]::vec::Vec<u8> as core[df12db4294e9bfd3]::io::write::Write>::write_fmt
[INFO] [stdout]    3:     0x637a9495cb42 - std[70759c8f55707aa4]::panicking::default_hook::{closure#0}
[INFO] [stdout]    4:     0x637a9497a1f1 - std[70759c8f55707aa4]::panicking::default_hook
[INFO] [stdout]    5:     0x637a9497a632 - std[70759c8f55707aa4]::panicking::panic_with_hook
[INFO] [stdout]    6:     0x637a9495cbf2 - std[70759c8f55707aa4]::panicking::panic_handler::{closure#0}
[INFO] [stdout]    7:     0x637a949551d9 - std[70759c8f55707aa4]::sys::backtrace::__rust_end_short_backtrace::<std[70759c8f55707aa4]::panicking::panic_handler::{closure#0}, !>
[INFO] [stdout]    8:     0x637a9495dbed - __rustc[8fa7c3cbc660c2b3]::rust_begin_unwind
[INFO] [stdout]    9:     0x637a9477e09c - core[df12db4294e9bfd3]::panicking::panic_fmt
[INFO] [stdout]   10:     0x637a94764793 - <assert_cmd[ea192366662c1f1a]::assert::AssertError>::panic::<assert_cmd[ea192366662c1f1a]::assert::Assert>
[INFO] [stdout]   11:     0x637a9476d20d - cli[6139a7cd916f0ec0]::run_cli_output
[INFO] [stdout]   12:     0x637a94770201 - <cli[6139a7cd916f0ec0]::cli_outputs_quickfix_format::{closure#0} as core[df12db4294e9bfd3]::ops::function::FnOnce<()>>::call_once
[INFO] [stdout]   13:     0x637a9498e3eb - test[9d35eded1c95d3be]::__rust_begin_short_backtrace::<core[df12db4294e9bfd3]::result::Result<(), alloc[2182bb758b4b3781]::string::String>, fn() -> core[df12db4294e9bfd3]::result::Result<(), alloc[2182bb758b4b3781]::string::String>>
[INFO] [stdout]   14:     0x637a9499c541 - test[9d35eded1c95d3be]::run_test::{closure#0}
[INFO] [stdout]   15:     0x637a94995c54 - std[70759c8f55707aa4]::sys::backtrace::__rust_begin_short_backtrace::<test[9d35eded1c95d3be]::run_test::{closure#1}, ()>
[INFO] [stdout]   16:     0x637a949a0362 - <std[70759c8f55707aa4]::thread::lifecycle::spawn_unchecked<test[9d35eded1c95d3be]::run_test::{closure#1}, ()>::{closure#1} as core[df12db4294e9bfd3]::ops::function::FnOnce<()>>::call_once::{shim:vtable#0}
[INFO] [stdout]   17:     0x637a94982d3e - <std[70759c8f55707aa4]::sys::thread::unix::Thread>::new::thread_start
[INFO] [stdout]   18:     0x7bd34bf10dfa - <unknown>
[INFO] [stdout]   19:     0x7bd34bfa43d4 - clone
[INFO] [stdout]   20:                0x0 - <unknown>
[INFO] [stdout] 
[INFO] [stdout] ---- cli_omits_metadata_by_default stdout ----
[INFO] [stdout] 
[INFO] [stdout] thread 'cli_omits_metadata_by_default' (5299) panicked at /rustc/dfb0accb7f508ae8be965d8629557221c889dd98/library/core/src/ops/function.rs:250:5:
[INFO] [stdout] Unexpected failure.
[INFO] [stdout] code=1
[INFO] [stdout] stderr=```"cruxlines: current dir is not inside a git repository\n"```
[INFO] [stdout] command=`cd "/opt/rustwide/workdir" && "/opt/rustwide/target/release/cruxlines" "--ecosystem" "python"`
[INFO] [stdout] code=1
[INFO] [stdout] stdout=""
[INFO] [stdout] stderr="cruxlines: current dir is not inside a git repository\n"
[INFO] [stdout] 
[INFO] [stdout] stack backtrace:
[INFO] [stdout]    0:     0x637a94983fd6 - <<std[70759c8f55707aa4]::sys::backtrace::BacktraceLock>::print::DisplayBacktrace as core[df12db4294e9bfd3]::fmt::Display>::fmt
[INFO] [stdout]    1:     0x637a9477d97a - core[df12db4294e9bfd3]::fmt::write
[INFO] [stdout]    2:     0x637a9498c45c - <alloc[2182bb758b4b3781]::vec::Vec<u8> as core[df12db4294e9bfd3]::io::write::Write>::write_fmt
[INFO] [stdout]    3:     0x637a9495cb42 - std[70759c8f55707aa4]::panicking::default_hook::{closure#0}
[INFO] [stdout]    4:     0x637a9497a1f1 - std[70759c8f55707aa4]::panicking::default_hook
[INFO] [stdout]    5:     0x637a9497a632 - std[70759c8f55707aa4]::panicking::panic_with_hook
[INFO] [stdout]    6:     0x637a9495cbf2 - std[70759c8f55707aa4]::panicking::panic_handler::{closure#0}
[INFO] [stdout]    7:     0x637a949551d9 - std[70759c8f55707aa4]::sys::backtrace::__rust_end_short_backtrace::<std[70759c8f55707aa4]::panicking::panic_handler::{closure#0}, !>
[INFO] [stdout]    8:     0x637a9495dbed - __rustc[8fa7c3cbc660c2b3]::rust_begin_unwind
[INFO] [stdout]    9:     0x637a9477e09c - core[df12db4294e9bfd3]::panicking::panic_fmt
[INFO] [stdout]   10:     0x637a94764793 - <assert_cmd[ea192366662c1f1a]::assert::AssertError>::panic::<assert_cmd[ea192366662c1f1a]::assert::Assert>
[INFO] [stdout]   11:     0x637a9476d20d - cli[6139a7cd916f0ec0]::run_cli_output
[INFO] [stdout]   12:     0x637a9477115b - <cli[6139a7cd916f0ec0]::cli_omits_metadata_by_default::{closure#0} as core[df12db4294e9bfd3]::ops::function::FnOnce<()>>::call_once
[INFO] [stdout]   13:     0x637a9498e3eb - test[9d35eded1c95d3be]::__rust_begin_short_backtrace::<core[df12db4294e9bfd3]::result::Result<(), alloc[2182bb758b4b3781]::string::String>, fn() -> core[df12db4294e9bfd3]::result::Result<(), alloc[2182bb758b4b3781]::string::String>>
[INFO] [stdout]   14:     0x637a9499c541 - test[9d35eded1c95d3be]::run_test::{closure#0}
[INFO] [stdout]   15:     0x637a94995c54 - std[70759c8f55707aa4]::sys::backtrace::__rust_begin_short_backtrace::<test[9d35eded1c95d3be]::run_test::{closure#1}, ()>
[INFO] [stdout]   16:     0x637a949a0362 - <std[70759c8f55707aa4]::thread::lifecycle::spawn_unchecked<test[9d35eded1c95d3be]::run_test::{closure#1}, ()>::{closure#1} as core[df12db4294e9bfd3]::ops::function::FnOnce<()>>::call_once::{shim:vtable#0}
[INFO] [stdout]   17:     0x637a94982d3e - <std[70759c8f55707aa4]::sys::thread::unix::Thread>::new::thread_start
[INFO] [stdout]   18:     0x7bd34bf10dfa - <unknown>
[INFO] [stdout]   19:     0x7bd34bfa43d4 - clone
[INFO] [stdout]   20:                0x0 - <unknown>
[INFO] [stdout] 
[INFO] [stdout] ---- cli_includes_definition_line_content stdout ----
[INFO] [stdout] 
[INFO] [stdout] thread 'cli_includes_definition_line_content' (5298) panicked at /rustc/dfb0accb7f508ae8be965d8629557221c889dd98/library/core/src/ops/function.rs:250:5:
[INFO] [stdout] Unexpected failure.
[INFO] [stdout] code=1
[INFO] [stdout] stderr=```"cruxlines: current dir is not inside a git repository\n"```
[INFO] [stdout] command=`cd "/opt/rustwide/workdir" && "/opt/rustwide/target/release/cruxlines" "--ecosystem" "python"`
[INFO] [stdout] code=1
[INFO] [stdout] stdout=""
[INFO] [stdout] stderr="cruxlines: current dir is not inside a git repository\n"
[INFO] [stdout] 
[INFO] [stdout] stack backtrace:
[INFO] [stdout]    0:     0x637a94983fd6 - <<std[70759c8f55707aa4]::sys::backtrace::BacktraceLock>::print::DisplayBacktrace as core[df12db4294e9bfd3]::fmt::Display>::fmt
[INFO] [stdout]    1:     0x637a9477d97a - core[df12db4294e9bfd3]::fmt::write
[INFO] [stdout]    2:     0x637a9498c45c - <alloc[2182bb758b4b3781]::vec::Vec<u8> as core[df12db4294e9bfd3]::io::write::Write>::write_fmt
[INFO] [stdout]    3:     0x637a9495cb42 - std[70759c8f55707aa4]::panicking::default_hook::{closure#0}
[INFO] [stdout]    4:     0x637a9497a1f1 - std[70759c8f55707aa4]::panicking::default_hook
[INFO] [stdout]    5:     0x637a9497a632 - std[70759c8f55707aa4]::panicking::panic_with_hook
[INFO] [stdout]    6:     0x637a9495cbf2 - std[70759c8f55707aa4]::panicking::panic_handler::{closure#0}
[INFO] [stdout]    7:     0x637a949551d9 - std[70759c8f55707aa4]::sys::backtrace::__rust_end_short_backtrace::<std[70759c8f55707aa4]::panicking::panic_handler::{closure#0}, !>
[INFO] [stdout]    8:     0x637a9495dbed - __rustc[8fa7c3cbc660c2b3]::rust_begin_unwind
[INFO] [stdout]    9:     0x637a9477e09c - core[df12db4294e9bfd3]::panicking::panic_fmt
[INFO] [stdout]   10:     0x637a94764793 - <assert_cmd[ea192366662c1f1a]::assert::AssertError>::panic::<assert_cmd[ea192366662c1f1a]::assert::Assert>
[INFO] [stdout]   11:     0x637a9476d20d - cli[6139a7cd916f0ec0]::run_cli_output
[INFO] [stdout]   12:     0x637a94774809 - <cli[6139a7cd916f0ec0]::cli_includes_definition_line_content::{closure#0} as core[df12db4294e9bfd3]::ops::function::FnOnce<()>>::call_once
[INFO] [stdout]   13:     0x637a9498e3eb - test[9d35eded1c95d3be]::__rust_begin_short_backtrace::<core[df12db4294e9bfd3]::result::Result<(), alloc[2182bb758b4b3781]::string::String>, fn() -> core[df12db4294e9bfd3]::result::Result<(), alloc[2182bb758b4b3781]::string::String>>
[INFO] [stdout]   14:     0x637a9499c541 - test[9d35eded1c95d3be]::run_test::{closure#0}
[INFO] [stdout]   15:     0x637a94995c54 - std[70759c8f55707aa4]::sys::backtrace::__rust_begin_short_backtrace::<test[9d35eded1c95d3be]::run_test::{closure#1}, ()>
[INFO] [stdout]   16:     0x637a949a0362 - <std[70759c8f55707aa4]::thread::lifecycle::spawn_unchecked<test[9d35eded1c95d3be]::run_test::{closure#1}, ()>::{closure#1} as core[df12db4294e9bfd3]::ops::function::FnOnce<()>>::call_once::{shim:vtable#0}
[INFO] [stdout]   17:     0x637a94982d3e - <std[70759c8f55707aa4]::sys::thread::unix::Thread>::new::thread_start
[INFO] [stdout]   18:     0x7bd34bf10dfa - <unknown>
[INFO] [stdout]   19:     0x7bd34bfa43d4 - clone
[INFO] [stdout]   20:                0x0 - <unknown>
[INFO] [stdout] 
[INFO] [stdout] ---- cli_outputs_reference_edges_for_python_files stdout ----
[INFO] [stdout] 
[INFO] [stdout] thread 'cli_outputs_reference_edges_for_python_files' (5317) panicked at /rustc/dfb0accb7f508ae8be965d8629557221c889dd98/library/core/src/ops/function.rs:250:5:
[INFO] [stdout] Unexpected failure.
[INFO] [stdout] code=1
[INFO] [stdout] stderr=```"cruxlines: current dir is not inside a git repository\n"```
[INFO] [stdout] command=`cd "/opt/rustwide/workdir" && "/opt/rustwide/target/release/cruxlines" "--ecosystem" "python" "--metadata"`
[INFO] [stdout] code=1
[INFO] [stdout] stdout=""
[INFO] [stdout] stderr="cruxlines: current dir is not inside a git repository\n"
[INFO] [stdout] 
[INFO] [stdout] stack backtrace:
[INFO] [stdout]    0:     0x637a94983fd6 - <<std[70759c8f55707aa4]::sys::backtrace::BacktraceLock>::print::DisplayBacktrace as core[df12db4294e9bfd3]::fmt::Display>::fmt
[INFO] [stdout]    1:     0x637a9477d97a - core[df12db4294e9bfd3]::fmt::write
[INFO] [stdout]    2:     0x637a9498c45c - <alloc[2182bb758b4b3781]::vec::Vec<u8> as core[df12db4294e9bfd3]::io::write::Write>::write_fmt
[INFO] [stdout]    3:     0x637a9495cb42 - std[70759c8f55707aa4]::panicking::default_hook::{closure#0}
[INFO] [stdout]    4:     0x637a9497a1f1 - std[70759c8f55707aa4]::panicking::default_hook
[INFO] [stdout]    5:     0x637a9497a632 - std[70759c8f55707aa4]::panicking::panic_with_hook
[INFO] [stdout]    6:     0x637a9495cbf2 - std[70759c8f55707aa4]::panicking::panic_handler::{closure#0}
[INFO] [stdout]    7:     0x637a949551d9 - std[70759c8f55707aa4]::sys::backtrace::__rust_end_short_backtrace::<std[70759c8f55707aa4]::panicking::panic_handler::{closure#0}, !>
[INFO] [stdout]    8:     0x637a9495dbed - __rustc[8fa7c3cbc660c2b3]::rust_begin_unwind
[INFO] [stdout]    9:     0x637a9477e09c - core[df12db4294e9bfd3]::panicking::panic_fmt
[INFO] [stdout]   10:     0x637a94764793 - <assert_cmd[ea192366662c1f1a]::assert::AssertError>::panic::<assert_cmd[ea192366662c1f1a]::assert::Assert>
[INFO] [stdout]   11:     0x637a9476df6d - cli[6139a7cd916f0ec0]::run_cli_output_with_metadata
[INFO] [stdout]   12:     0x637a9477693e - <cli[6139a7cd916f0ec0]::cli_outputs_reference_edges_for_python_files::{closure#0} as core[df12db4294e9bfd3]::ops::function::FnOnce<()>>::call_once
[INFO] [stdout]   13:     0x637a9498e3eb - test[9d35eded1c95d3be]::__rust_begin_short_backtrace::<core[df12db4294e9bfd3]::result::Result<(), alloc[2182bb758b4b3781]::string::String>, fn() -> core[df12db4294e9bfd3]::result::Result<(), alloc[2182bb758b4b3781]::string::String>>
[INFO] [stdout]   14:     0x637a9499c541 - test[9d35eded1c95d3be]::run_test::{closure#0}
[INFO] [stdout]   15:     0x637a94995c54 - std[70759c8f55707aa4]::sys::backtrace::__rust_begin_short_backtrace::<test[9d35eded1c95d3be]::run_test::{closure#1}, ()>
[INFO] [stdout]   16:     0x637a949a0362 - <std[70759c8f55707aa4]::thread::lifecycle::spawn_unchecked<test[9d35eded1c95d3be]::run_test::{closure#1}, ()>::{closure#1} as core[df12db4294e9bfd3]::ops::function::FnOnce<()>>::call_once::{shim:vtable#0}
[INFO] [stdout]   17:     0x637a94982d3e - <std[70759c8f55707aa4]::sys::thread::unix::Thread>::new::thread_start
[INFO] [stdout]   18:     0x7bd34bf10dfa - <unknown>
[INFO] [stdout]   19:     0x7bd34bfa43d4 - clone
[INFO] [stdout]   20:                0x0 - <unknown>
[INFO] [stdout] 
[INFO] [stdout] ---- cli_filters_by_ecosystem stdout ----
[INFO] [stdout] 
[INFO] [stdout] thread 'cli_filters_by_ecosystem' (5296) panicked at /rustc/dfb0accb7f508ae8be965d8629557221c889dd98/library/core/src/ops/function.rs:250:5:
[INFO] [stdout] Unexpected failure.
[INFO] [stdout] code=1
[INFO] [stdout] stderr=```"cruxlines: current dir is not inside a git repository\n"```
[INFO] [stdout] command=`cd "/opt/rustwide/workdir" && "/opt/rustwide/target/release/cruxlines" "--ecosystem" "python"`
[INFO] [stdout] code=1
[INFO] [stdout] stdout=""
[INFO] [stdout] stderr="cruxlines: current dir is not inside a git repository\n"
[INFO] [stdout] 
[INFO] [stdout] stack backtrace:
[INFO] [stdout]    0:     0x637a94983fd6 - <<std[70759c8f55707aa4]::sys::backtrace::BacktraceLock>::print::DisplayBacktrace as core[df12db4294e9bfd3]::fmt::Display>::fmt
[INFO] [stdout]    1:     0x637a9477d97a - core[df12db4294e9bfd3]::fmt::write
[INFO] [stdout]    2:     0x637a9498c45c - <alloc[2182bb758b4b3781]::vec::Vec<u8> as core[df12db4294e9bfd3]::io::write::Write>::write_fmt
[INFO] [stdout]    3:     0x637a9495cb42 - std[70759c8f55707aa4]::panicking::default_hook::{closure#0}
[INFO] [stdout]    4:     0x637a9497a1f1 - std[70759c8f55707aa4]::panicking::default_hook
[INFO] [stdout]    5:     0x637a9497a632 - std[70759c8f55707aa4]::panicking::panic_with_hook
[INFO] [stdout]    6:     0x637a9495cbf2 - std[70759c8f55707aa4]::panicking::panic_handler::{closure#0}
[INFO] [stdout]    7:     0x637a949551d9 - std[70759c8f55707aa4]::sys::backtrace::__rust_end_short_backtrace::<std[70759c8f55707aa4]::panicking::panic_handler::{closure#0}, !>
[INFO] [stdout]    8:     0x637a9495dbed - __rustc[8fa7c3cbc660c2b3]::rust_begin_unwind
[INFO] [stdout]    9:     0x637a9477e09c - core[df12db4294e9bfd3]::panicking::panic_fmt
[INFO] [stdout]   10:     0x637a94764793 - <assert_cmd[ea192366662c1f1a]::assert::AssertError>::panic::<assert_cmd[ea192366662c1f1a]::assert::Assert>
[INFO] [stdout]   11:     0x637a9476f613 - <cli[6139a7cd916f0ec0]::cli_filters_by_ecosystem::{closure#0} as core[df12db4294e9bfd3]::ops::function::FnOnce<()>>::call_once
[INFO] [stdout]   12:     0x637a9498e3eb - test[9d35eded1c95d3be]::__rust_begin_short_backtrace::<core[df12db4294e9bfd3]::result::Result<(), alloc[2182bb758b4b3781]::string::String>, fn() -> core[df12db4294e9bfd3]::result::Result<(), alloc[2182bb758b4b3781]::string::String>>
[INFO] [stdout]   13:     0x637a9499c541 - test[9d35eded1c95d3be]::run_test::{closure#0}
[INFO] [stdout]   14:     0x637a94995c54 - std[70759c8f55707aa4]::sys::backtrace::__rust_begin_short_backtrace::<test[9d35eded1c95d3be]::run_test::{closure#1}, ()>
[INFO] [stdout]   15:     0x637a949a0362 - <std[70759c8f55707aa4]::thread::lifecycle::spawn_unchecked<test[9d35eded1c95d3be]::run_test::{closure#1}, ()>::{closure#1} as core[df12db4294e9bfd3]::ops::function::FnOnce<()>>::call_once::{shim:vtable#0}
[INFO] [stdout]   16:     0x637a94982d3e - <std[70759c8f55707aa4]::sys::thread::unix::Thread>::new::thread_start
[INFO] [stdout]   17:     0x7bd34bf10dfa - <unknown>
[INFO] [stdout]   18:     0x7bd34bfa43d4 - clone
[INFO] [stdout]   19:                0x0 - <unknown>
[INFO] [stdout] 
[INFO] [stdout] ---- cli_outputs_scores_in_descending_order stdout ----
[INFO] [stdout] 
[INFO] [stdout] thread 'cli_outputs_scores_in_descending_order' (5327) panicked at /rustc/dfb0accb7f508ae8be965d8629557221c889dd98/library/core/src/ops/function.rs:250:5:
[INFO] [stdout] Unexpected failure.
[INFO] [stdout] code=1
[INFO] [stdout] stderr=```"cruxlines: current dir is not inside a git repository\n"```
[INFO] [stdout] command=`cd "/opt/rustwide/workdir" && "/opt/rustwide/target/release/cruxlines" "--ecosystem" "python" "--metadata"`
[INFO] [stdout] code=1
[INFO] [stdout] stdout=""
[INFO] [stdout] stderr="cruxlines: current dir is not inside a git repository\n"
[INFO] [stdout] 
[INFO] [stdout] stack backtrace:
[INFO] [stdout]    0:     0x637a94983fd6 - <<std[70759c8f55707aa4]::sys::backtrace::BacktraceLock>::print::DisplayBacktrace as core[df12db4294e9bfd3]::fmt::Display>::fmt
[INFO] [stdout]    1:     0x637a9477d97a - core[df12db4294e9bfd3]::fmt::write
[INFO] [stdout]    2:     0x637a9498c45c - <alloc[2182bb758b4b3781]::vec::Vec<u8> as core[df12db4294e9bfd3]::io::write::Write>::write_fmt
[INFO] [stdout]    3:     0x637a9495cb42 - std[70759c8f55707aa4]::panicking::default_hook::{closure#0}
[INFO] [stdout]    4:     0x637a9497a1f1 - std[70759c8f55707aa4]::panicking::default_hook
[INFO] [stdout]    5:     0x637a9497a632 - std[70759c8f55707aa4]::panicking::panic_with_hook
[INFO] [stdout]    6:     0x637a9495cbf2 - std[70759c8f55707aa4]::panicking::panic_handler::{closure#0}
[INFO] [stdout]    7:     0x637a949551d9 - std[70759c8f55707aa4]::sys::backtrace::__rust_end_short_backtrace::<std[70759c8f55707aa4]::panicking::panic_handler::{closure#0}, !>
[INFO] [stdout]    8:     0x637a9495dbed - __rustc[8fa7c3cbc660c2b3]::rust_begin_unwind
[INFO] [stdout]    9:     0x637a9477e09c - core[df12db4294e9bfd3]::panicking::panic_fmt
[INFO] [stdout]   10:     0x637a94764793 - <assert_cmd[ea192366662c1f1a]::assert::AssertError>::panic::<assert_cmd[ea192366662c1f1a]::assert::Assert>
[INFO] [stdout]   11:     0x637a9476df6d - cli[6139a7cd916f0ec0]::run_cli_output_with_metadata
[INFO] [stdout]   12:     0x637a947748c0 - <cli[6139a7cd916f0ec0]::cli_outputs_scores_in_descending_order::{closure#0} as core[df12db4294e9bfd3]::ops::function::FnOnce<()>>::call_once
[INFO] [stdout]   13:     0x637a9498e3eb - test[9d35eded1c95d3be]::__rust_begin_short_backtrace::<core[df12db4294e9bfd3]::result::Result<(), alloc[2182bb758b4b3781]::string::String>, fn() -> core[df12db4294e9bfd3]::result::Result<(), alloc[2182bb758b4b3781]::string::String>>
[INFO] [stdout]   14:     0x637a9499c541 - test[9d35eded1c95d3be]::run_test::{closure#0}
[INFO] [stdout]   15:     0x637a94995c54 - std[70759c8f55707aa4]::sys::backtrace::__rust_begin_short_backtrace::<test[9d35eded1c95d3be]::run_test::{closure#1}, ()>
[INFO] [stdout]   16:     0x637a949a0362 - <std[70759c8f55707aa4]::thread::lifecycle::spawn_unchecked<test[9d35eded1c95d3be]::run_test::{closure#1}, ()>::{closure#1} as core[df12db4294e9bfd3]::ops::function::FnOnce<()>>::call_once::{shim:vtable#0}
[INFO] [stdout]   17:     0x637a94982d3e - <std[70759c8f55707aa4]::sys::thread::unix::Thread>::new::thread_start
[INFO] [stdout]   18:     0x7bd34bf10dfa - <unknown>
[INFO] [stdout]   19:     0x7bd34bfa43d4 - clone
[INFO] [stdout]   20:                0x0 - <unknown>
[INFO] [stdout] 
[INFO] [stdout] ---- cli_supports_ecosystem_short_flag stdout ----
[INFO] [stdout] 
[INFO] [stdout] thread 'cli_supports_ecosystem_short_flag' (5342) panicked at /rustc/dfb0accb7f508ae8be965d8629557221c889dd98/library/core/src/ops/function.rs:250:5:
[INFO] [stdout] Unexpected failure.
[INFO] [stdout] code=1
[INFO] [stdout] stderr=```"cruxlines: current dir is not inside a git repository\n"```
[INFO] [stdout] command=`cd "/opt/rustwide/workdir" && "/opt/rustwide/target/release/cruxlines" "-e" "python"`
[INFO] [stdout] code=1
[INFO] [stdout] stdout=""
[INFO] [stdout] stderr="cruxlines: current dir is not inside a git repository\n"
[INFO] [stdout] 
[INFO] [stdout] stack backtrace:
[INFO] [stdout]    0:     0x637a94983fd6 - <<std[70759c8f55707aa4]::sys::backtrace::BacktraceLock>::print::DisplayBacktrace as core[df12db4294e9bfd3]::fmt::Display>::fmt
[INFO] [stdout]    1:     0x637a9477d97a - core[df12db4294e9bfd3]::fmt::write
[INFO] [stdout]    2:     0x637a9498c45c - <alloc[2182bb758b4b3781]::vec::Vec<u8> as core[df12db4294e9bfd3]::io::write::Write>::write_fmt
[INFO] [stdout]    3:     0x637a9495cb42 - std[70759c8f55707aa4]::panicking::default_hook::{closure#0}
[INFO] [stdout]    4:     0x637a9497a1f1 - std[70759c8f55707aa4]::panicking::default_hook
[INFO] [stdout]    5:     0x637a9497a632 - std[70759c8f55707aa4]::panicking::panic_with_hook
[INFO] [stdout]    6:     0x637a9495cbf2 - std[70759c8f55707aa4]::panicking::panic_handler::{closure#0}
[INFO] [stdout]    7:     0x637a949551d9 - std[70759c8f55707aa4]::sys::backtrace::__rust_end_short_backtrace::<std[70759c8f55707aa4]::panicking::panic_handler::{closure#0}, !>
[INFO] [stdout]    8:     0x637a9495dbed - __rustc[8fa7c3cbc660c2b3]::rust_begin_unwind
[INFO] [stdout]    9:     0x637a9477e09c - core[df12db4294e9bfd3]::panicking::panic_fmt
[INFO] [stdout]   10:     0x637a94764793 - <assert_cmd[ea192366662c1f1a]::assert::AssertError>::panic::<assert_cmd[ea192366662c1f1a]::assert::Assert>
[INFO] [stdout]   11:     0x637a947735a3 - <cli[6139a7cd916f0ec0]::cli_supports_ecosystem_short_flag::{closure#0} as core[df12db4294e9bfd3]::ops::function::FnOnce<()>>::call_once
[INFO] [stdout]   12:     0x637a9498e3eb - test[9d35eded1c95d3be]::__rust_begin_short_backtrace::<core[df12db4294e9bfd3]::result::Result<(), alloc[2182bb758b4b3781]::string::String>, fn() -> core[df12db4294e9bfd3]::result::Result<(), alloc[2182bb758b4b3781]::string::String>>
[INFO] [stdout]   13:     0x637a9499c541 - test[9d35eded1c95d3be]::run_test::{closure#0}
[INFO] [stdout]   14:     0x637a94995c54 - std[70759c8f55707aa4]::sys::backtrace::__rust_begin_short_backtrace::<test[9d35eded1c95d3be]::run_test::{closure#1}, ()>
[INFO] [stdout]   15:     0x637a949a0362 - <std[70759c8f55707aa4]::thread::lifecycle::spawn_unchecked<test[9d35eded1c95d3be]::run_test::{closure#1}, ()>::{closure#1} as core[df12db4294e9bfd3]::ops::function::FnOnce<()>>::call_once::{shim:vtable#0}
[INFO] [stdout]   16:     0x637a94982d3e - <std[70759c8f55707aa4]::sys::thread::unix::Thread>::new::thread_start
[INFO] [stdout]   17:     0x7bd34bf10dfa - <unknown>
[INFO] [stdout]   18:     0x7bd34bfa43d4 - clone
[INFO] [stdout]   19:                0x0 - <unknown>
[INFO] [stdout] 
[INFO] [stdout] ---- cli_shows_metadata_with_flag stdout ----
[INFO] [stdout] 
[INFO] [stdout] thread 'cli_shows_metadata_with_flag' (5331) panicked at /rustc/dfb0accb7f508ae8be965d8629557221c889dd98/library/core/src/ops/function.rs:250:5:
[INFO] [stdout] Unexpected failure.
[INFO] [stdout] code=1
[INFO] [stdout] stderr=```"cruxlines: current dir is not inside a git repository\n"```
[INFO] [stdout] command=`cd "/opt/rustwide/workdir" && "/opt/rustwide/target/release/cruxlines" "--ecosystem" "python" "--metadata"`
[INFO] [stdout] code=1
[INFO] [stdout] stdout=""
[INFO] [stdout] stderr="cruxlines: current dir is not inside a git repository\n"
[INFO] [stdout] 
[INFO] [stdout] stack backtrace:
[INFO] [stdout]    0:     0x637a94983fd6 - <<std[70759c8f55707aa4]::sys::backtrace::BacktraceLock>::print::DisplayBacktrace as core[df12db4294e9bfd3]::fmt::Display>::fmt
[INFO] [stdout]    1:     0x637a9477d97a - core[df12db4294e9bfd3]::fmt::write
[INFO] [stdout]    2:     0x637a9498c45c - <alloc[2182bb758b4b3781]::vec::Vec<u8> as core[df12db4294e9bfd3]::io::write::Write>::write_fmt
[INFO] [stdout]    3:     0x637a9495cb42 - std[70759c8f55707aa4]::panicking::default_hook::{closure#0}
[INFO] [stdout]    4:     0x637a9497a1f1 - std[70759c8f55707aa4]::panicking::default_hook
[INFO] [stdout]    5:     0x637a9497a632 - std[70759c8f55707aa4]::panicking::panic_with_hook
[INFO] [stdout]    6:     0x637a9495cbf2 - std[70759c8f55707aa4]::panicking::panic_handler::{closure#0}
[INFO] [stdout]    7:     0x637a949551d9 - std[70759c8f55707aa4]::sys::backtrace::__rust_end_short_backtrace::<std[70759c8f55707aa4]::panicking::panic_handler::{closure#0}, !>
[INFO] [stdout]    8:     0x637a9495dbed - __rustc[8fa7c3cbc660c2b3]::rust_begin_unwind
[INFO] [stdout]    9:     0x637a9477e09c - core[df12db4294e9bfd3]::panicking::panic_fmt
[INFO] [stdout]   10:     0x637a94764793 - <assert_cmd[ea192366662c1f1a]::assert::AssertError>::panic::<assert_cmd[ea192366662c1f1a]::assert::Assert>
[INFO] [stdout]   11:     0x637a9476df6d - cli[6139a7cd916f0ec0]::run_cli_output_with_metadata
[INFO] [stdout]   12:     0x637a94770b89 - <cli[6139a7cd916f0ec0]::cli_shows_metadata_with_flag::{closure#0} as core[df12db4294e9bfd3]::ops::function::FnOnce<()>>::call_once
[INFO] [stdout]   13:     0x637a9498e3eb - test[9d35eded1c95d3be]::__rust_begin_short_backtrace::<core[df12db4294e9bfd3]::result::Result<(), alloc[2182bb758b4b3781]::string::String>, fn() -> core[df12db4294e9bfd3]::result::Result<(), alloc[2182bb758b4b3781]::string::String>>
[INFO] [stdout]   14:     0x637a9499c541 - test[9d35eded1c95d3be]::run_test::{closure#0}
[INFO] [stdout]   15:     0x637a94995c54 - std[70759c8f55707aa4]::sys::backtrace::__rust_begin_short_backtrace::<test[9d35eded1c95d3be]::run_test::{closure#1}, ()>
[INFO] [stdout]   16:     0x637a949a0362 - <std[70759c8f55707aa4]::thread::lifecycle::spawn_unchecked<test[9d35eded1c95d3be]::run_test::{closure#1}, ()>::{closure#1} as core[df12db4294e9bfd3]::ops::function::FnOnce<()>>::call_once::{shim:vtable#0}
[INFO] [stdout]   17:     0x637a94982d3e - <std[70759c8f55707aa4]::sys::thread::unix::Thread>::new::thread_start
[INFO] [stdout]   18:     0x7bd34bf10dfa - <unknown>
[INFO] [stdout]   19:     0x7bd34bfa43d4 - clone
[INFO] [stdout]   20:                0x0 - <unknown>
[INFO] [stdout] 
[INFO] [stdout] 
[INFO] [stdout] failures:
[INFO] [stdout]     cli_accepts_ecosystem_aliases
[INFO] [stdout]     cli_filters_by_ecosystem
[INFO] [stdout]     cli_hides_references_without_flag
[INFO] [stdout]     cli_includes_definition_line_content
[INFO] [stdout]     cli_omits_metadata_by_default
[INFO] [stdout]     cli_outputs_non_uniform_pagerank_scores
[INFO] [stdout]     cli_outputs_quickfix_format
[INFO] [stdout]     cli_outputs_reference_edges_for_python_files
[INFO] [stdout]     cli_outputs_scores_in_descending_order
[INFO] [stdout]     cli_shows_metadata_with_flag
[INFO] [stdout]     cli_supports_ecosystem_short_flag
[INFO] [stdout] 
[INFO] [stdout] test result: FAILED. 7 passed; 11 failed; 0 ignored; 0 measured; 0 filtered out; finished in 0.39s
[INFO] [stdout] 
[INFO] running `Command { std: "docker" "inspect" "742eacb5188ebf8c88a184a8a85bb521f1159b24c781e6814ce88ccce35cbb67", kill_on_drop: false }`
[INFO] running `Command { std: "docker" "rm" "-f" "742eacb5188ebf8c88a184a8a85bb521f1159b24c781e6814ce88ccce35cbb67", kill_on_drop: false }`
[INFO] [stdout] 742eacb5188ebf8c88a184a8a85bb521f1159b24c781e6814ce88ccce35cbb67
