[INFO] fetching crate crush-cast 0.5.0...
[INFO] testing crush-cast-0.5.0 against 1.99.0-beta.8+cargoflags=--release for beta-release-1.100-2
[INFO] extracting crate crush-cast 0.5.0 into /workspace/builds/worker-5-tc1/source
[INFO] started tweaking crates.io crate crush-cast 0.5.0
[INFO] removed 0 missing tests
[INFO] finished tweaking crates.io crate crush-cast 0.5.0
[INFO] tweaked toml for crates.io crate crush-cast 0.5.0 written to /workspace/builds/worker-5-tc1/source/Cargo.toml
[INFO] validating manifest of crates.io crate crush-cast 0.5.0 on toolchain 1.99.0-beta.8
[INFO] running `Command { std: CARGO_HOME="/workspace/cargo-home" RUSTUP_HOME="/workspace/rustup-home" "/workspace/cargo-home/bin/cargo" "+1.99.0-beta.8" "metadata" "--manifest-path" "Cargo.toml" "--no-deps", kill_on_drop: false }`
[INFO] crate crates.io crate crush-cast 0.5.0 already has a lockfile, it will not be regenerated
[INFO] running `Command { std: CARGO_HOME="/workspace/cargo-home" RUSTUP_HOME="/workspace/rustup-home" "/workspace/cargo-home/bin/cargo" "+1.99.0-beta.8" "fetch" "--manifest-path" "Cargo.toml", kill_on_drop: false }`
[INFO] [stderr]     Updating crates.io index
[INFO] [stderr]  Downloading crates ...
[INFO] [stderr]   Downloaded ts-rs v12.0.1
[INFO] [stderr]   Downloaded ts-rs-macros v12.0.1
[INFO] [stderr]   Downloaded crush-caison v0.5.0
[INFO] [stderr]   Downloaded crush-errors v0.5.0
[INFO] [stderr]   Downloaded uuid v1.23.5
[INFO] [stderr]   Downloaded crush-diagnostics v0.5.0
[INFO] [stderr]   Downloaded caison v0.1.0
[INFO] [stderr]   Downloaded casm v0.5.0
[INFO] [stderr]   Downloaded cbor4ii v0.3.3
[INFO] [stderr]   Downloaded crush-vm v0.5.0
[INFO] running `Command { std: "docker" "create" "-v" "/var/lib/crater-agent-workspace/builds/worker-5-tc1/source:/opt/rustwide/workdir:ro,Z" "-v" "/var/lib/crater-agent-workspace/builds/worker-5-tc1/target:/opt/rustwide/target:rw,Z" "-v" "/var/lib/crater-agent-workspace/cargo-home:/opt/rustwide/cargo-home:ro,Z" "-v" "/var/lib/crater-agent-workspace/rustup-home:/opt/rustwide/rustup-home:ro,Z" "-m" "1610612736" "--network" "none" "ghcr.io/rust-lang/crates-build-env/linux@sha256:77db811e55d90add9212f6832c23229e3de5f1c1f9905e8cb07319ea15df73ac" "sleep" "infinity", kill_on_drop: false }`
[INFO] [stdout] 4cf4032948d56ca6857bde98fc15cb6662a0398d2239ffa1fe7f431a4c8d9e52
[INFO] running `Command { std: "docker" "start" "4cf4032948d56ca6857bde98fc15cb6662a0398d2239ffa1fe7f431a4c8d9e52", kill_on_drop: false }`
[INFO] running `Command { std: "docker" "inspect" "4cf4032948d56ca6857bde98fc15cb6662a0398d2239ffa1fe7f431a4c8d9e52", kill_on_drop: false }`
[INFO] running `Command { std: "docker" "exec" "-e" "SOURCE_DIR=/opt/rustwide/workdir" "-e" "CARGO_HOME=/opt/rustwide/cargo-home" "-e" "RUSTUP_HOME=/opt/rustwide/rustup-home" "-e" "CARGO_TARGET_DIR=/opt/rustwide/target" "-w" "/opt/rustwide/workdir" "--user" "0:0" "4cf4032948d56ca6857bde98fc15cb6662a0398d2239ffa1fe7f431a4c8d9e52" "/opt/rustwide/cargo-home/bin/cargo" "+1.99.0-beta.8" "metadata" "--no-deps" "--format-version=1", kill_on_drop: false }`
[INFO] running `Command { std: "docker" "inspect" "4cf4032948d56ca6857bde98fc15cb6662a0398d2239ffa1fe7f431a4c8d9e52", kill_on_drop: false }`
[INFO] running `Command { std: "docker" "exec" "-e" "SOURCE_DIR=/opt/rustwide/workdir" "-e" "CARGO_HOME=/opt/rustwide/cargo-home" "-e" "RUSTUP_HOME=/opt/rustwide/rustup-home" "-e" "CARGO_TARGET_DIR=/opt/rustwide/target" "-e" "CARGO_INCREMENTAL=0" "-e" "RUST_BACKTRACE=full" "-e" "RUSTFLAGS=--cap-lints=warn" "-e" "RUSTDOCFLAGS=--cap-lints=warn" "-w" "/opt/rustwide/workdir" "--user" "0:0" "4cf4032948d56ca6857bde98fc15cb6662a0398d2239ffa1fe7f431a4c8d9e52" "/opt/rustwide/cargo-home/bin/cargo" "+1.99.0-beta.8" "build" "--frozen" "--message-format=json" "--release", kill_on_drop: false }`
[INFO] [stderr]    Compiling quote v1.0.46
[INFO] [stderr]    Compiling memchr v2.8.3
[INFO] [stderr]    Compiling num-traits v0.2.19
[INFO] [stderr]    Compiling anyhow v1.0.103
[INFO] [stderr]    Compiling crush-vm v0.5.0
[INFO] [stderr]    Compiling getrandom v0.4.3
[INFO] [stderr]    Compiling crush-cast v0.5.0 (/opt/rustwide/workdir)
[INFO] [stderr]    Compiling indexmap v2.14.0
[INFO] [stderr]    Compiling serde_path_to_error v0.1.20
[INFO] [stderr]    Compiling uuid v1.23.5
[INFO] [stderr]    Compiling syn v2.0.119
[INFO] [stderr]    Compiling aho-corasick v1.1.4
[INFO] [stderr]    Compiling serde_json v1.0.150
[INFO] [stderr]    Compiling rmp v0.8.15
[INFO] [stderr]    Compiling regex-automata v0.4.15
[INFO] [stderr]    Compiling serde_derive v1.0.228
[INFO] [stderr]    Compiling thiserror-impl v1.0.69
[INFO] [stderr]    Compiling thiserror v1.0.69
[INFO] [stderr]    Compiling regex v1.13.0
[INFO] [stderr]    Compiling serde v1.0.228
[INFO] [stderr]    Compiling crush-errors v0.5.0
[INFO] [stderr]    Compiling rmp-serde v1.3.1
[INFO] [stderr]    Compiling crush-diagnostics v0.5.0
[INFO] [stderr]    Compiling caison v0.1.0
[INFO] [stderr]    Compiling cbor4ii v0.3.3
[INFO] [stderr]    Compiling casm v0.5.0
[INFO] [stderr]    Compiling crush-caison v0.5.0
[INFO] [stderr]     Finished `release` profile [optimized] target(s) in 2m 13s
[INFO] running `Command { std: "docker" "inspect" "4cf4032948d56ca6857bde98fc15cb6662a0398d2239ffa1fe7f431a4c8d9e52", kill_on_drop: false }`
[INFO] running `Command { std: "docker" "exec" "-e" "SOURCE_DIR=/opt/rustwide/workdir" "-e" "CARGO_HOME=/opt/rustwide/cargo-home" "-e" "RUSTUP_HOME=/opt/rustwide/rustup-home" "-e" "CARGO_TARGET_DIR=/opt/rustwide/target" "-e" "CARGO_INCREMENTAL=0" "-e" "RUST_BACKTRACE=full" "-e" "RUSTFLAGS=--cap-lints=warn" "-e" "RUSTDOCFLAGS=--cap-lints=warn" "-w" "/opt/rustwide/workdir" "--user" "0:0" "4cf4032948d56ca6857bde98fc15cb6662a0398d2239ffa1fe7f431a4c8d9e52" "/opt/rustwide/cargo-home/bin/cargo" "+1.99.0-beta.8" "test" "--frozen" "--no-run" "--message-format=json" "--release", kill_on_drop: false }`
[INFO] [stderr]    Compiling crush-cast v0.5.0 (/opt/rustwide/workdir)
[INFO] [stderr]     Finished `release` profile [optimized] target(s) in 1m 42s
[INFO] running `Command { std: "docker" "inspect" "4cf4032948d56ca6857bde98fc15cb6662a0398d2239ffa1fe7f431a4c8d9e52", kill_on_drop: false }`
[INFO] running `Command { std: "docker" "exec" "-e" "SOURCE_DIR=/opt/rustwide/workdir" "-e" "CARGO_HOME=/opt/rustwide/cargo-home" "-e" "RUSTUP_HOME=/opt/rustwide/rustup-home" "-e" "CARGO_TARGET_DIR=/opt/rustwide/target" "-e" "CARGO_INCREMENTAL=0" "-e" "RUST_BACKTRACE=full" "-e" "RUSTFLAGS=--cap-lints=warn" "-e" "RUSTDOCFLAGS=--cap-lints=warn" "-w" "/opt/rustwide/workdir" "--user" "0:0" "4cf4032948d56ca6857bde98fc15cb6662a0398d2239ffa1fe7f431a4c8d9e52" "/opt/rustwide/cargo-home/bin/cargo" "+1.99.0-beta.8" "test" "--frozen" "--release", kill_on_drop: false }`
[INFO] [stderr]     Finished `release` profile [optimized] target(s) in 0.12s
[INFO] [stderr]      Running unittests src/lib.rs (/opt/rustwide/target/release/deps/crush_cast-a2f956d35520a8af)
[INFO] [stdout] 
[INFO] [stdout] running 15 tests
[INFO] [stdout] test validate::tests::test_ai_query_prompt_field_hint ... ok
[INFO] [stdout] test validate::tests::test_delegation_strategy_shape_hint ... ok
[INFO] [stdout] test validate::tests::test_literal_expression_hint ... ok
[INFO] [stdout] test validate::tests::test_missing_function_meta ... ok
[INFO] [stdout] test validate::tests::test_missing_required_field ... ok
[INFO] [stdout] test validate::tests::test_nested_error_path ... ok
[INFO] [stdout] test validate::tests::test_print_statement_hint ... ok
[INFO] [stdout] test validate::tests::test_valid_delegation_strategy ... ok
[INFO] [stdout] test validate::tests::test_extra_unknown_field ... ok
[INFO] [stdout] test validate::tests::test_identifier_expression_hint ... ok
[INFO] [stdout] test validate::tests::test_valid_print_pattern ... ok
[INFO] [stdout] test validate::tests::test_valid_program ... ok
[INFO] [stdout] test validate::tests::test_valid_var_expression ... ok
[INFO] [stdout] test validate::tests::test_wrong_statement_tag ... ok
[INFO] [stderr]      Running unittests src/bin/export-py.rs (/opt/rustwide/target/release/deps/export_py-f31ee3ced55ea544)
[INFO] [stdout] test validate::tests::test_wrong_type ... ok
[INFO] [stdout] 
[INFO] [stdout] test result: ok. 15 passed; 0 failed; 0 ignored; 0 measured; 0 filtered out; finished in 0.00s
[INFO] [stdout] 
[INFO] [stderr]      Running tests/annotation_tests.rs (/opt/rustwide/target/release/deps/annotation_tests-d831b9f76a2c1497)
[INFO] [stdout] 
[INFO] [stdout] running 0 tests
[INFO] [stdout] 
[INFO] [stdout] test result: ok. 0 passed; 0 failed; 0 ignored; 0 measured; 0 filtered out; finished in 0.00s
[INFO] [stdout] 
[INFO] [stdout] 
[INFO] [stdout] running 17 tests
[INFO] [stdout] test flatten_empty_program_yields_zero_annotations ... ok
[INFO] [stdout] test flatten_function_with_reads_writes_covers_emits_all_three ... ok
[INFO] [stdout] test flatten_module_only_emits_just_module ... ok
[INFO] [stdout] test roundtrip_annotation_coverage ... ok
[INFO] [stdout] test flatten_module_with_invariants_emits_module_and_each_invariant ... ok
[INFO] [stdout] test roundtrip_annotation_error ... ok
[INFO] [stdout] test roundtrip_annotation_invariant ... ok
[INFO] [stdout] test roundtrip_annotation_module ... ok
[INFO] [stdout] test roundtrip_annotation_read ... ok
[INFO] [stdout] test roundtrip_annotation_write ... ok
[INFO] [stdout] test roundtrip_serde_tag_is_kind_content_node ... ok
[INFO] [stdout] test flatten_function_with_errors_emits_error_with_function_name ... ok
[INFO] [stdout] test flatten_multiple_functions_each_get_their_function_name ... ok
[INFO] [stdout] test flatten_top_level_invariant_without_module_still_emits_invariant ... ok
[INFO] [stdout] test flatten_preserves_exhaustive_match_sites ... ok
[INFO] [stdout] test flatten_function_with_no_annotations_emits_nothing ... ok
[INFO] [stdout] test roundtrip_annotation_exhaustive_match_sites ... ok
[INFO] [stdout] 
[INFO] [stdout] test result: ok. 17 passed; 0 failed; 0 ignored; 0 measured; 0 filtered out; finished in 0.00s
[INFO] [stdout] 
[INFO] [stdout] 
[INFO] [stdout] running 1 test
[INFO] [stderr]      Running tests/caison_alias.rs (/opt/rustwide/target/release/deps/caison_alias-d3a13f29b4ac09ff)
[INFO] [stdout] test deprecated_cson_module_is_the_same_type ... ok
[INFO] [stdout] 
[INFO] [stdout] test result: ok. 1 passed; 0 failed; 0 ignored; 0 measured; 0 filtered out; finished in 0.00s
[INFO] [stdout] 
[INFO] [stderr]      Running tests/diff_tests.rs (/opt/rustwide/target/release/deps/diff_tests-472ac3dc7aff0cda)
[INFO] [stdout] 
[INFO] [stdout] running 4 tests
[INFO] [stdout] test diff_reports_scalar_changes ... ok
[INFO] [stdout] test diff_ignores_key_order_whitespace_and_elided_defaults ... ok
[INFO] [stdout] test diff_reports_structural_additions ... ok
[INFO] [stdout] test diff_of_formatted_program_is_empty ... ok
[INFO] [stdout] 
[INFO] [stdout] test result: ok. 4 passed; 0 failed; 0 ignored; 0 measured; 0 filtered out; finished in 0.00s
[INFO] [stdout] 
[INFO] [stdout] 
[INFO] [stdout] running 7 tests
[INFO] [stdout] test format_is_idempotent_for_fixture_1 ... ok
[INFO] [stdout] test format_normalizes_fixture_2 ... ok
[INFO] [stdout] test format_normalizes_fixture_3 ... ok
[INFO] [stdout] test format_is_idempotent_for_fixture_2 ... ok
[INFO] [stdout] test format_normalizes_key_order_and_whitespace ... ok
[INFO] [stdout] test format_preserves_round_trip_semantics ... ok
[INFO] [stderr]      Running tests/format_tests.rs (/opt/rustwide/target/release/deps/format_tests-0a74d464922c6af9)
[INFO] [stdout] test format_is_idempotent_for_fixture_3 ... ok
[INFO] [stdout] 
[INFO] [stdout] test result: ok. 7 passed; 0 failed; 0 ignored; 0 measured; 0 filtered out; finished in 0.00s
[INFO] [stdout] 
[INFO] [stderr]      Running tests/pack_tests.rs (/opt/rustwide/target/release/deps/pack_tests-3f7cd57f21bfe748)
[INFO] [stdout] 
[INFO] [stdout] running 6 tests
[INFO] [stdout] test format_sniffs_by_extension ... ok
[INFO] [stdout] test version_gate_rejects_incompatible_major_binary ... ok
[INFO] [stdout] test version_gate_rejects_unparseable_version ... ok
[INFO] [stderr] error: test failed, to rerun pass `--test pack_tests`
[INFO] [stdout] test version_gate_rejects_incompatible_major_json ... ok
[INFO] [stdout] test roundtrip_json_binary_json_for_every_fixture ... FAILED
[INFO] [stdout] test binary_smaller_than_pretty_json ... FAILED
[INFO] [stdout] 
[INFO] [stdout] failures:
[INFO] [stdout] 
[INFO] [stdout] ---- roundtrip_json_binary_json_for_every_fixture stdout ----
[INFO] [stdout] 
[INFO] [stdout] thread 'roundtrip_json_binary_json_for_every_fixture' (1077) panicked at tests/pack_tests.rs:42:5:
[INFO] [stdout] no *.cast.json fixtures found under /opt/rustwide/workdir/../../examples/cast — corpus walk is broken
[INFO] [stdout] stack backtrace:
[INFO] [stdout]    0:     0x580692cb2751 - <<std[70759c8f55707aa4]::sys::backtrace::BacktraceLock>::print::DisplayBacktrace as core[df12db4294e9bfd3]::fmt::Display>::fmt
[INFO] [stdout]    1:     0x580692cc7bca - core[df12db4294e9bfd3]::fmt::write
[INFO] [stdout]    2:     0x580692cb6edc - <alloc[2182bb758b4b3781]::vec::Vec<u8> as core[df12db4294e9bfd3]::io::write::Write>::write_fmt
[INFO] [stdout]    3:     0x580692c8e036 - std[70759c8f55707aa4]::panicking::default_hook::{closure#0}
[INFO] [stdout]    4:     0x580692caa989 - std[70759c8f55707aa4]::panicking::default_hook
[INFO] [stdout]    5:     0x580692a6e210 - test[9d35eded1c95d3be]::test_main_inner::<test[9d35eded1c95d3be]::test_main_static::{closure#0}>::{closure#0}
[INFO] [stdout]    6:     0x580692caab42 - std[70759c8f55707aa4]::panicking::panic_with_hook
[INFO] [stdout]    7:     0x580692c8e0e2 - std[70759c8f55707aa4]::panicking::panic_handler::{closure#0}
[INFO] [stdout]    8:     0x580692c86c39 - std[70759c8f55707aa4]::sys::backtrace::__rust_end_short_backtrace::<std[70759c8f55707aa4]::panicking::panic_handler::{closure#0}, !>
[INFO] [stdout]    9:     0x580692c8ecdd - __rustc[8fa7c3cbc660c2b3]::rust_begin_unwind
[INFO] [stdout]   10:     0x580692cc82fc - core[df12db4294e9bfd3]::panicking::panic_fmt
[INFO] [stdout]   11:     0x580692a5f9a5 - pack_tests[c6797f277a00d79a]::valid_fixtures
[INFO] [stdout]   12:     0x580692a60ba1 - <pack_tests[c6797f277a00d79a]::roundtrip_json_binary_json_for_every_fixture::{closure#0} as core[df12db4294e9bfd3]::ops::function::FnOnce<()>>::call_once
[INFO] [stdout]   13:     0x580692a614fb - test[9d35eded1c95d3be]::__rust_begin_short_backtrace::<core[df12db4294e9bfd3]::result::Result<(), alloc[2182bb758b4b3781]::string::String>, fn() -> core[df12db4294e9bfd3]::result::Result<(), alloc[2182bb758b4b3781]::string::String>>
[INFO] [stdout]   14:     0x580692a6eb65 - test[9d35eded1c95d3be]::run_test::{closure#0}
[INFO] [stdout]   15:     0x580692a68424 - std[70759c8f55707aa4]::sys::backtrace::__rust_begin_short_backtrace::<test[9d35eded1c95d3be]::run_test::{closure#1}, ()>
[INFO] [stdout]   16:     0x580692a71cc2 - <std[70759c8f55707aa4]::thread::lifecycle::spawn_unchecked<test[9d35eded1c95d3be]::run_test::{closure#1}, ()>::{closure#1} as core[df12db4294e9bfd3]::ops::function::FnOnce<()>>::call_once::{shim:vtable#0}
[INFO] [stdout]   17:     0x580692cb1d09 - <std[70759c8f55707aa4]::sys::thread::unix::Thread>::new::thread_start
[INFO] [stdout]   18:     0x79d4d6655dfa - <unknown>
[INFO] [stdout]   19:     0x79d4d66e93d4 - clone
[INFO] [stdout]   20:                0x0 - <unknown>
[INFO] [stdout] 
[INFO] [stdout] ---- binary_smaller_than_pretty_json stdout ----
[INFO] [stdout] 
[INFO] [stdout] thread 'binary_smaller_than_pretty_json' (1075) panicked at tests/pack_tests.rs:42:5:
[INFO] [stdout] no *.cast.json fixtures found under /opt/rustwide/workdir/../../examples/cast — corpus walk is broken
[INFO] [stdout] stack backtrace:
[INFO] [stdout]    0:     0x580692cb2751 - <<std[70759c8f55707aa4]::sys::backtrace::BacktraceLock>::print::DisplayBacktrace as core[df12db4294e9bfd3]::fmt::Display>::fmt
[INFO] [stdout]    1:     0x580692cc7bca - core[df12db4294e9bfd3]::fmt::write
[INFO] [stdout]    2:     0x580692cb6edc - <alloc[2182bb758b4b3781]::vec::Vec<u8> as core[df12db4294e9bfd3]::io::write::Write>::write_fmt
[INFO] [stdout]    3:     0x580692c8e036 - std[70759c8f55707aa4]::panicking::default_hook::{closure#0}
[INFO] [stdout]    4:     0x580692caa989 - std[70759c8f55707aa4]::panicking::default_hook
[INFO] [stdout]    5:     0x580692a6e210 - test[9d35eded1c95d3be]::test_main_inner::<test[9d35eded1c95d3be]::test_main_static::{closure#0}>::{closure#0}
[INFO] [stdout]    6:     0x580692caab42 - std[70759c8f55707aa4]::panicking::panic_with_hook
[INFO] [stdout]    7:     0x580692c8e0e2 - std[70759c8f55707aa4]::panicking::panic_handler::{closure#0}
[INFO] [stdout]    8:     0x580692c86c39 - std[70759c8f55707aa4]::sys::backtrace::__rust_end_short_backtrace::<std[70759c8f55707aa4]::panicking::panic_handler::{closure#0}, !>
[INFO] [stdout]    9:     0x580692c8ecdd - __rustc[8fa7c3cbc660c2b3]::rust_begin_unwind
[INFO] [stdout]   10:     0x580692cc82fc - core[df12db4294e9bfd3]::panicking::panic_fmt
[INFO] [stdout]   11:     0x580692a5f9a5 - pack_tests[c6797f277a00d79a]::valid_fixtures
[INFO] [stdout]   12:     0x580692a60551 - <pack_tests[c6797f277a00d79a]::binary_smaller_than_pretty_json::{closure#0} as core[df12db4294e9bfd3]::ops::function::FnOnce<()>>::call_once
[INFO] [stdout]   13:     0x580692a614fb - test[9d35eded1c95d3be]::__rust_begin_short_backtrace::<core[df12db4294e9bfd3]::result::Result<(), alloc[2182bb758b4b3781]::string::String>, fn() -> core[df12db4294e9bfd3]::result::Result<(), alloc[2182bb758b4b3781]::string::String>>
[INFO] [stdout]   14:     0x580692a6eb65 - test[9d35eded1c95d3be]::run_test::{closure#0}
[INFO] [stdout]   15:     0x580692a68424 - std[70759c8f55707aa4]::sys::backtrace::__rust_begin_short_backtrace::<test[9d35eded1c95d3be]::run_test::{closure#1}, ()>
[INFO] [stdout]   16:     0x580692a71cc2 - <std[70759c8f55707aa4]::thread::lifecycle::spawn_unchecked<test[9d35eded1c95d3be]::run_test::{closure#1}, ()>::{closure#1} as core[df12db4294e9bfd3]::ops::function::FnOnce<()>>::call_once::{shim:vtable#0}
[INFO] [stdout]   17:     0x580692cb1d09 - <std[70759c8f55707aa4]::sys::thread::unix::Thread>::new::thread_start
[INFO] [stdout]   18:     0x79d4d6655dfa - <unknown>
[INFO] [stdout]   19:     0x79d4d66e93d4 - clone
[INFO] [stdout]   20:                0x0 - <unknown>
[INFO] [stdout] 
[INFO] [stdout] 
[INFO] [stdout] failures:
[INFO] [stdout]     binary_smaller_than_pretty_json
[INFO] [stdout]     roundtrip_json_binary_json_for_every_fixture
[INFO] [stdout] 
[INFO] [stdout] test result: FAILED. 4 passed; 2 failed; 0 ignored; 0 measured; 0 filtered out; finished in 0.00s
[INFO] [stdout] 
[INFO] running `Command { std: "docker" "inspect" "4cf4032948d56ca6857bde98fc15cb6662a0398d2239ffa1fe7f431a4c8d9e52", kill_on_drop: false }`
[INFO] running `Command { std: "docker" "rm" "-f" "4cf4032948d56ca6857bde98fc15cb6662a0398d2239ffa1fe7f431a4c8d9e52", kill_on_drop: false }`
[INFO] [stdout] 4cf4032948d56ca6857bde98fc15cb6662a0398d2239ffa1fe7f431a4c8d9e52
