[INFO] fetching crate crudcrate-derive 0.15.0...
[INFO] testing crudcrate-derive-0.15.0 against 1.99.0-beta.8+cargoflags=--release for beta-release-1.100-2
[INFO] extracting crate crudcrate-derive 0.15.0 into /workspace/builds/worker-1-tc1/source
[INFO] started tweaking crates.io crate crudcrate-derive 0.15.0
[INFO] removed 0 missing tests
[INFO] finished tweaking crates.io crate crudcrate-derive 0.15.0
[INFO] tweaked toml for crates.io crate crudcrate-derive 0.15.0 written to /workspace/builds/worker-1-tc1/source/Cargo.toml
[INFO] validating manifest of crates.io crate crudcrate-derive 0.15.0 on toolchain 1.99.0-beta.8
[INFO] running `Command { std: CARGO_HOME="/workspace/cargo-home" RUSTUP_HOME="/workspace/rustup-home" "/workspace/cargo-home/bin/cargo" "+1.99.0-beta.8" "metadata" "--manifest-path" "Cargo.toml" "--no-deps", kill_on_drop: false }`
[INFO] crate crates.io crate crudcrate-derive 0.15.0 already has a lockfile, it will not be regenerated
[INFO] running `Command { std: CARGO_HOME="/workspace/cargo-home" RUSTUP_HOME="/workspace/rustup-home" "/workspace/cargo-home/bin/cargo" "+1.99.0-beta.8" "fetch" "--manifest-path" "Cargo.toml", kill_on_drop: false }`
[INFO] [stderr]     Blocking waiting for file lock on package cache
[INFO] [stderr]     Updating crates.io index
[INFO] [stderr]  Downloading crates ...
[INFO] [stderr]   Downloaded utoipa v5.5.0
[INFO] [stderr]   Downloaded ref-cast-impl v1.0.26
[INFO] [stderr]   Downloaded target-triple v1.0.1
[INFO] [stderr]   Downloaded time-core v0.1.9
[INFO] [stderr]   Downloaded dyn-clone v1.0.20
[INFO] [stderr]   Downloaded strum v0.28.0
[INFO] [stderr]   Downloaded num-conv v0.2.2
[INFO] [stderr]   Downloaded ref-cast v1.0.26
[INFO] [stderr]   Downloaded atoi v2.0.0
[INFO] [stderr]   Downloaded etcetera v0.11.0
[INFO] [stderr]   Downloaded crc v3.4.0
[INFO] [stderr]   Downloaded generic-array v0.14.9
[INFO] [stderr]   Downloaded crossbeam-queue v0.3.13
[INFO] [stderr]   Downloaded sea-bae v0.2.2
[INFO] [stderr]   Downloaded sea-orm-arrow v2.0.0-rc.4
[INFO] [stderr]   Downloaded bytecheck v0.6.12
[INFO] [stderr]   Downloaded ptr_meta v0.1.4
[INFO] [stderr]   Downloaded ptr_meta_derive v0.1.4
[INFO] [stderr]   Downloaded radium v0.7.0
[INFO] [stderr]   Downloaded funty v2.0.0
[INFO] [stderr]   Downloaded mac_address v1.1.8
[INFO] [stderr]   Downloaded crc-catalog v2.5.0
[INFO] [stderr]   Downloaded rend v0.4.2
[INFO] [stderr]   Downloaded bytecheck_derive v0.6.12
[INFO] [stderr]   Downloaded tap v1.0.1
[INFO] [stderr]   Downloaded hashlink v0.11.1
[INFO] [stderr]   Downloaded either v1.17.0
[INFO] [stderr]   Downloaded sqlx-macros v0.9.0
[INFO] [stderr]   Downloaded sea-query-derive v1.0.0
[INFO] [stderr]   Downloaded ordered-float v4.6.0
[INFO] [stderr]   Downloaded trybuild v1.0.120
[INFO] [stderr]   Downloaded toml v1.1.4+spec-1.1.0
[INFO] [stderr]   Downloaded time-macros v0.2.32
[INFO] [stderr]   Downloaded pluralizer v0.5.0
[INFO] [stderr]   Downloaded seahash v4.1.0
[INFO] [stderr]   Downloaded rkyv_derive v0.7.46
[INFO] [stderr]   Downloaded wyz v0.5.1
[INFO] [stderr]   Downloaded convert_case v0.8.0
[INFO] [stderr]   Downloaded uuid v1.24.0
[INFO] [stderr]   Downloaded bs58 v0.5.1
[INFO] [stderr]   Downloaded sea-query-sqlx v0.9.1
[INFO] [stderr]   Downloaded hybrid-array v0.4.14
[INFO] [stderr]   Downloaded arrow-string v58.4.0
[INFO] [stderr]   Downloaded lexical-core v1.0.6
[INFO] [stderr]   Downloaded lexical-parse-integer v1.0.6
[INFO] [stderr]   Downloaded borsh-derive v1.8.0
[INFO] [stderr]   Downloaded serde_with_macros v3.21.0
[INFO] [stderr]   Downloaded sqlx-macros-core v0.9.0
[INFO] [stderr]   Downloaded arrow-data v58.4.0
[INFO] [stderr]   Downloaded arrow-row v58.4.0
[INFO] [stderr]   Downloaded lexical-write-integer v1.0.6
[INFO] [stderr]   Downloaded arrow-arith v58.4.0
[INFO] [stderr]   Downloaded derive-where v1.6.1
[INFO] [stderr]   Downloaded schemars v0.9.0
[INFO] [stderr]   Downloaded flume v0.12.0
[INFO] [stderr]   Downloaded sea-orm-macros v2.0.2
[INFO] [stderr]   Downloaded arrow-ord v58.4.0
[INFO] [stderr]   Downloaded toml_edit v0.25.13+spec-1.1.0
[INFO] [stderr]   Downloaded utoipa-gen v5.5.0
[INFO] [stderr]   Downloaded schemars v1.2.2
[INFO] [stderr]   Downloaded cc v1.4.0
[INFO] [stderr]   Downloaded sqlx-sqlite v0.9.0
[INFO] [stderr]   Downloaded sqlx-mysql v0.9.0
[INFO] [stderr]   Downloaded borsh v1.8.0
[INFO] [stderr]   Downloaded arrow v58.4.0
[INFO] [stderr]   Downloaded arrow-select v58.4.0
[INFO] [stderr]   Downloaded arrow-schema v58.4.0
[INFO] [stderr]   Downloaded arrow-buffer v58.4.0
[INFO] [stderr]   Downloaded lexical-write-float v1.0.6
[INFO] [stderr]   Downloaded unicode-segmentation v1.13.3
[INFO] [stderr]   Downloaded futures-intrusive v0.5.0
[INFO] [stderr]   Downloaded zerocopy-derive v0.8.55
[INFO] [stderr]   Downloaded num-bigint v0.4.8
[INFO] [stderr]   Downloaded arrow-cast v58.4.0
[INFO] [stderr]   Downloaded lexical-util v1.0.7
[INFO] [stderr]   Downloaded bigdecimal v0.4.10
[INFO] [stderr]   Downloaded rkyv v0.7.46
[INFO] [stderr]   Downloaded sqlx-postgres v0.9.0
[INFO] [stderr]   Downloaded rust_decimal v1.42.1
[INFO] [stderr]   Downloaded sqlx-core v0.9.0
[INFO] [stderr]   Downloaded hkdf v0.13.0
[INFO] [stderr]   Downloaded lexical-parse-float v1.0.6
[INFO] [stderr]   Downloaded serde_with v3.21.0
[INFO] [stderr]   Downloaded sqlx v0.9.0
[INFO] [stderr]   Downloaded bitvec v1.1.1
[INFO] [stderr]   Downloaded zerocopy v0.8.55
[INFO] [stderr]   Downloaded time v0.3.55
[INFO] [stderr]   Downloaded arrow-array v58.4.0
[INFO] [stderr]   Downloaded sea-query v1.0.1
[INFO] [stderr]   Downloaded nix v0.29.0
[INFO] [stderr]   Downloaded regex-automata v0.4.16
[INFO] [stderr]   Downloaded sea-orm v2.0.2
[INFO] [stderr]   Downloaded libsqlite3-sys v0.37.0
[INFO] running `Command { std: "docker" "create" "-v" "/var/lib/crater-agent-workspace/builds/worker-1-tc1/source:/opt/rustwide/workdir:ro,Z" "-v" "/var/lib/crater-agent-workspace/builds/worker-1-tc1/target:/opt/rustwide/target:rw,Z" "-v" "/var/lib/crater-agent-workspace/cargo-home:/opt/rustwide/cargo-home:ro,Z" "-v" "/var/lib/crater-agent-workspace/rustup-home:/opt/rustwide/rustup-home:ro,Z" "-m" "1610612736" "--network" "none" "ghcr.io/rust-lang/crates-build-env/linux@sha256:77db811e55d90add9212f6832c23229e3de5f1c1f9905e8cb07319ea15df73ac" "sleep" "infinity", kill_on_drop: false }`
[INFO] [stdout] 61f0950c1ecd97f70021d74f80aa0dfa994d8ffd8b7f88a77a9f8bbc0c851d89
[INFO] running `Command { std: "docker" "start" "61f0950c1ecd97f70021d74f80aa0dfa994d8ffd8b7f88a77a9f8bbc0c851d89", kill_on_drop: false }`
[INFO] running `Command { std: "docker" "inspect" "61f0950c1ecd97f70021d74f80aa0dfa994d8ffd8b7f88a77a9f8bbc0c851d89", kill_on_drop: false }`
[INFO] running `Command { std: "docker" "exec" "-e" "SOURCE_DIR=/opt/rustwide/workdir" "-e" "CARGO_HOME=/opt/rustwide/cargo-home" "-e" "RUSTUP_HOME=/opt/rustwide/rustup-home" "-e" "CARGO_TARGET_DIR=/opt/rustwide/target" "-w" "/opt/rustwide/workdir" "--user" "0:0" "61f0950c1ecd97f70021d74f80aa0dfa994d8ffd8b7f88a77a9f8bbc0c851d89" "/opt/rustwide/cargo-home/bin/cargo" "+1.99.0-beta.8" "metadata" "--no-deps" "--format-version=1", kill_on_drop: false }`
[INFO] running `Command { std: "docker" "inspect" "61f0950c1ecd97f70021d74f80aa0dfa994d8ffd8b7f88a77a9f8bbc0c851d89", kill_on_drop: false }`
[INFO] running `Command { std: "docker" "exec" "-e" "SOURCE_DIR=/opt/rustwide/workdir" "-e" "CARGO_HOME=/opt/rustwide/cargo-home" "-e" "RUSTUP_HOME=/opt/rustwide/rustup-home" "-e" "CARGO_TARGET_DIR=/opt/rustwide/target" "-e" "CARGO_INCREMENTAL=0" "-e" "RUST_BACKTRACE=full" "-e" "RUSTFLAGS=--cap-lints=warn" "-e" "RUSTDOCFLAGS=--cap-lints=warn" "-w" "/opt/rustwide/workdir" "--user" "0:0" "61f0950c1ecd97f70021d74f80aa0dfa994d8ffd8b7f88a77a9f8bbc0c851d89" "/opt/rustwide/cargo-home/bin/cargo" "+1.99.0-beta.8" "build" "--frozen" "--message-format=json" "--release", kill_on_drop: false }`
[INFO] [stderr]    Compiling unicode-segmentation v1.13.3
[INFO] [stderr]    Compiling heck v0.5.0
[INFO] [stderr]    Compiling syn v2.0.119
[INFO] [stderr]    Compiling convert_case v0.8.0
[INFO] [stderr]    Compiling crudcrate-derive v0.15.0 (/opt/rustwide/workdir)
[INFO] [stderr]     Finished `release` profile [optimized] target(s) in 16.11s
[INFO] running `Command { std: "docker" "inspect" "61f0950c1ecd97f70021d74f80aa0dfa994d8ffd8b7f88a77a9f8bbc0c851d89", kill_on_drop: false }`
[INFO] running `Command { std: "docker" "exec" "-e" "SOURCE_DIR=/opt/rustwide/workdir" "-e" "CARGO_HOME=/opt/rustwide/cargo-home" "-e" "RUSTUP_HOME=/opt/rustwide/rustup-home" "-e" "CARGO_TARGET_DIR=/opt/rustwide/target" "-e" "CARGO_INCREMENTAL=0" "-e" "RUST_BACKTRACE=full" "-e" "RUSTFLAGS=--cap-lints=warn" "-e" "RUSTDOCFLAGS=--cap-lints=warn" "-w" "/opt/rustwide/workdir" "--user" "0:0" "61f0950c1ecd97f70021d74f80aa0dfa994d8ffd8b7f88a77a9f8bbc0c851d89" "/opt/rustwide/cargo-home/bin/cargo" "+1.99.0-beta.8" "test" "--frozen" "--no-run" "--message-format=json" "--release", kill_on_drop: false }`
[INFO] [stderr]    Compiling syn v2.0.119
[INFO] [stderr]    Compiling serde_core v1.0.229
[INFO] [stderr]    Compiling libc v0.2.189
[INFO] [stderr]    Compiling icu_properties_data v2.2.0
[INFO] [stderr]    Compiling ident_case v1.0.1
[INFO] [stderr]    Compiling icu_normalizer_data v2.2.0
[INFO] [stderr]    Compiling getrandom v0.4.3
[INFO] [stderr]    Compiling stable_deref_trait v1.2.1
[INFO] [stderr]    Compiling thiserror v2.0.19
[INFO] [stderr]    Compiling displaydoc v0.2.7
[INFO] [stderr]    Compiling num-traits v0.2.19
[INFO] [stderr]    Compiling fnv v1.0.7
[INFO] [stderr]    Compiling litemap v0.8.2
[INFO] [stderr]    Compiling heck v0.4.1
[INFO] [stderr]    Compiling writeable v0.6.3
[INFO] [stderr]    Compiling cfg-if v1.0.4
[INFO] [stderr]    Compiling serde v1.0.229
[INFO] [stderr]    Compiling strsim v0.11.1
[INFO] [stderr]    Compiling regex-syntax v0.8.11
[INFO] [stderr]    Compiling target-triple v1.0.1
[INFO] [stderr]    Compiling utf8_iter v1.0.4
[INFO] [stderr]    Compiling zmij v1.0.23
[INFO] [stderr]    Compiling unicode-xid v0.2.6
[INFO] [stderr]    Compiling serde_json v1.0.151
[INFO] [stderr]    Compiling once_cell v1.21.4
[INFO] [stderr]    Compiling smallvec v1.15.2
[INFO] [stderr]    Compiling either v1.17.0
[INFO] [stderr]    Compiling prettyplease v0.2.37
[INFO] [stderr]    Compiling itoa v1.0.18
[INFO] [stderr]    Compiling rust_decimal v1.42.1
[INFO] [stderr]    Compiling itertools v0.14.0
[INFO] [stderr]    Compiling pin-project-lite v0.2.17
[INFO] [stderr]    Compiling proc-macro2 v1.0.107
[INFO] [stderr]    Compiling unicode-ident v1.0.24
[INFO] [stderr]    Compiling iana-time-zone v0.1.65
[INFO] [stderr]    Compiling winnow v1.0.4
[INFO] [stderr]    Compiling futures-core v0.3.33
[INFO] [stderr]    Compiling percent-encoding v2.3.2
[INFO] [stderr]    Compiling quote v1.0.47
[INFO] [stderr]    Compiling tracing-core v0.1.36
[INFO] [stderr]    Compiling form_urlencoded v1.2.2
[INFO] [stderr]    Compiling futures-task v0.3.33
[INFO] [stderr]    Compiling toml_writer v1.1.2+spec-1.1.0
[INFO] [stderr]    Compiling slab v0.4.12
[INFO] [stderr]    Compiling ordered-float v4.6.0
[INFO] [stderr]    Compiling hashbrown v0.17.1
[INFO] [stderr]    Compiling log v0.4.33
[INFO] [stderr]    Compiling toml_parser v1.1.3+spec-1.1.0
[INFO] [stderr]    Compiling futures-util v0.3.33
[INFO] [stderr]    Compiling arrayvec v0.7.8
[INFO] [stderr]    Compiling strum v0.28.0
[INFO] [stderr]    Compiling unicode-segmentation v1.13.3
[INFO] [stderr]    Compiling termcolor v1.4.1
[INFO] [stderr]    Compiling glob v0.3.4
[INFO] [stderr]    Compiling heck v0.5.0
[INFO] [stderr]    Compiling regex-automata v0.4.16
[INFO] [stderr]    Compiling convert_case v0.8.0
[INFO] [stderr]    Compiling serde_spanned v1.1.1
[INFO] [stderr]    Compiling uuid v1.24.0
[INFO] [stderr]    Compiling toml_datetime v1.1.1+spec-1.1.0
[INFO] [stderr]    Compiling indexmap v2.14.0
[INFO] [stderr]    Compiling toml v1.1.4+spec-1.1.0
[INFO] [stderr]    Compiling chrono v0.4.45
[INFO] [stderr]    Compiling trybuild v1.0.120
[INFO] [stderr]    Compiling regex v1.13.1
[INFO] [stderr]    Compiling pluralizer v0.5.0
[INFO] [stderr]    Compiling synstructure v0.13.2
[INFO] [stderr]    Compiling darling_core v0.20.11
[INFO] [stderr]    Compiling darling_core v0.23.0
[INFO] [stderr]    Compiling zerofrom-derive v0.1.7
[INFO] [stderr]    Compiling yoke-derive v0.8.2
[INFO] [stderr]    Compiling zerovec-derive v0.11.3
[INFO] [stderr]    Compiling async-stream-impl v0.3.6
[INFO] [stderr]    Compiling derive_more-impl v2.1.1
[INFO] [stderr]    Compiling tracing-attributes v0.1.31
[INFO] [stderr]    Compiling sea-bae v0.2.2
[INFO] [stderr]    Compiling zerofrom v0.1.8
[INFO] [stderr]    Compiling yoke v0.8.3
[INFO] [stderr]    Compiling derive-where v1.6.1
[INFO] [stderr]    Compiling zerotrie v0.2.4
[INFO] [stderr]    Compiling zerovec v0.11.6
[INFO] [stderr]    Compiling sea-orm-macros v2.0.2
[INFO] [stderr]    Compiling utoipa-gen v5.5.0
[INFO] [stderr]    Compiling tinystr v0.8.3
[INFO] [stderr]    Compiling darling_macro v0.20.11
[INFO] [stderr]    Compiling icu_locale_core v2.2.0
[INFO] [stderr]    Compiling potential_utf v0.1.5
[INFO] [stderr]    Compiling darling_macro v0.23.0
[INFO] [stderr]    Compiling darling v0.20.11
[INFO] [stderr]    Compiling icu_collections v2.2.0
[INFO] [stderr]    Compiling sea-query-derive v1.0.0
[INFO] [stderr]    Compiling derive_more v2.1.1
[INFO] [stderr]    Compiling darling v0.23.0
[INFO] [stderr]    Compiling async-stream v0.3.6
[INFO] [stderr]    Compiling serde_with_macros v3.21.0
[INFO] [stderr]    Compiling tracing v0.1.44
[INFO] [stderr]    Compiling sea-query v1.0.1
[INFO] [stderr]    Compiling crudcrate-derive v0.15.0 (/opt/rustwide/workdir)
[INFO] [stderr]    Compiling serde_with v3.21.0
[INFO] [stderr]    Compiling icu_provider v2.2.0
[INFO] [stderr]    Compiling icu_properties v2.2.0
[INFO] [stderr]    Compiling icu_normalizer v2.2.0
[INFO] [stderr]    Compiling idna_adapter v1.2.2
[INFO] [stderr]    Compiling idna v1.1.0
[INFO] [stderr]    Compiling url v2.5.8
[INFO] [stderr]    Compiling sea-orm v2.0.2
[INFO] [stderr]    Compiling utoipa v5.5.0
[INFO] [stderr]     Finished `release` profile [optimized] target(s) in 2m 16s
[INFO] running `Command { std: "docker" "inspect" "61f0950c1ecd97f70021d74f80aa0dfa994d8ffd8b7f88a77a9f8bbc0c851d89", kill_on_drop: false }`
[INFO] running `Command { std: "docker" "exec" "-e" "SOURCE_DIR=/opt/rustwide/workdir" "-e" "CARGO_HOME=/opt/rustwide/cargo-home" "-e" "RUSTUP_HOME=/opt/rustwide/rustup-home" "-e" "CARGO_TARGET_DIR=/opt/rustwide/target" "-e" "CARGO_INCREMENTAL=0" "-e" "RUST_BACKTRACE=full" "-e" "RUSTFLAGS=--cap-lints=warn" "-e" "RUSTDOCFLAGS=--cap-lints=warn" "-w" "/opt/rustwide/workdir" "--user" "0:0" "61f0950c1ecd97f70021d74f80aa0dfa994d8ffd8b7f88a77a9f8bbc0c851d89" "/opt/rustwide/cargo-home/bin/cargo" "+1.99.0-beta.8" "test" "--frozen" "--release", kill_on_drop: false }`
[INFO] [stderr]     Finished `release` profile [optimized] target(s) in 0.40s
[INFO] [stderr]      Running unittests src/lib.rs (/opt/rustwide/target/release/deps/crudcrate_derive-0db978a8da1e7cc9)
[INFO] [stdout] 
[INFO] [stdout] running 65 tests
[INFO] [stdout] test attrs::hooks::tests::test_fn_deprecation_error_contains_migration_guide ... ok
[INFO] [stdout] test attrs::field::tests::test_deprecation_error_unknown_key ... ok
[INFO] [stdout] test attrs::field::tests::test_parse_exclude_multiple ... ok
[INFO] [stdout] test attrs::hooks::tests::test_all_cardinalities_valid ... ok
[INFO] [stdout] test attrs::hooks::tests::test_parse_hook_path_invalid_cardinality ... ok
[INFO] [stdout] test attrs::hooks::tests::test_all_phases_valid ... ok
[INFO] [stdout] test attrs::field::tests::test_parse_exclude_empty ... ok
[INFO] [stdout] test attrs::hooks::tests::test_parse_hook_path_invalid_operation ... ok
[INFO] [stdout] test attrs::hooks::tests::test_fn_deprecation_error_contains_new_syntax ... ok
[INFO] [stdout] test attrs::hooks::tests::test_all_operations_valid ... ok
[INFO] [stdout] test attrs::field::tests::test_deprecation_error_create_model ... ok
[INFO] [stdout] test attrs::field::tests::test_parse_exclude_all_affects_list_and_one ... ok
[INFO] [stdout] test attrs::field::tests::test_deprecation_error_list_model ... ok
[INFO] [stdout] test attrs::hooks::tests::test_parse_hook_path_single_segment ... ok
[INFO] [stdout] test attrs::hooks::tests::test_fn_deprecation_error_contains_old_attr ... ok
[INFO] [stdout] test attrs::field::tests::test_parse_exclude_update ... ok
[INFO] [stdout] test attrs::hooks::tests::test_parse_hook_path_valid_create_one_pre ... ok
[INFO] [stdout] test attrs::hooks::tests::test_parse_hook_path_valid_delete_many_body ... ok
[INFO] [stdout] test attrs::hooks::tests::test_parse_hook_path_invalid_phase ... ok
[INFO] [stdout] test attrs::hooks::tests::test_parse_hook_path_valid_read_one_post ... ok
[INFO] [stdout] test attrs::hooks::tests::test_set_hook_delete_many_body ... ok
[INFO] [stdout] test attrs::hooks::tests::test_set_hook_invalid_cardinality_no_effect ... ok
[INFO] [stdout] test attrs::hooks::tests::test_parse_hook_path_valid_update_many_pre ... ok
[INFO] [stdout] test attrs::hooks::tests::test_parse_hook_path_too_many_segments ... ok
[INFO] [stdout] test attrs::hooks::tests::test_set_hook_invalid_operation_no_effect ... ok
[INFO] [stdout] test attrs::hooks::tests::test_set_hook_invalid_phase_no_effect ... ok
[INFO] [stdout] test attrs::resource::tests::test_fulltext_language_is_parsed ... ok
[INFO] [stdout] test attrs::resource::tests::test_parse_meta_deny_unknown_fields ... ok
[INFO] [stdout] test attrs::resource::tests::test_bool_flags_accept_explicit_values ... ok
[INFO] [stdout] test attrs::resource::tests::test_legacy_fn_attributes_are_rejected_with_their_replacement ... ok
[INFO] [stdout] test attrs::hooks::tests::test_set_hook_read_one_post ... ok
[INFO] [stdout] test codegen::models::shared::tests::test_generate_active_value_assignment ... ok
[INFO] [stdout] test attrs::join::tests::test_field_without_join_has_no_config ... ok
[INFO] [stdout] test codegen::models::shared::tests::test_generate_active_value_set ... ok
[INFO] [stdout] test attrs::join::tests::test_join_depth_zero_is_rejected ... ok
[INFO] [stdout] test attrs::join::tests::test_join_parses_every_parameter ... ok
[INFO] [stdout] test attrs::join::tests::test_legacy_join_attributes_report_their_replacement ... ok
[INFO] [stdout] test codegen::models::shared::tests::test_generate_field_with_optional_default_no_default ... ok
[INFO] [stdout] test codegen::models::shared::tests::test_generate_set_value_optional ... ok
[INFO] [stdout] test codegen::models::shared::tests::test_generate_target_model_conversion_no_flag ... ok
[INFO] [stdout] test expand::screening::tests::test_screen_companion_returns_empty_tokens ... ok
[INFO] [stdout] test expand::screening::tests::test_screen_enum_passes ... ok
[INFO] [stdout] test expand::screening::tests::test_screen_normal_struct_passes ... ok
[INFO] [stdout] test relation_validator::tests::test_self_ref_detection_exact_match ... ok
[INFO] [stdout] test codegen::models::shared::tests::test_generate_set_value_non_optional ... ok
[INFO] [stdout] test codegen::models::shared::tests::test_resolve_field_type_without_target_models ... ok
[INFO] [stdout] test expand::simple_models::tests::test_strict_payload_attr_follows_opt_in ... ok
[INFO] [stdout] test attrs::field::tests::test_get_crudcrate_bool_forms ... ok
[INFO] [stdout] test expand::screening::tests::test_screen_misplaced_wrapper_is_compile_error ... ok
[INFO] [stdout] test relation_validator::tests::test_max_allowed_depth_constant ... ok
[INFO] [stdout] test relation_validator::tests::test_self_ref_detection_full_path_no_false_positive ... ok
[INFO] [stdout] test attrs::hooks::tests::test_set_hook_create_one_pre ... ok
[INFO] [stdout] test attrs::field::tests::test_deprecation_error_update_model ... ok
[INFO] [stdout] test attrs::field::tests::test_parse_exclude_create ... ok
[INFO] [stdout] test attrs::hooks::tests::test_parse_hook_path_too_few_segments ... ok
[INFO] [stdout] test syn_type::tests::test_resolve_target_models_invalid_type ... ok
[INFO] [stdout] test syn_type::tests::test_field_is_optional_with_std_option ... ok
[INFO] [stdout] test relation_validator::tests::test_self_ref_detection_no_false_positive ... ok
[INFO] [stdout] test syn_type::tests::test_field_is_optional_with_non_option_type ... ok
[INFO] [stdout] test syn_type::tests::test_resolve_target_models_vec_type ... ok
[INFO] [stdout] test syn_type::tests::test_resolve_target_models_with_path ... ok
[INFO] [stdout] test syn_type::tests::test_resolve_target_models_simple_type ... ok
[INFO] [stdout] test syn_type::tests::test_field_is_optional_with_vec ... ok
[INFO] [stdout] test syn_type::tests::test_field_is_optional_with_option_type ... ok
[INFO] [stdout] test expand_snapshots::expand_snapshots ... ok
[INFO] [stdout] 
[INFO] [stdout] test result: ok. 65 passed; 0 failed; 0 ignored; 0 measured; 0 filtered out; finished in 0.60s
[INFO] [stdout] 
[INFO] [stderr]      Running tests/macro_tests.rs (/opt/rustwide/target/release/deps/macro_tests-c0396aa01c7236ab)
[INFO] [stdout] 
[INFO] [stdout] running 2 tests
[INFO] [stderr]    Compiling proc-macro2 v1.0.107
[INFO] [stderr]    Compiling quote v1.0.47
[INFO] [stderr]    Compiling unicode-ident v1.0.24
[INFO] [stderr]     Checking stable_deref_trait v1.2.1
[INFO] [stderr]    Compiling serde_core v1.0.229
[INFO] [stderr]    Compiling ident_case v1.0.1
[INFO] [stderr]    Compiling autocfg v1.5.1
[INFO] [stderr]     Checking writeable v0.6.3
[INFO] [stderr]     Checking litemap v0.8.2
[INFO] [stderr]    Compiling icu_properties_data v2.2.0
[INFO] [stderr]     Checking utf8_iter v1.0.4
[INFO] [stderr]    Compiling serde v1.0.229
[INFO] [stderr]    Compiling thiserror v2.0.19
[INFO] [stderr]    Compiling icu_normalizer_data v2.2.0
[INFO] [stderr]    Compiling libc v0.2.189
[INFO] [stderr]    Compiling zmij v1.0.23
[INFO] [stderr]    Compiling fnv v1.0.7
[INFO] [stderr]    Compiling memchr v2.8.3
[INFO] [stderr]     Checking smallvec v1.15.2
[INFO] [stderr]    Compiling serde_json v1.0.151
[INFO] [stderr]    Compiling getrandom v0.4.3
[INFO] [stderr]    Compiling heck v0.4.1
[INFO] [stderr]    Compiling regex-syntax v0.8.11
[INFO] [stderr]    Compiling strsim v0.11.1
[INFO] [stderr]     Checking itoa v1.0.18
[INFO] [stderr]     Checking cfg-if v1.0.4
[INFO] [stderr]     Checking pin-project-lite v0.2.17
[INFO] [stderr]    Compiling unicode-xid v0.2.6
[INFO] [stderr]    Compiling either v1.17.0
[INFO] [stderr]    Compiling once_cell v1.21.4
[INFO] [stderr]     Checking iana-time-zone v0.1.65
[INFO] [stderr]     Checking futures-core v0.3.33
[INFO] [stderr]    Compiling heck v0.5.0
[INFO] [stderr]     Checking percent-encoding v2.3.2
[INFO] [stderr]     Checking log v0.4.33
[INFO] [stderr]     Checking form_urlencoded v1.2.2
[INFO] [stderr]    Compiling rust_decimal v1.42.1
[INFO] [stderr]    Compiling itertools v0.14.0
[INFO] [stderr]     Checking futures-task v0.3.33
[INFO] [stderr]     Checking tracing-core v0.1.36
[INFO] [stderr]    Compiling prettyplease v0.2.37
[INFO] [stderr]     Checking slab v0.4.12
[INFO] [stderr]     Checking hashbrown v0.17.1
[INFO] [stderr]     Checking equivalent v1.0.2
[INFO] [stderr]    Compiling aho-corasick v1.1.5
[INFO] [stderr]    Compiling num-traits v0.2.19
[INFO] [stderr]    Compiling unicode-segmentation v1.13.3
[INFO] [stderr]     Checking futures-util v0.3.33
[INFO] [stderr]     Checking syn v2.0.119
[INFO] [stderr]     Checking arrayvec v0.7.8
[INFO] [stderr]     Checking strum v0.28.0
[INFO] [stderr]    Compiling syn v3.0.3
[INFO] [stderr]    Compiling convert_case v0.8.0
[INFO] [stderr]     Checking ordered-float v4.6.0
[INFO] [stderr]     Checking uuid v1.24.0
[INFO] [stderr]     Checking indexmap v2.14.0
[INFO] [stderr]    Compiling regex-automata v0.4.16
[INFO] [stderr]    Compiling displaydoc v0.2.7
[INFO] [stderr]    Compiling serde_derive v1.0.229
[INFO] [stderr]    Compiling thiserror-impl v2.0.19
[INFO] [stderr]    Compiling async-trait v0.1.91
[INFO] [stderr]    Compiling regex v1.13.1
[INFO] [stderr]    Compiling pluralizer v0.5.0
[INFO] [stderr]    Compiling synstructure v0.13.2
[INFO] [stderr]    Compiling darling_core v0.20.11
[INFO] [stderr]    Compiling darling_core v0.23.0
[INFO] [stderr]    Compiling zerofrom-derive v0.1.7
[INFO] [stderr]    Compiling yoke-derive v0.8.2
[INFO] [stderr]    Compiling zerovec-derive v0.11.3
[INFO] [stderr]    Compiling sea-bae v0.2.2
[INFO] [stderr]    Compiling tracing-attributes v0.1.31
[INFO] [stderr]    Compiling async-stream-impl v0.3.6
[INFO] [stderr]    Compiling derive_more-impl v2.1.1
[INFO] [stderr]    Compiling utoipa-gen v5.5.0
[INFO] [stderr]    Compiling derive-where v1.6.1
[INFO] [stderr]    Compiling crudcrate-derive v0.15.0 (/opt/rustwide/workdir)
[INFO] [stderr]     Checking async-stream v0.3.6
[INFO] [stderr]    Compiling sea-orm-macros v2.0.2
[INFO] [stderr]     Checking zerofrom v0.1.8
[INFO] [stderr]     Checking yoke v0.8.3
[INFO] [stderr]     Checking zerovec v0.11.6
[INFO] [stderr]     Checking zerotrie v0.2.4
[INFO] [stderr]     Checking tracing v0.1.44
[INFO] [stderr]     Checking derive_more v2.1.1
[INFO] [stderr]    Compiling darling_macro v0.23.0
[INFO] [stderr]    Compiling darling v0.23.0
[INFO] [stderr]     Checking chrono v0.4.45
[INFO] [stderr]    Compiling serde_with_macros v3.21.0
[INFO] [stderr]    Compiling darling_macro v0.20.11
[INFO] [stderr]     Checking tinystr v0.8.3
[INFO] [stderr]     Checking potential_utf v0.1.5
[INFO] [stderr]     Checking icu_collections v2.2.0
[INFO] [stderr]    Compiling darling v0.20.11
[INFO] [stderr]     Checking icu_locale_core v2.2.0
[INFO] [stderr]    Compiling sea-query-derive v1.0.0
[INFO] [stderr]     Checking icu_provider v2.2.0
[INFO] [stderr]     Checking serde_with v3.21.0
[INFO] [stderr]     Checking icu_normalizer v2.2.0
[INFO] [stderr]     Checking icu_properties v2.2.0
[INFO] [stderr]     Checking sea-query v1.0.1
[INFO] [stderr]     Checking idna_adapter v1.2.2
[INFO] [stderr]     Checking idna v1.1.0
[INFO] [stdout] test compile_fail_tests has been running for over 60 seconds
[INFO] [stdout] test compile_pass_tests has been running for over 60 seconds
[INFO] [stderr]     Checking url v2.5.8
[INFO] [stderr]     Checking sea-orm v2.0.2
[INFO] [stderr]     Checking utoipa v5.5.0
[INFO] [stderr]     Checking crudcrate-derive-tests v0.0.0 (/opt/rustwide/target/tests/trybuild/crudcrate-derive)
[INFO] [stderr]     Finished `dev` profile [unoptimized + debuginfo] target(s) in 1m 13s
[INFO] [stderr] 
[INFO] [stderr] 
[INFO] [stderr] test tests/ui-fail/bidirectional_no_depth.rs ... mismatch
[INFO] [stderr] 
[INFO] [stderr] EXPECTED:
[INFO] [stderr] ┈┈┈┈┈┈┈┈┈┈┈┈┈┈┈┈┈┈┈┈┈┈┈┈┈┈┈┈┈┈┈┈┈┈┈┈┈┈┈┈┈┈┈┈┈┈┈┈┈┈┈┈┈┈┈┈┈┈┈┈
[INFO] [stderr] error[E0080]: evaluation panicked: Bidirectional SeaORM relation on join 'children' in 'Parent' with no explicit depth (defaults to 5).
[INFO] [stderr] 
[INFO] [stderr]               Parent and the target of 'children' have mutual Related<> impls. Without an explicit depth, this would load nested objects 5 levels deep, producing large redundant responses.
[INFO] [stderr] 
[INFO] [stderr]               Fix: set an explicit depth:
[INFO] [stderr]               - depth = 1: load immediate children only (recommended)
[INFO] [stderr]               - depth = N: load N levels (causes data duplication at each level)
[INFO] [stderr]   --> tests/ui-fail/bidirectional_no_depth.rs:18:47
[INFO] [stderr]    |
[INFO] [stderr] 18 |     #[derive(Clone, Debug, DeriveEntityModel, EntityToModels, Serialize, Deserialize, ToSchema)]
[INFO] [stderr]    |                                               ^^^^^^^^^^^^^^ evaluation of `parent::_` failed here
[INFO] [stderr] ┈┈┈┈┈┈┈┈┈┈┈┈┈┈┈┈┈┈┈┈┈┈┈┈┈┈┈┈┈┈┈┈┈┈┈┈┈┈┈┈┈┈┈┈┈┈┈┈┈┈┈┈┈┈┈┈┈┈┈┈
[INFO] [stderr] 
[INFO] [stderr] ACTUAL OUTPUT:
[INFO] [stderr] ┈┈┈┈┈┈┈┈┈┈┈┈┈┈┈┈┈┈┈┈┈┈┈┈┈┈┈┈┈┈┈┈┈┈┈┈┈┈┈┈┈┈┈┈┈┈┈┈┈┈┈┈┈┈┈┈┈┈┈┈
[INFO] [stderr] error[E0432]: unresolved import `crudcrate`
[INFO] [stderr]   --> tests/ui-fail/bidirectional_no_depth.rs:10:5
[INFO] [stderr]    |
[INFO] [stderr] 10 | use crudcrate::EntityToModels;
[INFO] [stderr]    |     ^^^^^^^^^ use of unresolved module or unlinked crate `crudcrate`
[INFO] [stderr]    |
[INFO] [stderr]    = help: if you wanted to use a crate named `crudcrate`, use `cargo add crudcrate` to add it to your `Cargo.toml`
[INFO] [stderr] 
[INFO] [stderr] error: cannot find attribute `crudcrate` in this scope
[INFO] [stderr]   --> tests/ui-fail/bidirectional_no_depth.rs:20:7
[INFO] [stderr]    |
[INFO] [stderr] 20 |     #[crudcrate(api_struct = "Parent")]
[INFO] [stderr]    |       ^^^^^^^^^
[INFO] [stderr]    |
[INFO] [stderr] help: `crudcrate` is an attribute that can be used by the derive macros `EntityToModels`, `ToCreateModel`, `ToListModel` and `ToUpdateModel`, you might be missing a `derive` attribute
[INFO] [stderr]    |
[INFO] [stderr] 21 +     #[derive(EntityToModels, ToCreateModel, ToListModel, ToUpdateModel)]
[INFO] [stderr] 22 |     pub struct Model {
[INFO] [stderr]    |
[INFO] [stderr] 
[INFO] [stderr] error: cannot find attribute `crudcrate` in this scope
[INFO] [stderr]   --> tests/ui-fail/bidirectional_no_depth.rs:23:11
[INFO] [stderr]    |
[INFO] [stderr] 23 |         #[crudcrate(primary_key)]
[INFO] [stderr]    |           ^^^^^^^^^
[INFO] [stderr]    |
[INFO] [stderr]    = note: `crudcrate` is an attribute that can be used by the derive macros `EntityToModels`, `ToCreateModel`, `ToListModel` and `ToUpdateModel`, you might be missing a `derive` attribute
[INFO] [stderr] 
[INFO] [stderr] error: cannot find attribute `crudcrate` in this scope
[INFO] [stderr]   --> tests/ui-fail/bidirectional_no_depth.rs:28:11
[INFO] [stderr]    |
[INFO] [stderr] 28 |         #[crudcrate(non_db_attr, join(one, all))]
[INFO] [stderr]    |           ^^^^^^^^^
[INFO] [stderr]    |
[INFO] [stderr]    = note: `crudcrate` is an attribute that can be used by the derive macros `EntityToModels`, `ToCreateModel`, `ToListModel` and `ToUpdateModel`, you might be missing a `derive` attribute
[INFO] [stderr] 
[INFO] [stderr] error: cannot find attribute `crudcrate` in this scope
[INFO] [stderr]   --> tests/ui-fail/bidirectional_no_depth.rs:54:7
[INFO] [stderr]    |
[INFO] [stderr] 54 |     #[crudcrate(api_struct = "Child", derive_partial_eq)]
[INFO] [stderr]    |       ^^^^^^^^^
[INFO] [stderr]    |
[INFO] [stderr] help: `crudcrate` is an attribute that can be used by the derive macros `EntityToModels`, `ToCreateModel`, `ToListModel` and `ToUpdateModel`, you might be missing a `derive` attribute
[INFO] [stderr]    |
[INFO] [stderr] 55 +     #[derive(EntityToModels, ToCreateModel, ToListModel, ToUpdateModel)]
[INFO] [stderr] 56 |     pub struct Model {
[INFO] [stderr]    |
[INFO] [stderr] 
[INFO] [stderr] error: cannot find attribute `crudcrate` in this scope
[INFO] [stderr]   --> tests/ui-fail/bidirectional_no_depth.rs:57:11
[INFO] [stderr]    |
[INFO] [stderr] 57 |         #[crudcrate(primary_key)]
[INFO] [stderr]    |           ^^^^^^^^^
[INFO] [stderr]    |
[INFO] [stderr]    = note: `crudcrate` is an attribute that can be used by the derive macros `EntityToModels`, `ToCreateModel`, `ToListModel` and `ToUpdateModel`, you might be missing a `derive` attribute
[INFO] [stderr] 
[INFO] [stderr] error[E0425]: cannot find type `Child` in module `super::child`
[INFO] [stderr]   --> tests/ui-fail/bidirectional_no_depth.rs:29:41
[INFO] [stderr]    |
[INFO] [stderr] 29 |         pub children: Vec<super::child::Child>,
[INFO] [stderr]    |                                         ^^^^^ not found in `super::child`
[INFO] [stderr]    |
[INFO] [stderr] help: consider importing this struct
[INFO] [stderr]    |
[INFO] [stderr] 16 +     use std::process::Child;
[INFO] [stderr]    |
[INFO] [stderr] help: if you import `Child`, refer to it directly
[INFO] [stderr]    |
[INFO] [stderr] 29 -         pub children: Vec<super::child::Child>,
[INFO] [stderr] 29 +         pub children: Vec<Child>,
[INFO] [stderr]    |
[INFO] [stderr] ┈┈┈┈┈┈┈┈┈┈┈┈┈┈┈┈┈┈┈┈┈┈┈┈┈┈┈┈┈┈┈┈┈┈┈┈┈┈┈┈┈┈┈┈┈┈┈┈┈┈┈┈┈┈┈┈┈┈┈┈
[INFO] [stderr] note: If the actual output is the correct output you can bless it by rerunning
[INFO] [stderr]       your test with the environment variable TRYBUILD=overwrite
[INFO] [stderr] 
[INFO] [stderr] test tests/ui-fail/dense_relation_without_model_macro.rs ... mismatch
[INFO] [stderr] 
[INFO] [stderr] EXPECTED:
[INFO] [stderr] ┈┈┈┈┈┈┈┈┈┈┈┈┈┈┈┈┈┈┈┈┈┈┈┈┈┈┈┈┈┈┈┈┈┈┈┈┈┈┈┈┈┈┈┈┈┈┈┈┈┈┈┈┈┈┈┈┈┈┈┈
[INFO] [stderr] error: relation wrapper fields (HasMany/HasOne/BelongsTo) require the Sea-ORM 2.0 dense entity format: add #[sea_orm::model] above the derives so relations move to the generated ModelEx companion. crudcrate derives operate on column-backed fields only; to expose related entities through the API, use a #[crudcrate(non_db_attr, join(...))] field.
[INFO] [stderr]   --> tests/ui-fail/dense_relation_without_model_macro.rs:45:9
[INFO] [stderr]    |
[INFO] [stderr] 45 | /         #[sea_orm(has_many)]
[INFO] [stderr] 46 | |         pub books: HasMany<super::book::Entity>,
[INFO] [stderr]    | |_______________________________________________^
[INFO] [stderr] 
[INFO] [stderr] error[E0277]: the trait bound `sea_orm::compound::HasMany<book::Entity>: ValueType` is not satisfied
[INFO] [stderr]   --> tests/ui-fail/dense_relation_without_model_macro.rs:45:9
[INFO] [stderr]    |
[INFO] [stderr] 45 |         #[sea_orm(has_many)]
[INFO] [stderr]    |         ^ the trait `ValueType` is not implemented for `sea_orm::compound::HasMany<book::Entity>`
[INFO] [stderr]    |
[INFO] [stderr]    = help: the following other types implement trait `ValueType`:
[INFO] [stderr]              Braced
[INFO] [stderr]              ChronoUnixTimestamp
[INFO] [stderr]              ChronoUnixTimestampMillis
[INFO] [stderr]              Cow<'_, str>
[INFO] [stderr]              Hyphenated
[INFO] [stderr]              JsonValue
[INFO] [stderr]              NaiveDate
[INFO] [stderr]              NaiveDateTime
[INFO] [stderr]            and $N others
[INFO] [stderr] 
[INFO] [stderr] error[E0004]: non-exhaustive patterns: `author::Column::Books` not covered
[INFO] [stderr]   --> tests/ui-fail/dense_relation_without_model_macro.rs:35:28
[INFO] [stderr]    |
[INFO] [stderr] 35 |     #[derive(Clone, Debug, DeriveEntityModel, EntityToModels)]
[INFO] [stderr]    |                            ^^^^^^^^^^^^^^^^^ pattern `author::Column::Books` not covered
[INFO] [stderr]    |
[INFO] [stderr] note: `author::Column` defined here
[INFO] [stderr]   --> tests/ui-fail/dense_relation_without_model_macro.rs:35:28
[INFO] [stderr]    |
[INFO] [stderr] 35 |     #[derive(Clone, Debug, DeriveEntityModel, EntityToModels)]
[INFO] [stderr]    |                            ^^^^^^^^^^^^^^^^^
[INFO] [stderr] ...
[INFO] [stderr] 46 |         pub books: HasMany<super::book::Entity>,
[INFO] [stderr]    |             ----- not covered
[INFO] [stderr]    = note: the matched value is of type `author::Column`
[INFO] [stderr]    = note: this error originates in the derive macro `DeriveEntityModel` (in Nightly builds, run with -Z macro-backtrace for more info)
[INFO] [stderr] ┈┈┈┈┈┈┈┈┈┈┈┈┈┈┈┈┈┈┈┈┈┈┈┈┈┈┈┈┈┈┈┈┈┈┈┈┈┈┈┈┈┈┈┈┈┈┈┈┈┈┈┈┈┈┈┈┈┈┈┈
[INFO] [stderr] 
[INFO] [stderr] ACTUAL OUTPUT:
[INFO] [stderr] ┈┈┈┈┈┈┈┈┈┈┈┈┈┈┈┈┈┈┈┈┈┈┈┈┈┈┈┈┈┈┈┈┈┈┈┈┈┈┈┈┈┈┈┈┈┈┈┈┈┈┈┈┈┈┈┈┈┈┈┈
[INFO] [stderr] error[E0432]: unresolved import `crudcrate`
[INFO] [stderr]  --> tests/ui-fail/dense_relation_without_model_macro.rs:7:5
[INFO] [stderr]   |
[INFO] [stderr] 7 | use crudcrate::EntityToModels;
[INFO] [stderr]   |     ^^^^^^^^^ use of unresolved module or unlinked crate `crudcrate`
[INFO] [stderr]   |
[INFO] [stderr]   = help: if you wanted to use a crate named `crudcrate`, use `cargo add crudcrate` to add it to your `Cargo.toml`
[INFO] [stderr] 
[INFO] [stderr] error: cannot find attribute `crudcrate` in this scope
[INFO] [stderr]   --> tests/ui-fail/dense_relation_without_model_macro.rs:16:7
[INFO] [stderr]    |
[INFO] [stderr] 16 |     #[crudcrate(api_struct = "Book")]
[INFO] [stderr]    |       ^^^^^^^^^
[INFO] [stderr]    |
[INFO] [stderr] help: `crudcrate` is an attribute that can be used by the derive macros `EntityToModels`, `ToCreateModel`, `ToListModel` and `ToUpdateModel`, you might be missing a `derive` attribute
[INFO] [stderr]    |
[INFO] [stderr] 17 +     #[derive(EntityToModels, ToCreateModel, ToListModel, ToUpdateModel)]
[INFO] [stderr] 18 |     pub struct Model {
[INFO] [stderr]    |
[INFO] [stderr] 
[INFO] [stderr] error: cannot find attribute `crudcrate` in this scope
[INFO] [stderr]   --> tests/ui-fail/dense_relation_without_model_macro.rs:19:11
[INFO] [stderr]    |
[INFO] [stderr] 19 |         #[crudcrate(primary_key, exclude(create, update), on_create = Uuid::new_v4())]
[INFO] [stderr]    |           ^^^^^^^^^
[INFO] [stderr]    |
[INFO] [stderr]    = note: `crudcrate` is an attribute that can be used by the derive macros `EntityToModels`, `ToCreateModel`, `ToListModel` and `ToUpdateModel`, you might be missing a `derive` attribute
[INFO] [stderr] 
[INFO] [stderr] error: cannot find attribute `crudcrate` in this scope
[INFO] [stderr]   --> tests/ui-fail/dense_relation_without_model_macro.rs:37:7
[INFO] [stderr]    |
[INFO] [stderr] 37 |     #[crudcrate(api_struct = "Author")]
[INFO] [stderr]    |       ^^^^^^^^^
[INFO] [stderr]    |
[INFO] [stderr] help: `crudcrate` is an attribute that can be used by the derive macros `EntityToModels`, `ToCreateModel`, `ToListModel` and `ToUpdateModel`, you might be missing a `derive` attribute
[INFO] [stderr]    |
[INFO] [stderr] 38 +     #[derive(EntityToModels, ToCreateModel, ToListModel, ToUpdateModel)]
[INFO] [stderr] 39 |     pub struct Model {
[INFO] [stderr]    |
[INFO] [stderr] 
[INFO] [stderr] error: cannot find attribute `crudcrate` in this scope
[INFO] [stderr]   --> tests/ui-fail/dense_relation_without_model_macro.rs:40:11
[INFO] [stderr]    |
[INFO] [stderr] 40 |         #[crudcrate(primary_key, exclude(create, update), on_create = Uuid::new_v4())]
[INFO] [stderr]    |           ^^^^^^^^^
[INFO] [stderr]    |
[INFO] [stderr]    = note: `crudcrate` is an attribute that can be used by the derive macros `EntityToModels`, `ToCreateModel`, `ToListModel` and `ToUpdateModel`, you might be missing a `derive` attribute
[INFO] [stderr] 
[INFO] [stderr] error[E0425]: cannot find type `Relation` in this scope
[INFO] [stderr]   --> tests/ui-fail/dense_relation_without_model_macro.rs:35:28
[INFO] [stderr]    |
[INFO] [stderr] 35 |     #[derive(Clone, Debug, DeriveEntityModel, EntityToModels)]
[INFO] [stderr]    |                            ^^^^^^^^^^^^^^^^^
[INFO] [stderr]    |
[INFO] [stderr]    = note: this error originates in the derive macro `sea_orm::prelude::DeriveEntity` (in Nightly builds, run with -Z macro-backtrace for more info)
[INFO] [stderr] help: consider importing this enum
[INFO] [stderr]    |
[INFO] [stderr] 32 +     use crate::book::Relation;
[INFO] [stderr]    |
[INFO] [stderr] 
[INFO] [stderr] error[E0277]: the trait bound `sea_orm::compound::HasMany<book::Entity>: ValueType` is not satisfied
[INFO] [stderr]   --> tests/ui-fail/dense_relation_without_model_macro.rs:45:9
[INFO] [stderr]    |
[INFO] [stderr] 45 |         #[sea_orm(has_many)]
[INFO] [stderr]    |         ^ the trait `ValueType` is not implemented for `sea_orm::compound::HasMany<book::Entity>`
[INFO] [stderr]    |
[INFO] [stderr]    = help: the following other types implement trait `ValueType`:
[INFO] [stderr]              Braced
[INFO] [stderr]              ChronoUnixTimestamp
[INFO] [stderr]              ChronoUnixTimestampMillis
[INFO] [stderr]              Cow<'_, str>
[INFO] [stderr]              Hyphenated
[INFO] [stderr]              JsonValue
[INFO] [stderr]              NaiveDate
[INFO] [stderr]              NaiveDateTime
[INFO] [stderr]            and $N others
[INFO] [stderr] 
[INFO] [stderr] error[E0004]: non-exhaustive patterns: `author::Column::Books` not covered
[INFO] [stderr]   --> tests/ui-fail/dense_relation_without_model_macro.rs:35:28
[INFO] [stderr]    |
[INFO] [stderr] 35 |     #[derive(Clone, Debug, DeriveEntityModel, EntityToModels)]
[INFO] [stderr]    |                            ^^^^^^^^^^^^^^^^^ pattern `author::Column::Books` not covered
[INFO] [stderr]    |
[INFO] [stderr] note: `author::Column` defined here
[INFO] [stderr]   --> tests/ui-fail/dense_relation_without_model_macro.rs:35:28
[INFO] [stderr]    |
[INFO] [stderr] 35 |     #[derive(Clone, Debug, DeriveEntityModel, EntityToModels)]
[INFO] [stderr]    |                            ^^^^^^^^^^^^^^^^^
[INFO] [stderr] ...
[INFO] [stderr] 46 |         pub books: HasMany<super::book::Entity>,
[INFO] [stderr]    |             ----- not covered
[INFO] [stderr]    = note: the matched value is of type `author::Column`
[INFO] [stderr]    = note: this error originates in the derive macro `DeriveEntityModel` (in Nightly builds, run with -Z macro-backtrace for more info)
[INFO] [stderr] ┈┈┈┈┈┈┈┈┈┈┈┈┈┈┈┈┈┈┈┈┈┈┈┈┈┈┈┈┈┈┈┈┈┈┈┈┈┈┈┈┈┈┈┈┈┈┈┈┈┈┈┈┈┈┈┈┈┈┈┈
[INFO] [stderr] note: If the actual output is the correct output you can bless it by rerunning
[INFO] [stderr]       your test with the environment variable TRYBUILD=overwrite
[INFO] [stderr] 
[INFO] [stderr] test tests/ui-fail/deprecated_fn_create.rs ... mismatch
[INFO] [stderr] 
[INFO] [stderr] EXPECTED:
[INFO] [stderr] ┈┈┈┈┈┈┈┈┈┈┈┈┈┈┈┈┈┈┈┈┈┈┈┈┈┈┈┈┈┈┈┈┈┈┈┈┈┈┈┈┈┈┈┈┈┈┈┈┈┈┈┈┈┈┈┈┈┈┈┈
[INFO] [stderr] error: The `fn_create` attribute is deprecated and no longer supported.
[INFO] [stderr]        Use the new hook syntax instead: `create::one::body = your_function`
[INFO] [stderr] 
[INFO] [stderr]        Migration guide:
[INFO] [stderr]        - fn_create      -> create::one::body
[INFO] [stderr]        - fn_get_one     -> read::one::body
[INFO] [stderr]        - fn_get_all     -> read::many::body
[INFO] [stderr]        - fn_update      -> update::one::body
[INFO] [stderr]        - fn_delete      -> delete::one::body
[INFO] [stderr]        - fn_delete_many -> delete::many::body
[INFO] [stderr] 
[INFO] [stderr]        New hook phases available:
[INFO] [stderr]        - ::pre  - runs before the operation (validation, auth)
[INFO] [stderr]        - ::body - replaces the default implementation
[INFO] [stderr]        - ::post - runs after the operation (notifications, side effects)
[INFO] [stderr]   --> tests/ui-fail/deprecated_fn_create.rs:15:5
[INFO] [stderr]    |
[INFO] [stderr] 15 |     fn_create = custom_create,  // Deprecated syntax - should error
[INFO] [stderr]    |     ^^^^^^^^^
[INFO] [stderr] ┈┈┈┈┈┈┈┈┈┈┈┈┈┈┈┈┈┈┈┈┈┈┈┈┈┈┈┈┈┈┈┈┈┈┈┈┈┈┈┈┈┈┈┈┈┈┈┈┈┈┈┈┈┈┈┈┈┈┈┈
[INFO] [stderr] 
[INFO] [stderr] ACTUAL OUTPUT:
[INFO] [stderr] ┈┈┈┈┈┈┈┈┈┈┈┈┈┈┈┈┈┈┈┈┈┈┈┈┈┈┈┈┈┈┈┈┈┈┈┈┈┈┈┈┈┈┈┈┈┈┈┈┈┈┈┈┈┈┈┈┈┈┈┈
[INFO] [stderr] error[E0432]: unresolved import `crudcrate`
[INFO] [stderr]  --> tests/ui-fail/deprecated_fn_create.rs:3:5
[INFO] [stderr]   |
[INFO] [stderr] 3 | use crudcrate::EntityToModels;
[INFO] [stderr]   |     ^^^^^^^^^ use of unresolved module or unlinked crate `crudcrate`
[INFO] [stderr]   |
[INFO] [stderr]   = help: if you wanted to use a crate named `crudcrate`, use `cargo add crudcrate` to add it to your `Cargo.toml`
[INFO] [stderr] 
[INFO] [stderr] error: cannot find attribute `crudcrate` in this scope
[INFO] [stderr]   --> tests/ui-fail/deprecated_fn_create.rs:13:3
[INFO] [stderr]    |
[INFO] [stderr] 13 | #[crudcrate(
[INFO] [stderr]    |   ^^^^^^^^^
[INFO] [stderr]    |
[INFO] [stderr] help: `crudcrate` is an attribute that can be used by the derive macros `EntityToModels`, `ToCreateModel`, `ToListModel` and `ToUpdateModel`, you might be missing a `derive` attribute
[INFO] [stderr]    |
[INFO] [stderr] 17 + #[derive(EntityToModels, ToCreateModel, ToListModel, ToUpdateModel)]
[INFO] [stderr] 18 | pub struct Model {
[INFO] [stderr]    |
[INFO] [stderr] 
[INFO] [stderr] error: cannot find attribute `crudcrate` in this scope
[INFO] [stderr]   --> tests/ui-fail/deprecated_fn_create.rs:19:7
[INFO] [stderr]    |
[INFO] [stderr] 19 |     #[crudcrate(primary_key)]
[INFO] [stderr]    |       ^^^^^^^^^
[INFO] [stderr]    |
[INFO] [stderr]    = note: `crudcrate` is an attribute that can be used by the derive macros `EntityToModels`, `ToCreateModel`, `ToListModel` and `ToUpdateModel`, you might be missing a `derive` attribute
[INFO] [stderr] 
[INFO] [stderr] error[E0433]: cannot find module or crate `crudcrate` in this scope
[INFO] [stderr]  --> tests/ui-fail/deprecated_fn_create.rs:7:77
[INFO] [stderr]   |
[INFO] [stderr] 7 | async fn custom_create(_db: &DatabaseConnection, _id: Uuid) -> Result<Uuid, crudcrate::ApiError> {
[INFO] [stderr]   |                                                                             ^^^^^^^^^ use of unresolved module or unlinked crate `crudcrate`
[INFO] [stderr]   |
[INFO] [stderr]   = help: if you wanted to use a crate named `crudcrate`, use `cargo add crudcrate` to add it to your `Cargo.toml`
[INFO] [stderr] ┈┈┈┈┈┈┈┈┈┈┈┈┈┈┈┈┈┈┈┈┈┈┈┈┈┈┈┈┈┈┈┈┈┈┈┈┈┈┈┈┈┈┈┈┈┈┈┈┈┈┈┈┈┈┈┈┈┈┈┈
[INFO] [stderr] note: If the actual output is the correct output you can bless it by rerunning
[INFO] [stderr]       your test with the environment variable TRYBUILD=overwrite
[INFO] [stderr] 
[INFO] [stderr] test tests/ui-fail/deprecated_fn_delete.rs ... mismatch
[INFO] [stderr] 
[INFO] [stderr] EXPECTED:
[INFO] [stderr] ┈┈┈┈┈┈┈┈┈┈┈┈┈┈┈┈┈┈┈┈┈┈┈┈┈┈┈┈┈┈┈┈┈┈┈┈┈┈┈┈┈┈┈┈┈┈┈┈┈┈┈┈┈┈┈┈┈┈┈┈
[INFO] [stderr] error: The `fn_delete` attribute is deprecated and no longer supported.
[INFO] [stderr]        Use the new hook syntax instead: `delete::one::body = your_function`
[INFO] [stderr] 
[INFO] [stderr]        Migration guide:
[INFO] [stderr]        - fn_create      -> create::one::body
[INFO] [stderr]        - fn_get_one     -> read::one::body
[INFO] [stderr]        - fn_get_all     -> read::many::body
[INFO] [stderr]        - fn_update      -> update::one::body
[INFO] [stderr]        - fn_delete      -> delete::one::body
[INFO] [stderr]        - fn_delete_many -> delete::many::body
[INFO] [stderr] 
[INFO] [stderr]        New hook phases available:
[INFO] [stderr]        - ::pre  - runs before the operation (validation, auth)
[INFO] [stderr]        - ::body - replaces the default implementation
[INFO] [stderr]        - ::post - runs after the operation (notifications, side effects)
[INFO] [stderr]   --> tests/ui-fail/deprecated_fn_delete.rs:15:5
[INFO] [stderr]    |
[INFO] [stderr] 15 |     fn_delete = custom_delete,  // Deprecated syntax - should error
[INFO] [stderr]    |     ^^^^^^^^^
[INFO] [stderr] ┈┈┈┈┈┈┈┈┈┈┈┈┈┈┈┈┈┈┈┈┈┈┈┈┈┈┈┈┈┈┈┈┈┈┈┈┈┈┈┈┈┈┈┈┈┈┈┈┈┈┈┈┈┈┈┈┈┈┈┈
[INFO] [stderr] 
[INFO] [stderr] ACTUAL OUTPUT:
[INFO] [stderr] ┈┈┈┈┈┈┈┈┈┈┈┈┈┈┈┈┈┈┈┈┈┈┈┈┈┈┈┈┈┈┈┈┈┈┈┈┈┈┈┈┈┈┈┈┈┈┈┈┈┈┈┈┈┈┈┈┈┈┈┈
[INFO] [stderr] error[E0432]: unresolved import `crudcrate`
[INFO] [stderr]  --> tests/ui-fail/deprecated_fn_delete.rs:3:5
[INFO] [stderr]   |
[INFO] [stderr] 3 | use crudcrate::EntityToModels;
[INFO] [stderr]   |     ^^^^^^^^^ use of unresolved module or unlinked crate `crudcrate`
[INFO] [stderr]   |
[INFO] [stderr]   = help: if you wanted to use a crate named `crudcrate`, use `cargo add crudcrate` to add it to your `Cargo.toml`
[INFO] [stderr] 
[INFO] [stderr] error: cannot find attribute `crudcrate` in this scope
[INFO] [stderr]   --> tests/ui-fail/deprecated_fn_delete.rs:13:3
[INFO] [stderr]    |
[INFO] [stderr] 13 | #[crudcrate(
[INFO] [stderr]    |   ^^^^^^^^^
[INFO] [stderr]    |
[INFO] [stderr] help: `crudcrate` is an attribute that can be used by the derive macros `EntityToModels`, `ToCreateModel`, `ToListModel` and `ToUpdateModel`, you might be missing a `derive` attribute
[INFO] [stderr]    |
[INFO] [stderr] 17 + #[derive(EntityToModels, ToCreateModel, ToListModel, ToUpdateModel)]
[INFO] [stderr] 18 | pub struct Model {
[INFO] [stderr]    |
[INFO] [stderr] 
[INFO] [stderr] error: cannot find attribute `crudcrate` in this scope
[INFO] [stderr]   --> tests/ui-fail/deprecated_fn_delete.rs:19:7
[INFO] [stderr]    |
[INFO] [stderr] 19 |     #[crudcrate(primary_key)]
[INFO] [stderr]    |       ^^^^^^^^^
[INFO] [stderr]    |
[INFO] [stderr]    = note: `crudcrate` is an attribute that can be used by the derive macros `EntityToModels`, `ToCreateModel`, `ToListModel` and `ToUpdateModel`, you might be missing a `derive` attribute
[INFO] [stderr] 
[INFO] [stderr] error[E0433]: cannot find module or crate `crudcrate` in this scope
[INFO] [stderr]  --> tests/ui-fail/deprecated_fn_delete.rs:7:77
[INFO] [stderr]   |
[INFO] [stderr] 7 | async fn custom_delete(_db: &DatabaseConnection, _id: Uuid) -> Result<Uuid, crudcrate::ApiError> {
[INFO] [stderr]   |                                                                             ^^^^^^^^^ use of unresolved module or unlinked crate `crudcrate`
[INFO] [stderr]   |
[INFO] [stderr]   = help: if you wanted to use a crate named `crudcrate`, use `cargo add crudcrate` to add it to your `Cargo.toml`
[INFO] [stderr] ┈┈┈┈┈┈┈┈┈┈┈┈┈┈┈┈┈┈┈┈┈┈┈┈┈┈┈┈┈┈┈┈┈┈┈┈┈┈┈┈┈┈┈┈┈┈┈┈┈┈┈┈┈┈┈┈┈┈┈┈
[INFO] [stderr] note: If the actual output is the correct output you can bless it by rerunning
[INFO] [stderr]       your test with the environment variable TRYBUILD=overwrite
[INFO] [stderr] 
[INFO] [stderr] test tests/ui-fail/not_a_struct.rs ... mismatch
[INFO] [stderr] 
[INFO] [stderr] EXPECTED:
[INFO] [stderr] ┈┈┈┈┈┈┈┈┈┈┈┈┈┈┈┈┈┈┈┈┈┈┈┈┈┈┈┈┈┈┈┈┈┈┈┈┈┈┈┈┈┈┈┈┈┈┈┈┈┈┈┈┈┈┈┈┈┈┈┈
[INFO] [stderr] error: EntityToModels only supports structs
[INFO] [stderr]   --> tests/ui-fail/not_a_struct.rs:7:1
[INFO] [stderr]    |
[INFO] [stderr]  7 | / enum NotAStruct {
[INFO] [stderr]  8 | |     A,
[INFO] [stderr]  9 | |     B,
[INFO] [stderr] 10 | | }
[INFO] [stderr]    | |_^
[INFO] [stderr] ┈┈┈┈┈┈┈┈┈┈┈┈┈┈┈┈┈┈┈┈┈┈┈┈┈┈┈┈┈┈┈┈┈┈┈┈┈┈┈┈┈┈┈┈┈┈┈┈┈┈┈┈┈┈┈┈┈┈┈┈
[INFO] [stderr] 
[INFO] [stderr] ACTUAL OUTPUT:
[INFO] [stderr] ┈┈┈┈┈┈┈┈┈┈┈┈┈┈┈┈┈┈┈┈┈┈┈┈┈┈┈┈┈┈┈┈┈┈┈┈┈┈┈┈┈┈┈┈┈┈┈┈┈┈┈┈┈┈┈┈┈┈┈┈
[INFO] [stderr] error[E0432]: unresolved import `crudcrate`
[INFO] [stderr]  --> tests/ui-fail/not_a_struct.rs:4:5
[INFO] [stderr]   |
[INFO] [stdout] test compile_fail_tests ... FAILED
[INFO] [stderr] 4 | use crudcrate::EntityToModels;
[INFO] [stderr]   |     ^^^^^^^^^ use of unresolved module or unlinked crate `crudcrate`
[INFO] [stderr]   |
[INFO] [stderr]   = help: if you wanted to use a crate named `crudcrate`, use `cargo add crudcrate` to add it to your `Cargo.toml`
[INFO] [stderr] ┈┈┈┈┈┈┈┈┈┈┈┈┈┈┈┈┈┈┈┈┈┈┈┈┈┈┈┈┈┈┈┈┈┈┈┈┈┈┈┈┈┈┈┈┈┈┈┈┈┈┈┈┈┈┈┈┈┈┈┈
[INFO] [stderr] note: If the actual output is the correct output you can bless it by rerunning
[INFO] [stderr]       your test with the environment variable TRYBUILD=overwrite
[INFO] [stderr] 
[INFO] [stderr] test tests/ui-fail/upsert_where_without_key.rs ... mismatch
[INFO] [stderr] 
[INFO] [stderr] EXPECTED:
[INFO] [stderr] ┈┈┈┈┈┈┈┈┈┈┈┈┈┈┈┈┈┈┈┈┈┈┈┈┈┈┈┈┈┈┈┈┈┈┈┈┈┈┈┈┈┈┈┈┈┈┈┈┈┈┈┈┈┈┈┈┈┈┈┈
[INFO] [stderr] error: `upsert_where` names the predicate an `upsert_key` is unique under, so it needs a key. Add `upsert_key(...)`, or drop the predicate.
[INFO] [stderr]   --> tests/ui-fail/upsert_where_without_key.rs:10:52
[INFO] [stderr]    |
[INFO] [stderr] 10 | #[crudcrate(api_struct = "Episode", upsert_where = Column::ResolvedAt.is_null())]
[INFO] [stderr]    |                                                    ^^^^^^^^^^^^^^^^^^^^^^^^^^^^
[INFO] [stderr] ┈┈┈┈┈┈┈┈┈┈┈┈┈┈┈┈┈┈┈┈┈┈┈┈┈┈┈┈┈┈┈┈┈┈┈┈┈┈┈┈┈┈┈┈┈┈┈┈┈┈┈┈┈┈┈┈┈┈┈┈
[INFO] [stderr] 
[INFO] [stderr] ACTUAL OUTPUT:
[INFO] [stderr] ┈┈┈┈┈┈┈┈┈┈┈┈┈┈┈┈┈┈┈┈┈┈┈┈┈┈┈┈┈┈┈┈┈┈┈┈┈┈┈┈┈┈┈┈┈┈┈┈┈┈┈┈┈┈┈┈┈┈┈┈
[INFO] [stderr] error[E0432]: unresolved import `crudcrate`
[INFO] [stderr]  --> tests/ui-fail/upsert_where_without_key.rs:5:5
[INFO] [stderr]   |
[INFO] [stderr] 5 | use crudcrate::EntityToModels;
[INFO] [stderr]   |     ^^^^^^^^^ use of unresolved module or unlinked crate `crudcrate`
[INFO] [stderr]   |
[INFO] [stderr]   = help: if you wanted to use a crate named `crudcrate`, use `cargo add crudcrate` to add it to your `Cargo.toml`
[INFO] [stderr] 
[INFO] [stderr] error: cannot find attribute `crudcrate` in this scope
[INFO] [stderr]   --> tests/ui-fail/upsert_where_without_key.rs:10:3
[INFO] [stderr]    |
[INFO] [stderr] 10 | #[crudcrate(api_struct = "Episode", upsert_where = Column::ResolvedAt.is_null())]
[INFO] [stderr]    |   ^^^^^^^^^
[INFO] [stderr]    |
[INFO] [stderr] help: `crudcrate` is an attribute that can be used by the derive macros `EntityToModels`, `ToCreateModel`, `ToListModel` and `ToUpdateModel`, you might be missing a `derive` attribute
[INFO] [stderr]    |
[INFO] [stderr] 11 + #[derive(EntityToModels, ToCreateModel, ToListModel, ToUpdateModel)]
[INFO] [stderr] 12 | pub struct Model {
[INFO] [stderr]    |
[INFO] [stderr] 
[INFO] [stderr] error: cannot find attribute `crudcrate` in this scope
[INFO] [stderr]   --> tests/ui-fail/upsert_where_without_key.rs:13:7
[INFO] [stderr]    |
[INFO] [stderr] 13 |     #[crudcrate(primary_key)]
[INFO] [stderr]    |       ^^^^^^^^^
[INFO] [stderr]    |
[INFO] [stderr]    = note: `crudcrate` is an attribute that can be used by the derive macros `EntityToModels`, `ToCreateModel`, `ToListModel` and `ToUpdateModel`, you might be missing a `derive` attribute
[INFO] [stderr] ┈┈┈┈┈┈┈┈┈┈┈┈┈┈┈┈┈┈┈┈┈┈┈┈┈┈┈┈┈┈┈┈┈┈┈┈┈┈┈┈┈┈┈┈┈┈┈┈┈┈┈┈┈┈┈┈┈┈┈┈
[INFO] [stderr] note: If the actual output is the correct output you can bless it by rerunning
[INFO] [stderr]       your test with the environment variable TRYBUILD=overwrite
[INFO] [stderr] 
[INFO] [stderr] 
[INFO] [stderr] 
[INFO] [stderr]    Compiling zerofrom v0.1.8
[INFO] [stderr]    Compiling stable_deref_trait v1.2.1
[INFO] [stderr]    Compiling writeable v0.6.3
[INFO] [stderr]    Compiling litemap v0.8.2
[INFO] [stderr]    Compiling utf8_iter v1.0.4
[INFO] [stderr]    Compiling smallvec v1.15.2
[INFO] [stderr]    Compiling serde_core v1.0.229
[INFO] [stderr]    Compiling icu_normalizer_data v2.2.0
[INFO] [stderr]    Compiling icu_properties_data v2.2.0
[INFO] [stderr]    Compiling num-traits v0.2.19
[INFO] [stderr]    Compiling libc v0.2.189
[INFO] [stderr]    Compiling zmij v1.0.23
[INFO] [stderr]    Compiling itoa v1.0.18
[INFO] [stderr]    Compiling cfg-if v1.0.4
[INFO] [stderr]    Compiling unicode-ident v1.0.24
[INFO] [stderr]    Compiling memchr v2.8.3
[INFO] [stderr]    Compiling pin-project-lite v0.2.17
[INFO] [stderr]    Compiling percent-encoding v2.3.2
[INFO] [stderr]    Compiling iana-time-zone v0.1.65
[INFO] [stderr]    Compiling proc-macro2 v1.0.107
[INFO] [stderr]    Compiling yoke v0.8.3
[INFO] [stderr]    Compiling futures-core v0.3.33
[INFO] [stderr]    Compiling hashbrown v0.17.1
[INFO] [stderr]    Compiling form_urlencoded v1.2.2
[INFO] [stderr]    Compiling equivalent v1.0.2
[INFO] [stderr]    Compiling tracing-core v0.1.36
[INFO] [stderr]    Compiling log v0.4.33
[INFO] [stderr]    Compiling either v1.17.0
[INFO] [stderr]    Compiling futures-task v0.3.33
[INFO] [stderr]    Compiling slab v0.4.12
[INFO] [stderr]    Compiling async-stream v0.3.6
[INFO] [stderr]    Compiling zerovec v0.11.6
[INFO] [stderr]    Compiling zerotrie v0.2.4
[INFO] [stderr]    Compiling thiserror v2.0.19
[INFO] [stderr]    Compiling derive_more v2.1.1
[INFO] [stderr]    Compiling unicode-segmentation v1.13.3
[INFO] [stderr]    Compiling futures-util v0.3.33
[INFO] [stderr]    Compiling arrayvec v0.7.8
[INFO] [stderr]    Compiling strum v0.28.0
[INFO] [stderr]    Compiling heck v0.5.0
[INFO] [stderr]    Compiling itertools v0.14.0
[INFO] [stderr]    Compiling quote v1.0.47
[INFO] [stderr]    Compiling syn v2.0.119
[INFO] [stderr]    Compiling tracing v0.1.44
[INFO] [stderr]    Compiling convert_case v0.8.0
[INFO] [stderr]    Compiling tinystr v0.8.3
[INFO] [stderr]    Compiling potential_utf v0.1.5
[INFO] [stderr]    Compiling ordered-float v4.6.0
[INFO] [stderr]    Compiling icu_locale_core v2.2.0
[INFO] [stderr]    Compiling icu_collections v2.2.0
[INFO] [stderr]    Compiling getrandom v0.4.3
[INFO] [stderr]    Compiling icu_provider v2.2.0
[INFO] [stderr]    Compiling icu_normalizer v2.2.0
[INFO] [stderr]    Compiling icu_properties v2.2.0
[INFO] [stderr]    Compiling serde v1.0.229
[INFO] [stderr]    Compiling serde_json v1.0.151
[INFO] [stderr]    Compiling uuid v1.24.0
[INFO] [stderr]    Compiling indexmap v2.14.0
[INFO] [stderr]    Compiling serde_with v3.21.0
[INFO] [stderr]    Compiling chrono v0.4.45
[INFO] [stderr]    Compiling rust_decimal v1.42.1
[INFO] [stderr]    Compiling prettyplease v0.2.37
[INFO] [stderr]    Compiling utoipa v5.5.0
[INFO] [stderr]    Compiling idna_adapter v1.2.2
[INFO] [stderr]    Compiling idna v1.1.0
[INFO] [stderr]    Compiling url v2.5.8
[INFO] [stderr]    Compiling sea-query v1.0.1
[INFO] [stderr]    Compiling sea-orm v2.0.2
[INFO] [stderr]    Compiling crudcrate-derive-tests v0.0.0 (/opt/rustwide/target/tests/trybuild/crudcrate-derive)
[INFO] [stderr]     Finished `dev` profile [unoptimized + debuginfo] target(s) in 35.69s
[INFO] [stderr] 
[INFO] [stderr] 
[INFO] [stderr] test tests/ui-pass/basic_entity.rs ... error
[INFO] [stderr] ┈┈┈┈┈┈┈┈┈┈┈┈┈┈┈┈┈┈┈┈┈┈┈┈┈┈┈┈┈┈┈┈┈┈┈┈┈┈┈┈┈┈┈┈┈┈┈┈┈┈┈┈┈┈┈┈┈┈┈┈
[INFO] [stderr] error[E0432]: unresolved import `crudcrate`
[INFO] [stderr]  --> tests/ui-pass/basic_entity.rs:3:5
[INFO] [stderr]   |
[INFO] [stderr] 3 | use crudcrate::EntityToModels;
[INFO] [stderr]   |     ^^^^^^^^^ use of unresolved module or unlinked crate `crudcrate`
[INFO] [stderr]   |
[INFO] [stderr]   = help: if you wanted to use a crate named `crudcrate`, use `cargo add crudcrate` to add it to your `Cargo.toml`
[INFO] [stderr] 
[INFO] [stderr] error: cannot find attribute `crudcrate` in this scope
[INFO] [stderr]   --> tests/ui-pass/basic_entity.rs:9:3
[INFO] [stderr]    |
[INFO] [stderr]  9 | #[crudcrate(api_struct = "Todo")]
[INFO] [stderr]    |   ^^^^^^^^^
[INFO] [stderr]    |
[INFO] [stderr] help: `crudcrate` is an attribute that can be used by the derive macros `EntityToModels`, `ToCreateModel`, `ToListModel` and `ToUpdateModel`, you might be missing a `derive` attribute
[INFO] [stderr]    |
[INFO] [stderr] 10 + #[derive(EntityToModels, ToCreateModel, ToListModel, ToUpdateModel)]
[INFO] [stderr] 11 | pub struct Model {
[INFO] [stderr]    |
[INFO] [stderr] 
[INFO] [stderr] error: cannot find attribute `crudcrate` in this scope
[INFO] [stderr]   --> tests/ui-pass/basic_entity.rs:12:7
[INFO] [stderr]    |
[INFO] [stderr] 12 |     #[crudcrate(primary_key, exclude(create, update), on_create = Uuid::new_v4())]
[INFO] [stderr]    |       ^^^^^^^^^
[INFO] [stderr]    |
[INFO] [stderr]    = note: `crudcrate` is an attribute that can be used by the derive macros `EntityToModels`, `ToCreateModel`, `ToListModel` and `ToUpdateModel`, you might be missing a `derive` attribute
[INFO] [stderr] 
[INFO] [stderr] error: cannot find attribute `crudcrate` in this scope
[INFO] [stderr]   --> tests/ui-pass/basic_entity.rs:15:7
[INFO] [stderr]    |
[INFO] [stderr] 15 |     #[crudcrate(sortable, filterable)]
[INFO] [stderr]    |       ^^^^^^^^^
[INFO] [stderr]    |
[INFO] [stderr]    = note: `crudcrate` is an attribute that can be used by the derive macros `EntityToModels`, `ToCreateModel`, `ToListModel` and `ToUpdateModel`, you might be missing a `derive` attribute
[INFO] [stderr] 
[INFO] [stderr] error[E0425]: cannot find type `TodoCreate` in this scope
[INFO] [stderr]   --> tests/ui-pass/basic_entity.rs:27:20
[INFO] [stderr]    |
[INFO] [stderr] 27 |     let _: fn() -> TodoCreate = || TodoCreate {
[INFO] [stderr]    |                    ^^^^^^^^^^ not found in this scope
[INFO] [stderr] 
[INFO] [stderr] error[E0422]: cannot find struct, variant or union type `TodoCreate` in this scope
[INFO] [stderr]   --> tests/ui-pass/basic_entity.rs:27:36
[INFO] [stderr]    |
[INFO] [stderr] 27 |     let _: fn() -> TodoCreate = || TodoCreate {
[INFO] [stderr]    |                                    ^^^^^^^^^^ not found in this scope
[INFO] [stderr] ┈┈┈┈┈┈┈┈┈┈┈┈┈┈┈┈┈┈┈┈┈┈┈┈┈┈┈┈┈┈┈┈┈┈┈┈┈┈┈┈┈┈┈┈┈┈┈┈┈┈┈┈┈┈┈┈┈┈┈┈
[INFO] [stderr] 
[INFO] [stderr] test tests/ui-pass/derive_eq_without_partial_eq.rs ... error
[INFO] [stderr] ┈┈┈┈┈┈┈┈┈┈┈┈┈┈┈┈┈┈┈┈┈┈┈┈┈┈┈┈┈┈┈┈┈┈┈┈┈┈┈┈┈┈┈┈┈┈┈┈┈┈┈┈┈┈┈┈┈┈┈┈
[INFO] [stderr] error[E0432]: unresolved import `crudcrate`
[INFO] [stderr]  --> tests/ui-pass/derive_eq_without_partial_eq.rs:7:5
[INFO] [stderr]   |
[INFO] [stderr] 7 | use crudcrate::EntityToModels;
[INFO] [stderr]   |     ^^^^^^^^^ use of unresolved module or unlinked crate `crudcrate`
[INFO] [stderr]   |
[INFO] [stderr]   = help: if you wanted to use a crate named `crudcrate`, use `cargo add crudcrate` to add it to your `Cargo.toml`
[INFO] [stderr] 
[INFO] [stderr] error: cannot find attribute `crudcrate` in this scope
[INFO] [stderr]   --> tests/ui-pass/derive_eq_without_partial_eq.rs:13:3
[INFO] [stderr]    |
[INFO] [stderr] 13 | #[crudcrate(api_struct = "Label", derive_eq)]
[INFO] [stderr]    |   ^^^^^^^^^
[INFO] [stderr]    |
[INFO] [stderr] help: `crudcrate` is an attribute that can be used by the derive macros `EntityToModels`, `ToCreateModel`, `ToListModel` and `ToUpdateModel`, you might be missing a `derive` attribute
[INFO] [stderr]    |
[INFO] [stderr] 14 + #[derive(EntityToModels, ToCreateModel, ToListModel, ToUpdateModel)]
[INFO] [stderr] 15 | pub struct Model {
[INFO] [stderr]    |
[INFO] [stderr] 
[INFO] [stderr] error: cannot find attribute `crudcrate` in this scope
[INFO] [stderr]   --> tests/ui-pass/derive_eq_without_partial_eq.rs:16:7
[INFO] [stderr]    |
[INFO] [stderr] 16 |     #[crudcrate(primary_key, exclude(create, update), on_create = Uuid::new_v4())]
[INFO] [stderr]    |       ^^^^^^^^^
[INFO] [stderr]    |
[INFO] [stderr]    = note: `crudcrate` is an attribute that can be used by the derive macros `EntityToModels`, `ToCreateModel`, `ToListModel` and `ToUpdateModel`, you might be missing a `derive` attribute
[INFO] [stderr] 
[INFO] [stderr] error: cannot find attribute `crudcrate` in this scope
[INFO] [stderr]   --> tests/ui-pass/derive_eq_without_partial_eq.rs:19:7
[INFO] [stderr]    |
[INFO] [stderr] 19 |     #[crudcrate(sortable, filterable)]
[INFO] [stderr]    |       ^^^^^^^^^
[INFO] [stderr]    |
[INFO] [stderr]    = note: `crudcrate` is an attribute that can be used by the derive macros `EntityToModels`, `ToCreateModel`, `ToListModel` and `ToUpdateModel`, you might be missing a `derive` attribute
[INFO] [stderr] 
[INFO] [stderr] error[E0422]: cannot find struct, variant or union type `Label` in this scope
[INFO] [stderr]   --> tests/ui-pass/derive_eq_without_partial_eq.rs:29:13
[INFO] [stderr]    |
[INFO] [stderr] 29 |     let a = Label {
[INFO] [stderr]    |             ^^^^^ not found in this scope
[INFO] [stderr] 
[INFO] [stderr] error[E0422]: cannot find struct, variant or union type `Label` in this scope
[INFO] [stderr]   --> tests/ui-pass/derive_eq_without_partial_eq.rs:33:13
[INFO] [stderr]    |
[INFO] [stderr] 33 |     let b = Label {
[INFO] [stderr]    |             ^^^^^ not found in this scope
[INFO] [stderr] ┈┈┈┈┈┈┈┈┈┈┈┈┈┈┈┈┈┈┈┈┈┈┈┈┈┈┈┈┈┈┈┈┈┈┈┈┈┈┈┈┈┈┈┈┈┈┈┈┈┈┈┈┈┈┈┈┈┈┈┈
[INFO] [stderr] 
[INFO] [stderr] test tests/ui-pass/digit_boundary_columns.rs ... error
[INFO] [stderr] ┈┈┈┈┈┈┈┈┈┈┈┈┈┈┈┈┈┈┈┈┈┈┈┈┈┈┈┈┈┈┈┈┈┈┈┈┈┈┈┈┈┈┈┈┈┈┈┈┈┈┈┈┈┈┈┈┈┈┈┈
[INFO] [stderr] error[E0432]: unresolved import `crudcrate`
[INFO] [stderr]  --> tests/ui-pass/digit_boundary_columns.rs:6:5
[INFO] [stderr]   |
[INFO] [stderr] 6 | use crudcrate::EntityToModels;
[INFO] [stderr]   |     ^^^^^^^^^ use of unresolved module or unlinked crate `crudcrate`
[INFO] [stderr]   |
[INFO] [stderr]   = help: if you wanted to use a crate named `crudcrate`, use `cargo add crudcrate` to add it to your `Cargo.toml`
[INFO] [stderr] 
[INFO] [stderr] error: cannot find attribute `crudcrate` in this scope
[INFO] [stderr]   --> tests/ui-pass/digit_boundary_columns.rs:12:3
[INFO] [stderr]    |
[INFO] [stderr] 12 | #[crudcrate(api_struct = "Account")]
[INFO] [stderr]    |   ^^^^^^^^^
[INFO] [stderr]    |
[INFO] [stderr] help: `crudcrate` is an attribute that can be used by the derive macros `EntityToModels`, `ToCreateModel`, `ToListModel` and `ToUpdateModel`, you might be missing a `derive` attribute
[INFO] [stderr]    |
[INFO] [stderr] 13 + #[derive(EntityToModels, ToCreateModel, ToListModel, ToUpdateModel)]
[INFO] [stderr] 14 | pub struct Model {
[INFO] [stderr]    |
[INFO] [stderr] 
[INFO] [stderr] error: cannot find attribute `crudcrate` in this scope
[INFO] [stderr]   --> tests/ui-pass/digit_boundary_columns.rs:15:7
[INFO] [stderr]    |
[INFO] [stderr] 15 |     #[crudcrate(primary_key)]
[INFO] [stderr]    |       ^^^^^^^^^
[INFO] [stderr]    |
[INFO] [stderr]    = note: `crudcrate` is an attribute that can be used by the derive macros `EntityToModels`, `ToCreateModel`, `ToListModel` and `ToUpdateModel`, you might be missing a `derive` attribute
[INFO] [stderr] 
[INFO] [stderr] error: cannot find attribute `crudcrate` in this scope
[INFO] [stderr]   --> tests/ui-pass/digit_boundary_columns.rs:17:7
[INFO] [stderr]    |
[INFO] [stderr] 17 |     #[crudcrate(filterable, sortable)]
[INFO] [stderr]    |       ^^^^^^^^^
[INFO] [stderr]    |
[INFO] [stderr]    = note: `crudcrate` is an attribute that can be used by the derive macros `EntityToModels`, `ToCreateModel`, `ToListModel` and `ToUpdateModel`, you might be missing a `derive` attribute
[INFO] [stderr] 
[INFO] [stderr] error: cannot find attribute `crudcrate` in this scope
[INFO] [stderr]   --> tests/ui-pass/digit_boundary_columns.rs:19:7
[INFO] [stderr]    |
[INFO] [stderr] 19 |     #[crudcrate(exclude(list))]
[INFO] [stderr]    |       ^^^^^^^^^
[INFO] [stderr]    |
[INFO] [stderr]    = note: `crudcrate` is an attribute that can be used by the derive macros `EntityToModels`, `ToCreateModel`, `ToListModel` and `ToUpdateModel`, you might be missing a `derive` attribute
[INFO] [stderr] 
[INFO] [stderr] error: cannot find attribute `crudcrate` in this scope
[INFO] [stderr]   --> tests/ui-pass/digit_boundary_columns.rs:21:7
[INFO] [stderr]    |
[INFO] [stderr] 21 |     #[crudcrate(filterable, exclude(scoped))]
[INFO] [stderr]    |       ^^^^^^^^^
[INFO] [stderr]    |
[INFO] [stderr]    = note: `crudcrate` is an attribute that can be used by the derive macros `EntityToModels`, `ToCreateModel`, `ToListModel` and `ToUpdateModel`, you might be missing a `derive` attribute
[INFO] [stderr] ┈┈┈┈┈┈┈┈┈┈┈┈┈┈┈┈┈┈┈┈┈┈┈┈┈┈┈┈┈┈┈┈┈┈┈┈┈┈┈┈┈┈┈┈┈┈┈┈┈┈┈┈┈┈┈┈┈┈┈┈
[INFO] [stderr] 
[INFO] [stderr] test tests/ui-pass/entity_with_hooks.rs ... error
[INFO] [stderr] ┈┈┈┈┈┈┈┈┈┈┈┈┈┈┈┈┈┈┈┈┈┈┈┈┈┈┈┈┈┈┈┈┈┈┈┈┈┈┈┈┈┈┈┈┈┈┈┈┈┈┈┈┈┈┈┈┈┈┈┈
[INFO] [stderr] error[E0432]: unresolved import `crudcrate`
[INFO] [stderr]  --> tests/ui-pass/entity_with_hooks.rs:3:5
[INFO] [stderr]   |
[INFO] [stderr] 3 | use crudcrate::{EntityToModels, ApiError};
[INFO] [stderr]   |     ^^^^^^^^^ use of unresolved module or unlinked crate `crudcrate`
[INFO] [stderr]   |
[INFO] [stderr]   = help: if you wanted to use a crate named `crudcrate`, use `cargo add crudcrate` to add it to your `Cargo.toml`
[INFO] [stderr] 
[INFO] [stderr] error: cannot find attribute `crudcrate` in this scope
[INFO] [stderr]   --> tests/ui-pass/entity_with_hooks.rs:22:3
[INFO] [stderr]    |
[INFO] [stderr] 22 | #[crudcrate(
[INFO] [stderr]    |   ^^^^^^^^^
[INFO] [stderr]    |
[INFO] [stderr] help: `crudcrate` is an attribute that can be used by the derive macros `EntityToModels`, `ToCreateModel`, `ToListModel` and `ToUpdateModel`, you might be missing a `derive` attribute
[INFO] [stderr]    |
[INFO] [stderr] 29 + #[derive(EntityToModels, ToCreateModel, ToListModel, ToUpdateModel)]
[INFO] [stderr] 30 | pub struct Model {
[INFO] [stderr]    |
[INFO] [stderr] 
[INFO] [stderr] error: cannot find attribute `crudcrate` in this scope
[INFO] [stderr]   --> tests/ui-pass/entity_with_hooks.rs:31:7
[INFO] [stderr]    |
[INFO] [stderr] 31 |     #[crudcrate(primary_key)]
[INFO] [stderr]    |       ^^^^^^^^^
[INFO] [stderr]    |
[INFO] [stderr]    = note: `crudcrate` is an attribute that can be used by the derive macros `EntityToModels`, `ToCreateModel`, `ToListModel` and `ToUpdateModel`, you might be missing a `derive` attribute
[INFO] [stderr] 
[INFO] [stderr] error: cannot find attribute `crudcrate` in this scope
[INFO] [stderr]   --> tests/ui-pass/entity_with_hooks.rs:34:7
[INFO] [stderr]    |
[INFO] [stderr] 34 |     #[crudcrate(sortable, filterable)]
[INFO] [stderr]    |       ^^^^^^^^^
[INFO] [stderr]    |
[INFO] [stderr]    = note: `crudcrate` is an attribute that can be used by the derive macros `EntityToModels`, `ToCreateModel`, `ToListModel` and `ToUpdateModel`, you might be missing a `derive` attribute
[INFO] [stderr] 
[INFO] [stderr] error[E0425]: cannot find type `AssetCreate` in this scope
[INFO] [stderr]  --> tests/ui-pass/entity_with_hooks.rs:8:72
[INFO] [stderr]   |
[INFO] [stderr] 8 | async fn validate_create<C: sea_orm::ConnectionTrait>(_db: &C, _data: &AssetCreate) -> Result<(), ApiError> {
[INFO] [stderr]   |                                                                        ^^^^^^^^^^^ not found in this scope
[INFO] [stderr] 
[INFO] [stderr] error[E0425]: cannot find type `Asset` in this scope
[INFO] [stderr]   --> tests/ui-pass/entity_with_hooks.rs:12:71
[INFO] [stderr]    |
[INFO] [stderr] 12 | async fn after_create<C: sea_orm::ConnectionTrait>(_db: &C, _entity: &Asset) -> Result<(), ApiError> {
[INFO] [stderr]    |                                                                       ^^^^^ not found in this scope
[INFO] [stderr] ┈┈┈┈┈┈┈┈┈┈┈┈┈┈┈┈┈┈┈┈┈┈┈┈┈┈┈┈┈┈┈┈┈┈┈┈┈┈┈┈┈┈┈┈┈┈┈┈┈┈┈┈┈┈┈┈┈┈┈┈
[INFO] [stderr] 
[INFO] [stderr] test tests/ui-pass/field_exclusion.rs ... error
[INFO] [stderr] ┈┈┈┈┈┈┈┈┈┈┈┈┈┈┈┈┈┈┈┈┈┈┈┈┈┈┈┈┈┈┈┈┈┈┈┈┈┈┈┈┈┈┈┈┈┈┈┈┈┈┈┈┈┈┈┈┈┈┈┈
[INFO] [stderr] error[E0432]: unresolved import `crudcrate`
[INFO] [stderr]  --> tests/ui-pass/field_exclusion.rs:2:5
[INFO] [stderr]   |
[INFO] [stderr] 2 | use crudcrate::EntityToModels;
[INFO] [stderr]   |     ^^^^^^^^^ use of unresolved module or unlinked crate `crudcrate`
[INFO] [stderr]   |
[INFO] [stderr]   = help: if you wanted to use a crate named `crudcrate`, use `cargo add crudcrate` to add it to your `Cargo.toml`
[INFO] [stderr] 
[INFO] [stderr] error: cannot find attribute `crudcrate` in this scope
[INFO] [stderr]   --> tests/ui-pass/field_exclusion.rs:14:7
[INFO] [stderr]    |
[INFO] [stderr] 14 |     #[crudcrate(api_struct = "Item", derive_partial_eq, derive_eq)]
[INFO] [stderr]    |       ^^^^^^^^^
[INFO] [stderr]    |
[INFO] [stderr] help: `crudcrate` is an attribute that can be used by the derive macros `EntityToModels`, `ToCreateModel`, `ToListModel` and `ToUpdateModel`, you might be missing a `derive` attribute
[INFO] [stderr]    |
[INFO] [stderr] 15 +     #[derive(EntityToModels, ToCreateModel, ToListModel, ToUpdateModel)]
[INFO] [stderr] 16 |     pub struct Model {
[INFO] [stderr]    |
[INFO] [stderr] 
[INFO] [stderr] error: cannot find attribute `crudcrate` in this scope
[INFO] [stderr]   --> tests/ui-pass/field_exclusion.rs:17:11
[INFO] [stderr]    |
[INFO] [stderr] 17 |         #[crudcrate(primary_key, exclude(create, update), on_create = Uuid::new_v4())]
[INFO] [stderr]    |           ^^^^^^^^^
[INFO] [stderr]    |
[INFO] [stderr]    = note: `crudcrate` is an attribute that can be used by the derive macros `EntityToModels`, `ToCreateModel`, `ToListModel` and `ToUpdateModel`, you might be missing a `derive` attribute
[INFO] [stderr] 
[INFO] [stderr] error: cannot find attribute `crudcrate` in this scope
[INFO] [stderr]   --> tests/ui-pass/field_exclusion.rs:20:11
[INFO] [stderr]    |
[INFO] [stderr] 20 |         #[crudcrate(filterable, sortable)]
[INFO] [stderr]    |           ^^^^^^^^^
[INFO] [stderr]    |
[INFO] [stderr]    = note: `crudcrate` is an attribute that can be used by the derive macros `EntityToModels`, `ToCreateModel`, `ToListModel` and `ToUpdateModel`, you might be missing a `derive` attribute
[INFO] [stderr] 
[INFO] [stderr] error: cannot find attribute `crudcrate` in this scope
[INFO] [stderr]   --> tests/ui-pass/field_exclusion.rs:24:11
[INFO] [stderr]    |
[INFO] [stderr] 24 |         #[crudcrate(exclude(list))]
[INFO] [stderr]    |           ^^^^^^^^^
[INFO] [stderr]    |
[INFO] [stderr]    = note: `crudcrate` is an attribute that can be used by the derive macros `EntityToModels`, `ToCreateModel`, `ToListModel` and `ToUpdateModel`, you might be missing a `derive` attribute
[INFO] [stderr] 
[INFO] [stderr] error: cannot find attribute `crudcrate` in this scope
[INFO] [stderr]   --> tests/ui-pass/field_exclusion.rs:28:11
[INFO] [stderr]    |
[INFO] [stderr] 28 |         #[crudcrate(exclude(one))]
[INFO] [stderr]    |           ^^^^^^^^^
[INFO] [stderr]    |
[INFO] [stderr]    = note: `crudcrate` is an attribute that can be used by the derive macros `EntityToModels`, `ToCreateModel`, `ToListModel` and `ToUpdateModel`, you might be missing a `derive` attribute
[INFO] [stderr] 
[INFO] [stderr] error: cannot find attribute `crudcrate` in this scope
[INFO] [stderr]   --> tests/ui-pass/field_exclusion.rs:32:11
[INFO] [stderr]    |
[INFO] [stderr] 32 |         #[crudcrate(sortable, exclude(create, update), on_create = Utc::now())]
[INFO] [stderr]    |           ^^^^^^^^^
[INFO] [stderr]    |
[INFO] [stderr]    = note: `crudcrate` is an attribute that can be used by the derive macros `EntityToModels`, `ToCreateModel`, `ToListModel` and `ToUpdateModel`, you might be missing a `derive` attribute
[INFO] [stderr] 
[INFO] [stderr] error[E0422]: cannot find struct, variant or union type `ItemCreate` in this scope
[INFO] [stderr]   --> tests/ui-pass/field_exclusion.rs:46:19
[INFO] [stderr]    |
[INFO] [stderr] 46 |     let _create = ItemCreate {
[INFO] [stderr]    |                   ^^^^^^^^^^ not found in this scope
[INFO] [stderr] 
[INFO] [stderr] error[E0425]: cannot find type `Item` in this scope
[INFO] [stderr]   --> tests/ui-pass/field_exclusion.rs:53:20
[INFO] [stderr]    |
[INFO] [stderr] 53 |     let _: fn() -> Item = || panic!();
[INFO] [stderr]    |                    ^^^^ not found in this scope
[INFO] [stderr] 
[INFO] [stderr] error[E0425]: cannot find type `ItemCreate` in this scope
[INFO] [stderr]   --> tests/ui-pass/field_exclusion.rs:54:20
[INFO] [stderr]    |
[INFO] [stderr] 54 |     let _: fn() -> ItemCreate = || panic!();
[INFO] [stderr]    |                    ^^^^^^^^^^ not found in this scope
[INFO] [stderr] 
[INFO] [stderr] error[E0425]: cannot find type `ItemUpdate` in this scope
[INFO] [stderr]   --> tests/ui-pass/field_exclusion.rs:55:20
[INFO] [stderr]    |
[INFO] [stderr] 55 |     let _: fn() -> ItemUpdate = || panic!();
[INFO] [stderr]    |                    ^^^^^^^^^^ not found in this scope
[INFO] [stderr] 
[INFO] [stderr] error[E0425]: cannot find type `ItemList` in this scope
[INFO] [stderr]   --> tests/ui-pass/field_exclusion.rs:56:20
[INFO] [stderr]    |
[INFO] [stderr] 56 |     let _: fn() -> ItemList = || panic!();
[INFO] [stderr]    |                    ^^^^^^^^ not found in this scope
[INFO] [stderr] 
[INFO] [stderr] error[E0425]: cannot find type `ItemResponse` in this scope
[INFO] [stderr]   --> tests/ui-pass/field_exclusion.rs:57:20
[INFO] [stderr]    |
[INFO] [stderr] 57 |     let _: fn() -> ItemResponse = || panic!();
[INFO] [stderr]    |                    ^^^^^^^^^^^^ not found in this scope
[INFO] [stderr] 
[INFO] [stderr] warning: unused import: `item::*`
[INFO] [stderr]   --> tests/ui-pass/field_exclusion.rs:43:9
[INFO] [stderr]    |
[INFO] [stderr] 43 |     use item::*;
[INFO] [stderr]    |         ^^^^^^^
[INFO] [stderr]    |
[INFO] [stderr]    = note: `#[warn(unused_imports)]` (part of `#[warn(unused)]`) on by default
[INFO] [stderr] ┈┈┈┈┈┈┈┈┈┈┈┈┈┈┈┈┈┈┈┈┈┈┈┈┈┈┈┈┈┈┈┈┈┈┈┈┈┈┈┈┈┈┈┈┈┈┈┈┈┈┈┈┈┈┈┈┈┈┈┈
[INFO] [stderr] 
[INFO] [stderr] test tests/ui-pass/integer_pk.rs ... error
[INFO] [stderr] ┈┈┈┈┈┈┈┈┈┈┈┈┈┈┈┈┈┈┈┈┈┈┈┈┈┈┈┈┈┈┈┈┈┈┈┈┈┈┈┈┈┈┈┈┈┈┈┈┈┈┈┈┈┈┈┈┈┈┈┈
[INFO] [stderr] error[E0432]: unresolved import `crudcrate`
[INFO] [stderr]  --> tests/ui-pass/integer_pk.rs:7:5
[INFO] [stderr]   |
[INFO] [stderr] 7 | use crudcrate::EntityToModels;
[INFO] [stderr]   |     ^^^^^^^^^ use of unresolved module or unlinked crate `crudcrate`
[INFO] [stderr]   |
[INFO] [stderr]   = help: if you wanted to use a crate named `crudcrate`, use `cargo add crudcrate` to add it to your `Cargo.toml`
[INFO] [stderr] 
[INFO] [stderr] error: cannot find attribute `crudcrate` in this scope
[INFO] [stderr]   --> tests/ui-pass/integer_pk.rs:12:3
[INFO] [stderr]    |
[INFO] [stderr] 12 | #[crudcrate(api_struct = "Tag")]
[INFO] [stderr]    |   ^^^^^^^^^
[INFO] [stderr]    |
[INFO] [stderr] help: `crudcrate` is an attribute that can be used by the derive macros `EntityToModels`, `ToCreateModel`, `ToListModel` and `ToUpdateModel`, you might be missing a `derive` attribute
[INFO] [stderr]    |
[INFO] [stderr] 13 + #[derive(EntityToModels, ToCreateModel, ToListModel, ToUpdateModel)]
[INFO] [stderr] 14 | pub struct Model {
[INFO] [stderr]    |
[INFO] [stderr] 
[INFO] [stderr] error: cannot find attribute `crudcrate` in this scope
[INFO] [stderr]   --> tests/ui-pass/integer_pk.rs:15:7
[INFO] [stderr]    |
[INFO] [stderr] 15 |     #[crudcrate(primary_key, exclude(create, update))]
[INFO] [stderr]    |       ^^^^^^^^^
[INFO] [stderr]    |
[INFO] [stderr]    = note: `crudcrate` is an attribute that can be used by the derive macros `EntityToModels`, `ToCreateModel`, `ToListModel` and `ToUpdateModel`, you might be missing a `derive` attribute
[INFO] [stderr] 
[INFO] [stderr] error: cannot find attribute `crudcrate` in this scope
[INFO] [stderr]   --> tests/ui-pass/integer_pk.rs:18:7
[INFO] [stderr]    |
[INFO] [stderr] 18 |     #[crudcrate(filterable, sortable)]
[INFO] [stderr]    |       ^^^^^^^^^
[INFO] [stderr]    |
[INFO] [stderr]    = note: `crudcrate` is an attribute that can be used by the derive macros `EntityToModels`, `ToCreateModel`, `ToListModel` and `ToUpdateModel`, you might be missing a `derive` attribute
[INFO] [stderr] 
[INFO] [stderr] error: cannot find attribute `crudcrate` in this scope
[INFO] [stderr]   --> tests/ui-pass/integer_pk.rs:21:7
[INFO] [stderr]    |
[INFO] [stderr] 21 |     #[crudcrate(filterable)]
[INFO] [stderr]    |       ^^^^^^^^^
[INFO] [stderr]    |
[INFO] [stderr]    = note: `crudcrate` is an attribute that can be used by the derive macros `EntityToModels`, `ToCreateModel`, `ToListModel` and `ToUpdateModel`, you might be missing a `derive` attribute
[INFO] [stderr] 
[INFO] [stderr] error[E0425]: cannot find type `TagCreate` in this scope
[INFO] [stderr]   --> tests/ui-pass/integer_pk.rs:31:20
[INFO] [stderr]    |
[INFO] [stderr] 31 |     let _: fn() -> TagCreate = || TagCreate {
[INFO] [stderr]    |                    ^^^^^^^^^ not found in this scope
[INFO] [stderr] 
[INFO] [stderr] error[E0422]: cannot find struct, variant or union type `TagCreate` in this scope
[INFO] [stderr]   --> tests/ui-pass/integer_pk.rs:31:35
[INFO] [stderr]    |
[INFO] [stderr] 31 |     let _: fn() -> TagCreate = || TagCreate {
[INFO] [stderr]    |                                   ^^^^^^^^^ not found in this scope
[INFO] [stderr] ┈┈┈┈┈┈┈┈┈┈┈┈┈┈┈┈┈┈┈┈┈┈┈┈┈┈┈┈┈┈┈┈┈┈┈┈┈┈┈┈┈┈┈┈┈┈┈┈┈┈┈┈┈┈┈┈┈┈┈┈
[INFO] [stderr] 
[INFO] [stderr] test tests/ui-pass/join_filter_sort.rs ... error
[INFO] [stderr] ┈┈┈┈┈┈┈┈┈┈┈┈┈┈┈┈┈┈┈┈┈┈┈┈┈┈┈┈┈┈┈┈┈┈┈┈┈┈┈┈┈┈┈┈┈┈┈┈┈┈┈┈┈┈┈┈┈┈┈┈
[INFO] [stderr] error[E0432]: unresolved import `crudcrate`
[INFO] [stderr]  --> tests/ui-pass/join_filter_sort.rs:2:5
[INFO] [stderr]   |
[INFO] [stderr] 2 | use crudcrate::EntityToModels;
[INFO] [stderr]   |     ^^^^^^^^^ use of unresolved module or unlinked crate `crudcrate`
[INFO] [stderr]   |
[INFO] [stderr]   = help: if you wanted to use a crate named `crudcrate`, use `cargo add crudcrate` to add it to your `Cargo.toml`
[INFO] [stderr] 
[INFO] [stderr] error[E0432]: unresolved import `crudcrate`
[INFO] [stderr]   --> tests/ui-pass/join_filter_sort.rs:83:9
[INFO] [stderr]    |
[INFO] [stderr] 83 |     use crudcrate::CRUDResource;
[INFO] [stderr]    |         ^^^^^^^^^ use of unresolved module or unlinked crate `crudcrate`
[INFO] [stderr]    |
[INFO] [stderr]    = help: if you wanted to use a crate named `crudcrate`, use `cargo add crudcrate` to add it to your `Cargo.toml`
[INFO] [stderr] 
[INFO] [stderr] error: cannot find attribute `crudcrate` in this scope
[INFO] [stderr]   --> tests/ui-pass/join_filter_sort.rs:14:7
[INFO] [stderr]    |
[INFO] [stderr] 14 |     #[crudcrate(api_struct = "Vehicle", derive_partial_eq, derive_eq)]
[INFO] [stderr]    |       ^^^^^^^^^
[INFO] [stderr]    |
[INFO] [stderr] help: `crudcrate` is an attribute that can be used by the derive macros `EntityToModels`, `ToCreateModel`, `ToListModel` and `ToUpdateModel`, you might be missing a `derive` attribute
[INFO] [stderr]    |
[INFO] [stderr] 15 +     #[derive(EntityToModels, ToCreateModel, ToListModel, ToUpdateModel)]
[INFO] [stderr] 16 |     pub struct Model {
[INFO] [stderr]    |
[INFO] [stderr] 
[INFO] [stderr] error: cannot find attribute `crudcrate` in this scope
[INFO] [stderr]   --> tests/ui-pass/join_filter_sort.rs:17:11
[INFO] [stderr]    |
[INFO] [stderr] 17 |         #[crudcrate(primary_key)]
[INFO] [stderr]    |           ^^^^^^^^^
[INFO] [stderr]    |
[INFO] [stderr]    = note: `crudcrate` is an attribute that can be used by the derive macros `EntityToModels`, `ToCreateModel`, `ToListModel` and `ToUpdateModel`, you might be missing a `derive` attribute
[INFO] [stderr] 
[INFO] [stderr] error: cannot find attribute `crudcrate` in this scope
[INFO] [stderr]   --> tests/ui-pass/join_filter_sort.rs:20:11
[INFO] [stderr]    |
[INFO] [stderr] 20 |         #[crudcrate(filterable, sortable)]
[INFO] [stderr]    |           ^^^^^^^^^
[INFO] [stderr]    |
[INFO] [stderr]    = note: `crudcrate` is an attribute that can be used by the derive macros `EntityToModels`, `ToCreateModel`, `ToListModel` and `ToUpdateModel`, you might be missing a `derive` attribute
[INFO] [stderr] 
[INFO] [stderr] error: cannot find attribute `crudcrate` in this scope
[INFO] [stderr]   --> tests/ui-pass/join_filter_sort.rs:22:11
[INFO] [stderr]    |
[INFO] [stderr] 22 |         #[crudcrate(filterable, sortable)]
[INFO] [stderr]    |           ^^^^^^^^^
[INFO] [stderr]    |
[INFO] [stderr]    = note: `crudcrate` is an attribute that can be used by the derive macros `EntityToModels`, `ToCreateModel`, `ToListModel` and `ToUpdateModel`, you might be missing a `derive` attribute
[INFO] [stderr] 
[INFO] [stderr] error: cannot find attribute `crudcrate` in this scope
[INFO] [stderr]   --> tests/ui-pass/join_filter_sort.rs:51:7
[INFO] [stderr]    |
[INFO] [stderr] 51 |     #[crudcrate(api_struct = "Customer")]
[INFO] [stderr]    |       ^^^^^^^^^
[INFO] [stderr]    |
[INFO] [stderr] help: `crudcrate` is an attribute that can be used by the derive macros `EntityToModels`, `ToCreateModel`, `ToListModel` and `ToUpdateModel`, you might be missing a `derive` attribute
[INFO] [stderr]    |
[INFO] [stderr] 52 +     #[derive(EntityToModels, ToCreateModel, ToListModel, ToUpdateModel)]
[INFO] [stderr] 53 |     pub struct Model {
[INFO] [stderr]    |
[INFO] [stderr] 
[INFO] [stderr] error: cannot find attribute `crudcrate` in this scope
[INFO] [stderr]   --> tests/ui-pass/join_filter_sort.rs:54:11
[INFO] [stderr]    |
[INFO] [stderr] 54 |         #[crudcrate(primary_key)]
[INFO] [stderr]    |           ^^^^^^^^^
[INFO] [stderr]    |
[INFO] [stderr]    = note: `crudcrate` is an attribute that can be used by the derive macros `EntityToModels`, `ToCreateModel`, `ToListModel` and `ToUpdateModel`, you might be missing a `derive` attribute
[INFO] [stderr] 
[INFO] [stderr] error: cannot find attribute `crudcrate` in this scope
[INFO] [stderr]   --> tests/ui-pass/join_filter_sort.rs:56:11
[INFO] [stderr]    |
[INFO] [stderr] 56 |         #[crudcrate(filterable, sortable)]
[INFO] [stderr]    |           ^^^^^^^^^
[INFO] [stderr]    |
[INFO] [stderr]    = note: `crudcrate` is an attribute that can be used by the derive macros `EntityToModels`, `ToCreateModel`, `ToListModel` and `ToUpdateModel`, you might be missing a `derive` attribute
[INFO] [stderr] 
[INFO] [stderr] error: cannot find attribute `crudcrate` in this scope
[INFO] [stderr]   --> tests/ui-pass/join_filter_sort.rs:60:11
[INFO] [stderr]    |
[INFO] [stderr] 60 |         #[crudcrate(
[INFO] [stderr]    |           ^^^^^^^^^
[INFO] [stderr]    |
[INFO] [stderr]    = note: `crudcrate` is an attribute that can be used by the derive macros `EntityToModels`, `ToCreateModel`, `ToListModel` and `ToUpdateModel`, you might be missing a `derive` attribute
[INFO] [stderr] 
[INFO] [stderr] error[E0433]: cannot find `Customer` in `customer`
[INFO] [stderr]   --> tests/ui-pass/join_filter_sort.rs:86:32
[INFO] [stderr]    |
[INFO] [stderr] 86 |     let filterable = customer::Customer::joined_filterable_columns();
[INFO] [stderr]    |                                ^^^^^^^^ could not find `Customer` in `customer`
[INFO] [stderr]    |
[INFO] [stderr] help: there is an enum variant `crate::vehicle::Relation::Customer`; try using the variant's enum
[INFO] [stderr]    |
[INFO] [stderr] 86 -     let filterable = customer::Customer::joined_filterable_columns();
[INFO] [stderr] 86 +     let filterable = crate::vehicle::Relation::joined_filterable_columns();
[INFO] [stderr]    |
[INFO] [stderr] 
[INFO] [stderr] error[E0433]: cannot find `Customer` in `customer`
[INFO] [stderr]   --> tests/ui-pass/join_filter_sort.rs:89:30
[INFO] [stderr]    |
[INFO] [stderr] 89 |     let sortable = customer::Customer::joined_sortable_columns();
[INFO] [stderr]    |                              ^^^^^^^^ could not find `Customer` in `customer`
[INFO] [stderr]    |
[INFO] [stderr] help: there is an enum variant `crate::vehicle::Relation::Customer`; try using the variant's enum
[INFO] [stderr]    |
[INFO] [stderr] 89 -     let sortable = customer::Customer::joined_sortable_columns();
[INFO] [stderr] 89 +     let sortable = crate::vehicle::Relation::joined_sortable_columns();
[INFO] [stderr]    |
[INFO] [stderr] 
[INFO] [stderr] error[E0425]: cannot find type `Vehicle` in module `super::vehicle`
[INFO] [stderr]   --> tests/ui-pass/join_filter_sort.rs:64:43
[INFO] [stderr]    |
[INFO] [stderr] 64 |         pub vehicles: Vec<super::vehicle::Vehicle>,
[INFO] [stderr]    |                                           ^^^^^^^ not found in `super::vehicle`
[INFO] [stderr] ┈┈┈┈┈┈┈┈┈┈┈┈┈┈┈┈┈┈┈┈┈┈┈┈┈┈┈┈┈┈┈┈┈┈┈┈┈┈┈┈┈┈┈┈┈┈┈┈┈┈┈┈┈┈┈┈┈┈┈┈
[INFO] [stderr] 
[INFO] [stderr] test tests/ui-pass/schema_value_type.rs ... error
[INFO] [stderr] ┈┈┈┈┈┈┈┈┈┈┈┈┈┈┈┈┈┈┈┈┈┈┈┈┈┈┈┈┈┈┈┈┈┈┈┈┈┈┈┈┈┈┈┈┈┈┈┈┈┈┈┈┈┈┈┈┈┈┈┈
[INFO] [stderr] error[E0432]: unresolved import `crudcrate`
[INFO] [stderr]  --> tests/ui-pass/schema_value_type.rs:4:5
[INFO] [stderr]   |
[INFO] [stderr] 4 | use crudcrate::EntityToModels;
[INFO] [stderr]   |     ^^^^^^^^^ use of unresolved module or unlinked crate `crudcrate`
[INFO] [stderr]   |
[INFO] [stderr]   = help: if you wanted to use a crate named `crudcrate`, use `cargo add crudcrate` to add it to your `Cargo.toml`
[INFO] [stderr] 
[INFO] [stderr] error: cannot find attribute `crudcrate` in this scope
[INFO] [stderr]   --> tests/ui-pass/schema_value_type.rs:11:3
[INFO] [stderr]    |
[INFO] [stderr] 11 | #[crudcrate(api_struct = "Event")]
[INFO] [stderr]    |   ^^^^^^^^^
[INFO] [stderr]    |
[INFO] [stderr] help: `crudcrate` is an attribute that can be used by the derive macros `EntityToModels`, `ToCreateModel`, `ToListModel` and `ToUpdateModel`, you might be missing a `derive` attribute
[INFO] [stderr]    |
[INFO] [stderr] 12 + #[derive(EntityToModels, ToCreateModel, ToListModel, ToUpdateModel)]
[INFO] [stderr] 13 | pub struct Model {
[INFO] [stderr]    |
[INFO] [stderr] 
[INFO] [stderr] error: cannot find attribute `crudcrate` in this scope
[INFO] [stderr]   --> tests/ui-pass/schema_value_type.rs:14:7
[INFO] [stderr]    |
[INFO] [stderr] 14 |     #[crudcrate(primary_key, exclude(create, update), on_create = Uuid::new_v4())]
[INFO] [stderr]    |       ^^^^^^^^^
[INFO] [stderr]    |
[INFO] [stderr]    = note: `crudcrate` is an attribute that can be used by the derive macros `EntityToModels`, `ToCreateModel`, `ToListModel` and `ToUpdateModel`, you might be missing a `derive` attribute
[INFO] [stderr] 
[INFO] [stderr] error: cannot find attribute `schema` in this scope
[INFO] [stderr]   --> tests/ui-pass/schema_value_type.rs:17:7
[INFO] [stderr]    |
[INFO] [stderr] 17 |     #[schema(value_type = Vec<String>)]
[INFO] [stderr]    |       ^^^^^^
[INFO] [stderr]    |
[INFO] [stderr]    = note: `schema` is an attribute that can be used by the derive macros `EntityToModels` and `ToSchema`, you might be missing a `derive` attribute
[INFO] [stderr] 
[INFO] [stderr] warning: unused import: `utoipa::PartialSchema`
[INFO] [stderr]  --> tests/ui-pass/schema_value_type.rs:6:5
[INFO] [stderr]   |
[INFO] [stderr] 6 | use utoipa::PartialSchema;
[INFO] [stderr]   |     ^^^^^^^^^^^^^^^^^^^^^
[INFO] [stderr]   |
[INFO] [stderr]   = note: `#[warn(unused_imports)]` (part of `#[warn(unused)]`) on by default
[INFO] [stderr] 
[INFO] [stderr] error[E0433]: cannot find type `Event` in this scope
[INFO] [stderr]   --> tests/ui-pass/schema_value_type.rs:26:39
[INFO] [stderr]    |
[INFO] [stderr] 26 |     let schema = serde_json::to_value(Event::schema()).expect("the schema serialises");
[INFO] [stderr]    |                                       ^^^^^ use of undeclared type `Event`
[INFO] [stderr] 
[INFO] [stderr] error[E0433]: cannot find type `EventList` in this scope
[INFO] [stderr]   --> tests/ui-pass/schema_value_type.rs:37:37
[INFO] [stderr]    |
[INFO] [stderr] 37 |     let list = serde_json::to_value(EventList::schema()).expect("the list schema serialises");
[INFO] [stderr]    |                                     ^^^^^^^^^ use of undeclared type `EventList`
[INFO] [stderr] ┈┈┈┈┈┈┈┈┈┈┈┈┈┈┈┈┈┈┈┈┈┈┈┈┈┈┈┈┈┈┈┈┈┈┈┈┈┈┈┈┈┈┈┈┈┈┈┈┈┈┈┈┈┈┈┈┈┈┈┈
[INFO] [stderr] 
[INFO] [stderr] test tests/ui-pass/self_ref_substring.rs ... error
[INFO] [stderr] ┈┈┈┈┈┈┈┈┈┈┈┈┈┈┈┈┈┈┈┈┈┈┈┈┈┈┈┈┈┈┈┈┈┈┈┈┈┈┈┈┈┈┈┈┈┈┈┈┈┈┈┈┈┈┈┈┈┈┈┈
[INFO] [stderr] error[E0432]: unresolved import `crudcrate`
[INFO] [stderr]  --> tests/ui-pass/self_ref_substring.rs:9:5
[INFO] [stderr]   |
[INFO] [stderr] 9 | use crudcrate::EntityToModels;
[INFO] [stderr]   |     ^^^^^^^^^ use of unresolved module or unlinked crate `crudcrate`
[INFO] [stderr]   |
[INFO] [stderr]   = help: if you wanted to use a crate named `crudcrate`, use `cargo add crudcrate` to add it to your `Cargo.toml`
[INFO] [stderr] 
[INFO] [stderr] error: cannot find attribute `crudcrate` in this scope
[INFO] [stderr]   --> tests/ui-pass/self_ref_substring.rs:22:7
[INFO] [stderr]    |
[INFO] [stderr] 22 |     #[crudcrate(api_struct = "VehiclePart", derive_partial_eq, derive_eq)]
[INFO] [stderr]    |       ^^^^^^^^^
[INFO] [stderr]    |
[INFO] [stderr] help: `crudcrate` is an attribute that can be used by the derive macros `EntityToModels`, `ToCreateModel`, `ToListModel` and `ToUpdateModel`, you might be missing a `derive` attribute
[INFO] [stderr]    |
[INFO] [stderr] 23 +     #[derive(EntityToModels, ToCreateModel, ToListModel, ToUpdateModel)]
[INFO] [stderr] 24 |     pub struct Model {
[INFO] [stderr]    |
[INFO] [stderr] 
[INFO] [stderr] error: cannot find attribute `crudcrate` in this scope
[INFO] [stderr]   --> tests/ui-pass/self_ref_substring.rs:25:11
[INFO] [stderr]    |
[INFO] [stderr] 25 |         #[crudcrate(primary_key)]
[INFO] [stderr]    |           ^^^^^^^^^
[INFO] [stderr]    |
[INFO] [stderr]    = note: `crudcrate` is an attribute that can be used by the derive macros `EntityToModels`, `ToCreateModel`, `ToListModel` and `ToUpdateModel`, you might be missing a `derive` attribute
[INFO] [stderr] 
[INFO] [stderr] error: cannot find attribute `crudcrate` in this scope
[INFO] [stderr]   --> tests/ui-pass/self_ref_substring.rs:28:11
[INFO] [stderr]    |
[INFO] [stderr] 28 |         #[crudcrate(filterable, sortable)]
[INFO] [stderr]    |           ^^^^^^^^^
[INFO] [stderr]    |
[INFO] [stderr]    = note: `crudcrate` is an attribute that can be used by the derive macros `EntityToModels`, `ToCreateModel`, `ToListModel` and `ToUpdateModel`, you might be missing a `derive` attribute
[INFO] [stderr] 
[INFO] [stderr] error: cannot find attribute `crudcrate` in this scope
[INFO] [stderr]   --> tests/ui-pass/self_ref_substring.rs:56:7
[INFO] [stderr]    |
[INFO] [stderr] 56 |     #[crudcrate(api_struct = "Vehicle")]
[INFO] [stderr]    |       ^^^^^^^^^
[INFO] [stderr]    |
[INFO] [stderr] help: `crudcrate` is an attribute that can be used by the derive macros `EntityToModels`, `ToCreateModel`, `ToListModel` and `ToUpdateModel`, you might be missing a `derive` attribute
[INFO] [stderr]    |
[INFO] [stderr] 57 +     #[derive(EntityToModels, ToCreateModel, ToListModel, ToUpdateModel)]
[INFO] [stderr] 58 |     pub struct Model {
[INFO] [stderr]    |
[INFO] [stderr] 
[INFO] [stderr] error: cannot find attribute `crudcrate` in this scope
[INFO] [stderr]   --> tests/ui-pass/self_ref_substring.rs:59:11
[INFO] [stderr]    |
[INFO] [stderr] 59 |         #[crudcrate(primary_key)]
[INFO] [stderr]    |           ^^^^^^^^^
[INFO] [stderr]    |
[INFO] [stderr]    = note: `crudcrate` is an attribute that can be used by the derive macros `EntityToModels`, `ToCreateModel`, `ToListModel` and `ToUpdateModel`, you might be missing a `derive` attribute
[INFO] [stderr] 
[INFO] [stderr] error: cannot find attribute `crudcrate` in this scope
[INFO] [stderr]   --> tests/ui-pass/self_ref_substring.rs:61:11
[INFO] [stderr]    |
[INFO] [stderr] 61 |         #[crudcrate(filterable, sortable)]
[INFO] [stderr]    |           ^^^^^^^^^
[INFO] [stderr]    |
[INFO] [stderr]    = note: `crudcrate` is an attribute that can be used by the derive macros `EntityToModels`, `ToCreateModel`, `ToListModel` and `ToUpdateModel`, you might be missing a `derive` attribute
[INFO] [stderr] 
[INFO] [stderr] error: cannot find attribute `crudcrate` in this scope
[INFO] [stderr]   --> tests/ui-pass/self_ref_substring.rs:66:11
[INFO] [stderr]    |
[INFO] [stderr] 66 |         #[crudcrate(non_db_attr, join(one, all, depth = 1))]
[INFO] [stderr]    |           ^^^^^^^^^
[INFO] [stderr]    |
[INFO] [stderr]    = note: `crudcrate` is an attribute that can be used by the derive macros `EntityToModels`, `ToCreateModel`, `ToListModel` and `ToUpdateModel`, you might be missing a `derive` attribute
[INFO] [stderr] 
[INFO] [stderr] error[E0425]: cannot find type `VehiclePart` in module `super::vehicle_part`
[INFO] [stderr]   --> tests/ui-pass/self_ref_substring.rs:67:45
[INFO] [stderr]    |
[INFO] [stderr] 67 |         pub parts: Vec<super::vehicle_part::VehiclePart>,
[INFO] [stderr]    |                                             ^^^^^^^^^^^ not found in `super::vehicle_part`
[INFO] [stderr] 
[INFO] [stderr] error[E0425]: cannot find type `Vehicle` in module `vehicle`
[INFO] [stderr]   --> tests/ui-pass/self_ref_substring.rs:87:29
[INFO] [stderr]    |
[INFO] [stderr] 87 |     let _: fn() -> vehicle::Vehicle = || vehicle::Vehicle {
[INFO] [stderr]    |                             ^^^^^^^ not found in `vehicle`
[INFO] [stderr]    |
[INFO] [stderr] help: there is an enum variant `crate::vehicle_part::Relation::Vehicle`; try using the variant's enum
[INFO] [stderr]    |
[INFO] [stderr] 87 -     let _: fn() -> vehicle::Vehicle = || vehicle::Vehicle {
[INFO] [stderr] 87 +     let _: fn() -> crate::vehicle_part::Relation = || vehicle::Vehicle {
[INFO] [stderr]    |
[INFO] [stderr] 
[INFO] [stderr] error[E0422]: cannot find struct, variant or union type `Vehicle` in module `vehicle`
[INFO] [stderr]   --> tests/ui-pass/self_ref_substring.rs:87:51
[INFO] [stderr]    |
[INFO] [stderr] 87 |     let _: fn() -> vehicle::Vehicle = || vehicle::Vehicle {
[INFO] [stderr]    |                                                   ^^^^^^^ not found in `vehicle`
[INFO] [stderr]    |
[INFO] [stderr] help: consider importing this variant
[INFO] [stderr]    |
[INFO] [stderr]  9 + use crate::vehicle_part::Relation::Vehicle;
[INFO] [stderr]    |
[INFO] [stderr] help: if you import `Vehicle`, refer to it directly
[INFO] [stderr]    |
[INFO] [stderr] 87 -     let _: fn() -> vehicle::Vehicle = || vehicle::Vehicle {
[INFO] [stderr] 87 +     let _: fn() -> vehicle::Vehicle = || Vehicle {
[INFO] [stderr]    |
[INFO] [stderr] ┈┈┈┈┈┈┈┈┈┈┈┈┈┈┈┈┈┈┈┈┈┈┈┈┈┈┈┈┈┈┈┈┈┈┈┈┈┈┈┈┈┈┈┈┈┈┈┈┈┈┈┈┈┈┈┈┈┈┈┈
[INFO] [stderr] 
[INFO] [stderr] 
[INFO] [stderr] 
[INFO] [stdout] test compile_pass_tests ... FAILED
[INFO] [stderr] error: test failed, to rerun pass `--test macro_tests`
[INFO] [stdout] 
[INFO] [stdout] failures:
[INFO] [stdout] 
[INFO] [stdout] ---- compile_fail_tests stdout ----
[INFO] [stdout] 
[INFO] [stdout] thread 'compile_fail_tests' (2941) panicked at /opt/rustwide/cargo-home/registry/src/index.crates.io-1949cf8c6b5b557f/trybuild-1.0.120/src/run.rs:103:13:
[INFO] [stdout] 6 of 6 tests failed
[INFO] [stdout] stack backtrace:
[INFO] [stdout]    0:     0x634371725231 - <<std[70759c8f55707aa4]::sys::backtrace::BacktraceLock>::print::DisplayBacktrace as core[df12db4294e9bfd3]::fmt::Display>::fmt
[INFO] [stdout]    1:     0x63437173b8ba - core[df12db4294e9bfd3]::fmt::write
[INFO] [stdout]    2:     0x634371729cfc - <alloc[2182bb758b4b3781]::vec::Vec<u8> as core[df12db4294e9bfd3]::io::write::Write>::write_fmt
[INFO] [stdout]    3:     0x6343716fe716 - std[70759c8f55707aa4]::panicking::default_hook::{closure#0}
[INFO] [stdout]    4:     0x63437171c8a9 - std[70759c8f55707aa4]::panicking::default_hook
[INFO] [stdout]    5:     0x6343716b5b80 - test[9d35eded1c95d3be]::test_main_inner::<test[9d35eded1c95d3be]::test_main_static::{closure#0}>::{closure#0}
[INFO] [stdout]    6:     0x63437171ca62 - std[70759c8f55707aa4]::panicking::panic_with_hook
[INFO] [stdout]    7:     0x6343716fe7c2 - std[70759c8f55707aa4]::panicking::panic_handler::{closure#0}
[INFO] [stdout]    8:     0x6343716f7089 - std[70759c8f55707aa4]::sys::backtrace::__rust_end_short_backtrace::<std[70759c8f55707aa4]::panicking::panic_handler::{closure#0}, !>
[INFO] [stdout]    9:     0x6343716ff3bd - __rustc[8fa7c3cbc660c2b3]::rust_begin_unwind
[INFO] [stdout]   10:     0x63437173c02c - core[df12db4294e9bfd3]::panicking::panic_fmt
[INFO] [stdout]   11:     0x63437160a3b8 - <trybuild[ae2c9a684f912fd8]::Runner>::run
[INFO] [stdout]   12:     0x63437160d7a0 - <trybuild[ae2c9a684f912fd8]::TestCases as core[df12db4294e9bfd3]::ops::drop::Drop>::drop
[INFO] [stdout]   13:     0x634371603b08 - macro_tests[eae27e83b784ebf8]::compile_fail_tests
[INFO] [stdout]   14:     0x634371603e59 - <macro_tests[eae27e83b784ebf8]::compile_fail_tests::{closure#0} as core[df12db4294e9bfd3]::ops::function::FnOnce<()>>::call_once
[INFO] [stdout]   15:     0x6343716a8e6b - test[9d35eded1c95d3be]::__rust_begin_short_backtrace::<core[df12db4294e9bfd3]::result::Result<(), alloc[2182bb758b4b3781]::string::String>, fn() -> core[df12db4294e9bfd3]::result::Result<(), alloc[2182bb758b4b3781]::string::String>>
[INFO] [stdout]   16:     0x6343716b64d5 - test[9d35eded1c95d3be]::run_test::{closure#0}
[INFO] [stdout]   17:     0x6343716afd94 - std[70759c8f55707aa4]::sys::backtrace::__rust_begin_short_backtrace::<test[9d35eded1c95d3be]::run_test::{closure#1}, ()>
[INFO] [stdout]   18:     0x6343716b9632 - <std[70759c8f55707aa4]::thread::lifecycle::spawn_unchecked<test[9d35eded1c95d3be]::run_test::{closure#1}, ()>::{closure#1} as core[df12db4294e9bfd3]::ops::function::FnOnce<()>>::call_once::{shim:vtable#0}
[INFO] [stdout]   19:     0x6343717244e9 - <std[70759c8f55707aa4]::sys::thread::unix::Thread>::new::thread_start
[INFO] [stdout]   20:     0x744a8767cdfa - <unknown>
[INFO] [stdout]   21:     0x744a877103d4 - clone
[INFO] [stdout]   22:                0x0 - <unknown>
[INFO] [stdout] 
[INFO] [stdout] ---- compile_pass_tests stdout ----
[INFO] [stdout] 
[INFO] [stdout] thread 'compile_pass_tests' (2942) panicked at /opt/rustwide/cargo-home/registry/src/index.crates.io-1949cf8c6b5b557f/trybuild-1.0.120/src/run.rs:103:13:
[INFO] [stdout] 9 of 9 tests failed
[INFO] [stdout] stack backtrace:
[INFO] [stdout]    0:     0x634371725231 - <<std[70759c8f55707aa4]::sys::backtrace::BacktraceLock>::print::DisplayBacktrace as core[df12db4294e9bfd3]::fmt::Display>::fmt
[INFO] [stdout]    1:     0x63437173b8ba - core[df12db4294e9bfd3]::fmt::write
[INFO] [stdout]    2:     0x634371729cfc - <alloc[2182bb758b4b3781]::vec::Vec<u8> as core[df12db4294e9bfd3]::io::write::Write>::write_fmt
[INFO] [stdout]    3:     0x6343716fe716 - std[70759c8f55707aa4]::panicking::default_hook::{closure#0}
[INFO] [stdout]    4:     0x63437171c8a9 - std[70759c8f55707aa4]::panicking::default_hook
[INFO] [stdout]    5:     0x6343716b5b80 - test[9d35eded1c95d3be]::test_main_inner::<test[9d35eded1c95d3be]::test_main_static::{closure#0}>::{closure#0}
[INFO] [stdout]    6:     0x63437171ca62 - std[70759c8f55707aa4]::panicking::panic_with_hook
[INFO] [stdout]    7:     0x6343716fe7c2 - std[70759c8f55707aa4]::panicking::panic_handler::{closure#0}
[INFO] [stdout]    8:     0x6343716f7089 - std[70759c8f55707aa4]::sys::backtrace::__rust_end_short_backtrace::<std[70759c8f55707aa4]::panicking::panic_handler::{closure#0}, !>
[INFO] [stdout]    9:     0x6343716ff3bd - __rustc[8fa7c3cbc660c2b3]::rust_begin_unwind
[INFO] [stdout]   10:     0x63437173c02c - core[df12db4294e9bfd3]::panicking::panic_fmt
[INFO] [stdout]   11:     0x63437160a3b8 - <trybuild[ae2c9a684f912fd8]::Runner>::run
[INFO] [stdout]   12:     0x63437160d7a0 - <trybuild[ae2c9a684f912fd8]::TestCases as core[df12db4294e9bfd3]::ops::drop::Drop>::drop
[INFO] [stdout]   13:     0x634371603c58 - macro_tests[eae27e83b784ebf8]::compile_pass_tests
[INFO] [stdout]   14:     0x634371603e79 - <macro_tests[eae27e83b784ebf8]::compile_pass_tests::{closure#0} as core[df12db4294e9bfd3]::ops::function::FnOnce<()>>::call_once
[INFO] [stdout]   15:     0x6343716a8e6b - test[9d35eded1c95d3be]::__rust_begin_short_backtrace::<core[df12db4294e9bfd3]::result::Result<(), alloc[2182bb758b4b3781]::string::String>, fn() -> core[df12db4294e9bfd3]::result::Result<(), alloc[2182bb758b4b3781]::string::String>>
[INFO] [stdout]   16:     0x6343716b64d5 - test[9d35eded1c95d3be]::run_test::{closure#0}
[INFO] [stdout]   17:     0x6343716afd94 - std[70759c8f55707aa4]::sys::backtrace::__rust_begin_short_backtrace::<test[9d35eded1c95d3be]::run_test::{closure#1}, ()>
[INFO] [stdout]   18:     0x6343716b9632 - <std[70759c8f55707aa4]::thread::lifecycle::spawn_unchecked<test[9d35eded1c95d3be]::run_test::{closure#1}, ()>::{closure#1} as core[df12db4294e9bfd3]::ops::function::FnOnce<()>>::call_once::{shim:vtable#0}
[INFO] [stdout]   19:     0x6343717244e9 - <std[70759c8f55707aa4]::sys::thread::unix::Thread>::new::thread_start
[INFO] [stdout]   20:     0x744a8767cdfa - <unknown>
[INFO] [stdout]   21:     0x744a877103d4 - clone
[INFO] [stdout]   22:                0x0 - <unknown>
[INFO] [stdout] 
[INFO] [stdout] 
[INFO] [stdout] failures:
[INFO] [stdout]     compile_fail_tests
[INFO] [stdout]     compile_pass_tests
[INFO] [stdout] 
[INFO] [stdout] test result: FAILED. 0 passed; 2 failed; 0 ignored; 0 measured; 0 filtered out; finished in 175.96s
[INFO] [stdout] 
[INFO] running `Command { std: "docker" "inspect" "61f0950c1ecd97f70021d74f80aa0dfa994d8ffd8b7f88a77a9f8bbc0c851d89", kill_on_drop: false }`
[INFO] running `Command { std: "docker" "rm" "-f" "61f0950c1ecd97f70021d74f80aa0dfa994d8ffd8b7f88a77a9f8bbc0c851d89", kill_on_drop: false }`
[INFO] [stdout] 61f0950c1ecd97f70021d74f80aa0dfa994d8ffd8b7f88a77a9f8bbc0c851d89
