[INFO] fetching crate crud-path 0.1.11...
[INFO] testing crud-path-0.1.11 against 1.99.0-beta.8+cargoflags=--release for beta-release-1.100-2
[INFO] extracting crate crud-path 0.1.11 into /workspace/builds/worker-3-tc1/source
[INFO] started tweaking crates.io crate crud-path 0.1.11
[INFO] finished tweaking crates.io crate crud-path 0.1.11
[INFO] tweaked toml for crates.io crate crud-path 0.1.11 written to /workspace/builds/worker-3-tc1/source/Cargo.toml
[INFO] validating manifest of crates.io crate crud-path 0.1.11 on toolchain 1.99.0-beta.8
[INFO] running `Command { std: CARGO_HOME="/workspace/cargo-home" RUSTUP_HOME="/workspace/rustup-home" "/workspace/cargo-home/bin/cargo" "+1.99.0-beta.8" "metadata" "--manifest-path" "Cargo.toml" "--no-deps", kill_on_drop: false }`
[INFO] crate crates.io crate crud-path 0.1.11 already has a lockfile, it will not be regenerated
[INFO] running `Command { std: CARGO_HOME="/workspace/cargo-home" RUSTUP_HOME="/workspace/rustup-home" "/workspace/cargo-home/bin/cargo" "+1.99.0-beta.8" "fetch" "--manifest-path" "Cargo.toml", kill_on_drop: false }`
[INFO] [stderr]     Updating crates.io index
[INFO] [stderr]  Downloading crates ...
[INFO] [stderr]   Downloaded which-shell v0.1.5
[INFO] [stderr]   Downloaded is-admin v0.1.4
[INFO] running `Command { std: "docker" "create" "-v" "/var/lib/crater-agent-workspace/builds/worker-3-tc1/source:/opt/rustwide/workdir:ro,Z" "-v" "/var/lib/crater-agent-workspace/builds/worker-3-tc1/target:/opt/rustwide/target:rw,Z" "-v" "/var/lib/crater-agent-workspace/cargo-home:/opt/rustwide/cargo-home:ro,Z" "-v" "/var/lib/crater-agent-workspace/rustup-home:/opt/rustwide/rustup-home:ro,Z" "-m" "1610612736" "--network" "none" "ghcr.io/rust-lang/crates-build-env/linux@sha256:77db811e55d90add9212f6832c23229e3de5f1c1f9905e8cb07319ea15df73ac" "sleep" "infinity", kill_on_drop: false }`
[INFO] [stdout] a2c194eeb7066022d0d17a680b15cf26358c45ac9a5e7653f9d2c07cdc3f7484
[INFO] running `Command { std: "docker" "start" "a2c194eeb7066022d0d17a680b15cf26358c45ac9a5e7653f9d2c07cdc3f7484", kill_on_drop: false }`
[INFO] running `Command { std: "docker" "inspect" "a2c194eeb7066022d0d17a680b15cf26358c45ac9a5e7653f9d2c07cdc3f7484", kill_on_drop: false }`
[INFO] running `Command { std: "docker" "exec" "-e" "SOURCE_DIR=/opt/rustwide/workdir" "-e" "CARGO_HOME=/opt/rustwide/cargo-home" "-e" "RUSTUP_HOME=/opt/rustwide/rustup-home" "-e" "CARGO_TARGET_DIR=/opt/rustwide/target" "-w" "/opt/rustwide/workdir" "--user" "0:0" "a2c194eeb7066022d0d17a680b15cf26358c45ac9a5e7653f9d2c07cdc3f7484" "/opt/rustwide/cargo-home/bin/cargo" "+1.99.0-beta.8" "metadata" "--no-deps" "--format-version=1", kill_on_drop: false }`
[INFO] running `Command { std: "docker" "inspect" "a2c194eeb7066022d0d17a680b15cf26358c45ac9a5e7653f9d2c07cdc3f7484", kill_on_drop: false }`
[INFO] running `Command { std: "docker" "exec" "-e" "SOURCE_DIR=/opt/rustwide/workdir" "-e" "CARGO_HOME=/opt/rustwide/cargo-home" "-e" "RUSTUP_HOME=/opt/rustwide/rustup-home" "-e" "CARGO_TARGET_DIR=/opt/rustwide/target" "-e" "CARGO_INCREMENTAL=0" "-e" "RUST_BACKTRACE=full" "-e" "RUSTFLAGS=--cap-lints=warn" "-e" "RUSTDOCFLAGS=--cap-lints=warn" "-w" "/opt/rustwide/workdir" "--user" "0:0" "a2c194eeb7066022d0d17a680b15cf26358c45ac9a5e7653f9d2c07cdc3f7484" "/opt/rustwide/cargo-home/bin/cargo" "+1.99.0-beta.8" "build" "--frozen" "--message-format=json" "--release", kill_on_drop: false }`
[INFO] [stderr]    Compiling libc v0.2.189
[INFO] [stderr]    Compiling memchr v2.8.3
[INFO] [stderr]    Compiling regex-syntax v0.8.11
[INFO] [stderr]    Compiling option-ext v0.2.0
[INFO] [stderr]    Compiling utf8parse v0.2.2
[INFO] [stderr]    Compiling anstyle v1.0.14
[INFO] [stderr]    Compiling colorchoice v1.0.5
[INFO] [stderr]    Compiling jiff-core v0.1.1
[INFO] [stderr]    Compiling anstyle-query v1.1.5
[INFO] [stderr]    Compiling is_terminal_polyfill v1.70.2
[INFO] [stderr]    Compiling log v0.4.34
[INFO] [stderr]    Compiling path-clean v1.0.1
[INFO] [stderr]    Compiling anstyle-parse v1.0.0
[INFO] [stderr]    Compiling anstream v1.0.0
[INFO] [stderr]    Compiling aho-corasick v1.1.5
[INFO] [stderr]    Compiling jiff v0.2.37
[INFO] [stderr]    Compiling dirs-sys v0.5.0
[INFO] [stderr]    Compiling is-admin v0.1.4
[INFO] [stderr]    Compiling dirs v6.0.0
[INFO] [stderr]    Compiling shellexpand v3.1.2
[INFO] [stderr]    Compiling regex-automata v0.4.18
[INFO] [stderr]    Compiling regex v1.13.1
[INFO] [stderr]    Compiling env_filter v2.0.0
[INFO] [stderr]    Compiling which-shell v0.1.5
[INFO] [stderr]    Compiling env_logger v0.11.11
[INFO] [stderr]    Compiling crud-path v0.1.11 (/opt/rustwide/workdir)
[INFO] [stderr]     Finished `release` profile [optimized] target(s) in 34.52s
[INFO] running `Command { std: "docker" "inspect" "a2c194eeb7066022d0d17a680b15cf26358c45ac9a5e7653f9d2c07cdc3f7484", kill_on_drop: false }`
[INFO] running `Command { std: "docker" "exec" "-e" "SOURCE_DIR=/opt/rustwide/workdir" "-e" "CARGO_HOME=/opt/rustwide/cargo-home" "-e" "RUSTUP_HOME=/opt/rustwide/rustup-home" "-e" "CARGO_TARGET_DIR=/opt/rustwide/target" "-e" "CARGO_INCREMENTAL=0" "-e" "RUST_BACKTRACE=full" "-e" "RUSTFLAGS=--cap-lints=warn" "-e" "RUSTDOCFLAGS=--cap-lints=warn" "-w" "/opt/rustwide/workdir" "--user" "0:0" "a2c194eeb7066022d0d17a680b15cf26358c45ac9a5e7653f9d2c07cdc3f7484" "/opt/rustwide/cargo-home/bin/cargo" "+1.99.0-beta.8" "test" "--frozen" "--no-run" "--message-format=json" "--release", kill_on_drop: false }`
[INFO] [stderr]    Compiling crud-path v0.1.11 (/opt/rustwide/workdir)
[INFO] [stderr]     Finished `release` profile [optimized] target(s) in 22.26s
[INFO] running `Command { std: "docker" "inspect" "a2c194eeb7066022d0d17a680b15cf26358c45ac9a5e7653f9d2c07cdc3f7484", kill_on_drop: false }`
[INFO] running `Command { std: "docker" "exec" "-e" "SOURCE_DIR=/opt/rustwide/workdir" "-e" "CARGO_HOME=/opt/rustwide/cargo-home" "-e" "RUSTUP_HOME=/opt/rustwide/rustup-home" "-e" "CARGO_TARGET_DIR=/opt/rustwide/target" "-e" "CARGO_INCREMENTAL=0" "-e" "RUST_BACKTRACE=full" "-e" "RUSTFLAGS=--cap-lints=warn" "-e" "RUSTDOCFLAGS=--cap-lints=warn" "-w" "/opt/rustwide/workdir" "--user" "0:0" "a2c194eeb7066022d0d17a680b15cf26358c45ac9a5e7653f9d2c07cdc3f7484" "/opt/rustwide/cargo-home/bin/cargo" "+1.99.0-beta.8" "test" "--frozen" "--release", kill_on_drop: false }`
[INFO] [stderr]     Finished `release` profile [optimized] target(s) in 0.06s
[INFO] [stderr]      Running unittests src/lib.rs (/opt/rustwide/target/release/deps/crud_path-2166638d92535837)
[INFO] [stdout] 
[INFO] [stdout] running 10 tests
[INFO] [stdout] test common::test::test_normalize_msys_path ... ok
[INFO] [stdout] test common::test::test_normalize_for_comparison ... ok
[INFO] [stdout] test windows::test::test_add_path ... FAILED
[INFO] [stdout] test common::test::test_to_msys_path ... ok
[INFO] [stdout] test common::test::test_get_path ... ok
[INFO] [stdout] test test::test_add_relative_path_returns_none ... ok
[INFO] [stdout] test common::test::test_normalize_trailing_separator ... ok
[INFO] [stdout] test common::test::test_to_win_path ... ok
[INFO] [stderr] error: test failed, to rerun pass `--lib`
[INFO] [stdout] test unix::test::test_add_path ... ok
[INFO] [stdout] test test::test_add_and_has_path ... FAILED
[INFO] [stdout] 
[INFO] [stdout] failures:
[INFO] [stdout] 
[INFO] [stdout] ---- windows::test::test_add_path stdout ----
[INFO] [stdout] 
[INFO] [stdout] thread 'windows::test::test_add_path' (409) panicked at src/windows.rs:123:9:
[INFO] [stdout] assertion failed: s.is_some()
[INFO] [stdout] stack backtrace:
[INFO] [stdout]    0:     0x646230c3e2f7 - <unknown>
[INFO] [stdout]    1:     0x646230b9a04a - <unknown>
[INFO] [stdout]    2:     0x646230c3d8ab - <unknown>
[INFO] [stdout]    3:     0x646230c3d38f - <unknown>
[INFO] [stdout]    4:     0x646230c3cfba - <unknown>
[INFO] [stdout]    5:     0x646230c3caf2 - <unknown>
[INFO] [stdout]    6:     0x646230c63e92 - <unknown>
[INFO] [stdout]    7:     0x646230c63e19 - <unknown>
[INFO] [stdout]    8:     0x646230c6432c - <unknown>
[INFO] [stdout]    9:     0x646230b99edb - <unknown>
[INFO] [stdout]   10:     0x646230b9bed1 - <unknown>
[INFO] [stdout]   11:     0x646230b6d74e - <unknown>
[INFO] [stdout]   12:     0x646230c7ed5b - <unknown>
[INFO] [stdout]   13:     0x646230c7aed1 - <unknown>
[INFO] [stdout]   14:     0x646230c7a6bc - <unknown>
[INFO] [stdout]   15:     0x646230c954fc - <unknown>
[INFO] [stdout]   16:     0x646230c655f2 - <unknown>
[INFO] [stdout]   17:     0x7abd94baddfa - <unknown>
[INFO] [stdout]   18:     0x7abd94c413d4 - clone
[INFO] [stdout]   19:                0x0 - <unknown>
[INFO] [stdout] 
[INFO] [stdout] ---- test::test_add_and_has_path stdout ----
[INFO] [stdout] 
[INFO] [stdout] thread 'test::test_add_and_has_path' (406) panicked at src/lib.rs:33:9:
[INFO] [stdout] assertion failed: has_path(path)
[INFO] [stdout] stack backtrace:
[INFO] [stdout]    0:     0x646230c3e2f7 - <unknown>
[INFO] [stdout]    1:     0x646230b9a04a - <unknown>
[INFO] [stdout]    2:     0x646230c3d8ab - <unknown>
[INFO] [stdout]    3:     0x646230c3d38f - <unknown>
[INFO] [stdout]    4:     0x646230c3cfba - <unknown>
[INFO] [stdout]    5:     0x646230c3caf2 - <unknown>
[INFO] [stdout]    6:     0x646230c63e92 - <unknown>
[INFO] [stdout]    7:     0x646230c63e19 - <unknown>
[INFO] [stdout]    8:     0x646230c6432c - <unknown>
[INFO] [stdout]    9:     0x646230b99edb - <unknown>
[INFO] [stdout]   10:     0x646230b9bed1 - <unknown>
[INFO] [stdout]   11:     0x646230b6cbe6 - <unknown>
[INFO] [stdout]   12:     0x646230c7ed5b - <unknown>
[INFO] [stdout]   13:     0x646230c7aed1 - <unknown>
[INFO] [stdout]   14:     0x646230c7a6bc - <unknown>
[INFO] [stdout]   15:     0x646230c954fc - <unknown>
[INFO] [stdout]   16:     0x646230c655f2 - <unknown>
[INFO] [stdout]   17:     0x7abd94baddfa - <unknown>
[INFO] [stdout]   18:     0x7abd94c413d4 - clone
[INFO] [stdout]   19:                0x0 - <unknown>
[INFO] [stdout] 
[INFO] [stdout] 
[INFO] [stdout] failures:
[INFO] [stdout]     test::test_add_and_has_path
[INFO] [stdout]     windows::test::test_add_path
[INFO] [stdout] 
[INFO] [stdout] test result: FAILED. 8 passed; 2 failed; 0 ignored; 0 measured; 0 filtered out; finished in 0.03s
[INFO] [stdout] 
[INFO] running `Command { std: "docker" "inspect" "a2c194eeb7066022d0d17a680b15cf26358c45ac9a5e7653f9d2c07cdc3f7484", kill_on_drop: false }`
[INFO] running `Command { std: "docker" "rm" "-f" "a2c194eeb7066022d0d17a680b15cf26358c45ac9a5e7653f9d2c07cdc3f7484", kill_on_drop: false }`
[INFO] [stdout] a2c194eeb7066022d0d17a680b15cf26358c45ac9a5e7653f9d2c07cdc3f7484
