[INFO] fetching crate crown-jsasm 0.31.1...
[INFO] testing crown-jsasm-0.31.1 against 1.100.0-beta.1+cargoflags=--release for beta-release-1.100-2
[INFO] extracting crate crown-jsasm 0.31.1 into /workspace/builds/worker-2-tc2/source
[INFO] started tweaking crates.io crate crown-jsasm 0.31.1
[INFO] removed 0 missing examples
[INFO] finished tweaking crates.io crate crown-jsasm 0.31.1
[INFO] tweaked toml for crates.io crate crown-jsasm 0.31.1 written to /workspace/builds/worker-2-tc2/source/Cargo.toml
[INFO] validating manifest of crates.io crate crown-jsasm 0.31.1 on toolchain 1.100.0-beta.1
[INFO] running `Command { std: CARGO_HOME="/workspace/cargo-home" RUSTUP_HOME="/workspace/rustup-home" "/workspace/cargo-home/bin/cargo" "+1.100.0-beta.1" "metadata" "--manifest-path" "Cargo.toml" "--no-deps", kill_on_drop: false }`
[INFO] crate crates.io crate crown-jsasm 0.31.1 already has a lockfile, it will not be regenerated
[INFO] running `Command { std: CARGO_HOME="/workspace/cargo-home" RUSTUP_HOME="/workspace/rustup-home" "/workspace/cargo-home/bin/cargo" "+1.100.0-beta.1" "fetch" "--manifest-path" "Cargo.toml", kill_on_drop: false }`
[INFO] running `Command { std: "docker" "create" "-v" "/var/lib/crater-agent-workspace/builds/worker-2-tc2/source:/opt/rustwide/workdir:ro,Z" "-v" "/var/lib/crater-agent-workspace/builds/worker-2-tc2/target:/opt/rustwide/target:rw,Z" "-v" "/var/lib/crater-agent-workspace/cargo-home:/opt/rustwide/cargo-home:ro,Z" "-v" "/var/lib/crater-agent-workspace/rustup-home:/opt/rustwide/rustup-home:ro,Z" "-m" "1610612736" "--network" "none" "ghcr.io/rust-lang/crates-build-env/linux@sha256:77db811e55d90add9212f6832c23229e3de5f1c1f9905e8cb07319ea15df73ac" "sleep" "infinity", kill_on_drop: false }`
[INFO] [stdout] 45d0ad7342911c54f94faed807f0fc12f1bd427760615a1446eb4ea894322207
[INFO] running `Command { std: "docker" "start" "45d0ad7342911c54f94faed807f0fc12f1bd427760615a1446eb4ea894322207", kill_on_drop: false }`
[INFO] running `Command { std: "docker" "inspect" "45d0ad7342911c54f94faed807f0fc12f1bd427760615a1446eb4ea894322207", kill_on_drop: false }`
[INFO] running `Command { std: "docker" "exec" "-e" "SOURCE_DIR=/opt/rustwide/workdir" "-e" "CARGO_HOME=/opt/rustwide/cargo-home" "-e" "RUSTUP_HOME=/opt/rustwide/rustup-home" "-e" "CARGO_TARGET_DIR=/opt/rustwide/target" "-w" "/opt/rustwide/workdir" "--user" "0:0" "45d0ad7342911c54f94faed807f0fc12f1bd427760615a1446eb4ea894322207" "/opt/rustwide/cargo-home/bin/cargo" "+1.100.0-beta.1" "metadata" "--no-deps" "--format-version=1", kill_on_drop: false }`
[INFO] running `Command { std: "docker" "inspect" "45d0ad7342911c54f94faed807f0fc12f1bd427760615a1446eb4ea894322207", kill_on_drop: false }`
[INFO] running `Command { std: "docker" "exec" "-e" "SOURCE_DIR=/opt/rustwide/workdir" "-e" "CARGO_HOME=/opt/rustwide/cargo-home" "-e" "RUSTUP_HOME=/opt/rustwide/rustup-home" "-e" "CARGO_TARGET_DIR=/opt/rustwide/target" "-e" "CARGO_INCREMENTAL=0" "-e" "RUST_BACKTRACE=full" "-e" "RUSTFLAGS=--cap-lints=warn" "-e" "RUSTDOCFLAGS=--cap-lints=warn" "-w" "/opt/rustwide/workdir" "--user" "0:0" "45d0ad7342911c54f94faed807f0fc12f1bd427760615a1446eb4ea894322207" "/opt/rustwide/cargo-home/bin/cargo" "+1.100.0-beta.1" "build" "--frozen" "--message-format=json" "--release", kill_on_drop: false }`
[INFO] [stderr]    Compiling quote v1.0.41
[INFO] [stderr]    Compiling unicode-ident v1.0.19
[INFO] [stderr]    Compiling serde_core v1.0.228
[INFO] [stderr]    Compiling serde v1.0.228
[INFO] [stderr]    Compiling allocator-api2 v0.2.21
[INFO] [stderr]    Compiling icu_properties_data v2.1.1
[INFO] [stderr]    Compiling ahash v0.8.12
[INFO] [stderr]    Compiling num-traits v0.2.19
[INFO] [stderr]    Compiling proc-macro2 v1.0.101
[INFO] [stderr]    Compiling rand_core v0.6.4
[INFO] [stderr]    Compiling siphasher v1.0.1
[INFO] [stderr]    Compiling rustc-hash v2.1.1
[INFO] [stderr]    Compiling anyhow v1.0.100
[INFO] [stderr]    Compiling rand v0.8.5
[INFO] [stderr]    Compiling phf_shared v0.11.3
[INFO] [stderr]    Compiling either v1.15.0
[INFO] [stderr]    Compiling hashbrown v0.14.5
[INFO] [stderr]    Compiling phf_generator v0.11.3
[INFO] [stderr]    Compiling syn v2.0.106
[INFO] [stderr]    Compiling swc_visit v2.0.1
[INFO] [stderr]    Compiling better_scoped_tls v1.0.1
[INFO] [stderr]    Compiling unicode-id-start v1.4.0
[INFO] [stderr]    Compiling bitflags v2.9.4
[INFO] [stderr]    Compiling memchr v2.7.6
[INFO] [stderr]    Compiling generic-array v0.14.9
[INFO] [stderr]    Compiling dragonbox_ecma v0.1.12
[INFO] [stderr]    Compiling libc v0.2.177
[INFO] [stderr]    Compiling num-integer v0.1.46
[INFO] [stderr]    Compiling smartstring v1.0.1
[INFO] [stderr]    Compiling find-msvc-tools v0.1.4
[INFO] [stderr]    Compiling hashbrown v0.16.0
[INFO] [stderr]    Compiling cc v1.2.41
[INFO] [stderr]    Compiling crypto-common v0.1.6
[INFO] [stderr]    Compiling block-buffer v0.10.4
[INFO] [stderr]    Compiling par-core v2.0.0
[INFO] [stderr]    Compiling digest v0.10.7
[INFO] [stderr]    Compiling aho-corasick v1.1.3
[INFO] [stderr]    Compiling indexmap v2.11.4
[INFO] [stderr]    Compiling hashbrown v0.17.1
[INFO] [stderr]    Compiling sha1 v0.10.6
[INFO] [stderr]    Compiling rquickjs-sys v0.14.0
[INFO] [stderr]    Compiling num_cpus v1.17.0
[INFO] [stderr]    Compiling castaway v0.2.4
[INFO] [stderr]    Compiling bumpalo v3.19.0
[INFO] [stderr]    Compiling relative-path v2.0.1
[INFO] [stderr]    Compiling swc_allocator v4.0.1
[INFO] [stderr]    Compiling compact_str v0.7.1
[INFO] [stderr]    Compiling serde_json v1.0.145
[INFO] [stderr]    Compiling ascii v1.1.0
[INFO] [stderr]    Compiling regex-automata v0.4.18
[INFO] [stderr]    Compiling synstructure v0.13.2
[INFO] [stderr]    Compiling swc_macros_common v1.0.1
[INFO] [stderr]    Compiling zerofrom-derive v0.1.6
[INFO] [stderr]    Compiling yoke-derive v0.8.1
[INFO] [stderr]    Compiling zerovec-derive v0.11.2
[INFO] [stderr]    Compiling displaydoc v0.2.5
[INFO] [stderr]    Compiling serde_derive v1.0.228
[INFO] [stderr]    Compiling tracing-attributes v0.1.30
[INFO] [stderr]    Compiling swc_eq_ignore_macros v1.0.1
[INFO] [stderr]    Compiling ast_node v5.0.0
[INFO] [stderr]    Compiling phf_macros v0.11.3
[INFO] [stderr]    Compiling tracing v0.1.41
[INFO] [stderr]    Compiling from_variant v3.0.0
[INFO] [stderr]    Compiling zerofrom v0.1.6
[INFO] [stderr]    Compiling phf v0.11.3
[INFO] [stderr]    Compiling yoke v0.8.1
[INFO] [stderr]    Compiling is-macro v0.3.7
[INFO] [stderr]    Compiling string_enum v1.0.2
[INFO] [stderr]    Compiling swc_config_macro v1.0.1
[INFO] [stderr]    Compiling zerovec v0.11.5
[INFO] [stderr]    Compiling zerotrie v0.2.3
[INFO] [stderr]    Compiling regex v1.12.2
[INFO] [stderr]    Compiling swc_ecma_codegen_macros v2.0.2
[INFO] [stderr]    Compiling tinystr v0.8.2
[INFO] [stderr]    Compiling icu_locale_core v2.1.1
[INFO] [stderr]    Compiling potential_utf v0.1.4
[INFO] [stderr]    Compiling icu_collections v2.1.1
[INFO] [stderr]    Compiling icu_provider v2.1.1
[INFO] [stderr]    Compiling icu_normalizer v2.1.1
[INFO] [stderr]    Compiling icu_properties v2.1.1
[INFO] [stderr]    Compiling triomphe v0.1.15
[INFO] [stderr]    Compiling bytes-str v0.2.7
[INFO] [stderr]    Compiling num-bigint v0.4.6
[INFO] [stderr]    Compiling swc_config v4.0.1
[INFO] [stderr]    Compiling hstr v3.0.3
[INFO] [stderr]    Compiling swc_atoms v9.0.0
[INFO] [stderr]    Compiling idna_adapter v1.2.1
[INFO] [stderr]    Compiling idna v1.1.0
[INFO] [stderr]    Compiling url v2.5.7
[INFO] [stderr]    Compiling swc_common v21.0.1
[INFO] [stderr]    Compiling swc_ecma_ast v23.0.0
[INFO] [stderr]    Compiling swc_ecma_visit v23.0.0
[INFO] [stderr]    Compiling swc_ecma_parser v39.1.0
[INFO] [stderr]    Compiling swc_ecma_codegen v26.0.1
[INFO] [stderr]    Compiling swc_ecma_utils v29.1.1
[INFO] [stderr]    Compiling swc_ecma_hooks v0.7.0
[INFO] [stderr]    Compiling swc_ecma_transforms_base v42.0.1
[INFO] [stderr]    Compiling swc_ecma_transforms_react v46.0.1
[INFO] [stderr]    Compiling swc_ecma_transforms_typescript v46.0.1
[INFO] [stderr]    Compiling rquickjs-core v0.14.0
[INFO] [stderr]    Compiling rquickjs v0.14.0
[INFO] [stderr]    Compiling crown-jsasm v0.31.1 (/opt/rustwide/workdir)
[INFO] [stderr]     Finished `release` profile [optimized] target(s) in 4m 50s
[INFO] running `Command { std: "docker" "inspect" "45d0ad7342911c54f94faed807f0fc12f1bd427760615a1446eb4ea894322207", kill_on_drop: false }`
[INFO] running `Command { std: "docker" "exec" "-e" "SOURCE_DIR=/opt/rustwide/workdir" "-e" "CARGO_HOME=/opt/rustwide/cargo-home" "-e" "RUSTUP_HOME=/opt/rustwide/rustup-home" "-e" "CARGO_TARGET_DIR=/opt/rustwide/target" "-e" "CARGO_INCREMENTAL=0" "-e" "RUST_BACKTRACE=full" "-e" "RUSTFLAGS=--cap-lints=warn" "-e" "RUSTDOCFLAGS=--cap-lints=warn" "-w" "/opt/rustwide/workdir" "--user" "0:0" "45d0ad7342911c54f94faed807f0fc12f1bd427760615a1446eb4ea894322207" "/opt/rustwide/cargo-home/bin/cargo" "+1.100.0-beta.1" "test" "--frozen" "--no-run" "--message-format=json" "--release", kill_on_drop: false }`
[INFO] [stderr]    Compiling crown-jsasm v0.31.1 (/opt/rustwide/workdir)
[INFO] [stderr]     Finished `release` profile [optimized] target(s) in 28.54s
[INFO] running `Command { std: "docker" "inspect" "45d0ad7342911c54f94faed807f0fc12f1bd427760615a1446eb4ea894322207", kill_on_drop: false }`
[INFO] running `Command { std: "docker" "exec" "-e" "SOURCE_DIR=/opt/rustwide/workdir" "-e" "CARGO_HOME=/opt/rustwide/cargo-home" "-e" "RUSTUP_HOME=/opt/rustwide/rustup-home" "-e" "CARGO_TARGET_DIR=/opt/rustwide/target" "-e" "CARGO_INCREMENTAL=0" "-e" "RUST_BACKTRACE=full" "-e" "RUSTFLAGS=--cap-lints=warn" "-e" "RUSTDOCFLAGS=--cap-lints=warn" "-w" "/opt/rustwide/workdir" "--user" "0:0" "45d0ad7342911c54f94faed807f0fc12f1bd427760615a1446eb4ea894322207" "/opt/rustwide/cargo-home/bin/cargo" "+1.100.0-beta.1" "test" "--frozen" "--release", kill_on_drop: false }`
[INFO] [stderr]     Finished `release` profile [optimized] target(s) in 0.13s
[INFO] [stderr]      Running unittests src/lib.rs (/opt/rustwide/target/release/build/crown-jsasm/50a2da3a1cf11394/out/crown_jsasm-50a2da3a1cf11394)
[INFO] [stdout] 
[INFO] [stdout] running 6 tests
[INFO] [stdout] test imp::tests::test_execute_sha1 ... FAILED
[INFO] [stdout] test transpile::tests::test_transpile_simple ... ok
[INFO] [stdout] test imp::tests::test_execute_md5 ... FAILED
[INFO] [stdout] test imp::tests::test_execute_sha256 ... FAILED
[INFO] [stderr] error: test failed, to rerun pass `--lib`
[INFO] [stdout] test imp::tests::test_execute_sha512 ... FAILED
[INFO] [stdout] test imp::tests::test_execute_rc4_with_import ... FAILED
[INFO] [stdout] 
[INFO] [stdout] failures:
[INFO] [stdout] 
[INFO] [stdout] ---- imp::tests::test_execute_sha1 stdout ----
[INFO] [stdout] 
[INFO] [stdout] thread 'imp::tests::test_execute_sha1' (1971) panicked at src/imp.rs:111:88:
[INFO] [stdout] called `Result::unwrap()` on an `Err` value: Failed to finish import promise for crown/src/hash/sha1/block/x86_64.ts: Exception
[INFO] [stdout] 
[INFO] [stdout] Stack backtrace:
[INFO] [stdout]    0: <anyhow::Error>::msg::<alloc::string::String>
[INFO] [stdout]    1: crown_jsasm::imp::execute_js_with_json_context::{closure#3}::{closure#4}
[INFO] [stdout]    2: <rquickjs_core::context::base::Context>::with::<crown_jsasm::imp::execute_js_with_json_context::{closure#3}, core::result::Result<alloc::string::String, anyhow::Error>>
[INFO] [stdout]    3: crown_jsasm::imp::execute_js_with_json_context
[INFO] [stdout]    4: <crown_jsasm::imp::tests::test_execute_sha1::{closure#0} as core::ops::function::FnOnce<()>>::call_once
[INFO] [stdout]    5: test::__rust_begin_short_backtrace::<core::result::Result<(), alloc::string::String>, fn() -> core::result::Result<(), alloc::string::String>>
[INFO] [stdout]    6: test::run_test::{closure#0}
[INFO] [stdout]    7: std::sys::backtrace::__rust_begin_short_backtrace::<test::run_test::{closure#1}, ()>
[INFO] [stdout]    8: <std::thread::lifecycle::spawn_unchecked<test::run_test::{closure#1}, ()>::{closure#1} as core::ops::function::FnOnce<()>>::call_once::{shim:vtable#0}
[INFO] [stdout]    9: <std::sys::thread::unix::Thread>::new::thread_start
[INFO] [stdout]   10: <unknown>
[INFO] [stdout]   11: clone
[INFO] [stdout] stack backtrace:
[INFO] [stdout]    0:     0x63013a3458c1 - <<std[617be2ca0a6fd877]::sys::backtrace::BacktraceLock>::print::DisplayBacktrace as core[a373ad73a504971]::fmt::Display>::fmt
[INFO] [stdout]    1:     0x63013a35c29a - core[a373ad73a504971]::fmt::write
[INFO] [stdout]    2:     0x63013a34a18c - <alloc[2e1b2a31b91974c5]::vec::Vec<u8> as core[a373ad73a504971]::io::write::Write>::write_fmt
[INFO] [stdout]    3:     0x63013a320bf6 - std[617be2ca0a6fd877]::panicking::default_hook::{closure#0}
[INFO] [stdout]    4:     0x63013a33d769 - std[617be2ca0a6fd877]::panicking::default_hook
[INFO] [stdout]    5:     0x630139f356c0 - test[aada8e7e76ba119b]::test_main_inner::{closure#0}
[INFO] [stdout]    6:     0x63013a33da92 - std[617be2ca0a6fd877]::panicking::panic_with_hook
[INFO] [stdout]    7:     0x63013a320ca2 - std[617be2ca0a6fd877]::panicking::panic_handler::{closure#0}
[INFO] [stdout]    8:     0x63013a319029 - std[617be2ca0a6fd877]::sys::backtrace::__rust_end_short_backtrace::<std[617be2ca0a6fd877]::panicking::panic_handler::{closure#0}, !>
[INFO] [stdout]    9:     0x63013a321a5d - __rustc[ea4f61d10b84890b]::rust_begin_unwind
[INFO] [stdout]   10:     0x63013a35ca7c - core[a373ad73a504971]::panicking::panic_fmt
[INFO] [stdout]   11:     0x63013a35c852 - core[a373ad73a504971]::result::unwrap_failed
[INFO] [stdout]   12:     0x630139edeedf - <crown_jsasm[63fbbf2fe87104e7]::imp::tests::test_execute_sha1::{closure#0} as core[a373ad73a504971]::ops::function::FnOnce<()>>::call_once
[INFO] [stdout]   13:     0x630139f28b0b - test[aada8e7e76ba119b]::__rust_begin_short_backtrace::<core[a373ad73a504971]::result::Result<(), alloc[2e1b2a31b91974c5]::string::String>, fn() -> core[a373ad73a504971]::result::Result<(), alloc[2e1b2a31b91974c5]::string::String>>
[INFO] [stdout]   14:     0x630139f35ce5 - test[aada8e7e76ba119b]::run_test::{closure#0}
[INFO] [stdout]   15:     0x630139f2f5d4 - std[617be2ca0a6fd877]::sys::backtrace::__rust_begin_short_backtrace::<test[aada8e7e76ba119b]::run_test::{closure#1}, ()>
[INFO] [stdout]   16:     0x630139f38d72 - <std[617be2ca0a6fd877]::thread::lifecycle::spawn_unchecked<test[aada8e7e76ba119b]::run_test::{closure#1}, ()>::{closure#1} as core[a373ad73a504971]::ops::function::FnOnce<()>>::call_once::{shim:vtable#0}
[INFO] [stdout]   17:     0x63013a344dcf - <std[617be2ca0a6fd877]::sys::thread::unix::Thread>::new::thread_start
[INFO] [stdout]   18:     0x7fda32cacdfa - <unknown>
[INFO] [stdout]   19:     0x7fda32d403d4 - clone
[INFO] [stdout]   20:                0x0 - <unknown>
[INFO] [stdout] 
[INFO] [stdout] ---- imp::tests::test_execute_md5 stdout ----
[INFO] [stdout] 
[INFO] [stdout] thread 'imp::tests::test_execute_md5' (1969) panicked at src/imp.rs:103:87:
[INFO] [stdout] called `Result::unwrap()` on an `Err` value: Failed to finish import promise for crown/src/hash/md5/block/x86_64.ts: Exception
[INFO] [stdout] 
[INFO] [stdout] Stack backtrace:
[INFO] [stdout]    0: <anyhow::Error>::msg::<alloc::string::String>
[INFO] [stdout]    1: crown_jsasm::imp::execute_js_with_json_context::{closure#3}::{closure#4}
[INFO] [stdout]    2: <rquickjs_core::context::base::Context>::with::<crown_jsasm::imp::execute_js_with_json_context::{closure#3}, core::result::Result<alloc::string::String, anyhow::Error>>
[INFO] [stdout]    3: crown_jsasm::imp::execute_js_with_json_context
[INFO] [stdout]    4: <crown_jsasm::imp::tests::test_execute_md5::{closure#0} as core::ops::function::FnOnce<()>>::call_once
[INFO] [stdout]    5: test::__rust_begin_short_backtrace::<core::result::Result<(), alloc::string::String>, fn() -> core::result::Result<(), alloc::string::String>>
[INFO] [stdout]    6: test::run_test::{closure#0}
[INFO] [stdout]    7: std::sys::backtrace::__rust_begin_short_backtrace::<test::run_test::{closure#1}, ()>
[INFO] [stdout]    8: <std::thread::lifecycle::spawn_unchecked<test::run_test::{closure#1}, ()>::{closure#1} as core::ops::function::FnOnce<()>>::call_once::{shim:vtable#0}
[INFO] [stdout]    9: <std::sys::thread::unix::Thread>::new::thread_start
[INFO] [stdout]   10: <unknown>
[INFO] [stdout]   11: clone
[INFO] [stdout] stack backtrace:
[INFO] [stdout]    0:     0x63013a3458c1 - <<std[617be2ca0a6fd877]::sys::backtrace::BacktraceLock>::print::DisplayBacktrace as core[a373ad73a504971]::fmt::Display>::fmt
[INFO] [stdout]    1:     0x63013a35c29a - core[a373ad73a504971]::fmt::write
[INFO] [stdout]    2:     0x63013a34a18c - <alloc[2e1b2a31b91974c5]::vec::Vec<u8> as core[a373ad73a504971]::io::write::Write>::write_fmt
[INFO] [stdout]    3:     0x63013a320bf6 - std[617be2ca0a6fd877]::panicking::default_hook::{closure#0}
[INFO] [stdout]    4:     0x63013a33d769 - std[617be2ca0a6fd877]::panicking::default_hook
[INFO] [stdout]    5:     0x630139f356c0 - test[aada8e7e76ba119b]::test_main_inner::{closure#0}
[INFO] [stdout]    6:     0x63013a33da92 - std[617be2ca0a6fd877]::panicking::panic_with_hook
[INFO] [stdout]    7:     0x63013a320ca2 - std[617be2ca0a6fd877]::panicking::panic_handler::{closure#0}
[INFO] [stdout]    8:     0x63013a319029 - std[617be2ca0a6fd877]::sys::backtrace::__rust_end_short_backtrace::<std[617be2ca0a6fd877]::panicking::panic_handler::{closure#0}, !>
[INFO] [stdout]    9:     0x63013a321a5d - __rustc[ea4f61d10b84890b]::rust_begin_unwind
[INFO] [stdout]   10:     0x63013a35ca7c - core[a373ad73a504971]::panicking::panic_fmt
[INFO] [stdout]   11:     0x63013a35c852 - core[a373ad73a504971]::result::unwrap_failed
[INFO] [stdout]   12:     0x630139eded2e - <crown_jsasm[63fbbf2fe87104e7]::imp::tests::test_execute_md5::{closure#0} as core[a373ad73a504971]::ops::function::FnOnce<()>>::call_once
[INFO] [stdout]   13:     0x630139f28b0b - test[aada8e7e76ba119b]::__rust_begin_short_backtrace::<core[a373ad73a504971]::result::Result<(), alloc[2e1b2a31b91974c5]::string::String>, fn() -> core[a373ad73a504971]::result::Result<(), alloc[2e1b2a31b91974c5]::string::String>>
[INFO] [stdout]   14:     0x630139f35ce5 - test[aada8e7e76ba119b]::run_test::{closure#0}
[INFO] [stdout]   15:     0x630139f2f5d4 - std[617be2ca0a6fd877]::sys::backtrace::__rust_begin_short_backtrace::<test[aada8e7e76ba119b]::run_test::{closure#1}, ()>
[INFO] [stdout]   16:     0x630139f38d72 - <std[617be2ca0a6fd877]::thread::lifecycle::spawn_unchecked<test[aada8e7e76ba119b]::run_test::{closure#1}, ()>::{closure#1} as core[a373ad73a504971]::ops::function::FnOnce<()>>::call_once::{shim:vtable#0}
[INFO] [stdout]   17:     0x63013a344dcf - <std[617be2ca0a6fd877]::sys::thread::unix::Thread>::new::thread_start
[INFO] [stdout]   18:     0x7fda32cacdfa - <unknown>
[INFO] [stdout]   19:     0x7fda32d403d4 - clone
[INFO] [stdout]   20:                0x0 - <unknown>
[INFO] [stdout] 
[INFO] [stdout] ---- imp::tests::test_execute_sha256 stdout ----
[INFO] [stdout] 
[INFO] [stdout] thread 'imp::tests::test_execute_sha256' (1972) panicked at src/imp.rs:119:90:
[INFO] [stdout] called `Result::unwrap()` on an `Err` value: Failed to finish import promise for crown/src/hash/sha256/block/x86_64.ts: Exception
[INFO] [stdout] 
[INFO] [stdout] Stack backtrace:
[INFO] [stdout]    0: <anyhow::Error>::msg::<alloc::string::String>
[INFO] [stdout]    1: crown_jsasm::imp::execute_js_with_json_context::{closure#3}::{closure#4}
[INFO] [stdout]    2: <rquickjs_core::context::base::Context>::with::<crown_jsasm::imp::execute_js_with_json_context::{closure#3}, core::result::Result<alloc::string::String, anyhow::Error>>
[INFO] [stdout]    3: crown_jsasm::imp::execute_js_with_json_context
[INFO] [stdout]    4: <crown_jsasm::imp::tests::test_execute_sha256::{closure#0} as core::ops::function::FnOnce<()>>::call_once
[INFO] [stdout]    5: test::__rust_begin_short_backtrace::<core::result::Result<(), alloc::string::String>, fn() -> core::result::Result<(), alloc::string::String>>
[INFO] [stdout]    6: test::run_test::{closure#0}
[INFO] [stdout]    7: std::sys::backtrace::__rust_begin_short_backtrace::<test::run_test::{closure#1}, ()>
[INFO] [stdout]    8: <std::thread::lifecycle::spawn_unchecked<test::run_test::{closure#1}, ()>::{closure#1} as core::ops::function::FnOnce<()>>::call_once::{shim:vtable#0}
[INFO] [stdout]    9: <std::sys::thread::unix::Thread>::new::thread_start
[INFO] [stdout]   10: <unknown>
[INFO] [stdout]   11: clone
[INFO] [stdout] stack backtrace:
[INFO] [stdout]    0:     0x63013a3458c1 - <<std[617be2ca0a6fd877]::sys::backtrace::BacktraceLock>::print::DisplayBacktrace as core[a373ad73a504971]::fmt::Display>::fmt
[INFO] [stdout]    1:     0x63013a35c29a - core[a373ad73a504971]::fmt::write
[INFO] [stdout]    2:     0x63013a34a18c - <alloc[2e1b2a31b91974c5]::vec::Vec<u8> as core[a373ad73a504971]::io::write::Write>::write_fmt
[INFO] [stdout]    3:     0x63013a320bf6 - std[617be2ca0a6fd877]::panicking::default_hook::{closure#0}
[INFO] [stdout]    4:     0x63013a33d769 - std[617be2ca0a6fd877]::panicking::default_hook
[INFO] [stdout]    5:     0x630139f356c0 - test[aada8e7e76ba119b]::test_main_inner::{closure#0}
[INFO] [stdout]    6:     0x63013a33da92 - std[617be2ca0a6fd877]::panicking::panic_with_hook
[INFO] [stdout]    7:     0x63013a320ca2 - std[617be2ca0a6fd877]::panicking::panic_handler::{closure#0}
[INFO] [stdout]    8:     0x63013a319029 - std[617be2ca0a6fd877]::sys::backtrace::__rust_end_short_backtrace::<std[617be2ca0a6fd877]::panicking::panic_handler::{closure#0}, !>
[INFO] [stdout]    9:     0x63013a321a5d - __rustc[ea4f61d10b84890b]::rust_begin_unwind
[INFO] [stdout]   10:     0x63013a35ca7c - core[a373ad73a504971]::panicking::panic_fmt
[INFO] [stdout]   11:     0x63013a35c852 - core[a373ad73a504971]::result::unwrap_failed
[INFO] [stdout]   12:     0x630139edf096 - <crown_jsasm[63fbbf2fe87104e7]::imp::tests::test_execute_sha256::{closure#0} as core[a373ad73a504971]::ops::function::FnOnce<()>>::call_once
[INFO] [stdout]   13:     0x630139f28b0b - test[aada8e7e76ba119b]::__rust_begin_short_backtrace::<core[a373ad73a504971]::result::Result<(), alloc[2e1b2a31b91974c5]::string::String>, fn() -> core[a373ad73a504971]::result::Result<(), alloc[2e1b2a31b91974c5]::string::String>>
[INFO] [stdout]   14:     0x630139f35ce5 - test[aada8e7e76ba119b]::run_test::{closure#0}
[INFO] [stdout]   15:     0x630139f2f5d4 - std[617be2ca0a6fd877]::sys::backtrace::__rust_begin_short_backtrace::<test[aada8e7e76ba119b]::run_test::{closure#1}, ()>
[INFO] [stdout]   16:     0x630139f38d72 - <std[617be2ca0a6fd877]::thread::lifecycle::spawn_unchecked<test[aada8e7e76ba119b]::run_test::{closure#1}, ()>::{closure#1} as core[a373ad73a504971]::ops::function::FnOnce<()>>::call_once::{shim:vtable#0}
[INFO] [stdout]   17:     0x63013a344dcf - <std[617be2ca0a6fd877]::sys::thread::unix::Thread>::new::thread_start
[INFO] [stdout]   18:     0x7fda32cacdfa - <unknown>
[INFO] [stdout]   19:     0x7fda32d403d4 - clone
[INFO] [stdout]   20:                0x0 - <unknown>
[INFO] [stdout] 
[INFO] [stdout] ---- imp::tests::test_execute_sha512 stdout ----
[INFO] [stdout] 
[INFO] [stdout] thread 'imp::tests::test_execute_sha512' (1973) panicked at src/imp.rs:127:90:
[INFO] [stdout] called `Result::unwrap()` on an `Err` value: Failed to finish import promise for crown/src/hash/sha512/block/x86_64.ts: Exception
[INFO] [stdout] 
[INFO] [stdout] Stack backtrace:
[INFO] [stdout]    0: <anyhow::Error>::msg::<alloc::string::String>
[INFO] [stdout]    1: crown_jsasm::imp::execute_js_with_json_context::{closure#3}::{closure#4}
[INFO] [stdout]    2: <rquickjs_core::context::base::Context>::with::<crown_jsasm::imp::execute_js_with_json_context::{closure#3}, core::result::Result<alloc::string::String, anyhow::Error>>
[INFO] [stdout]    3: crown_jsasm::imp::execute_js_with_json_context
[INFO] [stdout]    4: <crown_jsasm::imp::tests::test_execute_sha512::{closure#0} as core::ops::function::FnOnce<()>>::call_once
[INFO] [stdout]    5: test::__rust_begin_short_backtrace::<core::result::Result<(), alloc::string::String>, fn() -> core::result::Result<(), alloc::string::String>>
[INFO] [stdout]    6: test::run_test::{closure#0}
[INFO] [stdout]    7: std::sys::backtrace::__rust_begin_short_backtrace::<test::run_test::{closure#1}, ()>
[INFO] [stdout]    8: <std::thread::lifecycle::spawn_unchecked<test::run_test::{closure#1}, ()>::{closure#1} as core::ops::function::FnOnce<()>>::call_once::{shim:vtable#0}
[INFO] [stdout]    9: <std::sys::thread::unix::Thread>::new::thread_start
[INFO] [stdout]   10: <unknown>
[INFO] [stdout]   11: clone
[INFO] [stdout] stack backtrace:
[INFO] [stdout]    0:     0x63013a3458c1 - <<std[617be2ca0a6fd877]::sys::backtrace::BacktraceLock>::print::DisplayBacktrace as core[a373ad73a504971]::fmt::Display>::fmt
[INFO] [stdout]    1:     0x63013a35c29a - core[a373ad73a504971]::fmt::write
[INFO] [stdout]    2:     0x63013a34a18c - <alloc[2e1b2a31b91974c5]::vec::Vec<u8> as core[a373ad73a504971]::io::write::Write>::write_fmt
[INFO] [stdout]    3:     0x63013a320bf6 - std[617be2ca0a6fd877]::panicking::default_hook::{closure#0}
[INFO] [stdout]    4:     0x63013a33d769 - std[617be2ca0a6fd877]::panicking::default_hook
[INFO] [stdout]    5:     0x630139f356c0 - test[aada8e7e76ba119b]::test_main_inner::{closure#0}
[INFO] [stdout]    6:     0x63013a33da92 - std[617be2ca0a6fd877]::panicking::panic_with_hook
[INFO] [stdout]    7:     0x63013a320ca2 - std[617be2ca0a6fd877]::panicking::panic_handler::{closure#0}
[INFO] [stdout]    8:     0x63013a319029 - std[617be2ca0a6fd877]::sys::backtrace::__rust_end_short_backtrace::<std[617be2ca0a6fd877]::panicking::panic_handler::{closure#0}, !>
[INFO] [stdout]    9:     0x63013a321a5d - __rustc[ea4f61d10b84890b]::rust_begin_unwind
[INFO] [stdout]   10:     0x63013a35ca7c - core[a373ad73a504971]::panicking::panic_fmt
[INFO] [stdout]   11:     0x63013a35c852 - core[a373ad73a504971]::result::unwrap_failed
[INFO] [stdout]   12:     0x630139edf246 - <crown_jsasm[63fbbf2fe87104e7]::imp::tests::test_execute_sha512::{closure#0} as core[a373ad73a504971]::ops::function::FnOnce<()>>::call_once
[INFO] [stdout]   13:     0x630139f28b0b - test[aada8e7e76ba119b]::__rust_begin_short_backtrace::<core[a373ad73a504971]::result::Result<(), alloc[2e1b2a31b91974c5]::string::String>, fn() -> core[a373ad73a504971]::result::Result<(), alloc[2e1b2a31b91974c5]::string::String>>
[INFO] [stdout]   14:     0x630139f35ce5 - test[aada8e7e76ba119b]::run_test::{closure#0}
[INFO] [stdout]   15:     0x630139f2f5d4 - std[617be2ca0a6fd877]::sys::backtrace::__rust_begin_short_backtrace::<test[aada8e7e76ba119b]::run_test::{closure#1}, ()>
[INFO] [stdout]   16:     0x630139f38d72 - <std[617be2ca0a6fd877]::thread::lifecycle::spawn_unchecked<test[aada8e7e76ba119b]::run_test::{closure#1}, ()>::{closure#1} as core[a373ad73a504971]::ops::function::FnOnce<()>>::call_once::{shim:vtable#0}
[INFO] [stdout]   17:     0x63013a344dcf - <std[617be2ca0a6fd877]::sys::thread::unix::Thread>::new::thread_start
[INFO] [stdout]   18:     0x7fda32cacdfa - <unknown>
[INFO] [stdout]   19:     0x7fda32d403d4 - clone
[INFO] [stdout]   20:                0x0 - <unknown>
[INFO] [stdout] 
[INFO] [stdout] ---- imp::tests::test_execute_rc4_with_import stdout ----
[INFO] [stdout] 
[INFO] [stdout] thread 'imp::tests::test_execute_rc4_with_import' (1970) panicked at src/imp.rs:136:18:
[INFO] [stdout] called `Result::unwrap()` on an `Err` value: Failed to finish import promise for crown/src/stream/rc4/xor_key_stream/x86_64.ts: Exception
[INFO] [stdout] 
[INFO] [stdout] Stack backtrace:
[INFO] [stdout]    0: <anyhow::Error>::msg::<alloc::string::String>
[INFO] [stdout]    1: crown_jsasm::imp::execute_js_with_json_context::{closure#3}::{closure#4}
[INFO] [stdout]    2: <rquickjs_core::context::base::Context>::with::<crown_jsasm::imp::execute_js_with_json_context::{closure#3}, core::result::Result<alloc::string::String, anyhow::Error>>
[INFO] [stdout]    3: crown_jsasm::imp::execute_js_with_json_context
[INFO] [stdout]    4: <crown_jsasm::imp::tests::test_execute_rc4_with_import::{closure#0} as core::ops::function::FnOnce<()>>::call_once
[INFO] [stdout]    5: test::__rust_begin_short_backtrace::<core::result::Result<(), alloc::string::String>, fn() -> core::result::Result<(), alloc::string::String>>
[INFO] [stdout]    6: test::run_test::{closure#0}
[INFO] [stdout]    7: std::sys::backtrace::__rust_begin_short_backtrace::<test::run_test::{closure#1}, ()>
[INFO] [stdout]    8: <std::thread::lifecycle::spawn_unchecked<test::run_test::{closure#1}, ()>::{closure#1} as core::ops::function::FnOnce<()>>::call_once::{shim:vtable#0}
[INFO] [stdout]    9: <std::sys::thread::unix::Thread>::new::thread_start
[INFO] [stdout]   10: <unknown>
[INFO] [stdout]   11: clone
[INFO] [stdout] stack backtrace:
[INFO] [stdout]    0:     0x63013a3458c1 - <<std[617be2ca0a6fd877]::sys::backtrace::BacktraceLock>::print::DisplayBacktrace as core[a373ad73a504971]::fmt::Display>::fmt
[INFO] [stdout]    1:     0x63013a35c29a - core[a373ad73a504971]::fmt::write
[INFO] [stdout]    2:     0x63013a34a18c - <alloc[2e1b2a31b91974c5]::vec::Vec<u8> as core[a373ad73a504971]::io::write::Write>::write_fmt
[INFO] [stdout]    3:     0x63013a320bf6 - std[617be2ca0a6fd877]::panicking::default_hook::{closure#0}
[INFO] [stdout]    4:     0x63013a33d769 - std[617be2ca0a6fd877]::panicking::default_hook
[INFO] [stdout]    5:     0x630139f356c0 - test[aada8e7e76ba119b]::test_main_inner::{closure#0}
[INFO] [stdout]    6:     0x63013a33da92 - std[617be2ca0a6fd877]::panicking::panic_with_hook
[INFO] [stdout]    7:     0x63013a320ca2 - std[617be2ca0a6fd877]::panicking::panic_handler::{closure#0}
[INFO] [stdout]    8:     0x63013a319029 - std[617be2ca0a6fd877]::sys::backtrace::__rust_end_short_backtrace::<std[617be2ca0a6fd877]::panicking::panic_handler::{closure#0}, !>
[INFO] [stdout]    9:     0x63013a321a5d - __rustc[ea4f61d10b84890b]::rust_begin_unwind
[INFO] [stdout]   10:     0x63013a35ca7c - core[a373ad73a504971]::panicking::panic_fmt
[INFO] [stdout]   11:     0x63013a35c852 - core[a373ad73a504971]::result::unwrap_failed
[INFO] [stdout]   12:     0x630139edf3f3 - <crown_jsasm[63fbbf2fe87104e7]::imp::tests::test_execute_rc4_with_import::{closure#0} as core[a373ad73a504971]::ops::function::FnOnce<()>>::call_once
[INFO] [stdout]   13:     0x630139f28b0b - test[aada8e7e76ba119b]::__rust_begin_short_backtrace::<core[a373ad73a504971]::result::Result<(), alloc[2e1b2a31b91974c5]::string::String>, fn() -> core[a373ad73a504971]::result::Result<(), alloc[2e1b2a31b91974c5]::string::String>>
[INFO] [stdout]   14:     0x630139f35ce5 - test[aada8e7e76ba119b]::run_test::{closure#0}
[INFO] [stdout]   15:     0x630139f2f5d4 - std[617be2ca0a6fd877]::sys::backtrace::__rust_begin_short_backtrace::<test[aada8e7e76ba119b]::run_test::{closure#1}, ()>
[INFO] [stdout]   16:     0x630139f38d72 - <std[617be2ca0a6fd877]::thread::lifecycle::spawn_unchecked<test[aada8e7e76ba119b]::run_test::{closure#1}, ()>::{closure#1} as core[a373ad73a504971]::ops::function::FnOnce<()>>::call_once::{shim:vtable#0}
[INFO] [stdout]   17:     0x63013a344dcf - <std[617be2ca0a6fd877]::sys::thread::unix::Thread>::new::thread_start
[INFO] [stdout]   18:     0x7fda32cacdfa - <unknown>
[INFO] [stdout]   19:     0x7fda32d403d4 - clone
[INFO] [stdout]   20:                0x0 - <unknown>
[INFO] [stdout] 
[INFO] [stdout] 
[INFO] [stdout] failures:
[INFO] [stdout]     imp::tests::test_execute_md5
[INFO] [stdout]     imp::tests::test_execute_rc4_with_import
[INFO] [stdout]     imp::tests::test_execute_sha1
[INFO] [stdout]     imp::tests::test_execute_sha256
[INFO] [stdout]     imp::tests::test_execute_sha512
[INFO] [stdout] 
[INFO] [stdout] test result: FAILED. 1 passed; 5 failed; 0 ignored; 0 measured; 0 filtered out; finished in 0.01s
[INFO] [stdout] 
[INFO] running `Command { std: "docker" "inspect" "45d0ad7342911c54f94faed807f0fc12f1bd427760615a1446eb4ea894322207", kill_on_drop: false }`
[INFO] running `Command { std: "docker" "rm" "-f" "45d0ad7342911c54f94faed807f0fc12f1bd427760615a1446eb4ea894322207", kill_on_drop: false }`
[INFO] [stdout] 45d0ad7342911c54f94faed807f0fc12f1bd427760615a1446eb4ea894322207
