[INFO] fetching crate crow-streamdown-syntax 0.2.0...
[INFO] testing crow-streamdown-syntax-0.2.0 against 1.99.0-beta.8+cargoflags=--release for beta-release-1.100-2
[INFO] extracting crate crow-streamdown-syntax 0.2.0 into /workspace/builds/worker-7-tc1/source
[INFO] started tweaking crates.io crate crow-streamdown-syntax 0.2.0
[INFO] finished tweaking crates.io crate crow-streamdown-syntax 0.2.0
[INFO] tweaked toml for crates.io crate crow-streamdown-syntax 0.2.0 written to /workspace/builds/worker-7-tc1/source/Cargo.toml
[INFO] validating manifest of crates.io crate crow-streamdown-syntax 0.2.0 on toolchain 1.99.0-beta.8
[INFO] running `Command { std: CARGO_HOME="/workspace/cargo-home" RUSTUP_HOME="/workspace/rustup-home" "/workspace/cargo-home/bin/cargo" "+1.99.0-beta.8" "metadata" "--manifest-path" "Cargo.toml" "--no-deps", kill_on_drop: false }`
[INFO] crate crates.io crate crow-streamdown-syntax 0.2.0 already has a lockfile, it will not be regenerated
[INFO] running `Command { std: CARGO_HOME="/workspace/cargo-home" RUSTUP_HOME="/workspace/rustup-home" "/workspace/cargo-home/bin/cargo" "+1.99.0-beta.8" "fetch" "--manifest-path" "Cargo.toml", kill_on_drop: false }`
[INFO] [stderr]     Updating crates.io index
[INFO] [stderr]  Downloading crates ...
[INFO] [stderr]   Downloaded linked-hash-map v0.5.6
[INFO] [stderr]   Downloaded yaml-rust v0.4.5
[INFO] [stderr]   Downloaded proc-macro2 v1.0.104
[INFO] [stderr]   Downloaded crow-streamdown-core v0.2.0
[INFO] [stderr]   Downloaded find-msvc-tools v0.1.6
[INFO] [stderr]   Downloaded simd-adler32 v0.3.8
[INFO] [stderr]   Downloaded onig v6.5.1
[INFO] [stderr]   Downloaded zmij v1.0.0
[INFO] [stderr]   Downloaded plist v1.8.0
[INFO] [stderr]   Downloaded flate2 v1.1.5
[INFO] [stderr]   Downloaded cc v1.2.51
[INFO] [stderr]   Downloaded serde_json v1.0.148
[INFO] [stderr]   Downloaded quick-xml v0.38.4
[INFO] [stderr]   Downloaded onig_sys v69.9.1
[INFO] [stderr]   Downloaded syntect v5.3.0
[INFO] running `Command { std: "docker" "create" "-v" "/var/lib/crater-agent-workspace/builds/worker-7-tc1/source:/opt/rustwide/workdir:ro,Z" "-v" "/var/lib/crater-agent-workspace/builds/worker-7-tc1/target:/opt/rustwide/target:rw,Z" "-v" "/var/lib/crater-agent-workspace/cargo-home:/opt/rustwide/cargo-home:ro,Z" "-v" "/var/lib/crater-agent-workspace/rustup-home:/opt/rustwide/rustup-home:ro,Z" "-m" "1610612736" "--network" "none" "ghcr.io/rust-lang/crates-build-env/linux@sha256:77db811e55d90add9212f6832c23229e3de5f1c1f9905e8cb07319ea15df73ac" "sleep" "infinity", kill_on_drop: false }`
[INFO] [stdout] 66c5aaf7f602a0daa03add4c92d31ac6cd8c990d92a769499d13cd7c3549c203
[INFO] running `Command { std: "docker" "start" "66c5aaf7f602a0daa03add4c92d31ac6cd8c990d92a769499d13cd7c3549c203", kill_on_drop: false }`
[INFO] running `Command { std: "docker" "inspect" "66c5aaf7f602a0daa03add4c92d31ac6cd8c990d92a769499d13cd7c3549c203", kill_on_drop: false }`
[INFO] running `Command { std: "docker" "exec" "-e" "SOURCE_DIR=/opt/rustwide/workdir" "-e" "CARGO_HOME=/opt/rustwide/cargo-home" "-e" "RUSTUP_HOME=/opt/rustwide/rustup-home" "-e" "CARGO_TARGET_DIR=/opt/rustwide/target" "-w" "/opt/rustwide/workdir" "--user" "0:0" "66c5aaf7f602a0daa03add4c92d31ac6cd8c990d92a769499d13cd7c3549c203" "/opt/rustwide/cargo-home/bin/cargo" "+1.99.0-beta.8" "metadata" "--no-deps" "--format-version=1", kill_on_drop: false }`
[INFO] running `Command { std: "docker" "inspect" "66c5aaf7f602a0daa03add4c92d31ac6cd8c990d92a769499d13cd7c3549c203", kill_on_drop: false }`
[INFO] running `Command { std: "docker" "exec" "-e" "SOURCE_DIR=/opt/rustwide/workdir" "-e" "CARGO_HOME=/opt/rustwide/cargo-home" "-e" "RUSTUP_HOME=/opt/rustwide/rustup-home" "-e" "CARGO_TARGET_DIR=/opt/rustwide/target" "-e" "CARGO_INCREMENTAL=0" "-e" "RUST_BACKTRACE=full" "-e" "RUSTFLAGS=--cap-lints=warn" "-e" "RUSTDOCFLAGS=--cap-lints=warn" "-w" "/opt/rustwide/workdir" "--user" "0:0" "66c5aaf7f602a0daa03add4c92d31ac6cd8c990d92a769499d13cd7c3549c203" "/opt/rustwide/cargo-home/bin/cargo" "+1.99.0-beta.8" "build" "--frozen" "--message-format=json" "--release", kill_on_drop: false }`
[INFO] [stderr]    Compiling proc-macro2 v1.0.104
[INFO] [stderr]    Compiling memchr v2.7.6
[INFO] [stderr]    Compiling serde_core v1.0.228
[INFO] [stderr]    Compiling find-msvc-tools v0.1.6
[INFO] [stderr]    Compiling serde v1.0.228
[INFO] [stderr]    Compiling itoa v1.0.17
[INFO] [stderr]    Compiling crc32fast v1.5.0
[INFO] [stderr]    Compiling thiserror v2.0.17
[INFO] [stderr]    Compiling regex-syntax v0.8.8
[INFO] [stderr]    Compiling cc v1.2.51
[INFO] [stderr]    Compiling deranged v0.5.5
[INFO] [stderr]    Compiling hashbrown v0.16.1
[INFO] [stderr]    Compiling time-core v0.1.6
[INFO] [stderr]    Compiling equivalent v1.0.2
[INFO] [stderr]    Compiling simd-adler32 v0.3.8
[INFO] [stderr]    Compiling quote v1.0.42
[INFO] [stderr]    Compiling syn v2.0.111
[INFO] [stderr]    Compiling aho-corasick v1.1.4
[INFO] [stderr]    Compiling adler2 v2.0.1
[INFO] [stderr]    Compiling num-conv v0.1.0
[INFO] [stderr]    Compiling serde_json v1.0.148
[INFO] [stderr]    Compiling miniz_oxide v0.8.9
[INFO] [stderr]    Compiling onig_sys v69.9.1
[INFO] [stderr]    Compiling time v0.3.44
[INFO] [stderr]    Compiling indexmap v2.12.1
[INFO] [stderr]    Compiling regex-automata v0.4.13
[INFO] [stderr]    Compiling quick-xml v0.38.4
[INFO] [stderr]    Compiling same-file v1.0.6
[INFO] [stderr]    Compiling bitflags v2.10.0
[INFO] [stderr]    Compiling serde_derive v1.0.228
[INFO] [stderr]    Compiling thiserror-impl v2.0.17
[INFO] [stderr]    Compiling base64 v0.22.1
[INFO] [stderr]    Compiling zmij v1.0.0
[INFO] [stderr]    Compiling linked-hash-map v0.5.6
[INFO] [stderr]    Compiling yaml-rust v0.4.5
[INFO] [stderr]    Compiling walkdir v2.5.0
[INFO] [stderr]    Compiling regex v1.12.2
[INFO] [stderr]    Compiling plist v1.8.0
[INFO] [stderr]    Compiling bincode v1.3.3
[INFO] [stderr]    Compiling flate2 v1.1.5
[INFO] [stderr]    Compiling crow-streamdown-core v0.2.0
[INFO] [stderr]    Compiling onig v6.5.1
[INFO] [stderr]    Compiling syntect v5.3.0
[INFO] [stderr]    Compiling crow-streamdown-syntax v0.2.0 (/opt/rustwide/workdir)
[INFO] [stderr]     Finished `release` profile [optimized] target(s) in 1m 40s
[INFO] running `Command { std: "docker" "inspect" "66c5aaf7f602a0daa03add4c92d31ac6cd8c990d92a769499d13cd7c3549c203", kill_on_drop: false }`
[INFO] running `Command { std: "docker" "exec" "-e" "SOURCE_DIR=/opt/rustwide/workdir" "-e" "CARGO_HOME=/opt/rustwide/cargo-home" "-e" "RUSTUP_HOME=/opt/rustwide/rustup-home" "-e" "CARGO_TARGET_DIR=/opt/rustwide/target" "-e" "CARGO_INCREMENTAL=0" "-e" "RUST_BACKTRACE=full" "-e" "RUSTFLAGS=--cap-lints=warn" "-e" "RUSTDOCFLAGS=--cap-lints=warn" "-w" "/opt/rustwide/workdir" "--user" "0:0" "66c5aaf7f602a0daa03add4c92d31ac6cd8c990d92a769499d13cd7c3549c203" "/opt/rustwide/cargo-home/bin/cargo" "+1.99.0-beta.8" "test" "--frozen" "--no-run" "--message-format=json" "--release", kill_on_drop: false }`
[INFO] [stderr]    Compiling crow-streamdown-syntax v0.2.0 (/opt/rustwide/workdir)
[INFO] [stderr]     Finished `release` profile [optimized] target(s) in 2.11s
[INFO] running `Command { std: "docker" "inspect" "66c5aaf7f602a0daa03add4c92d31ac6cd8c990d92a769499d13cd7c3549c203", kill_on_drop: false }`
[INFO] running `Command { std: "docker" "exec" "-e" "SOURCE_DIR=/opt/rustwide/workdir" "-e" "CARGO_HOME=/opt/rustwide/cargo-home" "-e" "RUSTUP_HOME=/opt/rustwide/rustup-home" "-e" "CARGO_TARGET_DIR=/opt/rustwide/target" "-e" "CARGO_INCREMENTAL=0" "-e" "RUST_BACKTRACE=full" "-e" "RUSTFLAGS=--cap-lints=warn" "-e" "RUSTDOCFLAGS=--cap-lints=warn" "-w" "/opt/rustwide/workdir" "--user" "0:0" "66c5aaf7f602a0daa03add4c92d31ac6cd8c990d92a769499d13cd7c3549c203" "/opt/rustwide/cargo-home/bin/cargo" "+1.99.0-beta.8" "test" "--frozen" "--release", kill_on_drop: false }`
[INFO] [stderr]     Finished `release` profile [optimized] target(s) in 0.08s
[INFO] [stderr]      Running unittests src/lib.rs (/opt/rustwide/target/release/deps/crow_streamdown_syntax-439d8fec569957a0)
[INFO] [stdout] 
[INFO] [stdout] running 22 tests
[INFO] [stdout] test languages::tests::test_all_aliases_not_empty ... ok
[INFO] [stdout] test languages::tests::test_case_insensitivity ... ok
[INFO] [stdout] test languages::tests::test_shell_aliases ... ok
[INFO] [stdout] test languages::tests::test_javascript_aliases ... ok
[INFO] [stdout] test languages::tests::test_aliases_for ... ok
[INFO] [stdout] test languages::tests::test_unknown_returns_original ... ok
[INFO] [stdout] test languages::tests::test_rust_aliases ... ok
[INFO] [stdout] test tests::test_has_theme ... ok
[INFO] [stdout] test languages::tests::test_python_aliases ... ok
[INFO] [stdout] test tests::test_has_language ... ok
[INFO] [stdout] test tests::test_background_override_styling ... ok
[INFO] [stdout] test tests::test_highlight_block ... ok
[INFO] [stdout] test tests::test_set_background ... ok
[INFO] [stdout] test tests::test_multiline_token ... ok
[INFO] [stdout] test tests::test_themes ... ok
[INFO] [stdout] test tests::test_plain_text_fallback ... ok
[INFO] [stdout] test tests::test_languages ... ok
[INFO] [stdout] test tests::test_new_highlighter ... ok
[INFO] [stdout] test tests::test_override_theme_background ... ok
[INFO] [stdout] test tests::test_syntax_for_language ... ok
[INFO] [stdout] test tests::test_with_theme ... ok
[INFO] [stderr]    Doc-tests crow_streamdown_syntax
[INFO] [stdout] test tests::test_highlight_line_streaming ... ok
[INFO] [stdout] 
[INFO] [stdout] test result: ok. 22 passed; 0 failed; 0 ignored; 0 measured; 0 filtered out; finished in 0.05s
[INFO] [stdout] 
[INFO] [stdout] 
[INFO] [stdout] running 4 tests
[INFO] [stdout] test src/languages.rs - languages::aliases_for (line 368) ... FAILED
[INFO] [stdout] test src/lib.rs - Highlighter::set_background (line 139) ... FAILED
[INFO] [stdout] test src/lib.rs - (line 15) ... FAILED
[INFO] [stdout] test src/languages.rs - languages::language_alias (line 342) ... FAILED
[INFO] [stdout] 
[INFO] [stdout] failures:
[INFO] [stdout] 
[INFO] [stdout] ---- src/languages.rs - languages::aliases_for (line 368) stdout ----
[INFO] [stdout] error[E0432]: unresolved import `streamdown_syntax`
[INFO] [stdout]    --> src/languages.rs:369:5
[INFO] [stdout]     |
[INFO] [stdout] 369 | use streamdown_syntax::aliases_for;
[INFO] [stdout]     |     ^^^^^^^^^^^^^^^^^ use of unresolved module or unlinked crate `streamdown_syntax`
[INFO] [stdout]     |
[INFO] [stdout] help: there is a crate or module with a similar name
[INFO] [stdout]     |
[INFO] [stdout] 369 | use crow_streamdown_syntax::aliases_for;
[INFO] [stdout]     |     +++++
[INFO] [stdout] 
[INFO] [stdout] error: aborting due to 1 previous error
[INFO] [stdout] 
[INFO] [stdout] For more information about this error, try `rustc --explain E0432`.
[INFO] [stdout] Couldn't compile the test.
[INFO] [stdout] ---- src/lib.rs - Highlighter::set_background (line 139) stdout ----
[INFO] [stdout] error[E0432]: unresolved import `streamdown_syntax`
[INFO] [stdout]    --> src/lib.rs:140:5
[INFO] [stdout]     |
[INFO] [stdout] 140 | use streamdown_syntax::Highlighter;
[INFO] [stdout]     |     ^^^^^^^^^^^^^^^^^ use of unresolved module or unlinked crate `streamdown_syntax`
[INFO] [stdout]     |
[INFO] [stdout] help: there is a crate or module with a similar name
[INFO] [stdout]     |
[INFO] [stdout] 140 | use crow_streamdown_syntax::Highlighter;
[INFO] [stdout]     |     +++++
[INFO] [stdout] 
[INFO] [stdout] error: aborting due to 1 previous error
[INFO] [stdout] 
[INFO] [stdout] For more information about this error, try `rustc --explain E0432`.
[INFO] [stdout] Couldn't compile the test.
[INFO] [stdout] ---- src/lib.rs - (line 15) stdout ----
[INFO] [stdout] error[E0432]: unresolved import `streamdown_syntax`
[INFO] [stdout]   --> src/lib.rs:16:5
[INFO] [stdout]    |
[INFO] [stdout] 16 | use streamdown_syntax::Highlighter;
[INFO] [stdout]    |     ^^^^^^^^^^^^^^^^^ use of unresolved module or unlinked crate `streamdown_syntax`
[INFO] [stdout]    |
[INFO] [stdout] help: there is a crate or module with a similar name
[INFO] [stdout]    |
[INFO] [stdout] 16 | use crow_streamdown_syntax::Highlighter;
[INFO] [stdout]    |     +++++
[INFO] [stdout] 
[INFO] [stdout] error[E0432]: unresolved import `streamdown_syntax`
[INFO] [stdout]   --> src/lib.rs:25:5
[INFO] [stdout]    |
[INFO] [stdout] 25 | use streamdown_syntax::HighlightState;
[INFO] [stdout]    |     ^^^^^^^^^^^^^^^^^ use of unresolved module or unlinked crate `streamdown_syntax`
[INFO] [stdout]    |
[INFO] [stdout] help: there is a crate or module with a similar name
[INFO] [stdout]    |
[INFO] [stdout] 25 | use crow_streamdown_syntax::HighlightState;
[INFO] [stdout]    |     +++++
[INFO] [stdout] 
[INFO] [stdout] error: aborting due to 2 previous errors
[INFO] [stdout] 
[INFO] [stdout] For more information about this error, try `rustc --explain E0432`.
[INFO] [stdout] Couldn't compile the test.
[INFO] [stdout] ---- src/languages.rs - languages::language_alias (line 342) stdout ----
[INFO] [stdout] error[E0432]: unresolved import `streamdown_syntax`
[INFO] [stdout]    --> src/languages.rs:343:5
[INFO] [stdout]     |
[INFO] [stdout] 343 | use streamdown_syntax::language_alias;
[INFO] [stdout]     |     ^^^^^^^^^^^^^^^^^ use of unresolved module or unlinked crate `streamdown_syntax`
[INFO] [stdout]     |
[INFO] [stdout] help: there is a crate or module with a similar name
[INFO] [stdout]     |
[INFO] [stdout] 343 | use crow_streamdown_syntax::language_alias;
[INFO] [stdout]     |     +++++
[INFO] [stdout] 
[INFO] [stdout] error: aborting due to 1 previous error
[INFO] [stdout] 
[INFO] [stdout] For more information about this error, try `rustc --explain E0432`.
[INFO] [stdout] Couldn't compile the test.
[INFO] [stdout] 
[INFO] [stdout] failures:
[INFO] [stdout]     src/languages.rs - languages::aliases_for (line 368)
[INFO] [stdout]     src/languages.rs - languages::language_alias (line 342)
[INFO] [stdout]     src/lib.rs - (line 15)
[INFO] [stdout]     src/lib.rs - Highlighter::set_background (line 139)
[INFO] [stdout] 
[INFO] [stdout] test result: FAILED. 0 passed; 4 failed; 0 ignored; 0 measured; 0 filtered out; finished in 0.20s
[INFO] [stdout] 
[INFO] [stdout] all doctests ran in 0.28s; merged doctests compilation took 0.08s
[INFO] [stderr] error: doctest failed, to rerun pass `--doc`
[INFO] running `Command { std: "docker" "inspect" "66c5aaf7f602a0daa03add4c92d31ac6cd8c990d92a769499d13cd7c3549c203", kill_on_drop: false }`
[INFO] running `Command { std: "docker" "rm" "-f" "66c5aaf7f602a0daa03add4c92d31ac6cd8c990d92a769499d13cd7c3549c203", kill_on_drop: false }`
[INFO] [stdout] 66c5aaf7f602a0daa03add4c92d31ac6cd8c990d92a769499d13cd7c3549c203
