[INFO] fetching crate crow-streamdown-render 0.2.0...
[INFO] testing crow-streamdown-render-0.2.0 against 1.99.0-beta.8+cargoflags=--release for beta-release-1.100-2
[INFO] extracting crate crow-streamdown-render 0.2.0 into /workspace/builds/worker-0-tc1/source
[INFO] started tweaking crates.io crate crow-streamdown-render 0.2.0
[INFO] finished tweaking crates.io crate crow-streamdown-render 0.2.0
[INFO] tweaked toml for crates.io crate crow-streamdown-render 0.2.0 written to /workspace/builds/worker-0-tc1/source/Cargo.toml
[INFO] validating manifest of crates.io crate crow-streamdown-render 0.2.0 on toolchain 1.99.0-beta.8
[INFO] running `Command { std: CARGO_HOME="/workspace/cargo-home" RUSTUP_HOME="/workspace/rustup-home" "/workspace/cargo-home/bin/cargo" "+1.99.0-beta.8" "metadata" "--manifest-path" "Cargo.toml" "--no-deps", kill_on_drop: false }`
[INFO] crate crates.io crate crow-streamdown-render 0.2.0 already has a lockfile, it will not be regenerated
[INFO] running `Command { std: CARGO_HOME="/workspace/cargo-home" RUSTUP_HOME="/workspace/rustup-home" "/workspace/cargo-home/bin/cargo" "+1.99.0-beta.8" "fetch" "--manifest-path" "Cargo.toml", kill_on_drop: false }`
[INFO] [stderr]     Updating crates.io index
[INFO] [stderr]  Downloading crates ...
[INFO] [stderr]   Downloaded crow-streamdown-core v0.2.0
[INFO] [stderr]   Downloaded crow-streamdown-syntax v0.2.0
[INFO] [stderr]   Downloaded crow-streamdown-parser v0.2.0
[INFO] [stderr]   Downloaded crow-streamdown-ansi v0.2.0
[INFO] [stderr]   Downloaded onig v6.5.1
[INFO] [stderr]   Downloaded zmij v1.0.0
[INFO] [stderr]   Downloaded crow-streamdown-config v0.2.0
[INFO] [stderr]   Downloaded onig_sys v69.9.1
[INFO] running `Command { std: "docker" "create" "-v" "/var/lib/crater-agent-workspace/builds/worker-0-tc1/source:/opt/rustwide/workdir:ro,Z" "-v" "/var/lib/crater-agent-workspace/builds/worker-0-tc1/target:/opt/rustwide/target:rw,Z" "-v" "/var/lib/crater-agent-workspace/cargo-home:/opt/rustwide/cargo-home:ro,Z" "-v" "/var/lib/crater-agent-workspace/rustup-home:/opt/rustwide/rustup-home:ro,Z" "-m" "1610612736" "--network" "none" "ghcr.io/rust-lang/crates-build-env/linux@sha256:77db811e55d90add9212f6832c23229e3de5f1c1f9905e8cb07319ea15df73ac" "sleep" "infinity", kill_on_drop: false }`
[INFO] [stdout] 790042cdc2ad08b2b396f6966e0a8d49b15190fa7a7a95a5ce63b4d953b1f522
[INFO] running `Command { std: "docker" "start" "790042cdc2ad08b2b396f6966e0a8d49b15190fa7a7a95a5ce63b4d953b1f522", kill_on_drop: false }`
[INFO] running `Command { std: "docker" "inspect" "790042cdc2ad08b2b396f6966e0a8d49b15190fa7a7a95a5ce63b4d953b1f522", kill_on_drop: false }`
[INFO] running `Command { std: "docker" "exec" "-e" "SOURCE_DIR=/opt/rustwide/workdir" "-e" "CARGO_HOME=/opt/rustwide/cargo-home" "-e" "RUSTUP_HOME=/opt/rustwide/rustup-home" "-e" "CARGO_TARGET_DIR=/opt/rustwide/target" "-w" "/opt/rustwide/workdir" "--user" "0:0" "790042cdc2ad08b2b396f6966e0a8d49b15190fa7a7a95a5ce63b4d953b1f522" "/opt/rustwide/cargo-home/bin/cargo" "+1.99.0-beta.8" "metadata" "--no-deps" "--format-version=1", kill_on_drop: false }`
[INFO] running `Command { std: "docker" "inspect" "790042cdc2ad08b2b396f6966e0a8d49b15190fa7a7a95a5ce63b4d953b1f522", kill_on_drop: false }`
[INFO] running `Command { std: "docker" "exec" "-e" "SOURCE_DIR=/opt/rustwide/workdir" "-e" "CARGO_HOME=/opt/rustwide/cargo-home" "-e" "RUSTUP_HOME=/opt/rustwide/rustup-home" "-e" "CARGO_TARGET_DIR=/opt/rustwide/target" "-e" "CARGO_INCREMENTAL=0" "-e" "RUST_BACKTRACE=full" "-e" "RUSTFLAGS=--cap-lints=warn" "-e" "RUSTDOCFLAGS=--cap-lints=warn" "-w" "/opt/rustwide/workdir" "--user" "0:0" "790042cdc2ad08b2b396f6966e0a8d49b15190fa7a7a95a5ce63b4d953b1f522" "/opt/rustwide/cargo-home/bin/cargo" "+1.99.0-beta.8" "build" "--frozen" "--message-format=json" "--release", kill_on_drop: false }`
[INFO] [stderr]    Compiling proc-macro2 v1.0.104
[INFO] [stderr]    Compiling regex-syntax v0.8.8
[INFO] [stderr]    Compiling find-msvc-tools v0.1.6
[INFO] [stderr]    Compiling aho-corasick v1.1.4
[INFO] [stderr]    Compiling simd-adler32 v0.3.8
[INFO] [stderr]    Compiling serde_json v1.0.148
[INFO] [stderr]    Compiling errno v0.3.14
[INFO] [stderr]    Compiling mio v1.1.1
[INFO] [stderr]    Compiling parking_lot_core v0.9.12
[INFO] [stderr]    Compiling rustix v0.38.44
[INFO] [stderr]    Compiling quick-xml v0.38.4
[INFO] [stderr]    Compiling time v0.3.44
[INFO] [stderr]    Compiling winnow v0.7.14
[INFO] [stderr]    Compiling zmij v1.0.0
[INFO] [stderr]    Compiling option-ext v0.2.0
[INFO] [stderr]    Compiling yaml-rust v0.4.5
[INFO] [stderr]    Compiling dirs-sys v0.4.1
[INFO] [stderr]    Compiling signal-hook-registry v1.4.8
[INFO] [stderr]    Compiling cc v1.2.51
[INFO] [stderr]    Compiling miniz_oxide v0.8.9
[INFO] [stderr]    Compiling signal-hook v0.3.18
[INFO] [stderr]    Compiling parking_lot v0.12.5
[INFO] [stderr]    Compiling directories v5.0.1
[INFO] [stderr]    Compiling signal-hook-mio v0.2.5
[INFO] [stderr]    Compiling quote v1.0.42
[INFO] [stderr]    Compiling crossterm v0.28.1
[INFO] [stderr]    Compiling flate2 v1.1.5
[INFO] [stderr]    Compiling syn v2.0.111
[INFO] [stderr]    Compiling onig_sys v69.9.1
[INFO] [stderr]    Compiling regex-automata v0.4.13
[INFO] [stderr]    Compiling serde_derive v1.0.228
[INFO] [stderr]    Compiling thiserror-impl v2.0.17
[INFO] [stderr]    Compiling thiserror v2.0.17
[INFO] [stderr]    Compiling serde v1.0.228
[INFO] [stderr]    Compiling regex v1.12.2
[INFO] [stderr]    Compiling toml_datetime v0.6.11
[INFO] [stderr]    Compiling serde_spanned v0.6.9
[INFO] [stderr]    Compiling bincode v1.3.3
[INFO] [stderr]    Compiling plist v1.8.0
[INFO] [stderr]    Compiling toml_edit v0.22.27
[INFO] [stderr]    Compiling crow-streamdown-core v0.2.0
[INFO] [stderr]    Compiling crow-streamdown-ansi v0.2.0
[INFO] [stderr]    Compiling crow-streamdown-parser v0.2.0
[INFO] [stderr]    Compiling toml v0.8.23
[INFO] [stderr]    Compiling crow-streamdown-config v0.2.0
[INFO] [stderr]    Compiling onig v6.5.1
[INFO] [stderr]    Compiling syntect v5.3.0
[INFO] [stderr]    Compiling crow-streamdown-syntax v0.2.0
[INFO] [stderr]    Compiling crow-streamdown-render v0.2.0 (/opt/rustwide/workdir)
[INFO] [stderr]     Finished `release` profile [optimized] target(s) in 1m 04s
[INFO] running `Command { std: "docker" "inspect" "790042cdc2ad08b2b396f6966e0a8d49b15190fa7a7a95a5ce63b4d953b1f522", kill_on_drop: false }`
[INFO] running `Command { std: "docker" "exec" "-e" "SOURCE_DIR=/opt/rustwide/workdir" "-e" "CARGO_HOME=/opt/rustwide/cargo-home" "-e" "RUSTUP_HOME=/opt/rustwide/rustup-home" "-e" "CARGO_TARGET_DIR=/opt/rustwide/target" "-e" "CARGO_INCREMENTAL=0" "-e" "RUST_BACKTRACE=full" "-e" "RUSTFLAGS=--cap-lints=warn" "-e" "RUSTDOCFLAGS=--cap-lints=warn" "-w" "/opt/rustwide/workdir" "--user" "0:0" "790042cdc2ad08b2b396f6966e0a8d49b15190fa7a7a95a5ce63b4d953b1f522" "/opt/rustwide/cargo-home/bin/cargo" "+1.99.0-beta.8" "test" "--frozen" "--no-run" "--message-format=json" "--release", kill_on_drop: false }`
[INFO] [stderr]    Compiling crow-streamdown-render v0.2.0 (/opt/rustwide/workdir)
[INFO] [stderr]     Finished `release` profile [optimized] target(s) in 3.86s
[INFO] running `Command { std: "docker" "inspect" "790042cdc2ad08b2b396f6966e0a8d49b15190fa7a7a95a5ce63b4d953b1f522", kill_on_drop: false }`
[INFO] running `Command { std: "docker" "exec" "-e" "SOURCE_DIR=/opt/rustwide/workdir" "-e" "CARGO_HOME=/opt/rustwide/cargo-home" "-e" "RUSTUP_HOME=/opt/rustwide/rustup-home" "-e" "CARGO_TARGET_DIR=/opt/rustwide/target" "-e" "CARGO_INCREMENTAL=0" "-e" "RUST_BACKTRACE=full" "-e" "RUSTFLAGS=--cap-lints=warn" "-e" "RUSTDOCFLAGS=--cap-lints=warn" "-w" "/opt/rustwide/workdir" "--user" "0:0" "790042cdc2ad08b2b396f6966e0a8d49b15190fa7a7a95a5ce63b4d953b1f522" "/opt/rustwide/cargo-home/bin/cargo" "+1.99.0-beta.8" "test" "--frozen" "--release", kill_on_drop: false }`
[INFO] [stderr]     Finished `release` profile [optimized] target(s) in 0.13s
[INFO] [stderr]      Running unittests src/lib.rs (/opt/rustwide/target/release/deps/crow_streamdown_render-68e93fda97c7d724)
[INFO] [stdout] 
[INFO] [stdout] running 85 tests
[INFO] [stdout] test code::tests::test_code_wrap_long_line_pretty_broken ... ok
[INFO] [stdout] test code::tests::test_code_wrap_empty ... ok
[INFO] [stdout] test code::tests::test_code_wrap_mixed_multibyte ... ok
[INFO] [stdout] test code::tests::test_code_wrap_short_line ... ok
[INFO] [stdout] test code::tests::test_code_wrap_multibyte_indent_detection ... ok
[INFO] [stdout] test code::tests::test_code_wrap_long_line_no_pretty_broken ... ok
[INFO] [stdout] test code::tests::test_code_wrap_flag_emoji ... ok
[INFO] [stdout] test code::tests::test_render_code_end_not_pretty ... ok
[INFO] [stdout] test code::tests::test_code_block_cjk_language_label ... ok
[INFO] [stdout] test code::tests::test_code_wrap_emoji_byte_boundary ... ok
[INFO] [stdout] test code::tests::test_render_code_end_pretty ... ok
[INFO] [stdout] test features::tests::test_effective_width ... ok
[INFO] [stdout] test features::tests::test_is_tty ... ok
[INFO] [stdout] test features::tests::test_render_features_copyable ... ok
[INFO] [stdout] test features::tests::test_render_features_default ... ok
[INFO] [stdout] test features::tests::test_render_features_pretty ... ok
[INFO] [stdout] test features::tests::test_savebrace_path ... ok
[INFO] [stdout] test colors::tests::test_all_colodore_colors ... ok
[INFO] [stdout] test colors::tests::test_resolve_hex_passthrough ... ok
[INFO] [stdout] test features::tests::test_savebrace_write_read ... ok
[INFO] [stdout] test colors::tests::test_resolve_preset ... ok
[INFO] [stdout] test code::tests::test_code_wrap_with_indent ... ok
[INFO] [stdout] test code::tests::test_render_code_start_not_pretty ... ok
[INFO] [stdout] test heading::tests::test_h1_left_aligned ... ok
[INFO] [stdout] test heading::tests::test_h2_colored ... ok
[INFO] [stdout] test colors::tests::test_resolve_unknown ... ok
[INFO] [stdout] test heading::tests::test_h1_centered ... ok
[INFO] [stdout] test code::tests::test_render_code_start_pretty ... ok
[INFO] [stdout] test list::tests::test_bullet_cycling ... ok
[INFO] [stdout] test code::tests::test_code_wrap_zwj_emoji ... ok
[INFO] [stdout] test heading::tests::test_h3_head_color ... ok
[INFO] [stdout] test heading::tests::test_h6_grey ... ok
[INFO] [stdout] test list::tests::test_list_item_with_ansi_margin ... ok
[INFO] [stdout] test list::tests::test_render_bullet_item ... ok
[INFO] [stdout] test list::tests::test_list_state_push_pop ... ok
[INFO] [stdout] test list::tests::test_render_nested_items ... ok
[INFO] [stdout] test list::tests::test_render_ordered_item ... ok
[INFO] [stdout] test table::tests::test_render_buffered_table_no_header ... ok
[INFO] [stdout] test table::tests::test_table_state_new ... ok
[INFO] [stdout] test table::tests::test_render_buffered_table_basic ... ok
[INFO] [stdout] test table::tests::test_render_buffered_table_header_only ... ok
[INFO] [stdout] test list::tests::test_list_state_new ... ok
[INFO] [stdout] test list::tests::test_list_state_numbers ... ok
[INFO] [stdout] test code::tests::test_code_wrap_skin_tone_emoji ... ok
[INFO] [stdout] test code::tests::test_code_wrap_multibyte_utf8_characters ... ok
[INFO] [stdout] test table::tests::test_table_state_reset_clears_buffers ... ok
[INFO] [stdout] test code::tests::test_code_block_state_raw_buffer ... ok
[INFO] [stdout] test features::tests::test_copy_to_clipboard ... ok
[INFO] [stdout] test table::tests::test_total_width_with_borders ... ok
[INFO] [stdout] test heading::tests::test_heading_with_margin ... ok
[INFO] [stdout] test tests::test_render_heading ... ok
[INFO] [stdout] test tests::test_render_style ... ok
[INFO] [stdout] test heading::tests::test_long_heading_wraps ... ok
[INFO] [stdout] test text::tests::test_simple_wrap_cjk ... ok
[INFO] [stdout] test tests::test_render_code_block_pretty_pad ... ok
[INFO] [stdout] test tests::test_render_code_block ... ok
[INFO] [stdout] test text::tests::test_split_text_emoji_integrity ... ok
[INFO] [stdout] test text::tests::test_split_text_with_ansi ... ok
[INFO] [stdout] test features::tests::test_terminal_width ... ok
[INFO] [stdout] test text::tests::test_text_wrap_basic ... ok
[INFO] [stdout] test text::tests::test_split_text ... ok
[INFO] [stdout] test text::tests::test_text_wrap_force_truncate_with_ansi_terminates ... ok
[INFO] [stdout] test features::tests::test_terminal_size ... ok
[INFO] [stdout] test text::tests::test_text_wrap_force_truncate_with_multibyte_terminates ... ok
[INFO] [stdout] test tests::test_render_blockquote ... ok
[INFO] [stdout] test text::tests::test_simple_wrap ... ok
[INFO] [stdout] test text::tests::test_simple_wrap_emojis ... ok
[INFO] [stdout] test tests::test_render_h2_colored ... ok
[INFO] [stdout] test tests::test_render_with_custom_style ... ok
[INFO] [stdout] test text::tests::test_truncate_to_visible_box_drawing ... ok
[INFO] [stdout] test text::tests::test_text_wrap_multiline ... ok
[INFO] [stdout] test text::tests::test_text_wrap_with_prefix ... ok
[INFO] [stdout] test text::tests::test_truncate_to_visible ... ok
[INFO] [stdout] test text::tests::test_truncate_to_visible_zwj_emojis ... ok
[INFO] [stdout] test text::tests::test_truncate_with_ansi ... ok
[INFO] [stdout] test tests::test_render_table ... ok
[INFO] [stdout] test text::tests::test_truncate_to_visible_emojis ... ok
[INFO] [stdout] test tests::test_render_think_block ... ok
[INFO] [stdout] test text::tests::test_text_wrap_mixed_multibyte ... ok
[INFO] [stdout] test tests::test_render_link ... ok
[INFO] [stdout] test text::tests::test_split_text_zwj_emoji ... ok
[INFO] [stdout] test list::tests::test_render_long_item_wraps ... ok
[INFO] [stdout] test tests::test_render_list ... ok
[INFO] [stdout] test tests::test_render_horizontal_rule ... ok
[INFO] [stdout] test tests::test_render_ordered_list ... ok
[INFO] [stdout] 
[INFO] [stdout] test result: ok. 85 passed; 0 failed; 0 ignored; 0 measured; 0 filtered out; finished in 0.04s
[INFO] [stdout] 
[INFO] [stderr]    Doc-tests crow_streamdown_render
[INFO] [stdout] 
[INFO] [stdout] running 2 tests
[INFO] [stdout] test src/features.rs - features::MAX_CLIPBOARD_SIZE (line 23) ... ignored
[INFO] [stdout] test src/lib.rs - (line 17) ... FAILED
[INFO] [stdout] 
[INFO] [stdout] failures:
[INFO] [stdout] 
[INFO] [stdout] ---- src/lib.rs - (line 17) stdout ----
[INFO] [stdout] error[E0432]: unresolved import `streamdown_render`
[INFO] [stdout]   --> src/lib.rs:18:5
[INFO] [stdout]    |
[INFO] [stdout] 18 | use streamdown_render::Renderer;
[INFO] [stdout]    |     ^^^^^^^^^^^^^^^^^ use of unresolved module or unlinked crate `streamdown_render`
[INFO] [stdout]    |
[INFO] [stdout] help: there is a crate or module with a similar name
[INFO] [stdout]    |
[INFO] [stdout] 18 - use streamdown_render::Renderer;
[INFO] [stdout] 18 + use streamdown_parser::Renderer;
[INFO] [stdout]    |
[INFO] [stdout] 
[INFO] [stdout] error: aborting due to 1 previous error
[INFO] [stdout] 
[INFO] [stdout] For more information about this error, try `rustc --explain E0432`.
[INFO] [stdout] Couldn't compile the test.
[INFO] [stdout] 
[INFO] [stdout] failures:
[INFO] [stdout]     src/lib.rs - (line 17)
[INFO] [stdout] 
[INFO] [stdout] test result: FAILED. 0 passed; 1 failed; 1 ignored; 0 measured; 0 filtered out; finished in 0.11s
[INFO] [stdout] 
[INFO] [stdout] all doctests ran in 0.20s; merged doctests compilation took 0.09s
[INFO] [stderr] error: doctest failed, to rerun pass `--doc`
[INFO] running `Command { std: "docker" "inspect" "790042cdc2ad08b2b396f6966e0a8d49b15190fa7a7a95a5ce63b4d953b1f522", kill_on_drop: false }`
[INFO] running `Command { std: "docker" "rm" "-f" "790042cdc2ad08b2b396f6966e0a8d49b15190fa7a7a95a5ce63b4d953b1f522", kill_on_drop: false }`
[INFO] [stdout] 790042cdc2ad08b2b396f6966e0a8d49b15190fa7a7a95a5ce63b4d953b1f522
