[INFO] fetching crate crow-streamdown-parser 0.2.0...
[INFO] testing crow-streamdown-parser-0.2.0 against 1.100.0-beta.1+cargoflags=--release for beta-release-1.100-2
[INFO] extracting crate crow-streamdown-parser 0.2.0 into /workspace/builds/worker-0-tc2/source
[INFO] started tweaking crates.io crate crow-streamdown-parser 0.2.0
[INFO] finished tweaking crates.io crate crow-streamdown-parser 0.2.0
[INFO] tweaked toml for crates.io crate crow-streamdown-parser 0.2.0 written to /workspace/builds/worker-0-tc2/source/Cargo.toml
[INFO] validating manifest of crates.io crate crow-streamdown-parser 0.2.0 on toolchain 1.100.0-beta.1
[INFO] running `Command { std: CARGO_HOME="/workspace/cargo-home" RUSTUP_HOME="/workspace/rustup-home" "/workspace/cargo-home/bin/cargo" "+1.100.0-beta.1" "metadata" "--manifest-path" "Cargo.toml" "--no-deps", kill_on_drop: false }`
[INFO] crate crates.io crate crow-streamdown-parser 0.2.0 already has a lockfile, it will not be regenerated
[INFO] running `Command { std: CARGO_HOME="/workspace/cargo-home" RUSTUP_HOME="/workspace/rustup-home" "/workspace/cargo-home/bin/cargo" "+1.100.0-beta.1" "fetch" "--manifest-path" "Cargo.toml", kill_on_drop: false }`
[INFO] running `Command { std: "docker" "create" "-v" "/var/lib/crater-agent-workspace/builds/worker-0-tc2/source:/opt/rustwide/workdir:ro,Z" "-v" "/var/lib/crater-agent-workspace/builds/worker-0-tc2/target:/opt/rustwide/target:rw,Z" "-v" "/var/lib/crater-agent-workspace/cargo-home:/opt/rustwide/cargo-home:ro,Z" "-v" "/var/lib/crater-agent-workspace/rustup-home:/opt/rustwide/rustup-home:ro,Z" "-m" "1610612736" "--network" "none" "ghcr.io/rust-lang/crates-build-env/linux@sha256:77db811e55d90add9212f6832c23229e3de5f1c1f9905e8cb07319ea15df73ac" "sleep" "infinity", kill_on_drop: false }`
[INFO] [stdout] 46a1ca208dbabc47a91f63b25890bbde2fe2ef981ba91c54ecb1ca45f27f595a
[INFO] running `Command { std: "docker" "start" "46a1ca208dbabc47a91f63b25890bbde2fe2ef981ba91c54ecb1ca45f27f595a", kill_on_drop: false }`
[INFO] running `Command { std: "docker" "inspect" "46a1ca208dbabc47a91f63b25890bbde2fe2ef981ba91c54ecb1ca45f27f595a", kill_on_drop: false }`
[INFO] running `Command { std: "docker" "exec" "-e" "SOURCE_DIR=/opt/rustwide/workdir" "-e" "CARGO_HOME=/opt/rustwide/cargo-home" "-e" "RUSTUP_HOME=/opt/rustwide/rustup-home" "-e" "CARGO_TARGET_DIR=/opt/rustwide/target" "-w" "/opt/rustwide/workdir" "--user" "0:0" "46a1ca208dbabc47a91f63b25890bbde2fe2ef981ba91c54ecb1ca45f27f595a" "/opt/rustwide/cargo-home/bin/cargo" "+1.100.0-beta.1" "metadata" "--no-deps" "--format-version=1", kill_on_drop: false }`
[INFO] running `Command { std: "docker" "inspect" "46a1ca208dbabc47a91f63b25890bbde2fe2ef981ba91c54ecb1ca45f27f595a", kill_on_drop: false }`
[INFO] running `Command { std: "docker" "exec" "-e" "SOURCE_DIR=/opt/rustwide/workdir" "-e" "CARGO_HOME=/opt/rustwide/cargo-home" "-e" "RUSTUP_HOME=/opt/rustwide/rustup-home" "-e" "CARGO_TARGET_DIR=/opt/rustwide/target" "-e" "CARGO_INCREMENTAL=0" "-e" "RUST_BACKTRACE=full" "-e" "RUSTFLAGS=--cap-lints=warn" "-e" "RUSTDOCFLAGS=--cap-lints=warn" "-w" "/opt/rustwide/workdir" "--user" "0:0" "46a1ca208dbabc47a91f63b25890bbde2fe2ef981ba91c54ecb1ca45f27f595a" "/opt/rustwide/cargo-home/bin/cargo" "+1.100.0-beta.1" "build" "--frozen" "--message-format=json" "--release", kill_on_drop: false }`
[INFO] [stderr]    Compiling libc v0.2.178
[INFO] [stderr]    Compiling proc-macro2 v1.0.104
[INFO] [stderr]    Compiling quote v1.0.42
[INFO] [stderr]    Compiling unicode-ident v1.0.22
[INFO] [stderr]    Compiling memchr v2.7.6
[INFO] [stderr]    Compiling signal-hook v0.3.18
[INFO] [stderr]    Compiling smallvec v1.15.1
[INFO] [stderr]    Compiling serde_core v1.0.228
[INFO] [stderr]    Compiling rustix v0.38.44
[INFO] [stderr]    Compiling log v0.4.29
[INFO] [stderr]    Compiling regex-syntax v0.8.8
[INFO] [stderr]    Compiling thiserror v2.0.17
[INFO] [stderr]    Compiling serde v1.0.228
[INFO] [stderr]    Compiling linux-raw-sys v0.4.15
[INFO] [stderr]    Compiling bitflags v2.10.0
[INFO] [stderr]    Compiling unicode-width v0.2.2
[INFO] [stderr]    Compiling syn v2.0.111
[INFO] [stderr]    Compiling aho-corasick v1.1.4
[INFO] [stderr]    Compiling errno v0.3.14
[INFO] [stderr]    Compiling parking_lot_core v0.9.12
[INFO] [stderr]    Compiling mio v1.1.1
[INFO] [stderr]    Compiling signal-hook-registry v1.4.8
[INFO] [stderr]    Compiling parking_lot v0.12.5
[INFO] [stderr]    Compiling signal-hook-mio v0.2.5
[INFO] [stderr]    Compiling crossterm v0.28.1
[INFO] [stderr]    Compiling regex-automata v0.4.13
[INFO] [stderr]    Compiling thiserror-impl v2.0.17
[INFO] [stderr]    Compiling serde_derive v1.0.228
[INFO] [stderr]    Compiling regex v1.12.2
[INFO] [stderr]    Compiling crow-streamdown-ansi v0.2.0
[INFO] [stderr]    Compiling crow-streamdown-core v0.2.0
[INFO] [stderr]    Compiling crow-streamdown-parser v0.2.0 (/opt/rustwide/workdir)
[INFO] [stderr]     Finished `release` profile [optimized] target(s) in 30.90s
[INFO] running `Command { std: "docker" "inspect" "46a1ca208dbabc47a91f63b25890bbde2fe2ef981ba91c54ecb1ca45f27f595a", kill_on_drop: false }`
[INFO] running `Command { std: "docker" "exec" "-e" "SOURCE_DIR=/opt/rustwide/workdir" "-e" "CARGO_HOME=/opt/rustwide/cargo-home" "-e" "RUSTUP_HOME=/opt/rustwide/rustup-home" "-e" "CARGO_TARGET_DIR=/opt/rustwide/target" "-e" "CARGO_INCREMENTAL=0" "-e" "RUST_BACKTRACE=full" "-e" "RUSTFLAGS=--cap-lints=warn" "-e" "RUSTDOCFLAGS=--cap-lints=warn" "-w" "/opt/rustwide/workdir" "--user" "0:0" "46a1ca208dbabc47a91f63b25890bbde2fe2ef981ba91c54ecb1ca45f27f595a" "/opt/rustwide/cargo-home/bin/cargo" "+1.100.0-beta.1" "test" "--frozen" "--no-run" "--message-format=json" "--release", kill_on_drop: false }`
[INFO] [stderr]    Compiling crow-streamdown-parser v0.2.0 (/opt/rustwide/workdir)
[INFO] [stderr]     Finished `release` profile [optimized] target(s) in 3.10s
[INFO] running `Command { std: "docker" "inspect" "46a1ca208dbabc47a91f63b25890bbde2fe2ef981ba91c54ecb1ca45f27f595a", kill_on_drop: false }`
[INFO] running `Command { std: "docker" "exec" "-e" "SOURCE_DIR=/opt/rustwide/workdir" "-e" "CARGO_HOME=/opt/rustwide/cargo-home" "-e" "RUSTUP_HOME=/opt/rustwide/rustup-home" "-e" "CARGO_TARGET_DIR=/opt/rustwide/target" "-e" "CARGO_INCREMENTAL=0" "-e" "RUST_BACKTRACE=full" "-e" "RUSTFLAGS=--cap-lints=warn" "-e" "RUSTDOCFLAGS=--cap-lints=warn" "-w" "/opt/rustwide/workdir" "--user" "0:0" "46a1ca208dbabc47a91f63b25890bbde2fe2ef981ba91c54ecb1ca45f27f595a" "/opt/rustwide/cargo-home/bin/cargo" "+1.100.0-beta.1" "test" "--frozen" "--release", kill_on_drop: false }`
[INFO] [stderr]     Finished `release` profile [optimized] target(s) in 0.06s
[INFO] [stderr]      Running unittests src/lib.rs (/opt/rustwide/target/release/build/crow-streamdown-parser/f05609c42382c56a/out/crow_streamdown_parser-f05609c42382c56a)
[INFO] [stdout] 
[INFO] [stdout] running 60 tests
[INFO] [stdout] test entities::tests::test_named_entities ... ok
[INFO] [stdout] test entities::tests::test_mixed ... ok
[INFO] [stdout] test entities::tests::test_numeric_entities ... ok
[INFO] [stdout] test inline::tests::test_number_to_superscript ... ok
[INFO] [stdout] test inline::tests::test_parse_italic ... ok
[INFO] [stdout] test inline::tests::test_parse_bold_italic ... ok
[INFO] [stdout] test inline::tests::test_format_line ... ok
[INFO] [stdout] test inline::tests::test_underscore_at_end_of_text ... ok
[INFO] [stdout] test inline::tests::test_parse_image ... ok
[INFO] [stdout] test inline::tests::test_mixed_underscore_scenarios ... ok
[INFO] [stdout] test inline::tests::test_parse_strikethrough ... ok
[INFO] [stdout] test inline::tests::test_parse_double_backtick_code ... ok
[INFO] [stdout] test inline::tests::test_parse_plain_text ... ok
[INFO] [stdout] test inline::tests::test_parse_inline_code ... ok
[INFO] [stdout] test inline::tests::test_parse_footnote_multi_digit ... ok
[INFO] [stdout] test inline::tests::test_parse_footnote ... ok
[INFO] [stdout] test inline::tests::test_multiple_underscores_in_text ... ok
[INFO] [stdout] test inline::tests::test_parse_bold ... ok
[INFO] [stdout] test inline::tests::test_underscore_italic_at_boundaries ... ok
[INFO] [stdout] test inline::tests::test_parse_link ... ok
[INFO] [stdout] test inline::tests::test_underscore_in_word_with_surrounding_text ... ok
[INFO] [stdout] test inline::tests::test_underscore_italic_still_works ... ok
[INFO] [stdout] test inline::tests::test_underscore_in_word ... ok
[INFO] [stdout] test inline::tests::test_underscore_at_start_of_text ... ok
[INFO] [stdout] test tests::test_is_block_is_inline ... ok
[INFO] [stdout] test tests::test_parse_code_block ... ok
[INFO] [stdout] test tests::test_first_indent_stripping ... ok
[INFO] [stdout] test tests::test_finalize_closes_blocks ... ok
[INFO] [stdout] test tests::test_parse_heading ... ok
[INFO] [stdout] test tests::test_parse_pre_tag ... ok
[INFO] [stdout] test tests::test_empty_line_collapsing ... ok
[INFO] [stdout] test tokenizer::tests::test_cjk_count ... ok
[INFO] [stdout] test tests::test_parse_nested_list ... ok
[INFO] [stdout] test tests::test_parse_list ... ok
[INFO] [stdout] test tests::test_list_item_indent_with_fullwidth_spaces ... ok
[INFO] [stdout] test tests::test_first_indent_stripping_multibyte_whitespace ... ok
[INFO] [stdout] test tokenizer::tests::test_tokenize_bold ... ok
[INFO] [stdout] test tests::test_parse_think_block_unicode ... ok
[INFO] [stdout] test tests::test_parse_document ... ok
[INFO] [stdout] test tests::test_parse_hr ... ok
[INFO] [stdout] test tests::test_parse_nested_blockquote ... ok
[INFO] [stdout] test tests::test_parse_table ... ok
[INFO] [stdout] test tests::test_parse_blockquote ... ok
[INFO] [stdout] test tests::test_space_indented_code ... ok
[INFO] [stdout] test tests::test_parse_ordered_list_numbering ... ok
[INFO] [stdout] test tokenizer::tests::test_not_text ... ok
[INFO] [stdout] test tokenizer::tests::test_tokenize_plain_text ... ok
[INFO] [stdout] test tokenizer::tests::test_tokenize_image ... ok
[INFO] [stdout] test tokenizer::tests::test_tokenize_strikethrough ... ok
[INFO] [stdout] test tokenizer::tests::test_tokenize_italic ... ok
[INFO] [stdout] test tokenizer::tests::test_tokenize_triple_asterisk ... ok
[INFO] [stdout] test tests::test_space_indented_code_dedent_with_fullwidth ... ok
[INFO] [stdout] test tests::test_space_indented_code_strip_with_fullwidth ... ok
[INFO] [stdout] test tokenizer::tests::test_is_cjk ... ok
[INFO] [stdout] test tokenizer::tests::test_link_inside_code_not_extracted ... ok
[INFO] [stdout] test tokenizer::tests::test_tokenize_backticks ... ok
[INFO] [stdout] test tokenizer::tests::test_tokenize_double_backticks ... ok
[INFO] [stdout] test tokenizer::tests::test_tokenize_footnote ... ok
[INFO] [stdout] test tests::test_parse_think_block ... ok
[INFO] [stdout] test tokenizer::tests::test_tokenize_link ... ok
[INFO] [stdout] 
[INFO] [stdout] test result: ok. 60 passed; 0 failed; 0 ignored; 0 measured; 0 filtered out; finished in 0.02s
[INFO] [stdout] 
[INFO] [stderr]    Doc-tests crow_streamdown_parser
[INFO] [stdout] 
[INFO] [stdout] running 1 test
[INFO] [stdout] test src/lib.rs - (line 13) ... FAILED
[INFO] [stdout] 
[INFO] [stdout] failures:
[INFO] [stdout] 
[INFO] [stdout] ---- src/lib.rs - (line 13) stdout ----
[INFO] [stdout] error[E0432]: unresolved import `streamdown_parser`
[INFO] [stdout]   --> src/lib.rs:14:5
[INFO] [stdout]    |
[INFO] [stdout] 14 | use streamdown_parser::{Parser, ParseEvent};
[INFO] [stdout]    |     ^^^^^^^^^^^^^^^^^ use of unresolved module or unlinked crate `streamdown_parser`
[INFO] [stdout]    |
[INFO] [stdout] help: there is a crate or module with a similar name
[INFO] [stdout]    |
[INFO] [stdout] 14 - use streamdown_parser::{Parser, ParseEvent};
[INFO] [stdout] 14 + use streamdown_ansi::{Parser, ParseEvent};
[INFO] [stdout]    |
[INFO] [stdout] 
[INFO] [stdout] error: aborting due to 1 previous error
[INFO] [stdout] 
[INFO] [stdout] For more information about this error, try `rustc --explain E0432`.
[INFO] [stdout] Couldn't compile the test.
[INFO] [stdout] 
[INFO] [stdout] failures:
[INFO] [stdout]     src/lib.rs - (line 13)
[INFO] [stdout] 
[INFO] [stdout] test result: FAILED. 0 passed; 1 failed; 0 ignored; 0 measured; 0 filtered out; finished in 0.05s
[INFO] [stdout] 
[INFO] [stdout] all doctests ran in 0.10s; merged doctests compilation took 0.06s
[INFO] [stderr] error: doctest failed, to rerun pass `--doc`
[INFO] running `Command { std: "docker" "inspect" "46a1ca208dbabc47a91f63b25890bbde2fe2ef981ba91c54ecb1ca45f27f595a", kill_on_drop: false }`
[INFO] running `Command { std: "docker" "rm" "-f" "46a1ca208dbabc47a91f63b25890bbde2fe2ef981ba91c54ecb1ca45f27f595a", kill_on_drop: false }`
[INFO] [stdout] 46a1ca208dbabc47a91f63b25890bbde2fe2ef981ba91c54ecb1ca45f27f595a
