[INFO] fetching crate crow-streamdown-config 0.2.0...
[INFO] testing crow-streamdown-config-0.2.0 against 1.99.0-beta.8+cargoflags=--release for beta-release-1.100-2
[INFO] extracting crate crow-streamdown-config 0.2.0 into /workspace/builds/worker-7-tc1/source
[INFO] started tweaking crates.io crate crow-streamdown-config 0.2.0
[INFO] finished tweaking crates.io crate crow-streamdown-config 0.2.0
[INFO] tweaked toml for crates.io crate crow-streamdown-config 0.2.0 written to /workspace/builds/worker-7-tc1/source/Cargo.toml
[INFO] validating manifest of crates.io crate crow-streamdown-config 0.2.0 on toolchain 1.99.0-beta.8
[INFO] running `Command { std: CARGO_HOME="/workspace/cargo-home" RUSTUP_HOME="/workspace/rustup-home" "/workspace/cargo-home/bin/cargo" "+1.99.0-beta.8" "metadata" "--manifest-path" "Cargo.toml" "--no-deps", kill_on_drop: false }`
[INFO] crate crates.io crate crow-streamdown-config 0.2.0 already has a lockfile, it will not be regenerated
[INFO] running `Command { std: CARGO_HOME="/workspace/cargo-home" RUSTUP_HOME="/workspace/rustup-home" "/workspace/cargo-home/bin/cargo" "+1.99.0-beta.8" "fetch" "--manifest-path" "Cargo.toml", kill_on_drop: false }`
[INFO] [stderr]     Updating crates.io index
[INFO] [stderr]  Downloading crates ...
[INFO] [stderr]   Downloaded crow-streamdown-core v0.2.0
[INFO] [stderr]   Downloaded crow-streamdown-ansi v0.2.0
[INFO] running `Command { std: "docker" "create" "-v" "/var/lib/crater-agent-workspace/builds/worker-7-tc1/source:/opt/rustwide/workdir:ro,Z" "-v" "/var/lib/crater-agent-workspace/builds/worker-7-tc1/target:/opt/rustwide/target:rw,Z" "-v" "/var/lib/crater-agent-workspace/cargo-home:/opt/rustwide/cargo-home:ro,Z" "-v" "/var/lib/crater-agent-workspace/rustup-home:/opt/rustwide/rustup-home:ro,Z" "-m" "1610612736" "--network" "none" "ghcr.io/rust-lang/crates-build-env/linux@sha256:77db811e55d90add9212f6832c23229e3de5f1c1f9905e8cb07319ea15df73ac" "sleep" "infinity", kill_on_drop: false }`
[INFO] [stdout] a6658ce3d3fdea5e9d7de5cece317103a8769042ce1bf93b771de33e09e40106
[INFO] running `Command { std: "docker" "start" "a6658ce3d3fdea5e9d7de5cece317103a8769042ce1bf93b771de33e09e40106", kill_on_drop: false }`
[INFO] running `Command { std: "docker" "inspect" "a6658ce3d3fdea5e9d7de5cece317103a8769042ce1bf93b771de33e09e40106", kill_on_drop: false }`
[INFO] running `Command { std: "docker" "exec" "-e" "SOURCE_DIR=/opt/rustwide/workdir" "-e" "CARGO_HOME=/opt/rustwide/cargo-home" "-e" "RUSTUP_HOME=/opt/rustwide/rustup-home" "-e" "CARGO_TARGET_DIR=/opt/rustwide/target" "-w" "/opt/rustwide/workdir" "--user" "0:0" "a6658ce3d3fdea5e9d7de5cece317103a8769042ce1bf93b771de33e09e40106" "/opt/rustwide/cargo-home/bin/cargo" "+1.99.0-beta.8" "metadata" "--no-deps" "--format-version=1", kill_on_drop: false }`
[INFO] running `Command { std: "docker" "inspect" "a6658ce3d3fdea5e9d7de5cece317103a8769042ce1bf93b771de33e09e40106", kill_on_drop: false }`
[INFO] running `Command { std: "docker" "exec" "-e" "SOURCE_DIR=/opt/rustwide/workdir" "-e" "CARGO_HOME=/opt/rustwide/cargo-home" "-e" "RUSTUP_HOME=/opt/rustwide/rustup-home" "-e" "CARGO_TARGET_DIR=/opt/rustwide/target" "-e" "CARGO_INCREMENTAL=0" "-e" "RUST_BACKTRACE=full" "-e" "RUSTFLAGS=--cap-lints=warn" "-e" "RUSTDOCFLAGS=--cap-lints=warn" "-w" "/opt/rustwide/workdir" "--user" "0:0" "a6658ce3d3fdea5e9d7de5cece317103a8769042ce1bf93b771de33e09e40106" "/opt/rustwide/cargo-home/bin/cargo" "+1.99.0-beta.8" "build" "--frozen" "--message-format=json" "--release", kill_on_drop: false }`
[INFO] [stderr]    Compiling proc-macro2 v1.0.104
[INFO] [stderr]    Compiling memchr v2.7.6
[INFO] [stderr]    Compiling signal-hook v0.3.18
[INFO] [stderr]    Compiling smallvec v1.15.1
[INFO] [stderr]    Compiling errno v0.3.14
[INFO] [stderr]    Compiling rustix v0.38.44
[INFO] [stderr]    Compiling regex-syntax v0.8.8
[INFO] [stderr]    Compiling log v0.4.29
[INFO] [stderr]    Compiling signal-hook-registry v1.4.8
[INFO] [stderr]    Compiling mio v1.1.1
[INFO] [stderr]    Compiling bitflags v2.10.0
[INFO] [stderr]    Compiling thiserror v2.0.17
[INFO] [stderr]    Compiling parking_lot_core v0.9.12
[INFO] [stderr]    Compiling parking_lot v0.12.5
[INFO] [stderr]    Compiling winnow v0.7.14
[INFO] [stderr]    Compiling quote v1.0.42
[INFO] [stderr]    Compiling aho-corasick v1.1.4
[INFO] [stderr]    Compiling signal-hook-mio v0.2.5
[INFO] [stderr]    Compiling dirs-sys v0.4.1
[INFO] [stderr]    Compiling syn v2.0.111
[INFO] [stderr]    Compiling directories v5.0.1
[INFO] [stderr]    Compiling crossterm v0.28.1
[INFO] [stderr]    Compiling regex-automata v0.4.13
[INFO] [stderr]    Compiling serde_derive v1.0.228
[INFO] [stderr]    Compiling thiserror-impl v2.0.17
[INFO] [stderr]    Compiling regex v1.12.2
[INFO] [stderr]    Compiling serde v1.0.228
[INFO] [stderr]    Compiling crow-streamdown-ansi v0.2.0
[INFO] [stderr]    Compiling serde_spanned v0.6.9
[INFO] [stderr]    Compiling toml_datetime v0.6.11
[INFO] [stderr]    Compiling toml_edit v0.22.27
[INFO] [stderr]    Compiling crow-streamdown-core v0.2.0
[INFO] [stderr]    Compiling toml v0.8.23
[INFO] [stderr]    Compiling crow-streamdown-config v0.2.0 (/opt/rustwide/workdir)
[INFO] [stderr]     Finished `release` profile [optimized] target(s) in 1m 11s
[INFO] running `Command { std: "docker" "inspect" "a6658ce3d3fdea5e9d7de5cece317103a8769042ce1bf93b771de33e09e40106", kill_on_drop: false }`
[INFO] running `Command { std: "docker" "exec" "-e" "SOURCE_DIR=/opt/rustwide/workdir" "-e" "CARGO_HOME=/opt/rustwide/cargo-home" "-e" "RUSTUP_HOME=/opt/rustwide/rustup-home" "-e" "CARGO_TARGET_DIR=/opt/rustwide/target" "-e" "CARGO_INCREMENTAL=0" "-e" "RUST_BACKTRACE=full" "-e" "RUSTFLAGS=--cap-lints=warn" "-e" "RUSTDOCFLAGS=--cap-lints=warn" "-w" "/opt/rustwide/workdir" "--user" "0:0" "a6658ce3d3fdea5e9d7de5cece317103a8769042ce1bf93b771de33e09e40106" "/opt/rustwide/cargo-home/bin/cargo" "+1.99.0-beta.8" "test" "--frozen" "--no-run" "--message-format=json" "--release", kill_on_drop: false }`
[INFO] [stderr]    Compiling crow-streamdown-config v0.2.0 (/opt/rustwide/workdir)
[INFO] [stderr]     Finished `release` profile [optimized] target(s) in 4.30s
[INFO] running `Command { std: "docker" "inspect" "a6658ce3d3fdea5e9d7de5cece317103a8769042ce1bf93b771de33e09e40106", kill_on_drop: false }`
[INFO] running `Command { std: "docker" "exec" "-e" "SOURCE_DIR=/opt/rustwide/workdir" "-e" "CARGO_HOME=/opt/rustwide/cargo-home" "-e" "RUSTUP_HOME=/opt/rustwide/rustup-home" "-e" "CARGO_TARGET_DIR=/opt/rustwide/target" "-e" "CARGO_INCREMENTAL=0" "-e" "RUST_BACKTRACE=full" "-e" "RUSTFLAGS=--cap-lints=warn" "-e" "RUSTDOCFLAGS=--cap-lints=warn" "-w" "/opt/rustwide/workdir" "--user" "0:0" "a6658ce3d3fdea5e9d7de5cece317103a8769042ce1bf93b771de33e09e40106" "/opt/rustwide/cargo-home/bin/cargo" "+1.99.0-beta.8" "test" "--frozen" "--release", kill_on_drop: false }`
[INFO] [stderr]     Finished `release` profile [optimized] target(s) in 0.09s
[INFO] [stderr]      Running unittests src/lib.rs (/opt/rustwide/target/release/deps/crow_streamdown_config-689defbd2e9f87f4)
[INFO] [stdout] 
[INFO] [stdout] running 26 tests
[INFO] [stdout] test computed::tests::test_from_config_no_pretty_pad ... ok
[INFO] [stdout] test computed::tests::test_dark_is_actually_dark ... ok
[INFO] [stdout] test computed::tests::test_bright_is_actually_bright ... ok
[INFO] [stdout] test computed::tests::test_from_config_default ... ok
[INFO] [stdout] test computed::tests::test_heading ... ok
[INFO] [stdout] test computed::tests::test_apply_hsv_multiplier ... ok
[INFO] [stdout] test computed::tests::test_list_number ... ok
[INFO] [stdout] test features::tests::test_serde_pascal_case ... ok
[INFO] [stdout] test computed::tests::test_quote ... ok
[INFO] [stdout] test style::tests::test_base_hsv ... ok
[INFO] [stdout] test computed::tests::test_style_fg ... ok
[INFO] [stdout] test features::tests::test_all_disabled ... ok
[INFO] [stdout] test style::tests::test_merge ... ok
[INFO] [stdout] test computed::tests::test_fg_method ... ok
[INFO] [stdout] test style::tests::test_serde_pascal_case ... ok
[INFO] [stdout] test tests::test_default_config ... ok
[INFO] [stdout] test style::tests::test_default_style ... ok
[INFO] [stdout] test features::tests::test_all_enabled ... ok
[INFO] [stdout] test features::tests::test_default ... ok
[INFO] [stdout] test style::tests::test_hsv_multiplier_defaults ... ok
[INFO] [stdout] test tests::test_merge ... ok
[INFO] [stdout] test tests::test_computed_style ... ok
[INFO] [stdout] test tests::test_config_path ... ok
[INFO] [stdout] test tests::test_roundtrip_serialization ... ok
[INFO] [stdout] test tests::test_default_toml_parses ... ok
[INFO] [stdout] test computed::tests::test_bullet ... ok
[INFO] [stderr]    Doc-tests crow_streamdown_config
[INFO] [stdout] 
[INFO] [stdout] test result: ok. 26 passed; 0 failed; 0 ignored; 0 measured; 0 filtered out; finished in 0.01s
[INFO] [stdout] 
[INFO] [stdout] 
[INFO] [stdout] running 10 tests
[INFO] [stdout] test src/lib.rs - Config::load_from (line 189) - compile ... FAILED
[INFO] [stdout] test src/lib.rs - Config::load (line 164) - compile ... FAILED
[INFO] [stdout] test src/lib.rs - (line 15) - compile ... FAILED
[INFO] [stdout] test src/computed.rs - computed::ComputedStyle::from_config (line 93) ... FAILED
[INFO] [stdout] test src/lib.rs - Config::default_toml (line 94) ... FAILED
[INFO] [stdout] test src/lib.rs - Config::computed_style (line 296) ... FAILED
[INFO] [stdout] test src/lib.rs - Config::config_path (line 108) ... FAILED
[INFO] [stdout] test src/lib.rs - Config::ensure_config_file (line 135) - compile ... FAILED
[INFO] [stdout] test src/lib.rs - Config::load_with_override (line 215) - compile ... FAILED
[INFO] [stdout] test src/lib.rs - Config::merge (line 261) ... FAILED
[INFO] [stdout] 
[INFO] [stderr] error: doctest failed, to rerun pass `--doc`
[INFO] [stdout] failures:
[INFO] [stdout] 
[INFO] [stdout] ---- src/lib.rs - Config::load_from (line 189) stdout ----
[INFO] [stdout] error[E0432]: unresolved import `streamdown_config`
[INFO] [stdout]    --> src/lib.rs:190:5
[INFO] [stdout]     |
[INFO] [stdout] 190 | use streamdown_config::Config;
[INFO] [stdout]     |     ^^^^^^^^^^^^^^^^^ use of unresolved module or unlinked crate `streamdown_config`
[INFO] [stdout]     |
[INFO] [stdout] help: there is a crate or module with a similar name
[INFO] [stdout]     |
[INFO] [stdout] 190 - use streamdown_config::Config;
[INFO] [stdout] 190 + use streamdown_ansi::Config;
[INFO] [stdout]     |
[INFO] [stdout] 
[INFO] [stdout] error: aborting due to 1 previous error
[INFO] [stdout] 
[INFO] [stdout] For more information about this error, try `rustc --explain E0432`.
[INFO] [stdout] Couldn't compile the test.
[INFO] [stdout] ---- src/lib.rs - Config::load (line 164) stdout ----
[INFO] [stdout] error[E0432]: unresolved import `streamdown_config`
[INFO] [stdout]    --> src/lib.rs:165:5
[INFO] [stdout]     |
[INFO] [stdout] 165 | use streamdown_config::Config;
[INFO] [stdout]     |     ^^^^^^^^^^^^^^^^^ use of unresolved module or unlinked crate `streamdown_config`
[INFO] [stdout]     |
[INFO] [stdout] help: there is a crate or module with a similar name
[INFO] [stdout]     |
[INFO] [stdout] 165 - use streamdown_config::Config;
[INFO] [stdout] 165 + use streamdown_ansi::Config;
[INFO] [stdout]     |
[INFO] [stdout] 
[INFO] [stdout] error: aborting due to 1 previous error
[INFO] [stdout] 
[INFO] [stdout] For more information about this error, try `rustc --explain E0432`.
[INFO] [stdout] Couldn't compile the test.
[INFO] [stdout] ---- src/lib.rs - (line 15) stdout ----
[INFO] [stdout] error[E0432]: unresolved import `streamdown_config`
[INFO] [stdout]   --> src/lib.rs:16:5
[INFO] [stdout]    |
[INFO] [stdout] 16 | use streamdown_config::Config;
[INFO] [stdout]    |     ^^^^^^^^^^^^^^^^^ use of unresolved module or unlinked crate `streamdown_config`
[INFO] [stdout]    |
[INFO] [stdout] help: there is a crate or module with a similar name
[INFO] [stdout]    |
[INFO] [stdout] 16 - use streamdown_config::Config;
[INFO] [stdout] 16 + use streamdown_ansi::Config;
[INFO] [stdout]    |
[INFO] [stdout] 
[INFO] [stdout] error: aborting due to 1 previous error
[INFO] [stdout] 
[INFO] [stdout] For more information about this error, try `rustc --explain E0432`.
[INFO] [stdout] Couldn't compile the test.
[INFO] [stdout] ---- src/computed.rs - computed::ComputedStyle::from_config (line 93) stdout ----
[INFO] [stdout] error[E0432]: unresolved import `streamdown_config`
[INFO] [stdout]   --> src/computed.rs:94:5
[INFO] [stdout]    |
[INFO] [stdout] 94 | use streamdown_config::{StyleConfig, ComputedStyle};
[INFO] [stdout]    |     ^^^^^^^^^^^^^^^^^ use of unresolved module or unlinked crate `streamdown_config`
[INFO] [stdout]    |
[INFO] [stdout] help: there is a crate or module with a similar name
[INFO] [stdout]    |
[INFO] [stdout] 94 - use streamdown_config::{StyleConfig, ComputedStyle};
[INFO] [stdout] 94 + use streamdown_ansi::{StyleConfig, ComputedStyle};
[INFO] [stdout]    |
[INFO] [stdout] 
[INFO] [stdout] error: aborting due to 1 previous error
[INFO] [stdout] 
[INFO] [stdout] For more information about this error, try `rustc --explain E0432`.
[INFO] [stdout] Couldn't compile the test.
[INFO] [stdout] ---- src/lib.rs - Config::default_toml (line 94) stdout ----
[INFO] [stdout] error[E0432]: unresolved import `streamdown_config`
[INFO] [stdout]   --> src/lib.rs:95:5
[INFO] [stdout]    |
[INFO] [stdout] 95 | use streamdown_config::Config;
[INFO] [stdout]    |     ^^^^^^^^^^^^^^^^^ use of unresolved module or unlinked crate `streamdown_config`
[INFO] [stdout]    |
[INFO] [stdout] help: there is a crate or module with a similar name
[INFO] [stdout]    |
[INFO] [stdout] 95 - use streamdown_config::Config;
[INFO] [stdout] 95 + use streamdown_ansi::Config;
[INFO] [stdout]    |
[INFO] [stdout] 
[INFO] [stdout] error: aborting due to 1 previous error
[INFO] [stdout] 
[INFO] [stdout] For more information about this error, try `rustc --explain E0432`.
[INFO] [stdout] Couldn't compile the test.
[INFO] [stdout] ---- src/lib.rs - Config::computed_style (line 296) stdout ----
[INFO] [stdout] error[E0432]: unresolved import `streamdown_config`
[INFO] [stdout]    --> src/lib.rs:297:5
[INFO] [stdout]     |
[INFO] [stdout] 297 | use streamdown_config::Config;
[INFO] [stdout]     |     ^^^^^^^^^^^^^^^^^ use of unresolved module or unlinked crate `streamdown_config`
[INFO] [stdout]     |
[INFO] [stdout] help: there is a crate or module with a similar name
[INFO] [stdout]     |
[INFO] [stdout] 297 - use streamdown_config::Config;
[INFO] [stdout] 297 + use streamdown_ansi::Config;
[INFO] [stdout]     |
[INFO] [stdout] 
[INFO] [stdout] error: aborting due to 1 previous error
[INFO] [stdout] 
[INFO] [stdout] For more information about this error, try `rustc --explain E0432`.
[INFO] [stdout] Couldn't compile the test.
[INFO] [stdout] ---- src/lib.rs - Config::config_path (line 108) stdout ----
[INFO] [stdout] error[E0432]: unresolved import `streamdown_config`
[INFO] [stdout]    --> src/lib.rs:109:5
[INFO] [stdout]     |
[INFO] [stdout] 109 | use streamdown_config::Config;
[INFO] [stdout]     |     ^^^^^^^^^^^^^^^^^ use of unresolved module or unlinked crate `streamdown_config`
[INFO] [stdout]     |
[INFO] [stdout] help: there is a crate or module with a similar name
[INFO] [stdout]     |
[INFO] [stdout] 109 - use streamdown_config::Config;
[INFO] [stdout] 109 + use streamdown_ansi::Config;
[INFO] [stdout]     |
[INFO] [stdout] 
[INFO] [stdout] error: aborting due to 1 previous error
[INFO] [stdout] 
[INFO] [stdout] For more information about this error, try `rustc --explain E0432`.
[INFO] [stdout] Couldn't compile the test.
[INFO] [stdout] ---- src/lib.rs - Config::ensure_config_file (line 135) stdout ----
[INFO] [stdout] error[E0432]: unresolved import `streamdown_config`
[INFO] [stdout]    --> src/lib.rs:136:5
[INFO] [stdout]     |
[INFO] [stdout] 136 | use streamdown_config::Config;
[INFO] [stdout]     |     ^^^^^^^^^^^^^^^^^ use of unresolved module or unlinked crate `streamdown_config`
[INFO] [stdout]     |
[INFO] [stdout] help: there is a crate or module with a similar name
[INFO] [stdout]     |
[INFO] [stdout] 136 - use streamdown_config::Config;
[INFO] [stdout] 136 + use streamdown_ansi::Config;
[INFO] [stdout]     |
[INFO] [stdout] 
[INFO] [stdout] error: aborting due to 1 previous error
[INFO] [stdout] 
[INFO] [stdout] For more information about this error, try `rustc --explain E0432`.
[INFO] [stdout] Couldn't compile the test.
[INFO] [stdout] ---- src/lib.rs - Config::load_with_override (line 215) stdout ----
[INFO] [stdout] error[E0432]: unresolved import `streamdown_config`
[INFO] [stdout]    --> src/lib.rs:216:5
[INFO] [stdout]     |
[INFO] [stdout] 216 | use streamdown_config::Config;
[INFO] [stdout]     |     ^^^^^^^^^^^^^^^^^ use of unresolved module or unlinked crate `streamdown_config`
[INFO] [stdout]     |
[INFO] [stdout] help: there is a crate or module with a similar name
[INFO] [stdout]     |
[INFO] [stdout] 216 - use streamdown_config::Config;
[INFO] [stdout] 216 + use streamdown_ansi::Config;
[INFO] [stdout]     |
[INFO] [stdout] 
[INFO] [stdout] error: aborting due to 1 previous error
[INFO] [stdout] 
[INFO] [stdout] For more information about this error, try `rustc --explain E0432`.
[INFO] [stdout] Couldn't compile the test.
[INFO] [stdout] ---- src/lib.rs - Config::merge (line 261) stdout ----
[INFO] [stdout] error[E0432]: unresolved import `streamdown_config`
[INFO] [stdout]    --> src/lib.rs:262:5
[INFO] [stdout]     |
[INFO] [stdout] 262 | use streamdown_config::Config;
[INFO] [stdout]     |     ^^^^^^^^^^^^^^^^^ use of unresolved module or unlinked crate `streamdown_config`
[INFO] [stdout]     |
[INFO] [stdout] help: there is a crate or module with a similar name
[INFO] [stdout]     |
[INFO] [stdout] 262 - use streamdown_config::Config;
[INFO] [stdout] 262 + use streamdown_ansi::Config;
[INFO] [stdout]     |
[INFO] [stdout] 
[INFO] [stdout] error: aborting due to 1 previous error
[INFO] [stdout] 
[INFO] [stdout] For more information about this error, try `rustc --explain E0432`.
[INFO] [stdout] Couldn't compile the test.
[INFO] [stdout] 
[INFO] [stdout] failures:
[INFO] [stdout]     src/computed.rs - computed::ComputedStyle::from_config (line 93)
[INFO] [stdout]     src/lib.rs - (line 15)
[INFO] [stdout]     src/lib.rs - Config::computed_style (line 296)
[INFO] [stdout]     src/lib.rs - Config::config_path (line 108)
[INFO] [stdout]     src/lib.rs - Config::default_toml (line 94)
[INFO] [stdout]     src/lib.rs - Config::ensure_config_file (line 135)
[INFO] [stdout]     src/lib.rs - Config::load (line 164)
[INFO] [stdout]     src/lib.rs - Config::load_from (line 189)
[INFO] [stdout]     src/lib.rs - Config::load_with_override (line 215)
[INFO] [stdout]     src/lib.rs - Config::merge (line 261)
[INFO] [stdout] 
[INFO] [stdout] test result: FAILED. 0 passed; 10 failed; 0 ignored; 0 measured; 0 filtered out; finished in 0.41s
[INFO] [stdout] 
[INFO] [stdout] all doctests ran in 0.46s; merged doctests compilation took 0.05s
[INFO] running `Command { std: "docker" "inspect" "a6658ce3d3fdea5e9d7de5cece317103a8769042ce1bf93b771de33e09e40106", kill_on_drop: false }`
[INFO] running `Command { std: "docker" "rm" "-f" "a6658ce3d3fdea5e9d7de5cece317103a8769042ce1bf93b771de33e09e40106", kill_on_drop: false }`
[INFO] [stdout] a6658ce3d3fdea5e9d7de5cece317103a8769042ce1bf93b771de33e09e40106
