[INFO] fetching crate crosswords 0.1.0...
[INFO] testing crosswords-0.1.0 against 1.99.0-beta.8+cargoflags=--release for beta-release-1.100-2
[INFO] extracting crate crosswords 0.1.0 into /workspace/builds/worker-2-tc1/source
[INFO] started tweaking crates.io crate crosswords 0.1.0
[INFO] finished tweaking crates.io crate crosswords 0.1.0
[INFO] tweaked toml for crates.io crate crosswords 0.1.0 written to /workspace/builds/worker-2-tc1/source/Cargo.toml
[INFO] validating manifest of crates.io crate crosswords 0.1.0 on toolchain 1.99.0-beta.8
[INFO] running `Command { std: CARGO_HOME="/workspace/cargo-home" RUSTUP_HOME="/workspace/rustup-home" "/workspace/cargo-home/bin/cargo" "+1.99.0-beta.8" "metadata" "--manifest-path" "Cargo.toml" "--no-deps", kill_on_drop: false }`
[INFO] crate crates.io crate crosswords 0.1.0 already has a lockfile, it will not be regenerated
[INFO] running `Command { std: CARGO_HOME="/workspace/cargo-home" RUSTUP_HOME="/workspace/rustup-home" "/workspace/cargo-home/bin/cargo" "+1.99.0-beta.8" "fetch" "--manifest-path" "Cargo.toml", kill_on_drop: false }`
[INFO] [stderr]     Updating crates.io index
[INFO] [stderr]  Downloading crates ...
[INFO] [stderr]   Downloaded tinytemplate v1.1.0
[INFO] [stderr]   Downloaded levenshtein v1.0.4
[INFO] [stderr]   Downloaded walkdir v2.3.1
[INFO] [stderr]   Downloaded itertools v0.9.0
[INFO] [stderr]   Downloaded itoa v0.4.6
[INFO] [stderr]   Downloaded const_fn v0.4.4
[INFO] [stderr]   Downloaded wasm-bindgen-shared v0.2.69
[INFO] [stderr]   Downloaded oorandom v11.1.3
[INFO] [stderr]   Downloaded wasm-bindgen-macro v0.2.69
[INFO] [stderr]   Downloaded unicode-xid v0.2.1
[INFO] [stderr]   Downloaded hermit-abi v0.1.17
[INFO] [stderr]   Downloaded memoffset v0.6.1
[INFO] [stderr]   Downloaded cast v0.2.3
[INFO] [stderr]   Downloaded terminal_size v0.1.15
[INFO] [stderr]   Downloaded criterion v0.3.3
[INFO] [stderr]   Downloaded wasm-bindgen-backend v0.2.69
[INFO] [stderr]   Downloaded criterion-plot v0.4.3
[INFO] [stderr]   Downloaded console v0.13.0
[INFO] [stderr]   Downloaded crossbeam-deque v0.8.0
[INFO] [stderr]   Downloaded wasm-bindgen-macro-support v0.2.69
[INFO] [stderr]   Downloaded proc-macro2 v1.0.24
[INFO] [stderr]   Downloaded serde_cbor v0.11.1
[INFO] [stderr]   Downloaded crossbeam-epoch v0.9.1
[INFO] [stderr]   Downloaded log v0.4.11
[INFO] [stderr]   Downloaded quote v1.0.7
[INFO] [stderr]   Downloaded half v1.6.0
[INFO] [stderr]   Downloaded crossbeam-utils v0.8.1
[INFO] [stderr]   Downloaded serde_derive v1.0.118
[INFO] [stderr]   Downloaded serde v1.0.118
[INFO] [stderr]   Downloaded rayon-core v1.9.0
[INFO] [stderr]   Downloaded js-sys v0.3.46
[INFO] [stderr]   Downloaded crossbeam-channel v0.5.0
[INFO] [stderr]   Downloaded serde_json v1.0.60
[INFO] [stderr]   Downloaded bumpalo v3.4.0
[INFO] [stderr]   Downloaded wasm-bindgen v0.2.69
[INFO] [stderr]   Downloaded rayon v1.5.0
[INFO] [stderr]   Downloaded regex v1.4.2
[INFO] [stderr]   Downloaded syn v1.0.54
[INFO] [stderr]   Downloaded regex-syntax v0.6.21
[INFO] [stderr]   Downloaded bstr v0.2.14
[INFO] [stderr]   Downloaded libc v0.2.81
[INFO] [stderr]   Downloaded web-sys v0.3.46
[INFO] [stderr]   Downloaded csv v1.1.5
[INFO] [stderr]   Downloaded plotters v0.2.15
[INFO] running `Command { std: "docker" "create" "-v" "/var/lib/crater-agent-workspace/builds/worker-2-tc1/source:/opt/rustwide/workdir:ro,Z" "-v" "/var/lib/crater-agent-workspace/builds/worker-2-tc1/target:/opt/rustwide/target:rw,Z" "-v" "/var/lib/crater-agent-workspace/cargo-home:/opt/rustwide/cargo-home:ro,Z" "-v" "/var/lib/crater-agent-workspace/rustup-home:/opt/rustwide/rustup-home:ro,Z" "-m" "1610612736" "--network" "none" "ghcr.io/rust-lang/crates-build-env/linux@sha256:77db811e55d90add9212f6832c23229e3de5f1c1f9905e8cb07319ea15df73ac" "sleep" "infinity", kill_on_drop: false }`
[INFO] [stdout] 9cfb7385bf120ea686eb6af665e110eda4f2bebaa84d809266f1efc031cc27dd
[INFO] running `Command { std: "docker" "start" "9cfb7385bf120ea686eb6af665e110eda4f2bebaa84d809266f1efc031cc27dd", kill_on_drop: false }`
[INFO] running `Command { std: "docker" "inspect" "9cfb7385bf120ea686eb6af665e110eda4f2bebaa84d809266f1efc031cc27dd", kill_on_drop: false }`
[INFO] running `Command { std: "docker" "exec" "-e" "SOURCE_DIR=/opt/rustwide/workdir" "-e" "CARGO_HOME=/opt/rustwide/cargo-home" "-e" "RUSTUP_HOME=/opt/rustwide/rustup-home" "-e" "CARGO_TARGET_DIR=/opt/rustwide/target" "-w" "/opt/rustwide/workdir" "--user" "0:0" "9cfb7385bf120ea686eb6af665e110eda4f2bebaa84d809266f1efc031cc27dd" "/opt/rustwide/cargo-home/bin/cargo" "+1.99.0-beta.8" "metadata" "--no-deps" "--format-version=1", kill_on_drop: false }`
[INFO] running `Command { std: "docker" "inspect" "9cfb7385bf120ea686eb6af665e110eda4f2bebaa84d809266f1efc031cc27dd", kill_on_drop: false }`
[INFO] running `Command { std: "docker" "exec" "-e" "SOURCE_DIR=/opt/rustwide/workdir" "-e" "CARGO_HOME=/opt/rustwide/cargo-home" "-e" "RUSTUP_HOME=/opt/rustwide/rustup-home" "-e" "CARGO_TARGET_DIR=/opt/rustwide/target" "-e" "CARGO_INCREMENTAL=0" "-e" "RUST_BACKTRACE=full" "-e" "RUSTFLAGS=--cap-lints=warn" "-e" "RUSTDOCFLAGS=--cap-lints=warn" "-w" "/opt/rustwide/workdir" "--user" "0:0" "9cfb7385bf120ea686eb6af665e110eda4f2bebaa84d809266f1efc031cc27dd" "/opt/rustwide/cargo-home/bin/cargo" "+1.99.0-beta.8" "build" "--frozen" "--message-format=json" "--release", kill_on_drop: false }`
[INFO] [stderr]    Compiling libc v0.2.81
[INFO] [stderr]    Compiling regex-syntax v0.6.21
[INFO] [stderr]    Compiling unicode-width v0.1.8
[INFO] [stderr]    Compiling lazy_static v1.4.0
[INFO] [stderr]    Compiling either v1.6.1
[INFO] [stderr]    Compiling levenshtein v1.0.4
[INFO] [stderr]    Compiling itertools v0.9.0
[INFO] [stderr]    Compiling terminal_size v0.1.15
[INFO] [stderr]    Compiling regex v1.4.2
[INFO] [stderr]    Compiling console v0.13.0
[INFO] [stderr]    Compiling crosswords v0.1.0 (/opt/rustwide/workdir)
[INFO] [stderr]     Finished `release` profile [optimized] target(s) in 5.36s
[INFO] running `Command { std: "docker" "inspect" "9cfb7385bf120ea686eb6af665e110eda4f2bebaa84d809266f1efc031cc27dd", kill_on_drop: false }`
[INFO] running `Command { std: "docker" "exec" "-e" "SOURCE_DIR=/opt/rustwide/workdir" "-e" "CARGO_HOME=/opt/rustwide/cargo-home" "-e" "RUSTUP_HOME=/opt/rustwide/rustup-home" "-e" "CARGO_TARGET_DIR=/opt/rustwide/target" "-e" "CARGO_INCREMENTAL=0" "-e" "RUST_BACKTRACE=full" "-e" "RUSTFLAGS=--cap-lints=warn" "-e" "RUSTDOCFLAGS=--cap-lints=warn" "-w" "/opt/rustwide/workdir" "--user" "0:0" "9cfb7385bf120ea686eb6af665e110eda4f2bebaa84d809266f1efc031cc27dd" "/opt/rustwide/cargo-home/bin/cargo" "+1.99.0-beta.8" "test" "--frozen" "--no-run" "--message-format=json" "--release", kill_on_drop: false }`
[INFO] [stderr]    Compiling autocfg v1.0.1
[INFO] [stderr]    Compiling serde v1.0.118
[INFO] [stderr]    Compiling const_fn v0.4.4
[INFO] [stderr]    Compiling ryu v1.0.5
[INFO] [stderr]    Compiling memchr v2.3.4
[INFO] [stderr]    Compiling proc-macro2 v1.0.24
[INFO] [stderr]    Compiling byteorder v1.3.4
[INFO] [stderr]    Compiling rayon-core v1.9.0
[INFO] [stderr]    Compiling scopeguard v1.1.0
[INFO] [stderr]    Compiling unicode-xid v0.2.1
[INFO] [stderr]    Compiling itoa v0.4.6
[INFO] [stderr]    Compiling syn v1.0.54
[INFO] [stderr]    Compiling bitflags v1.2.1
[INFO] [stderr]    Compiling serde_json v1.0.60
[INFO] [stderr]    Compiling cast v0.2.3
[INFO] [stderr]    Compiling num_cpus v1.13.0
[INFO] [stderr]    Compiling serde_derive v1.0.118
[INFO] [stderr]    Compiling textwrap v0.11.0
[INFO] [stderr]    Compiling half v1.6.0
[INFO] [stderr]    Compiling csv-core v0.1.10
[INFO] [stderr]    Compiling crossbeam-utils v0.8.1
[INFO] [stderr]    Compiling memoffset v0.6.1
[INFO] [stderr]    Compiling num-traits v0.2.14
[INFO] [stderr]    Compiling rayon v1.5.0
[INFO] [stderr]    Compiling clap v2.33.3
[INFO] [stderr]    Compiling criterion-plot v0.4.3
[INFO] [stderr]    Compiling walkdir v2.3.1
[INFO] [stderr]    Compiling regex-automata v0.1.9
[INFO] [stderr]    Compiling atty v0.2.14
[INFO] [stderr]    Compiling oorandom v11.1.3
[INFO] [stderr]    Compiling quote v1.0.7
[INFO] [stderr]    Compiling crossbeam-epoch v0.9.1
[INFO] [stderr]    Compiling crossbeam-channel v0.5.0
[INFO] [stderr]    Compiling plotters v0.2.15
[INFO] [stderr]    Compiling crossbeam-deque v0.8.0
[INFO] [stderr]    Compiling bstr v0.2.14
[INFO] [stderr]    Compiling serde_cbor v0.11.1
[INFO] [stderr]    Compiling csv v1.1.5
[INFO] [stderr]    Compiling tinytemplate v1.1.0
[INFO] [stderr]    Compiling criterion v0.3.3
[INFO] [stderr]    Compiling crosswords v0.1.0 (/opt/rustwide/workdir)
[INFO] [stderr]     Finished `release` profile [optimized] target(s) in 32.82s
[INFO] [stderr] warning: the following packages contain code that will be rejected by a future version of Rust: criterion v0.3.3
[INFO] [stderr] note: to see what the problems were, use the option `--future-incompat-report`, or run `cargo report future-incompatibilities --id 3`
[INFO] running `Command { std: "docker" "inspect" "9cfb7385bf120ea686eb6af665e110eda4f2bebaa84d809266f1efc031cc27dd", kill_on_drop: false }`
[INFO] running `Command { std: "docker" "exec" "-e" "SOURCE_DIR=/opt/rustwide/workdir" "-e" "CARGO_HOME=/opt/rustwide/cargo-home" "-e" "RUSTUP_HOME=/opt/rustwide/rustup-home" "-e" "CARGO_TARGET_DIR=/opt/rustwide/target" "-e" "CARGO_INCREMENTAL=0" "-e" "RUST_BACKTRACE=full" "-e" "RUSTFLAGS=--cap-lints=warn" "-e" "RUSTDOCFLAGS=--cap-lints=warn" "-w" "/opt/rustwide/workdir" "--user" "0:0" "9cfb7385bf120ea686eb6af665e110eda4f2bebaa84d809266f1efc031cc27dd" "/opt/rustwide/cargo-home/bin/cargo" "+1.99.0-beta.8" "test" "--frozen" "--release", kill_on_drop: false }`
[INFO] [stderr]     Finished `release` profile [optimized] target(s) in 0.09s
[INFO] [stderr] warning: the following packages contain code that will be rejected by a future version of Rust: criterion v0.3.3
[INFO] [stderr] note: to see what the problems were, use the option `--future-incompat-report`, or run `cargo report future-incompatibilities --id 3`
[INFO] [stderr]      Running unittests src/lib.rs (/opt/rustwide/target/release/deps/crosswords-8b5b196bf8459b19)
[INFO] [stdout] 
[INFO] [stderr]      Running unittests src/bin/main.rs (/opt/rustwide/target/release/deps/crosswords-3ee42a773fb9f315)
[INFO] [stdout] running 0 tests
[INFO] [stdout] 
[INFO] [stdout] test result: ok. 0 passed; 0 failed; 0 ignored; 0 measured; 0 filtered out; finished in 0.00s
[INFO] [stdout] 
[INFO] [stdout] 
[INFO] [stdout] running 1 test
[INFO] [stdout] test test_examples ... FAILED
[INFO] [stdout] 
[INFO] [stdout] failures:
[INFO] [stdout] 
[INFO] [stdout] ---- test_examples stdout ----
[INFO] [stdout] 
[INFO] [stdout] thread 'test_examples' (1465) panicked at src/lib.rs:32:37:
[INFO] [stdout] called `Result::unwrap()` on an `Err` value: Os { code: 2, kind: NotFound, message: "No such file or directory" }
[INFO] [stdout] stack backtrace:
[INFO] [stdout]    0:     0x59c9afbbf011 - <<std[70759c8f55707aa4]::sys::backtrace::BacktraceLock>::print::DisplayBacktrace as core[df12db4294e9bfd3]::fmt::Display>::fmt
[INFO] [stdout]    1:     0x59c9afbd31ea - core[df12db4294e9bfd3]::fmt::write
[INFO] [stdout]    2:     0x59c9afbc34ac - <alloc[2182bb758b4b3781]::vec::Vec<u8> as core[df12db4294e9bfd3]::io::write::Write>::write_fmt
[INFO] [stdout]    3:     0x59c9afb9b606 - std[70759c8f55707aa4]::panicking::default_hook::{closure#0}
[INFO] [stdout]    4:     0x59c9afbb7779 - std[70759c8f55707aa4]::panicking::default_hook
[INFO] [stdout]    5:     0x59c9afb50300 - test[9d35eded1c95d3be]::test_main_inner::<test[9d35eded1c95d3be]::test_main_static::{closure#0}>::{closure#0}
[INFO] [stdout]    6:     0x59c9afbb7932 - std[70759c8f55707aa4]::panicking::panic_with_hook
[INFO] [stdout]    7:     0x59c9afb9b6b2 - std[70759c8f55707aa4]::panicking::panic_handler::{closure#0}
[INFO] [stdout]    8:     0x59c9afb94439 - std[70759c8f55707aa4]::sys::backtrace::__rust_end_short_backtrace::<std[70759c8f55707aa4]::panicking::panic_handler::{closure#0}, !>
[INFO] [stdout]    9:     0x59c9afb9c2ad - __rustc[8fa7c3cbc660c2b3]::rust_begin_unwind
[INFO] [stdout]   10:     0x59c9afbd391c - core[df12db4294e9bfd3]::panicking::panic_fmt
[INFO] [stdout]   11:     0x59c9afbd36f2 - core[df12db4294e9bfd3]::result::unwrap_failed
[INFO] [stdout]   12:     0x59c9afb84fb2 - crosswords[d606138f4639a866]::read_dict_file
[INFO] [stdout]   13:     0x59c9afb42afa - <crosswords[1938bbd45f21cd3]::test_examples::{closure#0} as core[df12db4294e9bfd3]::ops::function::FnOnce<()>>::call_once
[INFO] [stdout]   14:     0x59c9afb435eb - test[9d35eded1c95d3be]::__rust_begin_short_backtrace::<core[df12db4294e9bfd3]::result::Result<(), alloc[2182bb758b4b3781]::string::String>, fn() -> core[df12db4294e9bfd3]::result::Result<(), alloc[2182bb758b4b3781]::string::String>>
[INFO] [stdout]   15:     0x59c9afb50c55 - test[9d35eded1c95d3be]::run_test::{closure#0}
[INFO] [stdout]   16:     0x59c9afb4a514 - std[70759c8f55707aa4]::sys::backtrace::__rust_begin_short_backtrace::<test[9d35eded1c95d3be]::run_test::{closure#1}, ()>
[INFO] [stdout]   17:     0x59c9afb53db2 - <std[70759c8f55707aa4]::thread::lifecycle::spawn_unchecked<test[9d35eded1c95d3be]::run_test::{closure#1}, ()>::{closure#1} as core[df12db4294e9bfd3]::ops::function::FnOnce<()>>::call_once::{shim:vtable#0}
[INFO] [stdout]   18:     0x59c9afbbe8e9 - <std[70759c8f55707aa4]::sys::thread::unix::Thread>::new::thread_start
[INFO] [stdout]   19:     0x7eb4902dfdfa - <unknown>
[INFO] [stdout]   20:     0x7eb4903733d4 - clone
[INFO] [stdout]   21:                0x0 - <unknown>
[INFO] [stdout] 
[INFO] [stdout] 
[INFO] [stdout] failures:
[INFO] [stdout]     test_examples
[INFO] [stdout] 
[INFO] [stdout] test result: FAILED. 0 passed; 1 failed; 0 ignored; 0 measured; 0 filtered out; finished in 0.00s
[INFO] [stdout] 
[INFO] [stderr] error: test failed, to rerun pass `--bin crosswords`
[INFO] running `Command { std: "docker" "inspect" "9cfb7385bf120ea686eb6af665e110eda4f2bebaa84d809266f1efc031cc27dd", kill_on_drop: false }`
[INFO] running `Command { std: "docker" "rm" "-f" "9cfb7385bf120ea686eb6af665e110eda4f2bebaa84d809266f1efc031cc27dd", kill_on_drop: false }`
[INFO] [stdout] 9cfb7385bf120ea686eb6af665e110eda4f2bebaa84d809266f1efc031cc27dd
