[INFO] fetching crate crossref-xml 0.4.1...
[INFO] testing crossref-xml-0.4.1 against 1.99.0-beta.8+cargoflags=--release for beta-release-1.100-2
[INFO] extracting crate crossref-xml 0.4.1 into /workspace/builds/worker-1-tc1/source
[INFO] started tweaking crates.io crate crossref-xml 0.4.1
[INFO] finished tweaking crates.io crate crossref-xml 0.4.1
[INFO] tweaked toml for crates.io crate crossref-xml 0.4.1 written to /workspace/builds/worker-1-tc1/source/Cargo.toml
[INFO] validating manifest of crates.io crate crossref-xml 0.4.1 on toolchain 1.99.0-beta.8
[INFO] running `Command { std: CARGO_HOME="/workspace/cargo-home" RUSTUP_HOME="/workspace/rustup-home" "/workspace/cargo-home/bin/cargo" "+1.99.0-beta.8" "metadata" "--manifest-path" "Cargo.toml" "--no-deps", kill_on_drop: false }`
[INFO] crate crates.io crate crossref-xml 0.4.1 already has a lockfile, it will not be regenerated
[INFO] running `Command { std: CARGO_HOME="/workspace/cargo-home" RUSTUP_HOME="/workspace/rustup-home" "/workspace/cargo-home/bin/cargo" "+1.99.0-beta.8" "fetch" "--manifest-path" "Cargo.toml", kill_on_drop: false }`
[INFO] running `Command { std: "docker" "create" "-v" "/var/lib/crater-agent-workspace/builds/worker-1-tc1/source:/opt/rustwide/workdir:ro,Z" "-v" "/var/lib/crater-agent-workspace/builds/worker-1-tc1/target:/opt/rustwide/target:rw,Z" "-v" "/var/lib/crater-agent-workspace/cargo-home:/opt/rustwide/cargo-home:ro,Z" "-v" "/var/lib/crater-agent-workspace/rustup-home:/opt/rustwide/rustup-home:ro,Z" "-m" "1610612736" "--network" "none" "ghcr.io/rust-lang/crates-build-env/linux@sha256:77db811e55d90add9212f6832c23229e3de5f1c1f9905e8cb07319ea15df73ac" "sleep" "infinity", kill_on_drop: false }`
[INFO] [stdout] e98b60558b1b987b5e167e59f3e5fa7051afe4d136d22c48b0d07b403c5e8b2c
[INFO] running `Command { std: "docker" "start" "e98b60558b1b987b5e167e59f3e5fa7051afe4d136d22c48b0d07b403c5e8b2c", kill_on_drop: false }`
[INFO] running `Command { std: "docker" "inspect" "e98b60558b1b987b5e167e59f3e5fa7051afe4d136d22c48b0d07b403c5e8b2c", kill_on_drop: false }`
[INFO] running `Command { std: "docker" "exec" "-e" "SOURCE_DIR=/opt/rustwide/workdir" "-e" "CARGO_HOME=/opt/rustwide/cargo-home" "-e" "RUSTUP_HOME=/opt/rustwide/rustup-home" "-e" "CARGO_TARGET_DIR=/opt/rustwide/target" "-w" "/opt/rustwide/workdir" "--user" "0:0" "e98b60558b1b987b5e167e59f3e5fa7051afe4d136d22c48b0d07b403c5e8b2c" "/opt/rustwide/cargo-home/bin/cargo" "+1.99.0-beta.8" "metadata" "--no-deps" "--format-version=1", kill_on_drop: false }`
[INFO] running `Command { std: "docker" "inspect" "e98b60558b1b987b5e167e59f3e5fa7051afe4d136d22c48b0d07b403c5e8b2c", kill_on_drop: false }`
[INFO] running `Command { std: "docker" "exec" "-e" "SOURCE_DIR=/opt/rustwide/workdir" "-e" "CARGO_HOME=/opt/rustwide/cargo-home" "-e" "RUSTUP_HOME=/opt/rustwide/rustup-home" "-e" "CARGO_TARGET_DIR=/opt/rustwide/target" "-e" "CARGO_INCREMENTAL=0" "-e" "RUST_BACKTRACE=full" "-e" "RUSTFLAGS=--cap-lints=warn" "-e" "RUSTDOCFLAGS=--cap-lints=warn" "-w" "/opt/rustwide/workdir" "--user" "0:0" "e98b60558b1b987b5e167e59f3e5fa7051afe4d136d22c48b0d07b403c5e8b2c" "/opt/rustwide/cargo-home/bin/cargo" "+1.99.0-beta.8" "build" "--frozen" "--message-format=json" "--release", kill_on_drop: false }`
[INFO] [stderr]    Compiling syn v2.0.118
[INFO] [stderr]    Compiling aho-corasick v1.1.4
[INFO] [stderr]    Compiling proc-macro-error-attr2 v2.0.0
[INFO] [stderr]    Compiling serde_json v1.0.150
[INFO] [stderr]    Compiling regex-automata v0.4.14
[INFO] [stderr]    Compiling synstructure v0.13.2
[INFO] [stderr]    Compiling darling_core v0.20.11
[INFO] [stderr]    Compiling proc-macro-error2 v2.0.1
[INFO] [stderr]    Compiling regex v1.12.4
[INFO] [stderr]    Compiling zerovec-derive v0.11.3
[INFO] [stderr]    Compiling displaydoc v0.2.6
[INFO] [stderr]    Compiling serde_derive v1.0.228
[INFO] [stderr]    Compiling zerofrom-derive v0.1.7
[INFO] [stderr]    Compiling yoke-derive v0.8.2
[INFO] [stderr]    Compiling zerofrom v0.1.8
[INFO] [stderr]    Compiling yoke v0.8.3
[INFO] [stderr]    Compiling zerovec v0.11.6
[INFO] [stderr]    Compiling zerotrie v0.2.4
[INFO] [stderr]    Compiling darling_macro v0.20.11
[INFO] [stderr]    Compiling darling v0.20.11
[INFO] [stderr]    Compiling validator_derive v0.20.0
[INFO] [stderr]    Compiling tinystr v0.8.3
[INFO] [stderr]    Compiling potential_utf v0.1.5
[INFO] [stderr]    Compiling serde v1.0.228
[INFO] [stderr]    Compiling icu_collections v2.2.0
[INFO] [stderr]    Compiling icu_locale_core v2.2.0
[INFO] [stderr]    Compiling chrono v0.4.45
[INFO] [stderr]    Compiling quick-xml v0.41.0
[INFO] [stderr]    Compiling icu_provider v2.2.0
[INFO] [stderr]    Compiling icu_normalizer v2.2.0
[INFO] [stderr]    Compiling icu_properties v2.2.0
[INFO] [stderr]    Compiling idna_adapter v1.2.2
[INFO] [stderr]    Compiling idna v1.1.0
[INFO] [stderr]    Compiling url v2.5.8
[INFO] [stderr]    Compiling validator v0.20.0
[INFO] [stderr]    Compiling crossref-xml v0.4.1 (/opt/rustwide/workdir)
[INFO] [stderr]     Finished `release` profile [optimized] target(s) in 45.41s
[INFO] [stderr] warning: the following packages contain code that will be rejected by a future version of Rust: proc-macro-error2 v2.0.1
[INFO] [stderr] note: to see what the problems were, use the option `--future-incompat-report`, or run `cargo report future-incompatibilities --id 11`
[INFO] running `Command { std: "docker" "inspect" "e98b60558b1b987b5e167e59f3e5fa7051afe4d136d22c48b0d07b403c5e8b2c", kill_on_drop: false }`
[INFO] running `Command { std: "docker" "exec" "-e" "SOURCE_DIR=/opt/rustwide/workdir" "-e" "CARGO_HOME=/opt/rustwide/cargo-home" "-e" "RUSTUP_HOME=/opt/rustwide/rustup-home" "-e" "CARGO_TARGET_DIR=/opt/rustwide/target" "-e" "CARGO_INCREMENTAL=0" "-e" "RUST_BACKTRACE=full" "-e" "RUSTFLAGS=--cap-lints=warn" "-e" "RUSTDOCFLAGS=--cap-lints=warn" "-w" "/opt/rustwide/workdir" "--user" "0:0" "e98b60558b1b987b5e167e59f3e5fa7051afe4d136d22c48b0d07b403c5e8b2c" "/opt/rustwide/cargo-home/bin/cargo" "+1.99.0-beta.8" "test" "--frozen" "--no-run" "--message-format=json" "--release", kill_on_drop: false }`
[INFO] [stderr]    Compiling yansi v1.0.1
[INFO] [stderr]    Compiling diff v0.1.13
[INFO] [stderr]    Compiling pretty_assertions v1.4.1
[INFO] [stderr]    Compiling crossref-xml v0.4.1 (/opt/rustwide/workdir)
[INFO] [stderr]     Finished `release` profile [optimized] target(s) in 14.12s
[INFO] [stderr] warning: the following packages contain code that will be rejected by a future version of Rust: proc-macro-error2 v2.0.1
[INFO] [stderr] note: to see what the problems were, use the option `--future-incompat-report`, or run `cargo report future-incompatibilities --id 11`
[INFO] running `Command { std: "docker" "inspect" "e98b60558b1b987b5e167e59f3e5fa7051afe4d136d22c48b0d07b403c5e8b2c", kill_on_drop: false }`
[INFO] running `Command { std: "docker" "exec" "-e" "SOURCE_DIR=/opt/rustwide/workdir" "-e" "CARGO_HOME=/opt/rustwide/cargo-home" "-e" "RUSTUP_HOME=/opt/rustwide/rustup-home" "-e" "CARGO_TARGET_DIR=/opt/rustwide/target" "-e" "CARGO_INCREMENTAL=0" "-e" "RUST_BACKTRACE=full" "-e" "RUSTFLAGS=--cap-lints=warn" "-e" "RUSTDOCFLAGS=--cap-lints=warn" "-w" "/opt/rustwide/workdir" "--user" "0:0" "e98b60558b1b987b5e167e59f3e5fa7051afe4d136d22c48b0d07b403c5e8b2c" "/opt/rustwide/cargo-home/bin/cargo" "+1.99.0-beta.8" "test" "--frozen" "--release", kill_on_drop: false }`
[INFO] [stderr]     Finished `release` profile [optimized] target(s) in 0.09s
[INFO] [stderr] warning: the following packages contain code that will be rejected by a future version of Rust: proc-macro-error2 v2.0.1
[INFO] [stderr] note: to see what the problems were, use the option `--future-incompat-report`, or run `cargo report future-incompatibilities --id 11`
[INFO] [stderr]      Running unittests src/lib.rs (/opt/rustwide/target/release/deps/crossref_xml-d8af721211e507d1)
[INFO] [stdout] 
[INFO] [stdout] running 306 tests
[INFO] [stdout] test body::unit::body_with_invalid_conference_fails ... ok
[INFO] [stdout] test body::unit::validate_body_has_exactly_one_tests::body_with_one_content_type_passes ... ok
[INFO] [stdout] test body::unit::body_with_invalid_book_fails ... ok
[INFO] [stdout] test body::unit::validate_body_has_exactly_one_tests::body_with_multiple_content_types_fails ... ok
[INFO] [stdout] test body::unit::empty_body_passes ... ok
[INFO] [stdout] test body::unit::validate_body_has_exactly_one_tests::empty_body_fails ... ok
[INFO] [stdout] test body::unit::body_with_multiple_books_passes ... ok
[INFO] [stdout] test body::unit::body_with_conference_passes ... ok
[INFO] [stdout] test book::book_metadata::unit::too_many_publication_dates_fails ... ok
[INFO] [stdout] test book::book_metadata::unit::invalid_doi_data_fails ... ok
[INFO] [stdout] test book::book_metadata::unit::invalid_publisher_fails ... ok
[INFO] [stdout] test book::book_metadata::unit::with_acceptance_date_passes ... ok
[INFO] [stdout] test body::unit::body_with_book_passes ... ok
[INFO] [stdout] test book::book_metadata::unit::with_invalid_acceptance_date_fails ... ok
[INFO] [stdout] test book::book_metadata::unit::publication_date_at_max_count_passes ... ok
[INFO] [stdout] test body::unit::body_with_journal_passes ... ok
[INFO] [stdout] test book::book_series_metadata::unit::book_series_metadata::edition_number_none_passes ... ok
[INFO] [stdout] test book::book_series_metadata::unit::book_series_metadata::edition_number_zero_fails ... ok
[INFO] [stdout] test body::unit::body_with_invalid_journal_fails ... ok
[INFO] [stdout] test book::book_series_metadata::unit::book_series_metadata::valid_book_series_metadata_passes ... ok
[INFO] [stdout] test book::book_series_metadata::unit::book_series_metadata::volume_zero_fails ... ok
[INFO] [stdout] test book::book_series_metadata::unit::series_metadata::empty_issn_fails ... ok
[INFO] [stdout] test book::book_series_metadata::unit::series_metadata::invalid_issn_fails ... ok
[INFO] [stdout] test book::book_series_metadata::unit::book_series_metadata::empty_publication_date_fails ... ok
[INFO] [stdout] test book::book_series_metadata::unit::series_metadata::series_number_at_max_passes ... ok
[INFO] [stdout] test book::book_series_metadata::unit::book_series_metadata::invalid_doi_data_fails ... ok
[INFO] [stdout] test book::book_series_metadata::unit::book_series_metadata::invalid_publisher_fails ... ok
[INFO] [stdout] test book::book_series_metadata::unit::book_series_metadata::too_many_publication_dates_fails ... ok
[INFO] [stdout] test book::book_series_metadata::unit::series_metadata::invalid_doi_data_fails ... ok
[INFO] [stdout] test book::book_series_metadata::unit::series_metadata::issn_at_max_count_passes ... ok
[INFO] [stdout] test book::book_set_metadata::unit::book_set_metadata::component_number_too_long_fails ... ok
[INFO] [stdout] test book::book_series_metadata::unit::series_metadata::series_number_none_passes ... ok
[INFO] [stdout] test book::book_series_metadata::unit::series_metadata::valid_series_metadata_passes ... ok
[INFO] [stdout] test book::book_series_metadata::unit::series_metadata::series_number_too_high_fails ... ok
[INFO] [stdout] test book::book_series_metadata::unit::series_metadata::series_number_zero_fails ... ok
[INFO] [stdout] test book::book_series_metadata::unit::series_metadata::too_many_issn_fails ... ok
[INFO] [stdout] test book::book_set_metadata::unit::book_set_metadata::component_number_at_max_length_passes ... ok
[INFO] [stdout] test book::book_set_metadata::unit::book_set_metadata::invalid_doi_data_fails ... ok
[INFO] [stdout] test book::book_set_metadata::unit::noisbn::default_noisbn_passes ... ok
[INFO] [stdout] test book::book_set_metadata::unit::publisher::publisher_place_none_passes ... ok
[INFO] [stdout] test book::book_set_metadata::unit::publisher::publisher_place_too_long_fails ... ok
[INFO] [stdout] test book::book_set_metadata::unit::noisbn::various_reasons_pass ... ok
[INFO] [stdout] test book::book_set_metadata::unit::book_set_metadata::invalid_publisher_fails ... ok
[INFO] [stdout] test book::book_set_metadata::unit::publisher::publisher_place_too_short_fails ... ok
[INFO] [stdout] test book::book_set_metadata::unit::publisher::publisher_name_at_max_length_passes ... ok
[INFO] [stdout] test book::book_set_metadata::unit::book_set_metadata::valid_book_set_metadata_passes ... ok
[INFO] [stdout] test book::book_set_metadata::unit::publisher::publisher_name_too_short_fails ... ok
[INFO] [stdout] test book::book_set_metadata::unit::book_set_metadata::too_many_publication_dates_fails ... ok
[INFO] [stdout] test book::book_set_metadata::unit::publisher::publisher_name_too_long_fails ... ok
[INFO] [stdout] test book::book_set_metadata::unit::publisher::valid_publisher_passes ... ok
[INFO] [stdout] test book::book_set_metadata::unit::set_metadata::valid_set_metadata_passes ... ok
[INFO] [stdout] test book::book_set_metadata::unit::set_metadata::with_part_number_passes ... ok
[INFO] [stdout] test book::content_item::unit::component_number_at_max_length_passes ... ok
[INFO] [stdout] test book::content_item::unit::component_number_too_long_fails ... ok
[INFO] [stdout] test book::book_set_metadata::unit::set_metadata::invalid_doi_data_fails ... ok
[INFO] [stdout] test body::unit::body_with_multiple_journals_passes ... ok
[INFO] [stdout] test body::unit::validate_body_has_exactly_one_tests::body_with_conference_passes ... ok
[INFO] [stdout] test book::content_item::unit::level_sequence_number_at_max_passes ... ok
[INFO] [stdout] test book::content_item::unit::level_sequence_number_too_high_fails ... ok
[INFO] [stdout] test book::content_item::unit::too_many_publication_dates_fails ... ok
[INFO] [stdout] test book::content_item::unit::empty_publication_date_fails ... ok
[INFO] [stdout] test book::content_item::unit::invalid_doi_data_fails ... ok
[INFO] [stdout] test book::content_item::unit::level_sequence_number_zero_fails ... ok
[INFO] [stdout] test book::content_item::unit::various_component_types_pass ... ok
[INFO] [stdout] test book::content_item::unit::with_acceptance_date_passes ... ok
[INFO] [stdout] test book::content_item::unit::valid_content_item_passes ... ok
[INFO] [stdout] test book::content_item::unit::with_pages_passes ... ok
[INFO] [stdout] test book::unit::book_with_invalid_metadata_fails ... ok
[INFO] [stdout] test book::unit::book_with_series_metadata_only_passes ... ok
[INFO] [stdout] test book::content_item::unit::with_invalid_pages_fails ... ok
[INFO] [stdout] test book::unit::valid_book_passes ... ok
[INFO] [stdout] test book::unit::book_without_metadata_fails ... ok
[INFO] [stdout] test conference::conference_paper::unit::empty_publication_date_fails ... ok
[INFO] [stdout] test conference::conference_paper::unit::invalid_doi_data_fails ... ok
[INFO] [stdout] test book::unit::book_with_content_item_passes ... ok
[INFO] [stdout] test book::unit::book_with_invalid_content_item_fails ... ok
[INFO] [stdout] test conference::conference_paper::unit::with_invalid_pages_fails ... ok
[INFO] [stdout] test conference::conference_paper::unit::valid_conference_paper_passes ... ok
[INFO] [stdout] test conference::event_metadata::unit::conference_date::start_day_out_of_range_fails ... ok
[INFO] [stdout] test conference::event_metadata::unit::conference_date::valid_conference_date_passes ... ok
[INFO] [stdout] test conference::conference_paper::unit::too_many_publication_dates_fails ... ok
[INFO] [stdout] test conference::event_metadata::unit::conference_date::all_dates_none_passes ... ok
[INFO] [stdout] test conference::conference_paper::unit::with_acceptance_date_passes ... ok
[INFO] [stdout] test conference::conference_paper::unit::with_pages_passes ... ok
[INFO] [stdout] test conference::event_metadata::unit::conference_date::start_year_too_early_fails ... ok
[INFO] [stdout] test conference::event_metadata::unit::conference_sponsor::empty_sponsor_fails ... ok
[INFO] [stdout] test conference::event_metadata::unit::event_metadata::conference_acronym_too_long_fails ... ok
[INFO] [stdout] test conference::event_metadata::unit::event_metadata::conference_location_too_short_fails ... ok
[INFO] [stdout] test conference::event_metadata::unit::event_metadata::conference_number_zero_fails ... ok
[INFO] [stdout] test conference::event_metadata::unit::event_metadata::conference_number_valid_passes ... ok
[INFO] [stdout] test conference::event_metadata::unit::event_metadata::conference_theme_too_long_fails ... ok
[INFO] [stdout] test conference::event_metadata::unit::conference_sponsor::valid_sponsor_passes ... ok
[INFO] [stdout] test conference::event_metadata::unit::event_metadata::valid_event_metadata_passes ... ok
[INFO] [stdout] test conference::event_metadata::unit::event_metadata::with_sponsors_passes ... ok
[INFO] [stdout] test conference::proceedings_metadata::unit::empty_publication_date_fails ... ok
[INFO] [stdout] test conference::proceedings_metadata::unit::empty_publisher_fails ... ok
[INFO] [stdout] test conference::event_metadata::unit::event_metadata::too_many_sponsors_fails ... ok
[INFO] [stdout] test conference::proceedings_metadata::unit::invalid_doi_data_fails ... ok
[INFO] [stdout] test conference::event_metadata::unit::event_metadata::conference_name_at_min_length_passes ... ok
[INFO] [stdout] test conference::event_metadata::unit::event_metadata::conference_name_too_long_fails ... ok
[INFO] [stdout] test conference::event_metadata::unit::event_metadata::conference_name_too_short_fails ... ok
[INFO] [stdout] test conference::proceedings_metadata::unit::invalid_publisher_fails ... ok
[INFO] [stdout] test conference::proceedings_metadata::unit::proceedings_title_too_long_fails ... ok
[INFO] [stdout] test conference::proceedings_metadata::unit::proceedings_title_too_short_fails ... ok
[INFO] [stdout] test conference::proceedings_series_metadata::unit::proceedings_series_metadata::empty_publication_date_fails ... ok
[INFO] [stdout] test conference::proceedings_metadata::unit::valid_proceedings_metadata_passes ... ok
[INFO] [stdout] test conference::proceedings_series_metadata::unit::proceedings_series_metadata::empty_publisher_fails ... ok
[INFO] [stdout] test conference::proceedings_metadata::unit::too_many_publication_dates_fails ... ok
[INFO] [stdout] test conference::proceedings_series_metadata::unit::proceedings_series_metadata::proceedings_title_too_short_fails ... ok
[INFO] [stdout] test conference::proceedings_series_metadata::unit::proceedings_series_metadata::too_many_publishers_fails ... ok
[INFO] [stdout] test conference::proceedings_metadata::unit::too_many_publishers_fails ... ok
[INFO] [stdout] test conference::proceedings_series_metadata::unit::proceedings_series_metadata::valid_proceedings_series_metadata_passes ... ok
[INFO] [stdout] test conference::proceedings_series_metadata::unit::series_metadata::series_number_none_passes ... ok
[INFO] [stdout] test conference::proceedings_series_metadata::unit::proceedings_series_metadata::invalid_doi_data_fails ... ok
[INFO] [stdout] test conference::proceedings_series_metadata::unit::proceedings_series_metadata::volume_zero_fails ... ok
[INFO] [stdout] test conference::proceedings_series_metadata::unit::series_metadata::invalid_doi_data_fails ... ok
[INFO] [stdout] test conference::proceedings_series_metadata::unit::series_metadata::too_many_issn_fails ... ok
[INFO] [stdout] test conference::unit::conference_with_invalid_proceedings_fails ... ok
[INFO] [stdout] test conference::unit::conference_with_invalid_paper_fails ... ok
[INFO] [stdout] test conference::proceedings_series_metadata::unit::series_metadata::empty_issn_fails ... ok
[INFO] [stdout] test conference::proceedings_series_metadata::unit::series_metadata::series_number_zero_fails ... ok
[INFO] [stdout] test conference::proceedings_series_metadata::unit::series_metadata::invalid_issn_fails ... ok
[INFO] [stdout] test conference::unit::conference_without_proceedings_fails ... ok
[INFO] [stdout] test conference::unit::valid_conference_passes ... ok
[INFO] [stdout] test head::unit::test_head_serialization ... ok
[INFO] [stdout] test journal::article::unit::citation::citation_with_doi_passes ... ok
[INFO] [stdout] test journal::article::unit::citation::citation_with_elocation_id_passes ... ok
[INFO] [stdout] test journal::article::unit::citation::empty_citation_passes ... ok
[INFO] [stdout] test journal::article::unit::citation::citation_with_invalid_doi_fails ... ok
[INFO] [stdout] test conference::proceedings_series_metadata::unit::series_metadata::valid_series_metadata_passes ... ok
[INFO] [stdout] test conference::unit::conference_with_invalid_event_metadata_fails ... ok
[INFO] [stdout] test head::unit::test_head_default_invalid ... ok
[INFO] [stdout] test conference::unit::conference_with_paper_passes ... ok
[INFO] [stdout] test journal::article::unit::citation::citation_with_both_passes ... ok
[INFO] [stdout] test head::unit::test_depositor_default_invalid ... ok
[INFO] [stdout] test journal::article::unit::citation_list::empty_citation_list_passes ... ok
[INFO] [stdout] test head::unit::test_depositor_serialization ... ok
[INFO] [stdout] test journal::article::unit::citation_list::citation_list_with_citations_passes ... ok
[INFO] [stdout] test conference::proceedings_series_metadata::unit::series_metadata::coden_too_long_fails ... ok
[INFO] [stdout] test book::book_set_metadata::unit::book_set_metadata::edition_number_valid_passes ... ok
[INFO] [stdout] test book::book_set_metadata::unit::book_set_metadata::edition_number_zero_fails ... ok
[INFO] [stdout] test book::book_set_metadata::unit::book_set_metadata::empty_publication_date_fails ... ok
[INFO] [stdout] test book::book_metadata::unit::empty_publication_date_fails ... ok
[INFO] [stdout] test book::book_metadata::unit::valid_book_metadata_passes ... ok
[INFO] [stdout] test journal::article::unit::component::invalid_doi_data_fails ... ok
[INFO] [stdout] test body::unit::validate_body_has_exactly_one_tests::body_with_book_passes ... ok
[INFO] [stdout] test journal::article::unit::citation_list::multiple_citations_pass ... ok
[INFO] [stdout] test journal::article::unit::component::with_description_passes ... ok
[INFO] [stdout] test journal::article::unit::component_list::multiple_components_pass ... ok
[INFO] [stdout] test journal::article::unit::item_number_t::valid_item_number_passes ... ok
[INFO] [stdout] test journal::article::unit::description::valid_description_passes ... ok
[INFO] [stdout] test journal::article::unit::component::valid_component_passes ... ok
[INFO] [stdout] test journal::article::unit::journal_article::minimal_article_passes ... ok
[INFO] [stdout] test journal::article::unit::journal_article::with_invalid_acceptance_date_fails ... ok
[INFO] [stdout] test journal::article::unit::identifier_t::valid_identifier_passes ... ok
[INFO] [stdout] test journal::article::unit::identifier_t::various_id_types_pass ... ok
[INFO] [stdout] test journal::article::unit::pages::only_first_page_passes ... ok
[INFO] [stdout] test journal::article::unit::crossmark::crossmark_policy_invalid_doi_fails ... ok
[INFO] [stdout] test journal::article::unit::journal_article::valid_journal_article_passes ... ok
[INFO] [stdout] test journal::article::unit::component_list::empty_component_list_passes ... ok
[INFO] [stdout] test journal::article::unit::crossmark::valid_crossmark_passes ... ok
[INFO] [stdout] test journal::article::unit::journal_article::with_acceptance_date_passes ... ok
[INFO] [stdout] test journal::article::unit::journal_article::with_components_passes ... ok
[INFO] [stdout] test journal::article::unit::journal_article::with_publisher_item_passes ... ok
[INFO] [stdout] test journal::article::unit::pages::valid_pages_passes ... ok
[INFO] [stdout] test journal::article::unit::journal_article::with_invalid_pages_fails ... ok
[INFO] [stdout] test journal::article::unit::component_list::component_list_with_components_passes ... ok
[INFO] [stdout] test journal::article::unit::pages::other_pages_none_passes ... ok
[INFO] [stdout] test journal::article::unit::publisher_item::empty_publisher_item_passes ... ok
[INFO] [stdout] test journal::article::unit::publisher_item::valid_publisher_item_passes ... ok
[INFO] [stdout] test journal::article::unit::journal_article::with_pages_passes ... ok
[INFO] [stdout] test journal::article::unit::pages::last_page_none_passes ... ok
[INFO] [stdout] test journal::issue::unit::anonymous::with_name_style_passes ... ok
[INFO] [stdout] test journal::issue::unit::contributors::contributors_all_none_fails ... ok
[INFO] [stdout] test journal::issue::unit::affiliations::empty_affiliations_passes ... ok
[INFO] [stdout] test journal::issue::unit::contributors::vector_of_contributors ... ok
[INFO] [stdout] test journal::article::unit::updates::updates_with_one_update_passes ... ok
[INFO] [stdout] test journal::issue::unit::contributors::contributors_with_anonymous_passes ... ok
[INFO] [stdout] test journal::article::unit::updates::empty_updates_fails ... ok
[INFO] [stdout] test journal::issue::unit::contributors::contributors_with_organization_passes ... ok
[INFO] [stdout] test journal::issue::unit::contributors::contributors_with_person_passes ... ok
[INFO] [stdout] test journal::article::unit::update::valid_update_passes ... ok
[INFO] [stdout] test journal::issue::unit::institution::valid_institution_passes ... ok
[INFO] [stdout] test journal::article::unit::journal_article::with_citations_passes ... ok
[INFO] [stdout] test journal::article::unit::update::value_invalid_doi_fails ... ok
[INFO] [stdout] test journal::issue::unit::affiliations::multiple_institutions_pass ... ok
[INFO] [stdout] test journal::article::unit::updates::updates_with_multiple_updates_passes ... ok
[INFO] [stdout] test journal::issue::unit::anonymous::valid_anonymous_passes ... ok
[INFO] [stdout] test journal::article::unit::update::various_update_types_pass ... ok
[INFO] [stdout] test journal::issue::unit::affiliations::valid_affiliations_passes ... ok
[INFO] [stdout] test journal::issue::unit::journal_issue::minimal_valid_issue_passes ... ok
[INFO] [stdout] test journal::issue::unit::organization::valid_organization_passes ... ok
[INFO] [stdout] test journal::issue::unit::person_name::given_name_invalid_regex_fails ... ok
[INFO] [stdout] test journal::issue::unit::journal_issue::valid_journal_issue_passes ... ok
[INFO] [stdout] test journal::issue::unit::institution_id::valid_institution_id_passes ... ok
[INFO] [stdout] test journal::issue::unit::person_name::valid_person_name_passes ... ok
[INFO] [stdout] test journal::issue::unit::institution_id::invalid_url_fails ... ok
[INFO] [stdout] test journal::issue::unit::orcid::invalid_orcid_format_fails ... ok
[INFO] [stdout] test journal::issue::unit::person_name::with_invalid_orcid_fails ... ok
[INFO] [stdout] test journal::issue::unit::orcid::various_valid_orcids_pass ... ok
[INFO] [stdout] test journal::issue::unit::person_name::surname_invalid_regex_fails ... ok
[INFO] [stdout] test journal::issue::unit::publication_date::minimal_date_passes ... ok
[INFO] [stdout] test journal::issue::unit::orcid::orcid_without_protocol_fails ... ok
[INFO] [stdout] test journal::issue::unit::person_name::with_valid_orcid_passes ... ok
[INFO] [stdout] test journal::issue::unit::publication_date::day_none_passes ... ok
[INFO] [stdout] test journal::issue::unit::orcid::valid_orcid_passes ... ok
[INFO] [stdout] test journal::metadata::unit::archive_locations::archive_with_values_passes ... ok
[INFO] [stdout] test journal::issue::unit::original_language_title::valid_original_language_title_passes ... ok
[INFO] [stdout] test journal::issue::unit::person_name::with_affiliations_passes ... ok
[INFO] [stdout] test journal::metadata::unit::archive_locations::empty_archive_locations_passes ... ok
[INFO] [stdout] test journal::metadata::unit::archive_locations::is_empty_returns_false_for_non_empty ... ok
[INFO] [stdout] test journal::issue::unit::person_name::suffix_none_passes ... ok
[INFO] [stdout] test journal::metadata::unit::doi_data::doi_at_min_length_passes ... ok
[INFO] [stdout] test journal::metadata::unit::doi_data::doi_too_short_fails ... ok
[INFO] [stdout] test journal::metadata::unit::doi_data::valid_doi_data_passes ... ok
[INFO] [stdout] test journal::metadata::unit::doi_data::various_valid_dois_pass ... ok
[INFO] [stdout] test journal::metadata::unit::issn::electronic_media_type_passes ... ok
[INFO] [stdout] test journal::metadata::unit::issn::valid_issn_passes ... ok
[INFO] [stdout] test journal::metadata::unit::issn::value_at_max_length_passes ... ok
[INFO] [stdout] test journal::metadata::unit::issn::value_at_min_length_passes ... ok
[INFO] [stdout] test journal::issue::unit::publication_date::month_none_passes ... ok
[INFO] [stdout] test journal::issue::unit::titles::subtitle_none_passes ... ok
[INFO] [stdout] test journal::metadata::unit::issn::value_too_long_fails ... ok
[INFO] [stdout] test journal::issue::unit::institution_id::various_institution_types_pass ... ok
[INFO] [stdout] test journal::metadata::unit::issn::value_too_short_fails ... ok
[INFO] [stdout] test journal::metadata::unit::journal_metadata::abbrev_title_at_max_length_passes ... ok
[INFO] [stdout] test journal::issue::unit::journal_issue::invalid_doi_data_fails ... ok
[INFO] [stdout] test journal::metadata::unit::journal_metadata::abbrev_title_at_min_length_passes ... ok
[INFO] [stdout] test journal::metadata::unit::journal_metadata::abbrev_title_too_long_fails ... ok
[INFO] [stdout] test journal::metadata::unit::archive_locations::is_empty_returns_true_for_empty ... ok
[INFO] [stdout] test journal::metadata::unit::doi_data::doi_at_max_length_passes ... ok
[INFO] [stdout] test journal::metadata::unit::doi_data::doi_invalid_format_fails ... ok
[INFO] [stdout] test journal::metadata::unit::journal_metadata::coden_none_passes ... ok
[INFO] [stdout] test journal::metadata::unit::doi_data::doi_too_long_fails ... ok
[INFO] [stdout] test journal::metadata::unit::doi_data::doi_wrong_prefix_fails ... ok
[INFO] [stdout] test journal::metadata::unit::journal_metadata::coden_at_max_length_passes ... ok
[INFO] [stdout] test journal::metadata::unit::journal_metadata::full_title_too_long_fails ... ok
[INFO] [stdout] test journal::metadata::unit::journal_metadata::coden_too_long_fails ... ok
[INFO] [stdout] test journal::metadata::unit::journal_metadata::coden_at_min_length_passes ... ok
[INFO] [stdout] test journal::metadata::unit::journal_metadata::coden_too_short_fails ... ok
[INFO] [stdout] test journal::metadata::unit::journal_metadata::minimal_valid_metadata_passes ... ok
[INFO] [stdout] test journal::metadata::unit::journal_metadata::valid_journal_metadata_passes ... ok
[INFO] [stdout] test journal::metadata::unit::journal_metadata::full_title_too_short_fails ... ok
[INFO] [stdout] test journal::metadata::unit::journal_metadata::invalid_doi_data_fails ... ok
[INFO] [stdout] test journal::metadata::unit::resource::valid_resource_passes ... ok
[INFO] [stdout] test journal::metadata::unit::journal_metadata::full_title_at_max_length_passes ... ok
[INFO] [stdout] test journal::metadata::unit::journal_metadata::issn_none_passes ... ok
[INFO] [stdout] test journal::metadata::unit::journal_metadata::abbrev_title_none_passes ... ok
[INFO] [stdout] test journal::issue::unit::publication_date::valid_publication_date_passes ... ok
[INFO] [stdout] test journal::metadata::unit::journal_metadata::full_title_at_min_length_passes ... ok
[INFO] [stdout] test journal::metadata::unit::journal_metadata::different_languages_pass ... ok
[INFO] [stdout] test journal::metadata::unit::journal_metadata::abbrev_title_too_short_fails ... ok
[INFO] [stdout] test journal::issue::unit::titles::with_original_language_title_passes ... ok
[INFO] [stdout] test journal::metadata::unit::resource::value_at_max_length_passes ... ok
[INFO] [stdout] test journal::issue::unit::journal_issue::invalid_publication_date_fails ... ok
[INFO] [stdout] test journal::unit::journal_with_invalid_article_fails ... ok
[INFO] [stdout] test journal::issue::unit::orcid::authenticated_false_passes ... ok
[INFO] [stdout] test journal::issue::unit::titles::valid_titles_passes ... ok
[INFO] [stdout] test journal::unit::valid_journal_passes ... ok
[INFO] [stdout] test journal::unit::minimal_journal_passes ... ok
[INFO] [stdout] test regex::unit::doi::invalid_dois ... ok
[INFO] [stdout] test regex::unit::doi::valid_dois ... ok
[INFO] [stdout] test regex::unit::doi::suffix_length_limit ... ok
[INFO] [stdout] test regex::unit::institution_pid::invalid_institution_pids ... ok
[INFO] [stdout] test journal::metadata::unit::journal_metadata::invalid_issn_fails ... ok
[INFO] [stdout] test regex::unit::institution_pid::valid_institution_pids ... ok
[INFO] [stdout] test journal::metadata::unit::resource::various_valid_urls_pass ... ok
[INFO] [stdout] test regex::unit::name::invalid_names ... ok
[INFO] [stdout] test journal::metadata::unit::resource::value_invalid_url_fails ... ok
[INFO] [stdout] test journal::metadata::unit::resource::value_too_long_fails ... ok
[INFO] [stdout] test journal::unit::journal_with_issue_passes ... ok
[INFO] [stdout] test journal::unit::journal_with_invalid_metadata_fails ... ok
[INFO] [stdout] test journal::unit::journal_with_articles_passes ... ok
[INFO] [stdout] test regex::unit::name::rejects_digit_only_or_question_mark_only ... ok
[INFO] [stdout] test journal::unit::journal_with_invalid_issue_fails ... ok
[INFO] [stdout] test journal::metadata::unit::resource::value_too_short_fails ... ok
[INFO] [stdout] test journal::issue::unit::orcid::authenticated_none_passes ... ok
[INFO] [stdout] test serializers::unit::test_serialize_timestamp ... ok
[INFO] [stdout] test serializers::unit::test_serialize_two_digits_double_digit ... ok
[INFO] [stdout] test serializers::unit::test_serialize_two_digits_some ... ok
[INFO] [stdout] test serializers::unit::test_serialize_version ... ok
[INFO] [stdout] test regex::unit::orcid::invalid_orcids ... ok
[INFO] [stdout] test regex::unit::name::valid_names ... ok
[INFO] [stdout] test regex::unit::orcid::checksum_x_only_in_last_position ... ok
[INFO] [stdout] test regex::unit::resource_url::valid_urls ... ok
[INFO] [stdout] test tests::test_book_without_metadata_fails ... ok
[INFO] [stdout] test tests::test_conference_without_proceedings_fails ... ok
[INFO] [stdout] test tests::test_minimal_book_validates ... ok
[INFO] [stdout] test tests::test_minimal_conference_validates ... ok
[INFO] [stdout] test tests::test_minimal_issue_validates ... ok
[INFO] [stdout] test tests::test_minimal_article_validates ... ok
[INFO] [stdout] test regex::unit::institution_pid::max_length_after_protocol ... ok
[INFO] [stdout] test regex::unit::name::names_with_some_digits_at_edges ... ok
[INFO] [stdout] test tests::test_minimal_journal_validates ... ok
[INFO] [stdout] test regex::unit::resource_url::invalid_urls ... ok
[INFO] [stdout] test serializers::unit::test_serialize_two_digits_none ... ok
[INFO] [stdout] test regex::unit::resource_url::rejects_non_start_anchored ... ok
[INFO] [stdout] test regex::unit::orcid::valid_orcids ... ok
[INFO] [stdout] test tests::test_journal_with_article_to_xml ... FAILED
[INFO] [stdout] test tests::test_conference_with_paper_to_xml ... FAILED
[INFO] [stdout] test tests::test_book_with_content_item_to_xml ... FAILED
[INFO] [stdout] test tests::test_manual_construction ... FAILED
[INFO] [stdout] test tests::test_minimal_book_to_xml ... FAILED
[INFO] [stdout] test tests::test_minimal_conference_to_xml ... FAILED
[INFO] [stdout] test tests::test_minimal_journal_to_xml ... FAILED
[INFO] [stdout] test serializers::unit::test_serialize_xmlns ... ok
[INFO] [stdout] 
[INFO] [stdout] failures:
[INFO] [stdout] 
[INFO] [stdout] ---- tests::test_journal_with_article_to_xml stdout ----
[INFO] [stdout] 
[INFO] [stdout] thread 'tests::test_journal_with_article_to_xml' (1233) panicked at src/lib.rs:727:38:
[INFO] [stdout] Should create test directory: Os { code: 30, kind: ReadOnlyFilesystem, message: "Read-only file system" }
[INFO] [stdout] stack backtrace:
[INFO] [stdout]    0:     0x5eb0ca137bb1 - <<std[70759c8f55707aa4]::sys::backtrace::BacktraceLock>::print::DisplayBacktrace as core[df12db4294e9bfd3]::fmt::Display>::fmt
[INFO] [stdout]    1:     0x5eb0ca14d93a - core[df12db4294e9bfd3]::fmt::write
[INFO] [stdout]    2:     0x5eb0ca13c04c - <alloc[2182bb758b4b3781]::vec::Vec<u8> as core[df12db4294e9bfd3]::io::write::Write>::write_fmt
[INFO] [stdout]    3:     0x5eb0ca113456 - std[70759c8f55707aa4]::panicking::default_hook::{closure#0}
[INFO] [stdout]    4:     0x5eb0ca130109 - std[70759c8f55707aa4]::panicking::default_hook
[INFO] [stdout]    5:     0x5eb0ca0047c0 - test[9d35eded1c95d3be]::test_main_inner::<test[9d35eded1c95d3be]::test_main_static::{closure#0}>::{closure#0}
[INFO] [stdout]    6:     0x5eb0ca1302c2 - std[70759c8f55707aa4]::panicking::panic_with_hook
[INFO] [stdout]    7:     0x5eb0ca113502 - std[70759c8f55707aa4]::panicking::panic_handler::{closure#0}
[INFO] [stdout]    8:     0x5eb0ca10c169 - std[70759c8f55707aa4]::sys::backtrace::__rust_end_short_backtrace::<std[70759c8f55707aa4]::panicking::panic_handler::{closure#0}, !>
[INFO] [stdout]    9:     0x5eb0ca1140fd - __rustc[8fa7c3cbc660c2b3]::rust_begin_unwind
[INFO] [stdout]   10:     0x5eb0ca14e11c - core[df12db4294e9bfd3]::panicking::panic_fmt
[INFO] [stdout]   11:     0x5eb0ca14def2 - core[df12db4294e9bfd3]::result::unwrap_failed
[INFO] [stdout]   12:     0x5eb0c9fce35d - crossref_xml[c696e7bdda3b3482]::tests::test_journal_with_article_to_xml
[INFO] [stdout]   13:     0x5eb0c9fe7d09 - <crossref_xml[c696e7bdda3b3482]::tests::test_journal_with_article_to_xml::{closure#0} as core[df12db4294e9bfd3]::ops::function::FnOnce<()>>::call_once
[INFO] [stdout]   14:     0x5eb0c9ff7aab - test[9d35eded1c95d3be]::__rust_begin_short_backtrace::<core[df12db4294e9bfd3]::result::Result<(), alloc[2182bb758b4b3781]::string::String>, fn() -> core[df12db4294e9bfd3]::result::Result<(), alloc[2182bb758b4b3781]::string::String>>
[INFO] [stdout]   15:     0x5eb0ca005115 - test[9d35eded1c95d3be]::run_test::{closure#0}
[INFO] [stdout]   16:     0x5eb0c9ffe9d4 - std[70759c8f55707aa4]::sys::backtrace::__rust_begin_short_backtrace::<test[9d35eded1c95d3be]::run_test::{closure#1}, ()>
[INFO] [stdout]   17:     0x5eb0ca008272 - <std[70759c8f55707aa4]::thread::lifecycle::spawn_unchecked<test[9d35eded1c95d3be]::run_test::{closure#1}, ()>::{closure#1} as core[df12db4294e9bfd3]::ops::function::FnOnce<()>>::call_once::{shim:vtable#0}
[INFO] [stdout]   18:     0x5eb0ca137299 - <std[70759c8f55707aa4]::sys::thread::unix::Thread>::new::thread_start
[INFO] [stdout]   19:     0x71efe8fd7dfa - <unknown>
[INFO] [stdout]   20:     0x71efe906b3d4 - clone
[INFO] [stdout]   21:                0x0 - <unknown>
[INFO] [stdout] 
[INFO] [stdout] ---- tests::test_conference_with_paper_to_xml stdout ----
[INFO] [stdout] 
[INFO] [stdout] thread 'tests::test_conference_with_paper_to_xml' (1231) panicked at src/lib.rs:1087:38:
[INFO] [stdout] Should create test directory: Os { code: 30, kind: ReadOnlyFilesystem, message: "Read-only file system" }
[INFO] [stdout] stack backtrace:
[INFO] [stdout]    0:     0x5eb0ca137bb1 - <<std[70759c8f55707aa4]::sys::backtrace::BacktraceLock>::print::DisplayBacktrace as core[df12db4294e9bfd3]::fmt::Display>::fmt
[INFO] [stdout]    1:     0x5eb0ca14d93a - core[df12db4294e9bfd3]::fmt::write
[INFO] [stdout]    2:     0x5eb0ca13c04c - <alloc[2182bb758b4b3781]::vec::Vec<u8> as core[df12db4294e9bfd3]::io::write::Write>::write_fmt
[INFO] [stdout]    3:     0x5eb0ca113456 - std[70759c8f55707aa4]::panicking::default_hook::{closure#0}
[INFO] [stdout]    4:     0x5eb0ca130109 - std[70759c8f55707aa4]::panicking::default_hook
[INFO] [stdout]    5:     0x5eb0ca0047c0 - test[9d35eded1c95d3be]::test_main_inner::<test[9d35eded1c95d3be]::test_main_static::{closure#0}>::{closure#0}
[INFO] [stdout]    6:     0x5eb0ca1302c2 - std[70759c8f55707aa4]::panicking::panic_with_hook
[INFO] [stdout]    7:     0x5eb0ca113502 - std[70759c8f55707aa4]::panicking::panic_handler::{closure#0}
[INFO] [stdout]    8:     0x5eb0ca10c169 - std[70759c8f55707aa4]::sys::backtrace::__rust_end_short_backtrace::<std[70759c8f55707aa4]::panicking::panic_handler::{closure#0}, !>
[INFO] [stdout]    9:     0x5eb0ca1140fd - __rustc[8fa7c3cbc660c2b3]::rust_begin_unwind
[INFO] [stdout]   10:     0x5eb0ca14e11c - core[df12db4294e9bfd3]::panicking::panic_fmt
[INFO] [stdout]   11:     0x5eb0ca14def2 - core[df12db4294e9bfd3]::result::unwrap_failed
[INFO] [stdout]   12:     0x5eb0c9fced98 - crossref_xml[c696e7bdda3b3482]::tests::test_conference_with_paper_to_xml
[INFO] [stdout]   13:     0x5eb0c9fe7d29 - <crossref_xml[c696e7bdda3b3482]::tests::test_conference_with_paper_to_xml::{closure#0} as core[df12db4294e9bfd3]::ops::function::FnOnce<()>>::call_once
[INFO] [stdout]   14:     0x5eb0c9ff7aab - test[9d35eded1c95d3be]::__rust_begin_short_backtrace::<core[df12db4294e9bfd3]::result::Result<(), alloc[2182bb758b4b3781]::string::String>, fn() -> core[df12db4294e9bfd3]::result::Result<(), alloc[2182bb758b4b3781]::string::String>>
[INFO] [stdout]   15:     0x5eb0ca005115 - test[9d35eded1c95d3be]::run_test::{closure#0}
[INFO] [stdout]   16:     0x5eb0c9ffe9d4 - std[70759c8f55707aa4]::sys::backtrace::__rust_begin_short_backtrace::<test[9d35eded1c95d3be]::run_test::{closure#1}, ()>
[INFO] [stdout]   17:     0x5eb0ca008272 - <std[70759c8f55707aa4]::thread::lifecycle::spawn_unchecked<test[9d35eded1c95d3be]::run_test::{closure#1}, ()>::{closure#1} as core[df12db4294e9bfd3]::ops::function::FnOnce<()>>::call_once::{shim:vtable#0}
[INFO] [stdout]   18:     0x5eb0ca137299 - <std[70759c8f55707aa4]::sys::thread::unix::Thread>::new::thread_start
[INFO] [stdout]   19:     0x71efe8fd7dfa - <unknown>
[INFO] [stdout]   20:     0x71efe906b3d4 - clone
[INFO] [stdout]   21:                0x0 - <unknown>
[INFO] [stdout] 
[INFO] [stdout] ---- tests::test_book_with_content_item_to_xml stdout ----
[INFO] [stdout] 
[INFO] [stdout] thread 'tests::test_book_with_content_item_to_xml' (1229) panicked at src/lib.rs:985:38:
[INFO] [stdout] Should create test directory: Os { code: 30, kind: ReadOnlyFilesystem, message: "Read-only file system" }
[INFO] [stdout] stack backtrace:
[INFO] [stdout]    0:     0x5eb0ca137bb1 - <<std[70759c8f55707aa4]::sys::backtrace::BacktraceLock>::print::DisplayBacktrace as core[df12db4294e9bfd3]::fmt::Display>::fmt
[INFO] [stdout]    1:     0x5eb0ca14d93a - core[df12db4294e9bfd3]::fmt::write
[INFO] [stdout]    2:     0x5eb0ca13c04c - <alloc[2182bb758b4b3781]::vec::Vec<u8> as core[df12db4294e9bfd3]::io::write::Write>::write_fmt
[INFO] [stdout]    3:     0x5eb0ca113456 - std[70759c8f55707aa4]::panicking::default_hook::{closure#0}
[INFO] [stdout]    4:     0x5eb0ca130109 - std[70759c8f55707aa4]::panicking::default_hook
[INFO] [stdout]    5:     0x5eb0ca0047c0 - test[9d35eded1c95d3be]::test_main_inner::<test[9d35eded1c95d3be]::test_main_static::{closure#0}>::{closure#0}
[INFO] [stdout]    6:     0x5eb0ca1302c2 - std[70759c8f55707aa4]::panicking::panic_with_hook
[INFO] [stdout]    7:     0x5eb0ca113502 - std[70759c8f55707aa4]::panicking::panic_handler::{closure#0}
[INFO] [stdout]    8:     0x5eb0ca10c169 - std[70759c8f55707aa4]::sys::backtrace::__rust_end_short_backtrace::<std[70759c8f55707aa4]::panicking::panic_handler::{closure#0}, !>
[INFO] [stdout]    9:     0x5eb0ca1140fd - __rustc[8fa7c3cbc660c2b3]::rust_begin_unwind
[INFO] [stdout]   10:     0x5eb0ca14e11c - core[df12db4294e9bfd3]::panicking::panic_fmt
[INFO] [stdout]   11:     0x5eb0ca14def2 - core[df12db4294e9bfd3]::result::unwrap_failed
[INFO] [stdout]   12:     0x5eb0c9fcfb0f - crossref_xml[c696e7bdda3b3482]::tests::test_book_with_content_item_to_xml
[INFO] [stdout]   13:     0x5eb0c9fe7d69 - <crossref_xml[c696e7bdda3b3482]::tests::test_book_with_content_item_to_xml::{closure#0} as core[df12db4294e9bfd3]::ops::function::FnOnce<()>>::call_once
[INFO] [stdout]   14:     0x5eb0c9ff7aab - test[9d35eded1c95d3be]::__rust_begin_short_backtrace::<core[df12db4294e9bfd3]::result::Result<(), alloc[2182bb758b4b3781]::string::String>, fn() -> core[df12db4294e9bfd3]::result::Result<(), alloc[2182bb758b4b3781]::string::String>>
[INFO] [stdout]   15:     0x5eb0ca005115 - test[9d35eded1c95d3be]::run_test::{closure#0}
[INFO] [stdout]   16:     0x5eb0c9ffe9d4 - std[70759c8f55707aa4]::sys::backtrace::__rust_begin_short_backtrace::<test[9d35eded1c95d3be]::run_test::{closure#1}, ()>
[INFO] [stdout]   17:     0x5eb0ca008272 - <std[70759c8f55707aa4]::thread::lifecycle::spawn_unchecked<test[9d35eded1c95d3be]::run_test::{closure#1}, ()>::{closure#1} as core[df12db4294e9bfd3]::ops::function::FnOnce<()>>::call_once::{shim:vtable#0}
[INFO] [stdout]   18:     0x5eb0ca137299 - <std[70759c8f55707aa4]::sys::thread::unix::Thread>::new::thread_start
[INFO] [stdout]   19:     0x71efe8fd7dfa - <unknown>
[INFO] [stdout]   20:     0x71efe906b3d4 - clone
[INFO] [stdout]   21:                0x0 - <unknown>
[INFO] [stdout] 
[INFO] [stdout] ---- tests::test_manual_construction stdout ----
[INFO] [stdout] 
[INFO] [stdout] thread 'tests::test_manual_construction' (1234) panicked at src/lib.rs:893:38:
[INFO] [stdout] Should create test directory: Os { code: 30, kind: ReadOnlyFilesystem, message: "Read-only file system" }
[INFO] [stdout] stack backtrace:
[INFO] [stdout]    0:     0x5eb0ca137bb1 - <<std[70759c8f55707aa4]::sys::backtrace::BacktraceLock>::print::DisplayBacktrace as core[df12db4294e9bfd3]::fmt::Display>::fmt
[INFO] [stdout]    1:     0x5eb0ca14d93a - core[df12db4294e9bfd3]::fmt::write
[INFO] [stdout]    2:     0x5eb0ca13c04c - <alloc[2182bb758b4b3781]::vec::Vec<u8> as core[df12db4294e9bfd3]::io::write::Write>::write_fmt
[INFO] [stdout]    3:     0x5eb0ca113456 - std[70759c8f55707aa4]::panicking::default_hook::{closure#0}
[INFO] [stdout]    4:     0x5eb0ca130109 - std[70759c8f55707aa4]::panicking::default_hook
[INFO] [stdout]    5:     0x5eb0ca0047c0 - test[9d35eded1c95d3be]::test_main_inner::<test[9d35eded1c95d3be]::test_main_static::{closure#0}>::{closure#0}
[INFO] [stdout]    6:     0x5eb0ca1302c2 - std[70759c8f55707aa4]::panicking::panic_with_hook
[INFO] [stdout]    7:     0x5eb0ca113502 - std[70759c8f55707aa4]::panicking::panic_handler::{closure#0}
[INFO] [stdout]    8:     0x5eb0ca10c169 - std[70759c8f55707aa4]::sys::backtrace::__rust_end_short_backtrace::<std[70759c8f55707aa4]::panicking::panic_handler::{closure#0}, !>
[INFO] [stdout]    9:     0x5eb0ca1140fd - __rustc[8fa7c3cbc660c2b3]::rust_begin_unwind
[INFO] [stdout]   10:     0x5eb0ca14e11c - core[df12db4294e9bfd3]::panicking::panic_fmt
[INFO] [stdout]   11:     0x5eb0ca14def2 - core[df12db4294e9bfd3]::result::unwrap_failed
[INFO] [stdout]   12:     0x5eb0c9fcb453 - crossref_xml[c696e7bdda3b3482]::tests::test_manual_construction
[INFO] [stdout]   13:     0x5eb0c9fe7be9 - <crossref_xml[c696e7bdda3b3482]::tests::test_manual_construction::{closure#0} as core[df12db4294e9bfd3]::ops::function::FnOnce<()>>::call_once
[INFO] [stdout]   14:     0x5eb0c9ff7aab - test[9d35eded1c95d3be]::__rust_begin_short_backtrace::<core[df12db4294e9bfd3]::result::Result<(), alloc[2182bb758b4b3781]::string::String>, fn() -> core[df12db4294e9bfd3]::result::Result<(), alloc[2182bb758b4b3781]::string::String>>
[INFO] [stdout]   15:     0x5eb0ca005115 - test[9d35eded1c95d3be]::run_test::{closure#0}
[INFO] [stdout]   16:     0x5eb0c9ffe9d4 - std[70759c8f55707aa4]::sys::backtrace::__rust_begin_short_backtrace::<test[9d35eded1c95d3be]::run_test::{closure#1}, ()>
[INFO] [stdout]   17:     0x5eb0ca008272 - <std[70759c8f55707aa4]::thread::lifecycle::spawn_unchecked<test[9d35eded1c95d3be]::run_test::{closure#1}, ()>::{closure#1} as core[df12db4294e9bfd3]::ops::function::FnOnce<()>>::call_once::{shim:vtable#0}
[INFO] [stdout]   18:     0x5eb0ca137299 - <std[70759c8f55707aa4]::sys::thread::unix::Thread>::new::thread_start
[INFO] [stdout]   19:     0x71efe8fd7dfa - <unknown>
[INFO] [stdout]   20:     0x71efe906b3d4 - clone
[INFO] [stdout]   21:                0x0 - <unknown>
[INFO] [stdout] 
[INFO] [stdout] ---- tests::test_minimal_book_to_xml stdout ----
[INFO] [stdout] 
[INFO] [stdout] thread 'tests::test_minimal_book_to_xml' (1236) panicked at src/lib.rs:945:38:
[INFO] [stdout] Should create test directory: Os { code: 30, kind: ReadOnlyFilesystem, message: "Read-only file system" }
[INFO] [stdout] stack backtrace:
[INFO] [stdout]    0:     0x5eb0ca137bb1 - <<std[70759c8f55707aa4]::sys::backtrace::BacktraceLock>::print::DisplayBacktrace as core[df12db4294e9bfd3]::fmt::Display>::fmt
[INFO] [stdout]    1:     0x5eb0ca14d93a - core[df12db4294e9bfd3]::fmt::write
[INFO] [stdout]    2:     0x5eb0ca13c04c - <alloc[2182bb758b4b3781]::vec::Vec<u8> as core[df12db4294e9bfd3]::io::write::Write>::write_fmt
[INFO] [stdout]    3:     0x5eb0ca113456 - std[70759c8f55707aa4]::panicking::default_hook::{closure#0}
[INFO] [stdout]    4:     0x5eb0ca130109 - std[70759c8f55707aa4]::panicking::default_hook
[INFO] [stdout]    5:     0x5eb0ca0047c0 - test[9d35eded1c95d3be]::test_main_inner::<test[9d35eded1c95d3be]::test_main_static::{closure#0}>::{closure#0}
[INFO] [stdout]    6:     0x5eb0ca1302c2 - std[70759c8f55707aa4]::panicking::panic_with_hook
[INFO] [stdout]    7:     0x5eb0ca113502 - std[70759c8f55707aa4]::panicking::panic_handler::{closure#0}
[INFO] [stdout]    8:     0x5eb0ca10c169 - std[70759c8f55707aa4]::sys::backtrace::__rust_end_short_backtrace::<std[70759c8f55707aa4]::panicking::panic_handler::{closure#0}, !>
[INFO] [stdout]    9:     0x5eb0ca1140fd - __rustc[8fa7c3cbc660c2b3]::rust_begin_unwind
[INFO] [stdout]   10:     0x5eb0ca14e11c - core[df12db4294e9bfd3]::panicking::panic_fmt
[INFO] [stdout]   11:     0x5eb0ca14def2 - core[df12db4294e9bfd3]::result::unwrap_failed
[INFO] [stdout]   12:     0x5eb0c9fcbf0d - crossref_xml[c696e7bdda3b3482]::tests::test_minimal_book_to_xml
[INFO] [stdout]   13:     0x5eb0c9fe7c09 - <crossref_xml[c696e7bdda3b3482]::tests::test_minimal_book_to_xml::{closure#0} as core[df12db4294e9bfd3]::ops::function::FnOnce<()>>::call_once
[INFO] [stdout]   14:     0x5eb0c9ff7aab - test[9d35eded1c95d3be]::__rust_begin_short_backtrace::<core[df12db4294e9bfd3]::result::Result<(), alloc[2182bb758b4b3781]::string::String>, fn() -> core[df12db4294e9bfd3]::result::Result<(), alloc[2182bb758b4b3781]::string::String>>
[INFO] [stdout]   15:     0x5eb0ca005115 - test[9d35eded1c95d3be]::run_test::{closure#0}
[INFO] [stdout]   16:     0x5eb0c9ffe9d4 - std[70759c8f55707aa4]::sys::backtrace::__rust_begin_short_backtrace::<test[9d35eded1c95d3be]::run_test::{closure#1}, ()>
[INFO] [stdout]   17:     0x5eb0ca008272 - <std[70759c8f55707aa4]::thread::lifecycle::spawn_unchecked<test[9d35eded1c95d3be]::run_test::{closure#1}, ()>::{closure#1} as core[df12db4294e9bfd3]::ops::function::FnOnce<()>>::call_once::{shim:vtable#0}
[INFO] [stdout]   18:     0x5eb0ca137299 - <std[70759c8f55707aa4]::sys::thread::unix::Thread>::new::thread_start
[INFO] [stdout]   19:     0x71efe8fd7dfa - <unknown>
[INFO] [stdout]   20:     0x71efe906b3d4 - clone
[INFO] [stdout]   21:                0x0 - <unknown>
[INFO] [stdout] 
[INFO] [stdout] ---- tests::test_minimal_conference_to_xml stdout ----
[INFO] [stdout] 
[INFO] [stdout] thread 'tests::test_minimal_conference_to_xml' (1238) panicked at src/lib.rs:1046:38:
[INFO] [stdout] Should create test directory: Os { code: 30, kind: ReadOnlyFilesystem, message: "Read-only file system" }
[INFO] [stdout] stack backtrace:
[INFO] [stdout]    0:     0x5eb0ca137bb1 - <<std[70759c8f55707aa4]::sys::backtrace::BacktraceLock>::print::DisplayBacktrace as core[df12db4294e9bfd3]::fmt::Display>::fmt
[INFO] [stdout]    1:     0x5eb0ca14d93a - core[df12db4294e9bfd3]::fmt::write
[INFO] [stdout]    2:     0x5eb0ca13c04c - <alloc[2182bb758b4b3781]::vec::Vec<u8> as core[df12db4294e9bfd3]::io::write::Write>::write_fmt
[INFO] [stdout]    3:     0x5eb0ca113456 - std[70759c8f55707aa4]::panicking::default_hook::{closure#0}
[INFO] [stdout]    4:     0x5eb0ca130109 - std[70759c8f55707aa4]::panicking::default_hook
[INFO] [stdout]    5:     0x5eb0ca0047c0 - test[9d35eded1c95d3be]::test_main_inner::<test[9d35eded1c95d3be]::test_main_static::{closure#0}>::{closure#0}
[INFO] [stdout]    6:     0x5eb0ca1302c2 - std[70759c8f55707aa4]::panicking::panic_with_hook
[INFO] [stdout]    7:     0x5eb0ca113502 - std[70759c8f55707aa4]::panicking::panic_handler::{closure#0}
[INFO] [stdout]    8:     0x5eb0ca10c169 - std[70759c8f55707aa4]::sys::backtrace::__rust_end_short_backtrace::<std[70759c8f55707aa4]::panicking::panic_handler::{closure#0}, !>
[INFO] [stdout]    9:     0x5eb0ca1140fd - __rustc[8fa7c3cbc660c2b3]::rust_begin_unwind
[INFO] [stdout]   10:     0x5eb0ca14e11c - core[df12db4294e9bfd3]::panicking::panic_fmt
[INFO] [stdout]   11:     0x5eb0ca14def2 - core[df12db4294e9bfd3]::result::unwrap_failed
[INFO] [stdout]   12:     0x5eb0c9fcd4c4 - crossref_xml[c696e7bdda3b3482]::tests::test_minimal_conference_to_xml
[INFO] [stdout]   13:     0x5eb0c9fe7ca9 - <crossref_xml[c696e7bdda3b3482]::tests::test_minimal_conference_to_xml::{closure#0} as core[df12db4294e9bfd3]::ops::function::FnOnce<()>>::call_once
[INFO] [stdout]   14:     0x5eb0c9ff7aab - test[9d35eded1c95d3be]::__rust_begin_short_backtrace::<core[df12db4294e9bfd3]::result::Result<(), alloc[2182bb758b4b3781]::string::String>, fn() -> core[df12db4294e9bfd3]::result::Result<(), alloc[2182bb758b4b3781]::string::String>>
[INFO] [stdout]   15:     0x5eb0ca005115 - test[9d35eded1c95d3be]::run_test::{closure#0}
[INFO] [stdout]   16:     0x5eb0c9ffe9d4 - std[70759c8f55707aa4]::sys::backtrace::__rust_begin_short_backtrace::<test[9d35eded1c95d3be]::run_test::{closure#1}, ()>
[INFO] [stdout]   17:     0x5eb0ca008272 - <std[70759c8f55707aa4]::thread::lifecycle::spawn_unchecked<test[9d35eded1c95d3be]::run_test::{closure#1}, ()>::{closure#1} as core[df12db4294e9bfd3]::ops::function::FnOnce<()>>::call_once::{shim:vtable#0}
[INFO] [stdout]   18:     0x5eb0ca137299 - <std[70759c8f55707aa4]::sys::thread::unix::Thread>::new::thread_start
[INFO] [stdout]   19:     0x71efe8fd7dfa - <unknown>
[INFO] [stdout]   20:     0x71efe906b3d4 - clone
[INFO] [stdout]   21:                0x0 - <unknown>
[INFO] [stdout] 
[INFO] [stdout] ---- tests::test_minimal_journal_to_xml stdout ----
[INFO] [stdout] 
[INFO] [stdout] thread 'tests::test_minimal_journal_to_xml' (1241) panicked at src/lib.rs:673:38:
[INFO] [stdout] Should create test directory: Os { code: 30, kind: ReadOnlyFilesystem, message: "Read-only file system" }
[INFO] [stdout] stack backtrace:
[INFO] [stdout]    0:     0x5eb0ca137bb1 - <<std[70759c8f55707aa4]::sys::backtrace::BacktraceLock>::print::DisplayBacktrace as core[df12db4294e9bfd3]::fmt::Display>::fmt
[INFO] [stdout]    1:     0x5eb0ca14d93a - core[df12db4294e9bfd3]::fmt::write
[INFO] [stdout]    2:     0x5eb0ca13c04c - <alloc[2182bb758b4b3781]::vec::Vec<u8> as core[df12db4294e9bfd3]::io::write::Write>::write_fmt
[INFO] [stdout]    3:     0x5eb0ca113456 - std[70759c8f55707aa4]::panicking::default_hook::{closure#0}
[INFO] [stdout]    4:     0x5eb0ca130109 - std[70759c8f55707aa4]::panicking::default_hook
[INFO] [stdout]    5:     0x5eb0ca0047c0 - test[9d35eded1c95d3be]::test_main_inner::<test[9d35eded1c95d3be]::test_main_static::{closure#0}>::{closure#0}
[INFO] [stdout]    6:     0x5eb0ca1302c2 - std[70759c8f55707aa4]::panicking::panic_with_hook
[INFO] [stdout]    7:     0x5eb0ca113502 - std[70759c8f55707aa4]::panicking::panic_handler::{closure#0}
[INFO] [stdout]    8:     0x5eb0ca10c169 - std[70759c8f55707aa4]::sys::backtrace::__rust_end_short_backtrace::<std[70759c8f55707aa4]::panicking::panic_handler::{closure#0}, !>
[INFO] [stdout]    9:     0x5eb0ca1140fd - __rustc[8fa7c3cbc660c2b3]::rust_begin_unwind
[INFO] [stdout]   10:     0x5eb0ca14e11c - core[df12db4294e9bfd3]::panicking::panic_fmt
[INFO] [stdout]   11:     0x5eb0ca14def2 - core[df12db4294e9bfd3]::result::unwrap_failed
[INFO] [stdout]   12:     0x5eb0c9fcc86a - crossref_xml[c696e7bdda3b3482]::tests::test_minimal_journal_to_xml
[INFO] [stdout]   13:     0x5eb0c9fe7c49 - <crossref_xml[c696e7bdda3b3482]::tests::test_minimal_journal_to_xml::{closure#0} as core[df12db4294e9bfd3]::ops::function::FnOnce<()>>::call_once
[INFO] [stdout]   14:     0x5eb0c9ff7aab - test[9d35eded1c95d3be]::__rust_begin_short_backtrace::<core[df12db4294e9bfd3]::result::Result<(), alloc[2182bb758b4b3781]::string::String>, fn() -> core[df12db4294e9bfd3]::result::Result<(), alloc[2182bb758b4b3781]::string::String>>
[INFO] [stdout]   15:     0x5eb0ca005115 - test[9d35eded1c95d3be]::run_test::{closure#0}
[INFO] [stdout]   16:     0x5eb0c9ffe9d4 - std[70759c8f55707aa4]::sys::backtrace::__rust_begin_short_backtrace::<test[9d35eded1c95d3be]::run_test::{closure#1}, ()>
[INFO] [stdout]   17:     0x5eb0ca008272 - <std[70759c8f55707aa4]::thread::lifecycle::spawn_unchecked<test[9d35eded1c95d3be]::run_test::{closure#1}, ()>::{closure#1} as core[df12db4294e9bfd3]::ops::function::FnOnce<()>>::call_once::{shim:vtable#0}
[INFO] [stdout]   18:     0x5eb0ca137299 - <std[70759c8f55707aa4]::sys::thread::unix::Thread>::new::thread_start
[INFO] [stdout]   19:     0x71efe8fd7dfa - <unknown>
[INFO] [stdout]   20:     0x71efe906b3d4 - clone
[INFO] [stdout]   21:                0x0 - <unknown>
[INFO] [stdout] 
[INFO] [stdout] 
[INFO] [stdout] failures:
[INFO] [stdout]     tests::test_book_with_content_item_to_xml
[INFO] [stdout]     tests::test_conference_with_paper_to_xml
[INFO] [stdout]     tests::test_journal_with_article_to_xml
[INFO] [stdout]     tests::test_manual_construction
[INFO] [stdout]     tests::test_minimal_book_to_xml
[INFO] [stdout]     tests::test_minimal_conference_to_xml
[INFO] [stdout]     tests::test_minimal_journal_to_xml
[INFO] [stdout] 
[INFO] [stdout] test result: FAILED. 299 passed; 7 failed; 0 ignored; 0 measured; 0 filtered out; finished in 0.11s
[INFO] [stdout] 
[INFO] [stderr] error: test failed, to rerun pass `--lib`
[INFO] running `Command { std: "docker" "inspect" "e98b60558b1b987b5e167e59f3e5fa7051afe4d136d22c48b0d07b403c5e8b2c", kill_on_drop: false }`
[INFO] running `Command { std: "docker" "rm" "-f" "e98b60558b1b987b5e167e59f3e5fa7051afe4d136d22c48b0d07b403c5e8b2c", kill_on_drop: false }`
[INFO] [stdout] e98b60558b1b987b5e167e59f3e5fa7051afe4d136d22c48b0d07b403c5e8b2c
