[INFO] fetching crate crossref-client 0.2.1...
[INFO] testing crossref-client-0.2.1 against 1.99.0-beta.8+cargoflags=--release for beta-release-1.100-2
[INFO] extracting crate crossref-client 0.2.1 into /workspace/builds/worker-1-tc1/source
[INFO] started tweaking crates.io crate crossref-client 0.2.1
[INFO] removed 0 missing examples
[INFO] removed 0 missing tests
[INFO] finished tweaking crates.io crate crossref-client 0.2.1
[INFO] tweaked toml for crates.io crate crossref-client 0.2.1 written to /workspace/builds/worker-1-tc1/source/Cargo.toml
[INFO] validating manifest of crates.io crate crossref-client 0.2.1 on toolchain 1.99.0-beta.8
[INFO] running `Command { std: CARGO_HOME="/workspace/cargo-home" RUSTUP_HOME="/workspace/rustup-home" "/workspace/cargo-home/bin/cargo" "+1.99.0-beta.8" "metadata" "--manifest-path" "Cargo.toml" "--no-deps", kill_on_drop: false }`
[INFO] crate crates.io crate crossref-client 0.2.1 already has a lockfile, it will not be regenerated
[INFO] running `Command { std: CARGO_HOME="/workspace/cargo-home" RUSTUP_HOME="/workspace/rustup-home" "/workspace/cargo-home/bin/cargo" "+1.99.0-beta.8" "fetch" "--manifest-path" "Cargo.toml", kill_on_drop: false }`
[INFO] [stderr]     Updating crates.io index
[INFO] [stderr]  Downloading crates ...
[INFO] [stderr]   Downloaded futures-task v0.3.33
[INFO] [stderr]   Downloaded futures-core v0.3.33
[INFO] [stderr]   Downloaded futures-sink v0.3.33
[INFO] [stderr]   Downloaded async-iterator v2.3.0
[INFO] [stderr]   Downloaded quinn-udp v0.5.15
[INFO] [stderr]   Downloaded http-body-util v0.1.4
[INFO] [stderr]   Downloaded find-msvc-tools v0.1.10
[INFO] [stderr]   Downloaded futures-channel v0.3.33
[INFO] [stderr]   Downloaded chacha20 v0.10.1
[INFO] [stderr]   Downloaded ipnet v2.12.1
[INFO] [stderr]   Downloaded futures-util v0.3.33
[INFO] [stderr]   Downloaded quinn v0.11.11
[INFO] [stderr]   Downloaded cc v1.4.2
[INFO] [stderr]   Downloaded reqwest v0.13.4
[INFO] [stderr]   Downloaded h2 v0.4.15
[INFO] [stderr]   Downloaded hyper v1.11.0
[INFO] [stderr]   Downloaded quinn-proto v0.11.16
[INFO] [stderr]   Downloaded aws-lc-rs v1.18.0
[INFO] [stderr]   Downloaded rustls v0.23.43
[INFO] [stderr]   Downloaded aws-lc-sys v0.44.0
[INFO] running `Command { std: "docker" "create" "-v" "/var/lib/crater-agent-workspace/builds/worker-1-tc1/source:/opt/rustwide/workdir:ro,Z" "-v" "/var/lib/crater-agent-workspace/builds/worker-1-tc1/target:/opt/rustwide/target:rw,Z" "-v" "/var/lib/crater-agent-workspace/cargo-home:/opt/rustwide/cargo-home:ro,Z" "-v" "/var/lib/crater-agent-workspace/rustup-home:/opt/rustwide/rustup-home:ro,Z" "-m" "1610612736" "--network" "none" "ghcr.io/rust-lang/crates-build-env/linux@sha256:77db811e55d90add9212f6832c23229e3de5f1c1f9905e8cb07319ea15df73ac" "sleep" "infinity", kill_on_drop: false }`
[INFO] [stdout] 5b8a223221b18093cda27980170a3328faf8f786f85bcd0128d563bc9cad6bfd
[INFO] running `Command { std: "docker" "start" "5b8a223221b18093cda27980170a3328faf8f786f85bcd0128d563bc9cad6bfd", kill_on_drop: false }`
[INFO] running `Command { std: "docker" "inspect" "5b8a223221b18093cda27980170a3328faf8f786f85bcd0128d563bc9cad6bfd", kill_on_drop: false }`
[INFO] running `Command { std: "docker" "exec" "-e" "SOURCE_DIR=/opt/rustwide/workdir" "-e" "CARGO_HOME=/opt/rustwide/cargo-home" "-e" "RUSTUP_HOME=/opt/rustwide/rustup-home" "-e" "CARGO_TARGET_DIR=/opt/rustwide/target" "-w" "/opt/rustwide/workdir" "--user" "0:0" "5b8a223221b18093cda27980170a3328faf8f786f85bcd0128d563bc9cad6bfd" "/opt/rustwide/cargo-home/bin/cargo" "+1.99.0-beta.8" "metadata" "--no-deps" "--format-version=1", kill_on_drop: false }`
[INFO] running `Command { std: "docker" "inspect" "5b8a223221b18093cda27980170a3328faf8f786f85bcd0128d563bc9cad6bfd", kill_on_drop: false }`
[INFO] running `Command { std: "docker" "exec" "-e" "SOURCE_DIR=/opt/rustwide/workdir" "-e" "CARGO_HOME=/opt/rustwide/cargo-home" "-e" "RUSTUP_HOME=/opt/rustwide/rustup-home" "-e" "CARGO_TARGET_DIR=/opt/rustwide/target" "-e" "CARGO_INCREMENTAL=0" "-e" "RUST_BACKTRACE=full" "-e" "RUSTFLAGS=--cap-lints=warn" "-e" "RUSTDOCFLAGS=--cap-lints=warn" "-w" "/opt/rustwide/workdir" "--user" "0:0" "5b8a223221b18093cda27980170a3328faf8f786f85bcd0128d563bc9cad6bfd" "/opt/rustwide/cargo-home/bin/cargo" "+1.99.0-beta.8" "build" "--frozen" "--message-format=json" "--release", kill_on_drop: false }`
[INFO] [stderr]    Compiling syn v2.0.119
[INFO] [stderr]    Compiling syn v3.0.3
[INFO] [stderr]    Compiling libc v0.2.189
[INFO] [stderr]    Compiling find-msvc-tools v0.1.10
[INFO] [stderr]    Compiling futures-core v0.3.33
[INFO] [stderr]    Compiling dunce v1.0.5
[INFO] [stderr]    Compiling fs_extra v1.3.0
[INFO] [stderr]    Compiling pkg-config v0.3.33
[INFO] [stderr]    Compiling tokio v1.53.1
[INFO] [stderr]    Compiling zeroize v1.9.0
[INFO] [stderr]    Compiling aws-lc-rs v1.18.0
[INFO] [stderr]    Compiling smallvec v1.15.2
[INFO] [stderr]    Compiling http v1.5.0
[INFO] [stderr]    Compiling slab v0.4.12
[INFO] [stderr]    Compiling rustls-pki-types v1.15.1
[INFO] [stderr]    Compiling untrusted v0.9.0
[INFO] [stderr]    Compiling httparse v1.10.1
[INFO] [stderr]    Compiling futures-sink v0.3.33
[INFO] [stderr]    Compiling rustls v0.23.43
[INFO] [stderr]    Compiling futures-task v0.3.33
[INFO] [stderr]    Compiling subtle v2.6.1
[INFO] [stderr]    Compiling futures-util v0.3.33
[INFO] [stderr]    Compiling tower-service v0.3.3
[INFO] [stderr]    Compiling try-lock v0.2.5
[INFO] [stderr]    Compiling atomic-waker v1.1.2
[INFO] [stderr]    Compiling want v0.3.1
[INFO] [stderr]    Compiling jobserver v0.1.35
[INFO] [stderr]    Compiling cc v1.4.2
[INFO] [stderr]    Compiling http-body v1.1.0
[INFO] [stderr]    Compiling futures-channel v0.3.33
[INFO] [stderr]    Compiling num-traits v0.2.19
[INFO] [stderr]    Compiling form_urlencoded v1.2.2
[INFO] [stderr]    Compiling sync_wrapper v1.0.2
[INFO] [stderr]    Compiling ipnet v2.12.1
[INFO] [stderr]    Compiling openssl-probe v0.2.1
[INFO] [stderr]    Compiling tower-layer v0.3.3
[INFO] [stderr]    Compiling rustls-native-certs v0.8.4
[INFO] [stderr]    Compiling cmake v0.1.58
[INFO] [stderr]    Compiling displaydoc v0.2.7
[INFO] [stderr]    Compiling serde_derive v1.0.229
[INFO] [stderr]    Compiling log v0.4.33
[INFO] [stderr]    Compiling aws-lc-sys v0.44.0
[INFO] [stderr]    Compiling bitflags v2.13.1
[INFO] [stderr]    Compiling encoding_rs v0.8.35
[INFO] [stderr]    Compiling thiserror-impl v2.0.20
[INFO] [stderr]    Compiling http-body-util v0.1.4
[INFO] [stderr]    Compiling mime v0.3.17
[INFO] [stderr]    Compiling synstructure v0.13.2
[INFO] [stderr]    Compiling async-iterator v2.3.0
[INFO] [stderr]    Compiling thiserror v2.0.20
[INFO] [stderr]    Compiling zerofrom-derive v0.1.7
[INFO] [stderr]    Compiling yoke-derive v0.8.2
[INFO] [stderr]    Compiling zerovec-derive v0.11.3
[INFO] [stderr]    Compiling tracing-attributes v0.1.31
[INFO] [stderr]    Compiling tokio-util v0.7.19
[INFO] [stderr]    Compiling tower v0.5.3
[INFO] [stderr]    Compiling tracing v0.1.44
[INFO] [stderr]    Compiling zerofrom v0.1.8
[INFO] [stderr]    Compiling yoke v0.8.3
[INFO] [stderr]    Compiling zerovec v0.11.6
[INFO] [stderr]    Compiling zerotrie v0.2.4
[INFO] [stderr]    Compiling serde v1.0.229
[INFO] [stderr]    Compiling h2 v0.4.15
[INFO] [stderr]    Compiling tinystr v0.8.3
[INFO] [stderr]    Compiling icu_locale_core v2.2.0
[INFO] [stderr]    Compiling potential_utf v0.1.5
[INFO] [stderr]    Compiling chrono v0.4.45
[INFO] [stderr]    Compiling icu_collections v2.2.0
[INFO] [stderr]    Compiling icu_provider v2.2.0
[INFO] [stderr]    Compiling icu_properties v2.2.0
[INFO] [stderr]    Compiling icu_normalizer v2.2.0
[INFO] [stderr]    Compiling idna_adapter v1.2.2
[INFO] [stderr]    Compiling idna v1.1.0
[INFO] [stderr]    Compiling hyper v1.11.0
[INFO] [stderr]    Compiling url v2.5.8
[INFO] [stderr]    Compiling tower-http v0.6.11
[INFO] [stderr]    Compiling hyper-util v0.1.20
[INFO] [stderr]    Compiling rustls-webpki v0.103.13
[INFO] [stderr]    Compiling tokio-rustls v0.26.4
[INFO] [stderr]    Compiling rustls-platform-verifier v0.7.0
[INFO] [stderr]    Compiling hyper-rustls v0.27.9
[INFO] [stderr]    Compiling reqwest v0.13.4
[INFO] [stderr]    Compiling crossref-client v0.2.1 (/opt/rustwide/workdir)
[INFO] [stderr]     Finished `release` profile [optimized] target(s) in 3m 44s
[INFO] running `Command { std: "docker" "inspect" "5b8a223221b18093cda27980170a3328faf8f786f85bcd0128d563bc9cad6bfd", kill_on_drop: false }`
[INFO] running `Command { std: "docker" "exec" "-e" "SOURCE_DIR=/opt/rustwide/workdir" "-e" "CARGO_HOME=/opt/rustwide/cargo-home" "-e" "RUSTUP_HOME=/opt/rustwide/rustup-home" "-e" "CARGO_TARGET_DIR=/opt/rustwide/target" "-e" "CARGO_INCREMENTAL=0" "-e" "RUST_BACKTRACE=full" "-e" "RUSTFLAGS=--cap-lints=warn" "-e" "RUSTDOCFLAGS=--cap-lints=warn" "-w" "/opt/rustwide/workdir" "--user" "0:0" "5b8a223221b18093cda27980170a3328faf8f786f85bcd0128d563bc9cad6bfd" "/opt/rustwide/cargo-home/bin/cargo" "+1.99.0-beta.8" "test" "--frozen" "--no-run" "--message-format=json" "--release", kill_on_drop: false }`
[INFO] [stderr]    Compiling syn v3.0.3
[INFO] [stderr]    Compiling tracing-core v0.1.36
[INFO] [stderr]    Compiling log v0.4.33
[INFO] [stderr]    Compiling thread_local v1.1.10
[INFO] [stderr]    Compiling nu-ansi-term v0.50.3
[INFO] [stderr]    Compiling sharded-slab v0.1.7
[INFO] [stderr]    Compiling rustls-platform-verifier v0.7.0
[INFO] [stderr]    Compiling tracing v0.1.44
[INFO] [stderr]    Compiling tracing-log v0.2.0
[INFO] [stderr]    Compiling tracing-subscriber v0.3.23
[INFO] [stderr]    Compiling displaydoc v0.2.7
[INFO] [stderr]    Compiling tokio-macros v2.7.2
[INFO] [stderr]    Compiling serde_derive v1.0.229
[INFO] [stderr]    Compiling thiserror-impl v2.0.20
[INFO] [stderr]    Compiling tinystr v0.8.3
[INFO] [stderr]    Compiling zerotrie v0.2.4
[INFO] [stderr]    Compiling icu_collections v2.2.0
[INFO] [stderr]    Compiling tokio v1.53.1
[INFO] [stderr]    Compiling icu_locale_core v2.2.0
[INFO] [stderr]    Compiling thiserror v2.0.20
[INFO] [stderr]    Compiling icu_provider v2.2.0
[INFO] [stderr]    Compiling icu_normalizer v2.2.0
[INFO] [stderr]    Compiling icu_properties v2.2.0
[INFO] [stderr]    Compiling serde v1.0.229
[INFO] [stderr]    Compiling chrono v0.4.45
[INFO] [stderr]    Compiling idna_adapter v1.2.2
[INFO] [stderr]    Compiling idna v1.1.0
[INFO] [stderr]    Compiling url v2.5.8
[INFO] [stderr]    Compiling tokio-util v0.7.19
[INFO] [stderr]    Compiling tower v0.5.3
[INFO] [stderr]    Compiling tokio-rustls v0.26.4
[INFO] [stderr]    Compiling tower-http v0.6.11
[INFO] [stderr]    Compiling h2 v0.4.15
[INFO] [stderr]    Compiling hyper v1.11.0
[INFO] [stderr]    Compiling hyper-util v0.1.20
[INFO] [stderr]    Compiling hyper-rustls v0.27.9
[INFO] [stderr]    Compiling reqwest v0.13.4
[INFO] [stderr]    Compiling crossref-client v0.2.1 (/opt/rustwide/workdir)
[INFO] [stderr]     Finished `release` profile [optimized] target(s) in 3m 57s
[INFO] running `Command { std: "docker" "inspect" "5b8a223221b18093cda27980170a3328faf8f786f85bcd0128d563bc9cad6bfd", kill_on_drop: false }`
[INFO] running `Command { std: "docker" "exec" "-e" "SOURCE_DIR=/opt/rustwide/workdir" "-e" "CARGO_HOME=/opt/rustwide/cargo-home" "-e" "RUSTUP_HOME=/opt/rustwide/rustup-home" "-e" "CARGO_TARGET_DIR=/opt/rustwide/target" "-e" "CARGO_INCREMENTAL=0" "-e" "RUST_BACKTRACE=full" "-e" "RUSTFLAGS=--cap-lints=warn" "-e" "RUSTDOCFLAGS=--cap-lints=warn" "-w" "/opt/rustwide/workdir" "--user" "0:0" "5b8a223221b18093cda27980170a3328faf8f786f85bcd0128d563bc9cad6bfd" "/opt/rustwide/cargo-home/bin/cargo" "+1.99.0-beta.8" "test" "--frozen" "--release", kill_on_drop: false }`
[INFO] [stderr]     Finished `release` profile [optimized] target(s) in 0.24s
[INFO] [stderr]      Running unittests src/lib.rs (/opt/rustwide/target/release/deps/crossref_client-44c855bea05658cb)
[INFO] [stdout] 
[INFO] [stdout] running 74 tests
[INFO] [stdout] test cn::tests::a_style_and_locale_become_accept_parameters ... ok
[INFO] [stdout] test limit::tests::a_backoff_holds_back_the_next_request ... ok
[INFO] [stdout] test cn::tests::no_two_formats_ask_for_the_same_thing ... ok
[INFO] [stdout] test limit::tests::a_half_reported_budget_is_no_budget ... ok
[INFO] [stdout] test limit::tests::a_zero_budget_does_not_divide_by_zero ... ok
[INFO] [stdout] test limit::tests::the_budget_is_read_from_the_headers_crossref_sends ... ok
[INFO] [stdout] test limit::tests::every_interval_unit_crossref_might_use_parses ... ok
[INFO] [stdout] test query::encode::tests::an_empty_parameter_list_has_no_question_mark ... ok
[INFO] [stdout] test limit::tests::requests_are_spaced_across_the_interval ... ok
[INFO] [stdout] test query::encode::tests::non_ascii_terms_are_encoded_as_utf8 ... ok
[INFO] [stdout] test query::encode::tests::ampersand_can_no_longer_terminate_a_parameter ... ok
[INFO] [stdout] test limit::tests::retry_after_seconds_are_understood_and_dates_are_not ... ok
[INFO] [stdout] test query::encode::tests::crossrefs_own_syntax_stays_literal ... ok
[INFO] [stdout] test query::funders::tests::terms_filter_and_paging_render_as_separate_parameters ... ok
[INFO] [stdout] test limit::tests::spacing_divides_the_interval_across_the_budget ... ok
[INFO] [stdout] test limit::tests::observing_a_response_replaces_the_assumed_budget ... ok
[INFO] [stdout] test query::licenses::tests::an_empty_query_targets_the_bare_route ... ok
[INFO] [stdout] test query::licenses::tests::terms_and_paging_render_as_separate_parameters ... ok
[INFO] [stdout] test query::encode::tests::pairs_are_joined_with_ampersands ... ok
[INFO] [stdout] test query::journals::tests::an_empty_query_targets_the_bare_route ... ok
[INFO] [stdout] test query::encode::tests::the_reserved_characters_are_all_encoded ... ok
[INFO] [stdout] test query::journals::tests::terms_and_paging_render_as_separate_parameters ... ok
[INFO] [stdout] test query::funders::tests::an_empty_query_targets_the_bare_route ... ok
[INFO] [stdout] test query::members::tests::filters_share_one_comma_separated_parameter ... ok
[INFO] [stdout] test query::tests::a_marker_filter_renders_as_true_and_a_value_filter_as_its_value ... ok
[INFO] [stdout] test query::tests::every_field_query_is_accepted_by_the_api ... ok
[INFO] [stdout] test query::tests::every_funders_filter_is_accepted_by_the_api ... ok
[INFO] [stdout] test query::tests::every_members_filter_is_accepted_by_the_api ... ok
[INFO] [stdout] test query::tests::every_selectable_element_is_accepted_by_the_api ... ok
[INFO] [stdout] test query::tests::every_sort_key_is_accepted_by_the_api ... ok
[INFO] [stdout] test query::tests::every_works_filter_is_accepted_by_the_api ... ok
[INFO] [stdout] test query::tests::sort_round_trips_through_from_str ... ok
[INFO] [stdout] test query::types::tests::a_type_deserializes_from_the_record_the_api_sends ... ok
[INFO] [stdout] test query::types::tests::every_type_round_trips_through_from_str ... ok
[INFO] [stdout] test query::works::tests::a_filter_reads_back_from_the_name_and_value_it_renders_as ... ok
[INFO] [stdout] test query::works::tests::a_filter_that_narrows_by_a_value_is_not_a_filter_without_one ... ok
[INFO] [stdout] test query::works::tests::a_filter_value_with_a_comma_in_it_is_refused ... ok
[INFO] [stdout] test query::works::tests::a_value_the_filter_cannot_narrow_by_is_refused_here ... ok
[INFO] [stdout] test query::works::tests::cursor_with_rows_renders_two_parameters ... ok
[INFO] [stdout] test query::tests::order_round_trips_through_from_str ... ok
[INFO] [stdout] test query::works::tests::an_empty_query_targets_the_bare_works_route ... ok
[INFO] [stdout] test query::works::tests::a_marker_is_asked_for_as_present_and_nothing_else ... ok
[INFO] [stdout] test query::works::tests::every_filter_the_route_takes_is_reachable_by_name ... ok
[INFO] [stdout] test query::works::tests::filter_and_field_query_values_are_encoded_too ... ok
[INFO] [stdout] test query::works::tests::filter_names_have_no_stray_whitespace ... ok
[INFO] [stdout] test query::types::tests::a_type_crossref_no_longer_registers_is_not_a_type ... ok
[INFO] [stdout] test query::works::tests::a_query_term_can_no_longer_inject_a_parameter ... ok
[INFO] [stdout] test query::works::tests::rows_offset_renders_two_parameters ... ok
[INFO] [stdout] test query::works::tests::selected_elements_render_as_one_comma_separated_parameter ... ok
[INFO] [stdout] test query::works::tests::sample_query_keeps_the_works_route ... ok
[INFO] [stdout] test response::tests::facets_deserialize ... ok
[INFO] [stdout] test query::works::tests::serialize_works_ident ... ok
[INFO] [stdout] test query::works::tests::new_cursor_renders_the_wildcard_token ... ok
[INFO] [stdout] test response::tests::funder_list_msg_deserialize ... ok
[INFO] [stdout] test query::works::tests::referenced_by_count_uses_the_crossref_spelling ... ok
[INFO] [stdout] test query::works::tests::a_select_that_omits_the_doi_still_asks_for_it ... ok
[INFO] [stdout] test response::tests::agency_msg_deserialize ... ok
[INFO] [stdout] test query::works::tests::a_name_no_filter_goes_by_is_refused_with_the_name_that_was_asked_for ... ok
[INFO] [stdout] test response::tests::funder_msg_deserialize ... ok
[INFO] [stdout] test response::tests::funder_msg_deserialize2 ... ok
[INFO] [stdout] test response::tests::journal_msg_deserialize ... ok
[INFO] [stdout] test response::tests::type_list_msg_deserialize ... ok
[INFO] [stdout] test response::tests::journals_list_msg_deserialize ... ok
[INFO] [stdout] test response::tests::prefix_msg_deserialize ... ok
[INFO] [stdout] test response::tests::type_msg_deserialize ... ok
[INFO] [stdout] test response::work::tests::a_date_deposited_to_the_year_or_the_month_is_still_a_date ... ok
[INFO] [stdout] test response::work::tests::a_date_that_is_no_date_reads_as_none ... ok
[INFO] [stdout] test response::tests::validation_failure_deserialize ... ok
[INFO] [stdout] test response::tests::member_msg_deserialize ... ok
[INFO] [stdout] test response::work::tests::a_range_and_a_list_of_dates_keep_the_year_they_start_at ... ok
[INFO] [stdout] test response::tests::work_msg_deserialize ... ok
[INFO] [stdout] test response::tests::members_list_msg_deserialize ... ok
[INFO] [stdout] test response::work::tests::date_parts_serde ... ok
[INFO] [stdout] test response::work::tests::serialize_work ... ok
[INFO] [stderr]      Running tests/integration.rs (/opt/rustwide/target/release/deps/integration-6086f49b57ad1c77)
[INFO] [stdout] 
[INFO] [stdout] test result: ok. 74 passed; 0 failed; 0 ignored; 0 measured; 0 filtered out; finished in 0.03s
[INFO] [stdout] 
[INFO] [stdout] 
[INFO] [stdout] running 17 tests
[INFO] [stdout] test a_rejected_request_reports_what_crossref_objected_to ... FAILED
[INFO] [stdout] test every_vocabulary_this_crate_pins_still_matches_the_api ... FAILED
[INFO] [stdout] test a_work_can_be_fetched_by_doi ... FAILED
[INFO] [stdout] test a_work_can_be_transformed_into_bibtex_and_a_formatted_citation ... FAILED
[INFO] [stdout] test a_works_query_can_be_scoped_to_a_journal ... FAILED
[INFO] [stdout] test a_select_that_leaves_the_doi_out_still_returns_works ... FAILED
[INFO] [stdout] test an_unknown_citation_style_reports_crossrefs_own_message ... FAILED
[INFO] [stdout] test a_journal_can_be_fetched_by_issn ... FAILED
[INFO] [stdout] test journals_can_be_found_by_title ... FAILED
[INFO] [stdout] test licenses_can_be_listed_with_their_work_counts ... FAILED
[INFO] [stdout] test selected_elements_narrow_the_response ... FAILED
[INFO] [stdout] test the_filters_added_for_ror_awards_and_events_are_accepted ... FAILED
[INFO] [stdout] test the_peer_reviews_of_a_work_can_be_found_through_its_relations ... FAILED
[INFO] [stdout] test the_reported_budget_and_pool_reach_the_client ... FAILED
[INFO] [stdout] test the_styles_a_citation_can_be_rendered_in_are_listed ... FAILED
[INFO] [stdout] test works_can_be_found_by_author ... FAILED
[INFO] [stdout] test works_can_be_found_by_container_title ... FAILED
[INFO] [stdout] 
[INFO] [stdout] failures:
[INFO] [stdout] 
[INFO] [stdout] ---- a_rejected_request_reports_what_crossref_objected_to stdout ----
[INFO] [stdout] 
[INFO] [stdout] thread 'a_rejected_request_reports_what_crossref_objected_to' (3645) panicked at tests/integration.rs:516:13:
[INFO] [stdout] expected a validation failure, got ReqWest { reqwest: reqwest::Error { kind: Request, url: "https://api.crossref.org/works?rows=10000", source: hyper_util::client::legacy::Error(Connect, ConnectError("dns error", Custom { kind: Uncategorized, error: "failed to lookup address information: Temporary failure in name resolution" })) } }
[INFO] [stdout] stack backtrace:
[INFO] [stdout]    0:     0x60299a175371 - <<std[70759c8f55707aa4]::sys::backtrace::BacktraceLock>::print::DisplayBacktrace as core[df12db4294e9bfd3]::fmt::Display>::fmt
[INFO] [stdout]    1:     0x60299a18c78a - core[df12db4294e9bfd3]::fmt::write
[INFO] [stdout]    2:     0x60299a17a37c - <alloc[2182bb758b4b3781]::vec::Vec<u8> as core[df12db4294e9bfd3]::io::write::Write>::write_fmt
[INFO] [stdout]    3:     0x60299a14fb66 - std[70759c8f55707aa4]::panicking::default_hook::{closure#0}
[INFO] [stdout]    4:     0x60299a16cb09 - std[70759c8f55707aa4]::panicking::default_hook
[INFO] [stdout]    5:     0x602999cfa210 - test[9d35eded1c95d3be]::test_main_inner::<test[9d35eded1c95d3be]::test_main_static::{closure#0}>::{closure#0}
[INFO] [stdout]    6:     0x60299a16ce32 - std[70759c8f55707aa4]::panicking::panic_with_hook
[INFO] [stdout]    7:     0x60299a14fc12 - std[70759c8f55707aa4]::panicking::panic_handler::{closure#0}
[INFO] [stdout]    8:     0x60299a148819 - std[70759c8f55707aa4]::sys::backtrace::__rust_end_short_backtrace::<std[70759c8f55707aa4]::panicking::panic_handler::{closure#0}, !>
[INFO] [stdout]    9:     0x60299a1509fd - __rustc[8fa7c3cbc660c2b3]::rust_begin_unwind
[INFO] [stdout]   10:     0x60299a18ceec - core[df12db4294e9bfd3]::panicking::panic_fmt
[INFO] [stdout]   11:     0x602999c37665 - <tokio[a863637e5ba0bd23]::runtime::park::CachedParkThread>::block_on::<integration[e3dc4f0716fb4bf2]::a_rejected_request_reports_what_crossref_objected_to::{closure#0}::{closure#0}>
[INFO] [stdout]   12:     0x602999c9437c - tokio[a863637e5ba0bd23]::runtime::context::runtime::enter_runtime::<<tokio[a863637e5ba0bd23]::runtime::scheduler::multi_thread::MultiThread>::block_on<integration[e3dc4f0716fb4bf2]::a_rejected_request_reports_what_crossref_objected_to::{closure#0}::{closure#0}>::{closure#0}, ()>
[INFO] [stdout]   13:     0x602999cdf608 - <tokio[a863637e5ba0bd23]::runtime::runtime::Runtime>::block_on::<integration[e3dc4f0716fb4bf2]::a_rejected_request_reports_what_crossref_objected_to::{closure#0}::{closure#0}>
[INFO] [stdout]   14:     0x602999cab1bf - <integration[e3dc4f0716fb4bf2]::a_rejected_request_reports_what_crossref_objected_to::{closure#0} as core[df12db4294e9bfd3]::ops::function::FnOnce<()>>::call_once
[INFO] [stdout]   15:     0x602999ced4fb - test[9d35eded1c95d3be]::__rust_begin_short_backtrace::<core[df12db4294e9bfd3]::result::Result<(), alloc[2182bb758b4b3781]::string::String>, fn() -> core[df12db4294e9bfd3]::result::Result<(), alloc[2182bb758b4b3781]::string::String>>
[INFO] [stdout]   16:     0x602999cfab65 - test[9d35eded1c95d3be]::run_test::{closure#0}
[INFO] [stdout]   17:     0x602999cf4424 - std[70759c8f55707aa4]::sys::backtrace::__rust_begin_short_backtrace::<test[9d35eded1c95d3be]::run_test::{closure#1}, ()>
[INFO] [stdout]   18:     0x602999cfdcc2 - <std[70759c8f55707aa4]::thread::lifecycle::spawn_unchecked<test[9d35eded1c95d3be]::run_test::{closure#1}, ()>::{closure#1} as core[df12db4294e9bfd3]::ops::function::FnOnce<()>>::call_once::{shim:vtable#0}
[INFO] [stdout]   19:     0x60299a174899 - <std[70759c8f55707aa4]::sys::thread::unix::Thread>::new::thread_start
[INFO] [stdout]   20:     0x79479c6addfa - <unknown>
[INFO] [stdout]   21:     0x79479c7413d4 - clone
[INFO] [stdout]   22:                0x0 - <unknown>
[INFO] [stdout] 
[INFO] [stdout] ---- every_vocabulary_this_crate_pins_still_matches_the_api stdout ----
[INFO] [stdout] 
[INFO] [stdout] thread 'every_vocabulary_this_crate_pins_still_matches_the_api' (3651) panicked at tests/integration.rs:81:14:
[INFO] [stdout] a response: reqwest::Error { kind: Request, url: "https://api.crossref.org/works?filter=not-a-filter:1", source: hyper_util::client::legacy::Error(Connect, ConnectError("dns error", Custom { kind: Uncategorized, error: "failed to lookup address information: Temporary failure in name resolution" })) }
[INFO] [stdout] stack backtrace:
[INFO] [stdout]    0:     0x60299a175371 - <<std[70759c8f55707aa4]::sys::backtrace::BacktraceLock>::print::DisplayBacktrace as core[df12db4294e9bfd3]::fmt::Display>::fmt
[INFO] [stdout]    1:     0x60299a18c78a - core[df12db4294e9bfd3]::fmt::write
[INFO] [stdout]    2:     0x60299a17a37c - <alloc[2182bb758b4b3781]::vec::Vec<u8> as core[df12db4294e9bfd3]::io::write::Write>::write_fmt
[INFO] [stdout]    3:     0x60299a14fb66 - std[70759c8f55707aa4]::panicking::default_hook::{closure#0}
[INFO] [stdout]    4:     0x60299a16cb09 - std[70759c8f55707aa4]::panicking::default_hook
[INFO] [stdout]    5:     0x602999cfa210 - test[9d35eded1c95d3be]::test_main_inner::<test[9d35eded1c95d3be]::test_main_static::{closure#0}>::{closure#0}
[INFO] [stdout]    6:     0x60299a16ce32 - std[70759c8f55707aa4]::panicking::panic_with_hook
[INFO] [stdout]    7:     0x60299a14fc12 - std[70759c8f55707aa4]::panicking::panic_handler::{closure#0}
[INFO] [stdout]    8:     0x60299a148819 - std[70759c8f55707aa4]::sys::backtrace::__rust_end_short_backtrace::<std[70759c8f55707aa4]::panicking::panic_handler::{closure#0}, !>
[INFO] [stdout]    9:     0x60299a1509fd - __rustc[8fa7c3cbc660c2b3]::rust_begin_unwind
[INFO] [stdout]   10:     0x60299a18ceec - core[df12db4294e9bfd3]::panicking::panic_fmt
[INFO] [stdout]   11:     0x60299a18ccc2 - core[df12db4294e9bfd3]::result::unwrap_failed
[INFO] [stdout]   12:     0x602999c3a6a0 - <tokio[a863637e5ba0bd23]::runtime::park::CachedParkThread>::block_on::<integration[e3dc4f0716fb4bf2]::every_vocabulary_this_crate_pins_still_matches_the_api::{closure#0}::{closure#0}>
[INFO] [stdout]   13:     0x602999c9477c - tokio[a863637e5ba0bd23]::runtime::context::runtime::enter_runtime::<<tokio[a863637e5ba0bd23]::runtime::scheduler::multi_thread::MultiThread>::block_on<integration[e3dc4f0716fb4bf2]::every_vocabulary_this_crate_pins_still_matches_the_api::{closure#0}::{closure#0}>::{closure#0}, ()>
[INFO] [stdout]   14:     0x602999cdf83e - <tokio[a863637e5ba0bd23]::runtime::runtime::Runtime>::block_on::<integration[e3dc4f0716fb4bf2]::every_vocabulary_this_crate_pins_still_matches_the_api::{closure#0}::{closure#0}>
[INFO] [stdout]   15:     0x602999cab35f - <integration[e3dc4f0716fb4bf2]::every_vocabulary_this_crate_pins_still_matches_the_api::{closure#0} as core[df12db4294e9bfd3]::ops::function::FnOnce<()>>::call_once
[INFO] [stdout]   16:     0x602999ced4fb - test[9d35eded1c95d3be]::__rust_begin_short_backtrace::<core[df12db4294e9bfd3]::result::Result<(), alloc[2182bb758b4b3781]::string::String>, fn() -> core[df12db4294e9bfd3]::result::Result<(), alloc[2182bb758b4b3781]::string::String>>
[INFO] [stdout]   17:     0x602999cfab65 - test[9d35eded1c95d3be]::run_test::{closure#0}
[INFO] [stdout]   18:     0x602999cf4424 - std[70759c8f55707aa4]::sys::backtrace::__rust_begin_short_backtrace::<test[9d35eded1c95d3be]::run_test::{closure#1}, ()>
[INFO] [stdout]   19:     0x602999cfdcc2 - <std[70759c8f55707aa4]::thread::lifecycle::spawn_unchecked<test[9d35eded1c95d3be]::run_test::{closure#1}, ()>::{closure#1} as core[df12db4294e9bfd3]::ops::function::FnOnce<()>>::call_once::{shim:vtable#0}
[INFO] [stdout]   20:     0x60299a174899 - <std[70759c8f55707aa4]::sys::thread::unix::Thread>::new::thread_start
[INFO] [stdout]   21:     0x79479c6addfa - <unknown>
[INFO] [stdout]   22:     0x79479c7413d4 - clone
[INFO] [stdout]   23:                0x0 - <unknown>
[INFO] [stdout] 
[INFO] [stdout] ---- a_work_can_be_fetched_by_doi stdout ----
[INFO] [stdout] 
[INFO] [stdout] thread 'a_work_can_be_fetched_by_doi' (3647) panicked at tests/integration.rs:264:47:
[INFO] [stdout] a work: ReqWest { reqwest: reqwest::Error { kind: Request, url: "https://api.crossref.org/works/10.5555/12345678", source: hyper_util::client::legacy::Error(Connect, ConnectError("dns error", Custom { kind: Uncategorized, error: "failed to lookup address information: Temporary failure in name resolution" })) } }
[INFO] [stdout] stack backtrace:
[INFO] [stdout]    0:     0x60299a175371 - <<std[70759c8f55707aa4]::sys::backtrace::BacktraceLock>::print::DisplayBacktrace as core[df12db4294e9bfd3]::fmt::Display>::fmt
[INFO] [stdout]    1:     0x60299a18c78a - core[df12db4294e9bfd3]::fmt::write
[INFO] [stdout]    2:     0x60299a17a37c - <alloc[2182bb758b4b3781]::vec::Vec<u8> as core[df12db4294e9bfd3]::io::write::Write>::write_fmt
[INFO] [stdout]    3:     0x60299a14fb66 - std[70759c8f55707aa4]::panicking::default_hook::{closure#0}
[INFO] [stdout]    4:     0x60299a16cb09 - std[70759c8f55707aa4]::panicking::default_hook
[INFO] [stdout]    5:     0x602999cfa210 - test[9d35eded1c95d3be]::test_main_inner::<test[9d35eded1c95d3be]::test_main_static::{closure#0}>::{closure#0}
[INFO] [stdout]    6:     0x60299a16ce32 - std[70759c8f55707aa4]::panicking::panic_with_hook
[INFO] [stdout]    7:     0x60299a14fc12 - std[70759c8f55707aa4]::panicking::panic_handler::{closure#0}
[INFO] [stdout]    8:     0x60299a148819 - std[70759c8f55707aa4]::sys::backtrace::__rust_end_short_backtrace::<std[70759c8f55707aa4]::panicking::panic_handler::{closure#0}, !>
[INFO] [stdout]    9:     0x60299a1509fd - __rustc[8fa7c3cbc660c2b3]::rust_begin_unwind
[INFO] [stdout]   10:     0x60299a18ceec - core[df12db4294e9bfd3]::panicking::panic_fmt
[INFO] [stdout]   11:     0x60299a18ccc2 - core[df12db4294e9bfd3]::result::unwrap_failed
[INFO] [stdout]   12:     0x602999c2a986 - <tokio[a863637e5ba0bd23]::runtime::park::CachedParkThread>::block_on::<integration[e3dc4f0716fb4bf2]::a_work_can_be_fetched_by_doi::{closure#0}::{closure#0}>
[INFO] [stdout]   13:     0x602999c92f7c - tokio[a863637e5ba0bd23]::runtime::context::runtime::enter_runtime::<<tokio[a863637e5ba0bd23]::runtime::scheduler::multi_thread::MultiThread>::block_on<integration[e3dc4f0716fb4bf2]::a_work_can_be_fetched_by_doi::{closure#0}::{closure#0}>::{closure#0}, ()>
[INFO] [stdout]   14:     0x602999cde92e - <tokio[a863637e5ba0bd23]::runtime::runtime::Runtime>::block_on::<integration[e3dc4f0716fb4bf2]::a_work_can_be_fetched_by_doi::{closure#0}::{closure#0}>
[INFO] [stdout]   15:     0x602999caa99f - <integration[e3dc4f0716fb4bf2]::a_work_can_be_fetched_by_doi::{closure#0} as core[df12db4294e9bfd3]::ops::function::FnOnce<()>>::call_once
[INFO] [stdout]   16:     0x602999ced4fb - test[9d35eded1c95d3be]::__rust_begin_short_backtrace::<core[df12db4294e9bfd3]::result::Result<(), alloc[2182bb758b4b3781]::string::String>, fn() -> core[df12db4294e9bfd3]::result::Result<(), alloc[2182bb758b4b3781]::string::String>>
[INFO] [stdout]   17:     0x602999cfab65 - test[9d35eded1c95d3be]::run_test::{closure#0}
[INFO] [stdout]   18:     0x602999cf4424 - std[70759c8f55707aa4]::sys::backtrace::__rust_begin_short_backtrace::<test[9d35eded1c95d3be]::run_test::{closure#1}, ()>
[INFO] [stdout]   19:     0x602999cfdcc2 - <std[70759c8f55707aa4]::thread::lifecycle::spawn_unchecked<test[9d35eded1c95d3be]::run_test::{closure#1}, ()>::{closure#1} as core[df12db4294e9bfd3]::ops::function::FnOnce<()>>::call_once::{shim:vtable#0}
[INFO] [stdout]   20:     0x60299a174899 - <std[70759c8f55707aa4]::sys::thread::unix::Thread>::new::thread_start
[INFO] [stdout]   21:     0x79479c6addfa - <unknown>
[INFO] [stdout]   22:     0x79479c7413d4 - clone
[INFO] [stdout]   23:                0x0 - <unknown>
[INFO] [stdout] 
[INFO] [stdout] ---- a_work_can_be_transformed_into_bibtex_and_a_formatted_citation stdout ----
[INFO] [stdout] 
[INFO] [stdout] thread 'a_work_can_be_transformed_into_bibtex_and_a_formatted_citation' (3648) panicked at tests/integration.rs:430:14:
[INFO] [stdout] bibtex: ReqWest { reqwest: reqwest::Error { kind: Request, url: "https://api.crossref.org/works/10.1037/0003-066X.59.1.29/transform", source: hyper_util::client::legacy::Error(Connect, ConnectError("dns error", Custom { kind: Uncategorized, error: "failed to lookup address information: Temporary failure in name resolution" })) } }
[INFO] [stdout] stack backtrace:
[INFO] [stdout]    0:     0x60299a175371 - <<std[70759c8f55707aa4]::sys::backtrace::BacktraceLock>::print::DisplayBacktrace as core[df12db4294e9bfd3]::fmt::Display>::fmt
[INFO] [stdout]    1:     0x60299a18c78a - core[df12db4294e9bfd3]::fmt::write
[INFO] [stdout]    2:     0x60299a17a37c - <alloc[2182bb758b4b3781]::vec::Vec<u8> as core[df12db4294e9bfd3]::io::write::Write>::write_fmt
[INFO] [stdout]    3:     0x60299a14fb66 - std[70759c8f55707aa4]::panicking::default_hook::{closure#0}
[INFO] [stdout]    4:     0x60299a16cb09 - std[70759c8f55707aa4]::panicking::default_hook
[INFO] [stdout]    5:     0x602999cfa210 - test[9d35eded1c95d3be]::test_main_inner::<test[9d35eded1c95d3be]::test_main_static::{closure#0}>::{closure#0}
[INFO] [stdout]    6:     0x60299a16ce32 - std[70759c8f55707aa4]::panicking::panic_with_hook
[INFO] [stdout]    7:     0x60299a14fc12 - std[70759c8f55707aa4]::panicking::panic_handler::{closure#0}
[INFO] [stdout]    8:     0x60299a148819 - std[70759c8f55707aa4]::sys::backtrace::__rust_end_short_backtrace::<std[70759c8f55707aa4]::panicking::panic_handler::{closure#0}, !>
[INFO] [stdout]    9:     0x60299a1509fd - __rustc[8fa7c3cbc660c2b3]::rust_begin_unwind
[INFO] [stdout]   10:     0x60299a18ceec - core[df12db4294e9bfd3]::panicking::panic_fmt
[INFO] [stdout]   11:     0x60299a18ccc2 - core[df12db4294e9bfd3]::result::unwrap_failed
[INFO] [stdout]   12:     0x602999c3cf35 - <tokio[a863637e5ba0bd23]::runtime::park::CachedParkThread>::block_on::<integration[e3dc4f0716fb4bf2]::a_work_can_be_transformed_into_bibtex_and_a_formatted_citation::{closure#0}::{closure#0}>
[INFO] [stdout]   13:     0x602999c94f7c - tokio[a863637e5ba0bd23]::runtime::context::runtime::enter_runtime::<<tokio[a863637e5ba0bd23]::runtime::scheduler::multi_thread::MultiThread>::block_on<integration[e3dc4f0716fb4bf2]::a_work_can_be_transformed_into_bibtex_and_a_formatted_citation::{closure#0}::{closure#0}>::{closure#0}, ()>
[INFO] [stdout]   14:     0x602999cdfcfe - <tokio[a863637e5ba0bd23]::runtime::runtime::Runtime>::block_on::<integration[e3dc4f0716fb4bf2]::a_work_can_be_transformed_into_bibtex_and_a_formatted_citation::{closure#0}::{closure#0}>
[INFO] [stdout]   15:     0x602999cab69c - <integration[e3dc4f0716fb4bf2]::a_work_can_be_transformed_into_bibtex_and_a_formatted_citation::{closure#0} as core[df12db4294e9bfd3]::ops::function::FnOnce<()>>::call_once
[INFO] [stdout]   16:     0x602999ced4fb - test[9d35eded1c95d3be]::__rust_begin_short_backtrace::<core[df12db4294e9bfd3]::result::Result<(), alloc[2182bb758b4b3781]::string::String>, fn() -> core[df12db4294e9bfd3]::result::Result<(), alloc[2182bb758b4b3781]::string::String>>
[INFO] [stdout]   17:     0x602999cfab65 - test[9d35eded1c95d3be]::run_test::{closure#0}
[INFO] [stdout]   18:     0x602999cf4424 - std[70759c8f55707aa4]::sys::backtrace::__rust_begin_short_backtrace::<test[9d35eded1c95d3be]::run_test::{closure#1}, ()>
[INFO] [stdout]   19:     0x602999cfdcc2 - <std[70759c8f55707aa4]::thread::lifecycle::spawn_unchecked<test[9d35eded1c95d3be]::run_test::{closure#1}, ()>::{closure#1} as core[df12db4294e9bfd3]::ops::function::FnOnce<()>>::call_once::{shim:vtable#0}
[INFO] [stdout]   20:     0x60299a174899 - <std[70759c8f55707aa4]::sys::thread::unix::Thread>::new::thread_start
[INFO] [stdout]   21:     0x79479c6addfa - <unknown>
[INFO] [stdout]   22:     0x79479c7413d4 - clone
[INFO] [stdout]   23:                0x0 - <unknown>
[INFO] [stdout] 
[INFO] [stdout] ---- a_works_query_can_be_scoped_to_a_journal stdout ----
[INFO] [stdout] 
[INFO] [stdout] thread 'a_works_query_can_be_scoped_to_a_journal' (3649) panicked at tests/integration.rs:306:14:
[INFO] [stdout] a work list: ReqWest { reqwest: reqwest::Error { kind: Request, url: "https://api.crossref.org/journals/0013-0095/works?filter=type:journal-article&sort=created&order=desc&rows=10&offset=20", source: hyper_util::client::legacy::Error(Connect, ConnectError("dns error", Custom { kind: Uncategorized, error: "failed to lookup address information: Temporary failure in name resolution" })) } }
[INFO] [stdout] stack backtrace:
[INFO] [stdout]    0:     0x60299a175371 - <<std[70759c8f55707aa4]::sys::backtrace::BacktraceLock>::print::DisplayBacktrace as core[df12db4294e9bfd3]::fmt::Display>::fmt
[INFO] [stdout]    1:     0x60299a18c78a - core[df12db4294e9bfd3]::fmt::write
[INFO] [stdout]    2:     0x60299a17a37c - <alloc[2182bb758b4b3781]::vec::Vec<u8> as core[df12db4294e9bfd3]::io::write::Write>::write_fmt
[INFO] [stdout]    3:     0x60299a14fb66 - std[70759c8f55707aa4]::panicking::default_hook::{closure#0}
[INFO] [stdout]    4:     0x60299a16cb09 - std[70759c8f55707aa4]::panicking::default_hook
[INFO] [stdout]    5:     0x602999cfa210 - test[9d35eded1c95d3be]::test_main_inner::<test[9d35eded1c95d3be]::test_main_static::{closure#0}>::{closure#0}
[INFO] [stdout]    6:     0x60299a16ce32 - std[70759c8f55707aa4]::panicking::panic_with_hook
[INFO] [stdout]    7:     0x60299a14fc12 - std[70759c8f55707aa4]::panicking::panic_handler::{closure#0}
[INFO] [stdout]    8:     0x60299a148819 - std[70759c8f55707aa4]::sys::backtrace::__rust_end_short_backtrace::<std[70759c8f55707aa4]::panicking::panic_handler::{closure#0}, !>
[INFO] [stdout]    9:     0x60299a1509fd - __rustc[8fa7c3cbc660c2b3]::rust_begin_unwind
[INFO] [stdout]   10:     0x60299a18ceec - core[df12db4294e9bfd3]::panicking::panic_fmt
[INFO] [stdout]   11:     0x60299a18ccc2 - core[df12db4294e9bfd3]::result::unwrap_failed
[INFO] [stdout]   12:     0x602999c33cbf - <tokio[a863637e5ba0bd23]::runtime::park::CachedParkThread>::block_on::<integration[e3dc4f0716fb4bf2]::a_works_query_can_be_scoped_to_a_journal::{closure#0}::{closure#0}>
[INFO] [stdout]   13:     0x602999c93b7c - tokio[a863637e5ba0bd23]::runtime::context::runtime::enter_runtime::<<tokio[a863637e5ba0bd23]::runtime::scheduler::multi_thread::MultiThread>::block_on<integration[e3dc4f0716fb4bf2]::a_works_query_can_be_scoped_to_a_journal::{closure#0}::{closure#0}>::{closure#0}, ()>
[INFO] [stdout]   14:     0x602999cdf0ba - <tokio[a863637e5ba0bd23]::runtime::runtime::Runtime>::block_on::<integration[e3dc4f0716fb4bf2]::a_works_query_can_be_scoped_to_a_journal::{closure#0}::{closure#0}>
[INFO] [stdout]   15:     0x602999caae7f - <integration[e3dc4f0716fb4bf2]::a_works_query_can_be_scoped_to_a_journal::{closure#0} as core[df12db4294e9bfd3]::ops::function::FnOnce<()>>::call_once
[INFO] [stdout]   16:     0x602999ced4fb - test[9d35eded1c95d3be]::__rust_begin_short_backtrace::<core[df12db4294e9bfd3]::result::Result<(), alloc[2182bb758b4b3781]::string::String>, fn() -> core[df12db4294e9bfd3]::result::Result<(), alloc[2182bb758b4b3781]::string::String>>
[INFO] [stdout]   17:     0x602999cfab65 - test[9d35eded1c95d3be]::run_test::{closure#0}
[INFO] [stdout]   18:     0x602999cf4424 - std[70759c8f55707aa4]::sys::backtrace::__rust_begin_short_backtrace::<test[9d35eded1c95d3be]::run_test::{closure#1}, ()>
[INFO] [stdout]   19:     0x602999cfdcc2 - <std[70759c8f55707aa4]::thread::lifecycle::spawn_unchecked<test[9d35eded1c95d3be]::run_test::{closure#1}, ()>::{closure#1} as core[df12db4294e9bfd3]::ops::function::FnOnce<()>>::call_once::{shim:vtable#0}
[INFO] [stdout]   20:     0x60299a174899 - <std[70759c8f55707aa4]::sys::thread::unix::Thread>::new::thread_start
[INFO] [stdout]   21:     0x79479c6addfa - <unknown>
[INFO] [stdout]   22:     0x79479c7413d4 - clone
[INFO] [stdout]   23:                0x0 - <unknown>
[INFO] [stdout] 
[INFO] [stdout] ---- a_select_that_leaves_the_doi_out_still_returns_works stdout ----
[INFO] [stdout] 
[INFO] [stdout] thread 'a_select_that_leaves_the_doi_out_still_returns_works' (3646) panicked at tests/integration.rs:352:14:
[INFO] [stdout] a work list selected without the DOI: ReqWest { reqwest: reqwest::Error { kind: Request, url: "https://api.crossref.org/works?select=DOI,title&rows=5", source: hyper_util::client::legacy::Error(Connect, ConnectError("dns error", Custom { kind: Uncategorized, error: "failed to lookup address information: Temporary failure in name resolution" })) } }
[INFO] [stdout] stack backtrace:
[INFO] [stdout]    0:     0x60299a175371 - <<std[70759c8f55707aa4]::sys::backtrace::BacktraceLock>::print::DisplayBacktrace as core[df12db4294e9bfd3]::fmt::Display>::fmt
[INFO] [stdout]    1:     0x60299a18c78a - core[df12db4294e9bfd3]::fmt::write
[INFO] [stdout]    2:     0x60299a17a37c - <alloc[2182bb758b4b3781]::vec::Vec<u8> as core[df12db4294e9bfd3]::io::write::Write>::write_fmt
[INFO] [stdout]    3:     0x60299a14fb66 - std[70759c8f55707aa4]::panicking::default_hook::{closure#0}
[INFO] [stdout]    4:     0x60299a16cb09 - std[70759c8f55707aa4]::panicking::default_hook
[INFO] [stdout]    5:     0x602999cfa210 - test[9d35eded1c95d3be]::test_main_inner::<test[9d35eded1c95d3be]::test_main_static::{closure#0}>::{closure#0}
[INFO] [stdout]    6:     0x60299a16ce32 - std[70759c8f55707aa4]::panicking::panic_with_hook
[INFO] [stdout]    7:     0x60299a14fc12 - std[70759c8f55707aa4]::panicking::panic_handler::{closure#0}
[INFO] [stdout]    8:     0x60299a148819 - std[70759c8f55707aa4]::sys::backtrace::__rust_end_short_backtrace::<std[70759c8f55707aa4]::panicking::panic_handler::{closure#0}, !>
[INFO] [stdout]    9:     0x60299a1509fd - __rustc[8fa7c3cbc660c2b3]::rust_begin_unwind
[INFO] [stdout]   10:     0x60299a18ceec - core[df12db4294e9bfd3]::panicking::panic_fmt
[INFO] [stdout]   11:     0x60299a18ccc2 - core[df12db4294e9bfd3]::result::unwrap_failed
[INFO] [stdout]   12:     0x602999c37ea5 - <tokio[a863637e5ba0bd23]::runtime::park::CachedParkThread>::block_on::<integration[e3dc4f0716fb4bf2]::a_select_that_leaves_the_doi_out_still_returns_works::{closure#0}::{closure#0}>
[INFO] [stdout]   13:     0x602999c9457c - tokio[a863637e5ba0bd23]::runtime::context::runtime::enter_runtime::<<tokio[a863637e5ba0bd23]::runtime::scheduler::multi_thread::MultiThread>::block_on<integration[e3dc4f0716fb4bf2]::a_select_that_leaves_the_doi_out_still_returns_works::{closure#0}::{closure#0}>::{closure#0}, ()>
[INFO] [stdout]   14:     0x602999cdf728 - <tokio[a863637e5ba0bd23]::runtime::runtime::Runtime>::block_on::<integration[e3dc4f0716fb4bf2]::a_select_that_leaves_the_doi_out_still_returns_works::{closure#0}::{closure#0}>
[INFO] [stdout]   15:     0x602999cab28f - <integration[e3dc4f0716fb4bf2]::a_select_that_leaves_the_doi_out_still_returns_works::{closure#0} as core[df12db4294e9bfd3]::ops::function::FnOnce<()>>::call_once
[INFO] [stdout]   16:     0x602999ced4fb - test[9d35eded1c95d3be]::__rust_begin_short_backtrace::<core[df12db4294e9bfd3]::result::Result<(), alloc[2182bb758b4b3781]::string::String>, fn() -> core[df12db4294e9bfd3]::result::Result<(), alloc[2182bb758b4b3781]::string::String>>
[INFO] [stdout]   17:     0x602999cfab65 - test[9d35eded1c95d3be]::run_test::{closure#0}
[INFO] [stdout]   18:     0x602999cf4424 - std[70759c8f55707aa4]::sys::backtrace::__rust_begin_short_backtrace::<test[9d35eded1c95d3be]::run_test::{closure#1}, ()>
[INFO] [stdout]   19:     0x602999cfdcc2 - <std[70759c8f55707aa4]::thread::lifecycle::spawn_unchecked<test[9d35eded1c95d3be]::run_test::{closure#1}, ()>::{closure#1} as core[df12db4294e9bfd3]::ops::function::FnOnce<()>>::call_once::{shim:vtable#0}
[INFO] [stdout]   20:     0x60299a174899 - <std[70759c8f55707aa4]::sys::thread::unix::Thread>::new::thread_start
[INFO] [stdout]   21:     0x79479c6addfa - <unknown>
[INFO] [stdout]   22:     0x79479c7413d4 - clone
[INFO] [stdout]   23:                0x0 - <unknown>
[INFO] [stdout] 
[INFO] [stdout] ---- an_unknown_citation_style_reports_crossrefs_own_message stdout ----
[INFO] [stdout] 
[INFO] [stdout] thread 'an_unknown_citation_style_reports_crossrefs_own_message' (3650) panicked at tests/integration.rs:459:13:
[INFO] [stdout] expected a validation failure, got ReqWest { reqwest: reqwest::Error { kind: Request, url: "https://api.crossref.org/works/10.1037/0003-066X.59.1.29/transform", source: hyper_util::client::legacy::Error(Connect, ConnectError("dns error", Custom { kind: Uncategorized, error: "failed to lookup address information: Temporary failure in name resolution" })) } }
[INFO] [stdout] stack backtrace:
[INFO] [stdout]    0:     0x60299a175371 - <<std[70759c8f55707aa4]::sys::backtrace::BacktraceLock>::print::DisplayBacktrace as core[df12db4294e9bfd3]::fmt::Display>::fmt
[INFO] [stdout]    1:     0x60299a18c78a - core[df12db4294e9bfd3]::fmt::write
[INFO] [stdout]    2:     0x60299a17a37c - <alloc[2182bb758b4b3781]::vec::Vec<u8> as core[df12db4294e9bfd3]::io::write::Write>::write_fmt
[INFO] [stdout]    3:     0x60299a14fb66 - std[70759c8f55707aa4]::panicking::default_hook::{closure#0}
[INFO] [stdout]    4:     0x60299a16cb09 - std[70759c8f55707aa4]::panicking::default_hook
[INFO] [stdout]    5:     0x602999cfa210 - test[9d35eded1c95d3be]::test_main_inner::<test[9d35eded1c95d3be]::test_main_static::{closure#0}>::{closure#0}
[INFO] [stdout]    6:     0x60299a16ce32 - std[70759c8f55707aa4]::panicking::panic_with_hook
[INFO] [stdout]    7:     0x60299a14fc12 - std[70759c8f55707aa4]::panicking::panic_handler::{closure#0}
[INFO] [stdout]    8:     0x60299a148819 - std[70759c8f55707aa4]::sys::backtrace::__rust_end_short_backtrace::<std[70759c8f55707aa4]::panicking::panic_handler::{closure#0}, !>
[INFO] [stdout]    9:     0x60299a1509fd - __rustc[8fa7c3cbc660c2b3]::rust_begin_unwind
[INFO] [stdout]   10:     0x60299a18ceec - core[df12db4294e9bfd3]::panicking::panic_fmt
[INFO] [stdout]   11:     0x602999c3b64d - <tokio[a863637e5ba0bd23]::runtime::park::CachedParkThread>::block_on::<integration[e3dc4f0716fb4bf2]::an_unknown_citation_style_reports_crossrefs_own_message::{closure#0}::{closure#0}>
[INFO] [stdout]   12:     0x602999c9497c - tokio[a863637e5ba0bd23]::runtime::context::runtime::enter_runtime::<<tokio[a863637e5ba0bd23]::runtime::scheduler::multi_thread::MultiThread>::block_on<integration[e3dc4f0716fb4bf2]::an_unknown_citation_style_reports_crossrefs_own_message::{closure#0}::{closure#0}>::{closure#0}, ()>
[INFO] [stdout]   13:     0x602999cdf99c - <tokio[a863637e5ba0bd23]::runtime::runtime::Runtime>::block_on::<integration[e3dc4f0716fb4bf2]::an_unknown_citation_style_reports_crossrefs_own_message::{closure#0}::{closure#0}>
[INFO] [stdout]   14:     0x602999cab42f - <integration[e3dc4f0716fb4bf2]::an_unknown_citation_style_reports_crossrefs_own_message::{closure#0} as core[df12db4294e9bfd3]::ops::function::FnOnce<()>>::call_once
[INFO] [stdout]   15:     0x602999ced4fb - test[9d35eded1c95d3be]::__rust_begin_short_backtrace::<core[df12db4294e9bfd3]::result::Result<(), alloc[2182bb758b4b3781]::string::String>, fn() -> core[df12db4294e9bfd3]::result::Result<(), alloc[2182bb758b4b3781]::string::String>>
[INFO] [stdout]   16:     0x602999cfab65 - test[9d35eded1c95d3be]::run_test::{closure#0}
[INFO] [stdout]   17:     0x602999cf4424 - std[70759c8f55707aa4]::sys::backtrace::__rust_begin_short_backtrace::<test[9d35eded1c95d3be]::run_test::{closure#1}, ()>
[INFO] [stdout]   18:     0x602999cfdcc2 - <std[70759c8f55707aa4]::thread::lifecycle::spawn_unchecked<test[9d35eded1c95d3be]::run_test::{closure#1}, ()>::{closure#1} as core[df12db4294e9bfd3]::ops::function::FnOnce<()>>::call_once::{shim:vtable#0}
[INFO] [stdout]   19:     0x60299a174899 - <std[70759c8f55707aa4]::sys::thread::unix::Thread>::new::thread_start
[INFO] [stdout]   20:     0x79479c6addfa - <unknown>
[INFO] [stdout]   21:     0x79479c7413d4 - clone
[INFO] [stdout]   22:                0x0 - <unknown>
[INFO] [stdout] 
[INFO] [stdout] ---- a_journal_can_be_fetched_by_issn stdout ----
[INFO] [stdout] 
[INFO] [stdout] thread 'a_journal_can_be_fetched_by_issn' (3644) panicked at tests/integration.rs:257:43:
[INFO] [stdout] a journal: ReqWest { reqwest: reqwest::Error { kind: Request, url: "https://api.crossref.org/journals/0013-0095", source: hyper_util::client::legacy::Error(Connect, ConnectError("dns error", Custom { kind: Uncategorized, error: "failed to lookup address information: Temporary failure in name resolution" })) } }
[INFO] [stdout] stack backtrace:
[INFO] [stdout]    0:     0x60299a175371 - <<std[70759c8f55707aa4]::sys::backtrace::BacktraceLock>::print::DisplayBacktrace as core[df12db4294e9bfd3]::fmt::Display>::fmt
[INFO] [stdout]    1:     0x60299a18c78a - core[df12db4294e9bfd3]::fmt::write
[INFO] [stdout]    2:     0x60299a17a37c - <alloc[2182bb758b4b3781]::vec::Vec<u8> as core[df12db4294e9bfd3]::io::write::Write>::write_fmt
[INFO] [stdout]    3:     0x60299a14fb66 - std[70759c8f55707aa4]::panicking::default_hook::{closure#0}
[INFO] [stdout]    4:     0x60299a16cb09 - std[70759c8f55707aa4]::panicking::default_hook
[INFO] [stdout]    5:     0x602999cfa210 - test[9d35eded1c95d3be]::test_main_inner::<test[9d35eded1c95d3be]::test_main_static::{closure#0}>::{closure#0}
[INFO] [stdout]    6:     0x60299a16ce32 - std[70759c8f55707aa4]::panicking::panic_with_hook
[INFO] [stdout]    7:     0x60299a14fc12 - std[70759c8f55707aa4]::panicking::panic_handler::{closure#0}
[INFO] [stdout]    8:     0x60299a148819 - std[70759c8f55707aa4]::sys::backtrace::__rust_end_short_backtrace::<std[70759c8f55707aa4]::panicking::panic_handler::{closure#0}, !>
[INFO] [stdout]    9:     0x60299a1509fd - __rustc[8fa7c3cbc660c2b3]::rust_begin_unwind
[INFO] [stdout]   10:     0x60299a18ceec - core[df12db4294e9bfd3]::panicking::panic_fmt
[INFO] [stdout]   11:     0x60299a18ccc2 - core[df12db4294e9bfd3]::result::unwrap_failed
[INFO] [stdout]   12:     0x602999c2e704 - <tokio[a863637e5ba0bd23]::runtime::park::CachedParkThread>::block_on::<integration[e3dc4f0716fb4bf2]::a_journal_can_be_fetched_by_issn::{closure#0}::{closure#0}>
[INFO] [stdout]   13:     0x602999c9357c - tokio[a863637e5ba0bd23]::runtime::context::runtime::enter_runtime::<<tokio[a863637e5ba0bd23]::runtime::scheduler::multi_thread::MultiThread>::block_on<integration[e3dc4f0716fb4bf2]::a_journal_can_be_fetched_by_issn::{closure#0}::{closure#0}>::{closure#0}, ()>
[INFO] [stdout]   14:     0x602999cded0e - <tokio[a863637e5ba0bd23]::runtime::runtime::Runtime>::block_on::<integration[e3dc4f0716fb4bf2]::a_journal_can_be_fetched_by_issn::{closure#0}::{closure#0}>
[INFO] [stdout]   15:     0x602999caac0f - <integration[e3dc4f0716fb4bf2]::a_journal_can_be_fetched_by_issn::{closure#0} as core[df12db4294e9bfd3]::ops::function::FnOnce<()>>::call_once
[INFO] [stdout]   16:     0x602999ced4fb - test[9d35eded1c95d3be]::__rust_begin_short_backtrace::<core[df12db4294e9bfd3]::result::Result<(), alloc[2182bb758b4b3781]::string::String>, fn() -> core[df12db4294e9bfd3]::result::Result<(), alloc[2182bb758b4b3781]::string::String>>
[INFO] [stdout]   17:     0x602999cfab65 - test[9d35eded1c95d3be]::run_test::{closure#0}
[INFO] [stdout]   18:     0x602999cf4424 - std[70759c8f55707aa4]::sys::backtrace::__rust_begin_short_backtrace::<test[9d35eded1c95d3be]::run_test::{closure#1}, ()>
[INFO] [stdout]   19:     0x602999cfdcc2 - <std[70759c8f55707aa4]::thread::lifecycle::spawn_unchecked<test[9d35eded1c95d3be]::run_test::{closure#1}, ()>::{closure#1} as core[df12db4294e9bfd3]::ops::function::FnOnce<()>>::call_once::{shim:vtable#0}
[INFO] [stdout]   20:     0x60299a174899 - <std[70759c8f55707aa4]::sys::thread::unix::Thread>::new::thread_start
[INFO] [stdout]   21:     0x79479c6addfa - <unknown>
[INFO] [stdout]   22:     0x79479c7413d4 - clone
[INFO] [stdout]   23:                0x0 - <unknown>
[INFO] [stdout] 
[INFO] [stdout] ---- journals_can_be_found_by_title stdout ----
[INFO] [stdout] 
[INFO] [stdout] thread 'journals_can_be_found_by_title' (3661) panicked at tests/integration.rs:367:14:
[INFO] [stdout] a journal list: ReqWest { reqwest: reqwest::Error { kind: Request, url: "https://api.crossref.org/journals?query=Economic%20Geography&rows=10", source: hyper_util::client::legacy::Error(Connect, ConnectError("dns error", Custom { kind: Uncategorized, error: "failed to lookup address information: Temporary failure in name resolution" })) } }
[INFO] [stdout] stack backtrace:
[INFO] [stdout]    0:     0x60299a175371 - <<std[70759c8f55707aa4]::sys::backtrace::BacktraceLock>::print::DisplayBacktrace as core[df12db4294e9bfd3]::fmt::Display>::fmt
[INFO] [stdout]    1:     0x60299a18c78a - core[df12db4294e9bfd3]::fmt::write
[INFO] [stdout]    2:     0x60299a17a37c - <alloc[2182bb758b4b3781]::vec::Vec<u8> as core[df12db4294e9bfd3]::io::write::Write>::write_fmt
[INFO] [stdout]    3:     0x60299a14fb66 - std[70759c8f55707aa4]::panicking::default_hook::{closure#0}
[INFO] [stdout]    4:     0x60299a16cb09 - std[70759c8f55707aa4]::panicking::default_hook
[INFO] [stdout]    5:     0x602999cfa210 - test[9d35eded1c95d3be]::test_main_inner::<test[9d35eded1c95d3be]::test_main_static::{closure#0}>::{closure#0}
[INFO] [stdout]    6:     0x60299a16ce32 - std[70759c8f55707aa4]::panicking::panic_with_hook
[INFO] [stdout]    7:     0x60299a14fc12 - std[70759c8f55707aa4]::panicking::panic_handler::{closure#0}
[INFO] [stdout]    8:     0x60299a148819 - std[70759c8f55707aa4]::sys::backtrace::__rust_end_short_backtrace::<std[70759c8f55707aa4]::panicking::panic_handler::{closure#0}, !>
[INFO] [stdout]    9:     0x60299a1509fd - __rustc[8fa7c3cbc660c2b3]::rust_begin_unwind
[INFO] [stdout]   10:     0x60299a18ceec - core[df12db4294e9bfd3]::panicking::panic_fmt
[INFO] [stdout]   11:     0x60299a18ccc2 - core[df12db4294e9bfd3]::result::unwrap_failed
[INFO] [stdout]   12:     0x602999c2dd73 - <tokio[a863637e5ba0bd23]::runtime::park::CachedParkThread>::block_on::<integration[e3dc4f0716fb4bf2]::journals_can_be_found_by_title::{closure#0}::{closure#0}>
[INFO] [stdout]   13:     0x602999c9337c - tokio[a863637e5ba0bd23]::runtime::context::runtime::enter_runtime::<<tokio[a863637e5ba0bd23]::runtime::scheduler::multi_thread::MultiThread>::block_on<integration[e3dc4f0716fb4bf2]::journals_can_be_found_by_title::{closure#0}::{closure#0}>::{closure#0}, ()>
[INFO] [stdout]   14:     0x602999cdebae - <tokio[a863637e5ba0bd23]::runtime::runtime::Runtime>::block_on::<integration[e3dc4f0716fb4bf2]::journals_can_be_found_by_title::{closure#0}::{closure#0}>
[INFO] [stdout]   15:     0x602999caab3f - <integration[e3dc4f0716fb4bf2]::journals_can_be_found_by_title::{closure#0} as core[df12db4294e9bfd3]::ops::function::FnOnce<()>>::call_once
[INFO] [stdout]   16:     0x602999ced4fb - test[9d35eded1c95d3be]::__rust_begin_short_backtrace::<core[df12db4294e9bfd3]::result::Result<(), alloc[2182bb758b4b3781]::string::String>, fn() -> core[df12db4294e9bfd3]::result::Result<(), alloc[2182bb758b4b3781]::string::String>>
[INFO] [stdout]   17:     0x602999cfab65 - test[9d35eded1c95d3be]::run_test::{closure#0}
[INFO] [stdout]   18:     0x602999cf4424 - std[70759c8f55707aa4]::sys::backtrace::__rust_begin_short_backtrace::<test[9d35eded1c95d3be]::run_test::{closure#1}, ()>
[INFO] [stdout]   19:     0x602999cfdcc2 - <std[70759c8f55707aa4]::thread::lifecycle::spawn_unchecked<test[9d35eded1c95d3be]::run_test::{closure#1}, ()>::{closure#1} as core[df12db4294e9bfd3]::ops::function::FnOnce<()>>::call_once::{shim:vtable#0}
[INFO] [stdout]   20:     0x60299a174899 - <std[70759c8f55707aa4]::sys::thread::unix::Thread>::new::thread_start
[INFO] [stdout]   21:     0x79479c6addfa - <unknown>
[INFO] [stdout]   22:     0x79479c7413d4 - clone
[INFO] [stdout]   23:                0x0 - <unknown>
[INFO] [stdout] 
[INFO] [stdout] ---- licenses_can_be_listed_with_their_work_counts stdout ----
[INFO] [stdout] 
[INFO] [stdout] thread 'licenses_can_be_listed_with_their_work_counts' (3662) panicked at tests/integration.rs:384:14:
[INFO] [stdout] a license list: ReqWest { reqwest: reqwest::Error { kind: Request, url: "https://api.crossref.org/licenses?query=creative%20commons&rows=5", source: hyper_util::client::legacy::Error(Connect, ConnectError("dns error", Custom { kind: Uncategorized, error: "failed to lookup address information: Temporary failure in name resolution" })) } }
[INFO] [stdout] stack backtrace:
[INFO] [stdout]    0:     0x60299a175371 - <<std[70759c8f55707aa4]::sys::backtrace::BacktraceLock>::print::DisplayBacktrace as core[df12db4294e9bfd3]::fmt::Display>::fmt
[INFO] [stdout]    1:     0x60299a18c78a - core[df12db4294e9bfd3]::fmt::write
[INFO] [stdout]    2:     0x60299a17a37c - <alloc[2182bb758b4b3781]::vec::Vec<u8> as core[df12db4294e9bfd3]::io::write::Write>::write_fmt
[INFO] [stdout]    3:     0x60299a14fb66 - std[70759c8f55707aa4]::panicking::default_hook::{closure#0}
[INFO] [stdout]    4:     0x60299a16cb09 - std[70759c8f55707aa4]::panicking::default_hook
[INFO] [stdout]    5:     0x602999cfa210 - test[9d35eded1c95d3be]::test_main_inner::<test[9d35eded1c95d3be]::test_main_static::{closure#0}>::{closure#0}
[INFO] [stdout]    6:     0x60299a16ce32 - std[70759c8f55707aa4]::panicking::panic_with_hook
[INFO] [stdout]    7:     0x60299a14fc12 - std[70759c8f55707aa4]::panicking::panic_handler::{closure#0}
[INFO] [stdout]    8:     0x60299a148819 - std[70759c8f55707aa4]::sys::backtrace::__rust_end_short_backtrace::<std[70759c8f55707aa4]::panicking::panic_handler::{closure#0}, !>
[INFO] [stdout]    9:     0x60299a1509fd - __rustc[8fa7c3cbc660c2b3]::rust_begin_unwind
[INFO] [stdout]   10:     0x60299a18ceec - core[df12db4294e9bfd3]::panicking::panic_fmt
[INFO] [stdout]   11:     0x60299a18ccc2 - core[df12db4294e9bfd3]::result::unwrap_failed
[INFO] [stdout]   12:     0x602999c355f0 - <tokio[a863637e5ba0bd23]::runtime::park::CachedParkThread>::block_on::<integration[e3dc4f0716fb4bf2]::licenses_can_be_listed_with_their_work_counts::{closure#0}::{closure#0}>
[INFO] [stdout]   13:     0x602999c93d7c - tokio[a863637e5ba0bd23]::runtime::context::runtime::enter_runtime::<<tokio[a863637e5ba0bd23]::runtime::scheduler::multi_thread::MultiThread>::block_on<integration[e3dc4f0716fb4bf2]::licenses_can_be_listed_with_their_work_counts::{closure#0}::{closure#0}>::{closure#0}, ()>
[INFO] [stdout]   14:     0x602999cdf21e - <tokio[a863637e5ba0bd23]::runtime::runtime::Runtime>::block_on::<integration[e3dc4f0716fb4bf2]::licenses_can_be_listed_with_their_work_counts::{closure#0}::{closure#0}>
[INFO] [stdout]   15:     0x602999caaf4f - <integration[e3dc4f0716fb4bf2]::licenses_can_be_listed_with_their_work_counts::{closure#0} as core[df12db4294e9bfd3]::ops::function::FnOnce<()>>::call_once
[INFO] [stdout]   16:     0x602999ced4fb - test[9d35eded1c95d3be]::__rust_begin_short_backtrace::<core[df12db4294e9bfd3]::result::Result<(), alloc[2182bb758b4b3781]::string::String>, fn() -> core[df12db4294e9bfd3]::result::Result<(), alloc[2182bb758b4b3781]::string::String>>
[INFO] [stdout]   17:     0x602999cfab65 - test[9d35eded1c95d3be]::run_test::{closure#0}
[INFO] [stdout]   18:     0x602999cf4424 - std[70759c8f55707aa4]::sys::backtrace::__rust_begin_short_backtrace::<test[9d35eded1c95d3be]::run_test::{closure#1}, ()>
[INFO] [stdout]   19:     0x602999cfdcc2 - <std[70759c8f55707aa4]::thread::lifecycle::spawn_unchecked<test[9d35eded1c95d3be]::run_test::{closure#1}, ()>::{closure#1} as core[df12db4294e9bfd3]::ops::function::FnOnce<()>>::call_once::{shim:vtable#0}
[INFO] [stdout]   20:     0x60299a174899 - <std[70759c8f55707aa4]::sys::thread::unix::Thread>::new::thread_start
[INFO] [stdout]   21:     0x79479c6addfa - <unknown>
[INFO] [stdout]   22:     0x79479c7413d4 - clone
[INFO] [stdout]   23:                0x0 - <unknown>
[INFO] [stdout] 
[INFO] [stdout] ---- selected_elements_narrow_the_response stdout ----
[INFO] [stdout] 
[INFO] [stdout] thread 'selected_elements_narrow_the_response' (3663) panicked at tests/integration.rs:327:14:
[INFO] [stdout] a `select` response has none of the fields `Work` used to require: ReqWest { reqwest: reqwest::Error { kind: Request, url: "https://api.crossref.org/works?select=DOI,title&rows=5", source: hyper_util::client::legacy::Error(Connect, ConnectError("dns error", Custom { kind: Uncategorized, error: "failed to lookup address information: Temporary failure in name resolution" })) } }
[INFO] [stdout] stack backtrace:
[INFO] [stdout]    0:     0x60299a175371 - <<std[70759c8f55707aa4]::sys::backtrace::BacktraceLock>::print::DisplayBacktrace as core[df12db4294e9bfd3]::fmt::Display>::fmt
[INFO] [stdout]    1:     0x60299a18c78a - core[df12db4294e9bfd3]::fmt::write
[INFO] [stdout]    2:     0x60299a17a37c - <alloc[2182bb758b4b3781]::vec::Vec<u8> as core[df12db4294e9bfd3]::io::write::Write>::write_fmt
[INFO] [stdout]    3:     0x60299a14fb66 - std[70759c8f55707aa4]::panicking::default_hook::{closure#0}
[INFO] [stdout]    4:     0x60299a16cb09 - std[70759c8f55707aa4]::panicking::default_hook
[INFO] [stdout]    5:     0x602999cfa210 - test[9d35eded1c95d3be]::test_main_inner::<test[9d35eded1c95d3be]::test_main_static::{closure#0}>::{closure#0}
[INFO] [stdout]    6:     0x60299a16ce32 - std[70759c8f55707aa4]::panicking::panic_with_hook
[INFO] [stdout]    7:     0x60299a14fc12 - std[70759c8f55707aa4]::panicking::panic_handler::{closure#0}
[INFO] [stdout]    8:     0x60299a148819 - std[70759c8f55707aa4]::sys::backtrace::__rust_end_short_backtrace::<std[70759c8f55707aa4]::panicking::panic_handler::{closure#0}, !>
[INFO] [stdout]    9:     0x60299a1509fd - __rustc[8fa7c3cbc660c2b3]::rust_begin_unwind
[INFO] [stdout]   10:     0x60299a18ceec - core[df12db4294e9bfd3]::panicking::panic_fmt
[INFO] [stdout]   11:     0x60299a18ccc2 - core[df12db4294e9bfd3]::result::unwrap_failed
[INFO] [stdout]   12:     0x602999c2efaf - <tokio[a863637e5ba0bd23]::runtime::park::CachedParkThread>::block_on::<integration[e3dc4f0716fb4bf2]::selected_elements_narrow_the_response::{closure#0}::{closure#0}>
[INFO] [stdout]   13:     0x602999c9377c - tokio[a863637e5ba0bd23]::runtime::context::runtime::enter_runtime::<<tokio[a863637e5ba0bd23]::runtime::scheduler::multi_thread::MultiThread>::block_on<integration[e3dc4f0716fb4bf2]::selected_elements_narrow_the_response::{closure#0}::{closure#0}>::{closure#0}, ()>
[INFO] [stdout]   14:     0x602999cdee78 - <tokio[a863637e5ba0bd23]::runtime::runtime::Runtime>::block_on::<integration[e3dc4f0716fb4bf2]::selected_elements_narrow_the_response::{closure#0}::{closure#0}>
[INFO] [stdout]   15:     0x602999caacdf - <integration[e3dc4f0716fb4bf2]::selected_elements_narrow_the_response::{closure#0} as core[df12db4294e9bfd3]::ops::function::FnOnce<()>>::call_once
[INFO] [stdout]   16:     0x602999ced4fb - test[9d35eded1c95d3be]::__rust_begin_short_backtrace::<core[df12db4294e9bfd3]::result::Result<(), alloc[2182bb758b4b3781]::string::String>, fn() -> core[df12db4294e9bfd3]::result::Result<(), alloc[2182bb758b4b3781]::string::String>>
[INFO] [stdout]   17:     0x602999cfab65 - test[9d35eded1c95d3be]::run_test::{closure#0}
[INFO] [stdout]   18:     0x602999cf4424 - std[70759c8f55707aa4]::sys::backtrace::__rust_begin_short_backtrace::<test[9d35eded1c95d3be]::run_test::{closure#1}, ()>
[INFO] [stdout]   19:     0x602999cfdcc2 - <std[70759c8f55707aa4]::thread::lifecycle::spawn_unchecked<test[9d35eded1c95d3be]::run_test::{closure#1}, ()>::{closure#1} as core[df12db4294e9bfd3]::ops::function::FnOnce<()>>::call_once::{shim:vtable#0}
[INFO] [stdout]   20:     0x60299a174899 - <std[70759c8f55707aa4]::sys::thread::unix::Thread>::new::thread_start
[INFO] [stdout]   21:     0x79479c6addfa - <unknown>
[INFO] [stdout]   22:     0x79479c7413d4 - clone
[INFO] [stdout]   23:                0x0 - <unknown>
[INFO] [stdout] 
[INFO] [stdout] ---- the_filters_added_for_ror_awards_and_events_are_accepted stdout ----
[INFO] [stdout] 
[INFO] [stdout] thread 'the_filters_added_for_ror_awards_and_events_are_accepted' (3664) panicked at tests/integration.rs:498:14:
[INFO] [stdout] crossref accepts every one of these filters: ReqWest { reqwest: reqwest::Error { kind: Request, url: "https://api.crossref.org/works?filter=has-ror-id:true,has-alias:true,update-type:correction,gte-award-amount:1000,alternative-id:x,relation.type:is-review-of,from-issued-date:2020-01-01&rows=1", source: hyper_util::client::legacy::Error(Connect, ConnectError("dns error", Custom { kind: Uncategorized, error: "failed to lookup address information: Temporary failure in name resolution" })) } }
[INFO] [stdout] stack backtrace:
[INFO] [stdout]    0:     0x60299a175371 - <<std[70759c8f55707aa4]::sys::backtrace::BacktraceLock>::print::DisplayBacktrace as core[df12db4294e9bfd3]::fmt::Display>::fmt
[INFO] [stdout]    1:     0x60299a18c78a - core[df12db4294e9bfd3]::fmt::write
[INFO] [stdout]    2:     0x60299a17a37c - <alloc[2182bb758b4b3781]::vec::Vec<u8> as core[df12db4294e9bfd3]::io::write::Write>::write_fmt
[INFO] [stdout]    3:     0x60299a14fb66 - std[70759c8f55707aa4]::panicking::default_hook::{closure#0}
[INFO] [stdout]    4:     0x60299a16cb09 - std[70759c8f55707aa4]::panicking::default_hook
[INFO] [stdout]    5:     0x602999cfa210 - test[9d35eded1c95d3be]::test_main_inner::<test[9d35eded1c95d3be]::test_main_static::{closure#0}>::{closure#0}
[INFO] [stdout]    6:     0x60299a16ce32 - std[70759c8f55707aa4]::panicking::panic_with_hook
[INFO] [stdout]    7:     0x60299a14fc12 - std[70759c8f55707aa4]::panicking::panic_handler::{closure#0}
[INFO] [stdout]    8:     0x60299a148819 - std[70759c8f55707aa4]::sys::backtrace::__rust_end_short_backtrace::<std[70759c8f55707aa4]::panicking::panic_handler::{closure#0}, !>
[INFO] [stdout]    9:     0x60299a1509fd - __rustc[8fa7c3cbc660c2b3]::rust_begin_unwind
[INFO] [stdout]   10:     0x60299a18ceec - core[df12db4294e9bfd3]::panicking::panic_fmt
[INFO] [stdout]   11:     0x60299a18ccc2 - core[df12db4294e9bfd3]::result::unwrap_failed
[INFO] [stdout]   12:     0x602999c3bfbf - <tokio[a863637e5ba0bd23]::runtime::park::CachedParkThread>::block_on::<integration[e3dc4f0716fb4bf2]::the_filters_added_for_ror_awards_and_events_are_accepted::{closure#0}::{closure#0}>
[INFO] [stdout]   13:     0x602999c94b7c - tokio[a863637e5ba0bd23]::runtime::context::runtime::enter_runtime::<<tokio[a863637e5ba0bd23]::runtime::scheduler::multi_thread::MultiThread>::block_on<integration[e3dc4f0716fb4bf2]::the_filters_added_for_ror_awards_and_events_are_accepted::{closure#0}::{closure#0}>::{closure#0}, ()>
[INFO] [stdout]   14:     0x602999cdfac8 - <tokio[a863637e5ba0bd23]::runtime::runtime::Runtime>::block_on::<integration[e3dc4f0716fb4bf2]::the_filters_added_for_ror_awards_and_events_are_accepted::{closure#0}::{closure#0}>
[INFO] [stdout]   15:     0x602999cab4ff - <integration[e3dc4f0716fb4bf2]::the_filters_added_for_ror_awards_and_events_are_accepted::{closure#0} as core[df12db4294e9bfd3]::ops::function::FnOnce<()>>::call_once
[INFO] [stdout]   16:     0x602999ced4fb - test[9d35eded1c95d3be]::__rust_begin_short_backtrace::<core[df12db4294e9bfd3]::result::Result<(), alloc[2182bb758b4b3781]::string::String>, fn() -> core[df12db4294e9bfd3]::result::Result<(), alloc[2182bb758b4b3781]::string::String>>
[INFO] [stdout]   17:     0x602999cfab65 - test[9d35eded1c95d3be]::run_test::{closure#0}
[INFO] [stdout]   18:     0x602999cf4424 - std[70759c8f55707aa4]::sys::backtrace::__rust_begin_short_backtrace::<test[9d35eded1c95d3be]::run_test::{closure#1}, ()>
[INFO] [stdout]   19:     0x602999cfdcc2 - <std[70759c8f55707aa4]::thread::lifecycle::spawn_unchecked<test[9d35eded1c95d3be]::run_test::{closure#1}, ()>::{closure#1} as core[df12db4294e9bfd3]::ops::function::FnOnce<()>>::call_once::{shim:vtable#0}
[INFO] [stdout]   20:     0x60299a174899 - <std[70759c8f55707aa4]::sys::thread::unix::Thread>::new::thread_start
[INFO] [stdout]   21:     0x79479c6addfa - <unknown>
[INFO] [stdout]   22:     0x79479c7413d4 - clone
[INFO] [stdout]   23:                0x0 - <unknown>
[INFO] [stdout] 
[INFO] [stdout] ---- the_peer_reviews_of_a_work_can_be_found_through_its_relations stdout ----
[INFO] [stdout] 
[INFO] [stdout] thread 'the_peer_reviews_of_a_work_can_be_found_through_its_relations' (3665) panicked at tests/integration.rs:406:14:
[INFO] [stdout] a work list: ReqWest { reqwest: reqwest::Error { kind: Request, url: "https://api.crossref.org/works?filter=relation.type:is-review-of,relation.object:10.5194/egusphere-2026-890&rows=20", source: hyper_util::client::legacy::Error(Connect, ConnectError("dns error", Custom { kind: Uncategorized, error: "failed to lookup address information: Temporary failure in name resolution" })) } }
[INFO] [stdout] stack backtrace:
[INFO] [stdout]    0:     0x60299a175371 - <<std[70759c8f55707aa4]::sys::backtrace::BacktraceLock>::print::DisplayBacktrace as core[df12db4294e9bfd3]::fmt::Display>::fmt
[INFO] [stdout]    1:     0x60299a18c78a - core[df12db4294e9bfd3]::fmt::write
[INFO] [stdout]    2:     0x60299a17a37c - <alloc[2182bb758b4b3781]::vec::Vec<u8> as core[df12db4294e9bfd3]::io::write::Write>::write_fmt
[INFO] [stdout]    3:     0x60299a14fb66 - std[70759c8f55707aa4]::panicking::default_hook::{closure#0}
[INFO] [stdout]    4:     0x60299a16cb09 - std[70759c8f55707aa4]::panicking::default_hook
[INFO] [stdout]    5:     0x602999cfa210 - test[9d35eded1c95d3be]::test_main_inner::<test[9d35eded1c95d3be]::test_main_static::{closure#0}>::{closure#0}
[INFO] [stdout]    6:     0x60299a16ce32 - std[70759c8f55707aa4]::panicking::panic_with_hook
[INFO] [stdout]    7:     0x60299a14fc12 - std[70759c8f55707aa4]::panicking::panic_handler::{closure#0}
[INFO] [stdout]    8:     0x60299a148819 - std[70759c8f55707aa4]::sys::backtrace::__rust_end_short_backtrace::<std[70759c8f55707aa4]::panicking::panic_handler::{closure#0}, !>
[INFO] [stdout]    9:     0x60299a1509fd - __rustc[8fa7c3cbc660c2b3]::rust_begin_unwind
[INFO] [stdout]   10:     0x60299a18ceec - core[df12db4294e9bfd3]::panicking::panic_fmt
[INFO] [stdout]   11:     0x60299a18ccc2 - core[df12db4294e9bfd3]::result::unwrap_failed
[INFO] [stdout]   12:     0x602999c3c899 - <tokio[a863637e5ba0bd23]::runtime::park::CachedParkThread>::block_on::<integration[e3dc4f0716fb4bf2]::the_peer_reviews_of_a_work_can_be_found_through_its_relations::{closure#0}::{closure#0}>
[INFO] [stdout]   13:     0x602999c94d7c - tokio[a863637e5ba0bd23]::runtime::context::runtime::enter_runtime::<<tokio[a863637e5ba0bd23]::runtime::scheduler::multi_thread::MultiThread>::block_on<integration[e3dc4f0716fb4bf2]::the_peer_reviews_of_a_work_can_be_found_through_its_relations::{closure#0}::{closure#0}>::{closure#0}, ()>
[INFO] [stdout]   14:     0x602999cdfbe8 - <tokio[a863637e5ba0bd23]::runtime::runtime::Runtime>::block_on::<integration[e3dc4f0716fb4bf2]::the_peer_reviews_of_a_work_can_be_found_through_its_relations::{closure#0}::{closure#0}>
[INFO] [stdout]   15:     0x602999cab5cf - <integration[e3dc4f0716fb4bf2]::the_peer_reviews_of_a_work_can_be_found_through_its_relations::{closure#0} as core[df12db4294e9bfd3]::ops::function::FnOnce<()>>::call_once
[INFO] [stdout]   16:     0x602999ced4fb - test[9d35eded1c95d3be]::__rust_begin_short_backtrace::<core[df12db4294e9bfd3]::result::Result<(), alloc[2182bb758b4b3781]::string::String>, fn() -> core[df12db4294e9bfd3]::result::Result<(), alloc[2182bb758b4b3781]::string::String>>
[INFO] [stdout]   17:     0x602999cfab65 - test[9d35eded1c95d3be]::run_test::{closure#0}
[INFO] [stdout]   18:     0x602999cf4424 - std[70759c8f55707aa4]::sys::backtrace::__rust_begin_short_backtrace::<test[9d35eded1c95d3be]::run_test::{closure#1}, ()>
[INFO] [stdout]   19:     0x602999cfdcc2 - <std[70759c8f55707aa4]::thread::lifecycle::spawn_unchecked<test[9d35eded1c95d3be]::run_test::{closure#1}, ()>::{closure#1} as core[df12db4294e9bfd3]::ops::function::FnOnce<()>>::call_once::{shim:vtable#0}
[INFO] [stdout]   20:     0x60299a174899 - <std[70759c8f55707aa4]::sys::thread::unix::Thread>::new::thread_start
[INFO] [stdout]   21:     0x79479c6addfa - <unknown>
[INFO] [stdout]   22:     0x79479c7413d4 - clone
[INFO] [stdout]   23:                0x0 - <unknown>
[INFO] [stdout] 
[INFO] [stdout] ---- the_reported_budget_and_pool_reach_the_client stdout ----
[INFO] [stdout] 
[INFO] [stdout] thread 'the_reported_budget_and_pool_reach_the_client' (3666) panicked at tests/integration.rs:531:14:
[INFO] [stdout] a work list: ReqWest { reqwest: reqwest::Error { kind: Request, url: "https://api.crossref.org/works", source: hyper_util::client::legacy::Error(Connect, ConnectError("dns error", Custom { kind: Uncategorized, error: "failed to lookup address information: Temporary failure in name resolution" })) } }
[INFO] [stdout] stack backtrace:
[INFO] [stdout]    0:     0x60299a175371 - <<std[70759c8f55707aa4]::sys::backtrace::BacktraceLock>::print::DisplayBacktrace as core[df12db4294e9bfd3]::fmt::Display>::fmt
[INFO] [stdout]    1:     0x60299a18c78a - core[df12db4294e9bfd3]::fmt::write
[INFO] [stdout]    2:     0x60299a17a37c - <alloc[2182bb758b4b3781]::vec::Vec<u8> as core[df12db4294e9bfd3]::io::write::Write>::write_fmt
[INFO] [stdout]    3:     0x60299a14fb66 - std[70759c8f55707aa4]::panicking::default_hook::{closure#0}
[INFO] [stdout]    4:     0x60299a16cb09 - std[70759c8f55707aa4]::panicking::default_hook
[INFO] [stdout]    5:     0x602999cfa210 - test[9d35eded1c95d3be]::test_main_inner::<test[9d35eded1c95d3be]::test_main_static::{closure#0}>::{closure#0}
[INFO] [stdout]    6:     0x60299a16ce32 - std[70759c8f55707aa4]::panicking::panic_with_hook
[INFO] [stdout]    7:     0x60299a14fc12 - std[70759c8f55707aa4]::panicking::panic_handler::{closure#0}
[INFO] [stdout]    8:     0x60299a148819 - std[70759c8f55707aa4]::sys::backtrace::__rust_end_short_backtrace::<std[70759c8f55707aa4]::panicking::panic_handler::{closure#0}, !>
[INFO] [stdout]    9:     0x60299a1509fd - __rustc[8fa7c3cbc660c2b3]::rust_begin_unwind
[INFO] [stdout]   10:     0x60299a18ceec - core[df12db4294e9bfd3]::panicking::panic_fmt
[INFO] [stdout]   11:     0x60299a18ccc2 - core[df12db4294e9bfd3]::result::unwrap_failed
[INFO] [stdout]   12:     0x602999c35fa5 - <tokio[a863637e5ba0bd23]::runtime::park::CachedParkThread>::block_on::<integration[e3dc4f0716fb4bf2]::the_reported_budget_and_pool_reach_the_client::{closure#0}::{closure#0}>
[INFO] [stdout]   13:     0x602999c93f7c - tokio[a863637e5ba0bd23]::runtime::context::runtime::enter_runtime::<<tokio[a863637e5ba0bd23]::runtime::scheduler::multi_thread::MultiThread>::block_on<integration[e3dc4f0716fb4bf2]::the_reported_budget_and_pool_reach_the_client::{closure#0}::{closure#0}>::{closure#0}, ()>
[INFO] [stdout]   14:     0x602999cdf388 - <tokio[a863637e5ba0bd23]::runtime::runtime::Runtime>::block_on::<integration[e3dc4f0716fb4bf2]::the_reported_budget_and_pool_reach_the_client::{closure#0}::{closure#0}>
[INFO] [stdout]   15:     0x602999cab01f - <integration[e3dc4f0716fb4bf2]::the_reported_budget_and_pool_reach_the_client::{closure#0} as core[df12db4294e9bfd3]::ops::function::FnOnce<()>>::call_once
[INFO] [stdout]   16:     0x602999ced4fb - test[9d35eded1c95d3be]::__rust_begin_short_backtrace::<core[df12db4294e9bfd3]::result::Result<(), alloc[2182bb758b4b3781]::string::String>, fn() -> core[df12db4294e9bfd3]::result::Result<(), alloc[2182bb758b4b3781]::string::String>>
[INFO] [stdout]   17:     0x602999cfab65 - test[9d35eded1c95d3be]::run_test::{closure#0}
[INFO] [stdout]   18:     0x602999cf4424 - std[70759c8f55707aa4]::sys::backtrace::__rust_begin_short_backtrace::<test[9d35eded1c95d3be]::run_test::{closure#1}, ()>
[INFO] [stdout]   19:     0x602999cfdcc2 - <std[70759c8f55707aa4]::thread::lifecycle::spawn_unchecked<test[9d35eded1c95d3be]::run_test::{closure#1}, ()>::{closure#1} as core[df12db4294e9bfd3]::ops::function::FnOnce<()>>::call_once::{shim:vtable#0}
[INFO] [stdout]   20:     0x60299a174899 - <std[70759c8f55707aa4]::sys::thread::unix::Thread>::new::thread_start
[INFO] [stdout]   21:     0x79479c6addfa - <unknown>
[INFO] [stdout]   22:     0x79479c7413d4 - clone
[INFO] [stdout]   23:                0x0 - <unknown>
[INFO] [stdout] 
[INFO] [stdout] ---- the_styles_a_citation_can_be_rendered_in_are_listed stdout ----
[INFO] [stdout] 
[INFO] [stdout] thread 'the_styles_a_citation_can_be_rendered_in_are_listed' (3667) panicked at tests/integration.rs:471:44:
[INFO] [stdout] a style list: ReqWest { reqwest: reqwest::Error { kind: Request, url: "https://api.crossref.org/styles", source: hyper_util::client::legacy::Error(Connect, ConnectError("dns error", Custom { kind: Uncategorized, error: "failed to lookup address information: Temporary failure in name resolution" })) } }
[INFO] [stdout] stack backtrace:
[INFO] [stdout]    0:     0x60299a175371 - <<std[70759c8f55707aa4]::sys::backtrace::BacktraceLock>::print::DisplayBacktrace as core[df12db4294e9bfd3]::fmt::Display>::fmt
[INFO] [stdout]    1:     0x60299a18c78a - core[df12db4294e9bfd3]::fmt::write
[INFO] [stdout]    2:     0x60299a17a37c - <alloc[2182bb758b4b3781]::vec::Vec<u8> as core[df12db4294e9bfd3]::io::write::Write>::write_fmt
[INFO] [stdout]    3:     0x60299a14fb66 - std[70759c8f55707aa4]::panicking::default_hook::{closure#0}
[INFO] [stdout]    4:     0x60299a16cb09 - std[70759c8f55707aa4]::panicking::default_hook
[INFO] [stdout]    5:     0x602999cfa210 - test[9d35eded1c95d3be]::test_main_inner::<test[9d35eded1c95d3be]::test_main_static::{closure#0}>::{closure#0}
[INFO] [stdout]    6:     0x60299a16ce32 - std[70759c8f55707aa4]::panicking::panic_with_hook
[INFO] [stdout]    7:     0x60299a14fc12 - std[70759c8f55707aa4]::panicking::panic_handler::{closure#0}
[INFO] [stdout]    8:     0x60299a148819 - std[70759c8f55707aa4]::sys::backtrace::__rust_end_short_backtrace::<std[70759c8f55707aa4]::panicking::panic_handler::{closure#0}, !>
[INFO] [stdout]    9:     0x60299a1509fd - __rustc[8fa7c3cbc660c2b3]::rust_begin_unwind
[INFO] [stdout]   10:     0x60299a18ceec - core[df12db4294e9bfd3]::panicking::panic_fmt
[INFO] [stdout]   11:     0x60299a18ccc2 - core[df12db4294e9bfd3]::result::unwrap_failed
[INFO] [stdout]   12:     0x602999c36c04 - <tokio[a863637e5ba0bd23]::runtime::park::CachedParkThread>::block_on::<integration[e3dc4f0716fb4bf2]::the_styles_a_citation_can_be_rendered_in_are_listed::{closure#0}::{closure#0}>
[INFO] [stdout]   13:     0x602999c9417c - tokio[a863637e5ba0bd23]::runtime::context::runtime::enter_runtime::<<tokio[a863637e5ba0bd23]::runtime::scheduler::multi_thread::MultiThread>::block_on<integration[e3dc4f0716fb4bf2]::the_styles_a_citation_can_be_rendered_in_are_listed::{closure#0}::{closure#0}>::{closure#0}, ()>
[INFO] [stdout]   14:     0x602999cdf49e - <tokio[a863637e5ba0bd23]::runtime::runtime::Runtime>::block_on::<integration[e3dc4f0716fb4bf2]::the_styles_a_citation_can_be_rendered_in_are_listed::{closure#0}::{closure#0}>
[INFO] [stdout]   15:     0x602999cab0ef - <integration[e3dc4f0716fb4bf2]::the_styles_a_citation_can_be_rendered_in_are_listed::{closure#0} as core[df12db4294e9bfd3]::ops::function::FnOnce<()>>::call_once
[INFO] [stdout]   16:     0x602999ced4fb - test[9d35eded1c95d3be]::__rust_begin_short_backtrace::<core[df12db4294e9bfd3]::result::Result<(), alloc[2182bb758b4b3781]::string::String>, fn() -> core[df12db4294e9bfd3]::result::Result<(), alloc[2182bb758b4b3781]::string::String>>
[INFO] [stdout]   17:     0x602999cfab65 - test[9d35eded1c95d3be]::run_test::{closure#0}
[INFO] [stdout]   18:     0x602999cf4424 - std[70759c8f55707aa4]::sys::backtrace::__rust_begin_short_backtrace::<test[9d35eded1c95d3be]::run_test::{closure#1}, ()>
[INFO] [stdout]   19:     0x602999cfdcc2 - <std[70759c8f55707aa4]::thread::lifecycle::spawn_unchecked<test[9d35eded1c95d3be]::run_test::{closure#1}, ()>::{closure#1} as core[df12db4294e9bfd3]::ops::function::FnOnce<()>>::call_once::{shim:vtable#0}
[INFO] [stdout]   20:     0x60299a174899 - <std[70759c8f55707aa4]::sys::thread::unix::Thread>::new::thread_start
[INFO] [stdout]   21:     0x79479c6addfa - <unknown>
[INFO] [stdout]   22:     0x79479c7413d4 - clone
[INFO] [stdout]   23:                0x0 - <unknown>
[INFO] [stdout] 
[INFO] [stdout] ---- works_can_be_found_by_author stdout ----
[INFO] [stdout] 
[INFO] [stdout] thread 'works_can_be_found_by_author' (3668) panicked at tests/integration.rs:278:14:
[INFO] [stdout] a work list: ReqWest { reqwest: reqwest::Error { kind: Request, url: "https://api.crossref.org/works?query.author=Emil%20Lindfors&rows=1", source: hyper_util::client::legacy::Error(Connect, ConnectError("dns error", Custom { kind: Uncategorized, error: "failed to lookup address information: Temporary failure in name resolution" })) } }
[INFO] [stdout] stack backtrace:
[INFO] [stdout]    0:     0x60299a175371 - <<std[70759c8f55707aa4]::sys::backtrace::BacktraceLock>::print::DisplayBacktrace as core[df12db4294e9bfd3]::fmt::Display>::fmt
[INFO] [stdout]    1:     0x60299a18c78a - core[df12db4294e9bfd3]::fmt::write
[INFO] [stdout]    2:     0x60299a17a37c - <alloc[2182bb758b4b3781]::vec::Vec<u8> as core[df12db4294e9bfd3]::io::write::Write>::write_fmt
[INFO] [stdout]    3:     0x60299a14fb66 - std[70759c8f55707aa4]::panicking::default_hook::{closure#0}
[INFO] [stdout]    4:     0x60299a16cb09 - std[70759c8f55707aa4]::panicking::default_hook
[INFO] [stdout]    5:     0x602999cfa210 - test[9d35eded1c95d3be]::test_main_inner::<test[9d35eded1c95d3be]::test_main_static::{closure#0}>::{closure#0}
[INFO] [stdout]    6:     0x60299a16ce32 - std[70759c8f55707aa4]::panicking::panic_with_hook
[INFO] [stdout]    7:     0x60299a14fc12 - std[70759c8f55707aa4]::panicking::panic_handler::{closure#0}
[INFO] [stdout]    8:     0x60299a148819 - std[70759c8f55707aa4]::sys::backtrace::__rust_end_short_backtrace::<std[70759c8f55707aa4]::panicking::panic_handler::{closure#0}, !>
[INFO] [stdout]    9:     0x60299a1509fd - __rustc[8fa7c3cbc660c2b3]::rust_begin_unwind
[INFO] [stdout]   10:     0x60299a18ceec - core[df12db4294e9bfd3]::panicking::panic_fmt
[INFO] [stdout]   11:     0x60299a18ccc2 - core[df12db4294e9bfd3]::result::unwrap_failed
[INFO] [stdout]   12:     0x602999c2caf5 - <tokio[a863637e5ba0bd23]::runtime::park::CachedParkThread>::block_on::<integration[e3dc4f0716fb4bf2]::works_can_be_found_by_author::{closure#0}::{closure#0}>
[INFO] [stdout]   13:     0x602999c9317c - tokio[a863637e5ba0bd23]::runtime::context::runtime::enter_runtime::<<tokio[a863637e5ba0bd23]::runtime::scheduler::multi_thread::MultiThread>::block_on<integration[e3dc4f0716fb4bf2]::works_can_be_found_by_author::{closure#0}::{closure#0}>::{closure#0}, ()>
[INFO] [stdout]   14:     0x602999cdea98 - <tokio[a863637e5ba0bd23]::runtime::runtime::Runtime>::block_on::<integration[e3dc4f0716fb4bf2]::works_can_be_found_by_author::{closure#0}::{closure#0}>
[INFO] [stdout]   15:     0x602999caaa6f - <integration[e3dc4f0716fb4bf2]::works_can_be_found_by_author::{closure#0} as core[df12db4294e9bfd3]::ops::function::FnOnce<()>>::call_once
[INFO] [stdout]   16:     0x602999ced4fb - test[9d35eded1c95d3be]::__rust_begin_short_backtrace::<core[df12db4294e9bfd3]::result::Result<(), alloc[2182bb758b4b3781]::string::String>, fn() -> core[df12db4294e9bfd3]::result::Result<(), alloc[2182bb758b4b3781]::string::String>>
[INFO] [stdout]   17:     0x602999cfab65 - test[9d35eded1c95d3be]::run_test::{closure#0}
[INFO] [stdout]   18:     0x602999cf4424 - std[70759c8f55707aa4]::sys::backtrace::__rust_begin_short_backtrace::<test[9d35eded1c95d3be]::run_test::{closure#1}, ()>
[INFO] [stdout]   19:     0x602999cfdcc2 - <std[70759c8f55707aa4]::thread::lifecycle::spawn_unchecked<test[9d35eded1c95d3be]::run_test::{closure#1}, ()>::{closure#1} as core[df12db4294e9bfd3]::ops::function::FnOnce<()>>::call_once::{shim:vtable#0}
[INFO] [stdout]   20:     0x60299a174899 - <std[70759c8f55707aa4]::sys::thread::unix::Thread>::new::thread_start
[INFO] [stdout]   21:     0x79479c6addfa - <unknown>
[INFO] [stdout]   22:     0x79479c7413d4 - clone
[INFO] [stdout]   23:                0x0 - <unknown>
[INFO] [stdout] 
[INFO] [stdout] ---- works_can_be_found_by_container_title stdout ----
[INFO] [stdout] 
[INFO] [stdout] thread 'works_can_be_found_by_container_title' (3669) panicked at tests/integration.rs:243:14:
[INFO] [stdout] a work list: ReqWest { reqwest: reqwest::Error { kind: Request, url: "https://api.crossref.org/works?query.container-title=Economic%20Geography&rows=1", source: hyper_util::client::legacy::Error(Connect, ConnectError("dns error", Custom { kind: Uncategorized, error: "failed to lookup address information: Temporary failure in name resolution" })) } }
[INFO] [stdout] stack backtrace:
[INFO] [stdout]    0:     0x60299a175371 - <<std[70759c8f55707aa4]::sys::backtrace::BacktraceLock>::print::DisplayBacktrace as core[df12db4294e9bfd3]::fmt::Display>::fmt
[INFO] [stdout]    1:     0x60299a18c78a - core[df12db4294e9bfd3]::fmt::write
[INFO] [stdout]    2:     0x60299a17a37c - <alloc[2182bb758b4b3781]::vec::Vec<u8> as core[df12db4294e9bfd3]::io::write::Write>::write_fmt
[INFO] [stdout]    3:     0x60299a14fb66 - std[70759c8f55707aa4]::panicking::default_hook::{closure#0}
[INFO] [stdout]    4:     0x60299a16cb09 - std[70759c8f55707aa4]::panicking::default_hook
[INFO] [stdout]    5:     0x602999cfa210 - test[9d35eded1c95d3be]::test_main_inner::<test[9d35eded1c95d3be]::test_main_static::{closure#0}>::{closure#0}
[INFO] [stdout]    6:     0x60299a16ce32 - std[70759c8f55707aa4]::panicking::panic_with_hook
[INFO] [stdout]    7:     0x60299a14fc12 - std[70759c8f55707aa4]::panicking::panic_handler::{closure#0}
[INFO] [stdout]    8:     0x60299a148819 - std[70759c8f55707aa4]::sys::backtrace::__rust_end_short_backtrace::<std[70759c8f55707aa4]::panicking::panic_handler::{closure#0}, !>
[INFO] [stdout]    9:     0x60299a1509fd - __rustc[8fa7c3cbc660c2b3]::rust_begin_unwind
[INFO] [stdout]   10:     0x60299a18ceec - core[df12db4294e9bfd3]::panicking::panic_fmt
[INFO] [stdout]   11:     0x60299a18ccc2 - core[df12db4294e9bfd3]::result::unwrap_failed
[INFO] [stdout]   12:     0x602999c310dd - <tokio[a863637e5ba0bd23]::runtime::park::CachedParkThread>::block_on::<integration[e3dc4f0716fb4bf2]::works_can_be_found_by_container_title::{closure#0}::{closure#0}>
[INFO] [stdout]   13:     0x602999c9397c - tokio[a863637e5ba0bd23]::runtime::context::runtime::enter_runtime::<<tokio[a863637e5ba0bd23]::runtime::scheduler::multi_thread::MultiThread>::block_on<integration[e3dc4f0716fb4bf2]::works_can_be_found_by_container_title::{closure#0}::{closure#0}>::{closure#0}, ()>
[INFO] [stdout]   14:     0x602999cdef98 - <tokio[a863637e5ba0bd23]::runtime::runtime::Runtime>::block_on::<integration[e3dc4f0716fb4bf2]::works_can_be_found_by_container_title::{closure#0}::{closure#0}>
[INFO] [stdout]   15:     0x602999caadaf - <integration[e3dc4f0716fb4bf2]::works_can_be_found_by_container_title::{closure#0} as core[df12db4294e9bfd3]::ops::function::FnOnce<()>>::call_once
[INFO] [stdout]   16:     0x602999ced4fb - test[9d35eded1c95d3be]::__rust_begin_short_backtrace::<core[df12db4294e9bfd3]::result::Result<(), alloc[2182bb758b4b3781]::string::String>, fn() -> core[df12db4294e9bfd3]::result::Result<(), alloc[2182bb758b4b3781]::string::String>>
[INFO] [stdout]   17:     0x602999cfab65 - test[9d35eded1c95d3be]::run_test::{closure#0}
[INFO] [stdout]   18:     0x602999cf4424 - std[70759c8f55707aa4]::sys::backtrace::__rust_begin_short_backtrace::<test[9d35eded1c95d3be]::run_test::{closure#1}, ()>
[INFO] [stdout]   19:     0x602999cfdcc2 - <std[70759c8f55707aa4]::thread::lifecycle::spawn_unchecked<test[9d35eded1c95d3be]::run_test::{closure#1}, ()>::{closure#1} as core[df12db4294e9bfd3]::ops::function::FnOnce<()>>::call_once::{shim:vtable#0}
[INFO] [stdout]   20:     0x60299a174899 - <std[70759c8f55707aa4]::sys::thread::unix::Thread>::new::thread_start
[INFO] [stdout]   21:     0x79479c6addfa - <unknown>
[INFO] [stdout]   22:     0x79479c7413d4 - clone
[INFO] [stdout]   23:                0x0 - <unknown>
[INFO] [stdout] 
[INFO] [stdout] 
[INFO] [stdout] failures:
[INFO] [stdout]     a_journal_can_be_fetched_by_issn
[INFO] [stdout]     a_rejected_request_reports_what_crossref_objected_to
[INFO] [stdout]     a_select_that_leaves_the_doi_out_still_returns_works
[INFO] [stdout]     a_work_can_be_fetched_by_doi
[INFO] [stdout]     a_work_can_be_transformed_into_bibtex_and_a_formatted_citation
[INFO] [stdout]     a_works_query_can_be_scoped_to_a_journal
[INFO] [stdout]     an_unknown_citation_style_reports_crossrefs_own_message
[INFO] [stdout]     every_vocabulary_this_crate_pins_still_matches_the_api
[INFO] [stdout]     journals_can_be_found_by_title
[INFO] [stdout]     licenses_can_be_listed_with_their_work_counts
[INFO] [stdout]     selected_elements_narrow_the_response
[INFO] [stdout]     the_filters_added_for_ror_awards_and_events_are_accepted
[INFO] [stdout]     the_peer_reviews_of_a_work_can_be_found_through_its_relations
[INFO] [stdout]     the_reported_budget_and_pool_reach_the_client
[INFO] [stdout]     the_styles_a_citation_can_be_rendered_in_are_listed
[INFO] [stdout]     works_can_be_found_by_author
[INFO] [stdout]     works_can_be_found_by_container_title
[INFO] [stdout] 
[INFO] [stdout] test result: FAILED. 0 passed; 17 failed; 0 ignored; 0 measured; 0 filtered out; finished in 3.14s
[INFO] [stdout] 
[INFO] [stderr] error: test failed, to rerun pass `--test integration`
[INFO] running `Command { std: "docker" "inspect" "5b8a223221b18093cda27980170a3328faf8f786f85bcd0128d563bc9cad6bfd", kill_on_drop: false }`
[INFO] running `Command { std: "docker" "rm" "-f" "5b8a223221b18093cda27980170a3328faf8f786f85bcd0128d563bc9cad6bfd", kill_on_drop: false }`
[INFO] [stdout] 5b8a223221b18093cda27980170a3328faf8f786f85bcd0128d563bc9cad6bfd
