[INFO] fetching crate crossplatform_path 4.1.9...
[INFO] testing crossplatform_path-4.1.9 against 1.99.0-beta.8+cargoflags=--release for beta-release-1.100-2
[INFO] extracting crate crossplatform_path 4.1.9 into /workspace/builds/worker-2-tc1/source
[INFO] started tweaking crates.io crate crossplatform_path 4.1.9
[INFO] finished tweaking crates.io crate crossplatform_path 4.1.9
[INFO] tweaked toml for crates.io crate crossplatform_path 4.1.9 written to /workspace/builds/worker-2-tc1/source/Cargo.toml
[INFO] validating manifest of crates.io crate crossplatform_path 4.1.9 on toolchain 1.99.0-beta.8
[INFO] running `Command { std: CARGO_HOME="/workspace/cargo-home" RUSTUP_HOME="/workspace/rustup-home" "/workspace/cargo-home/bin/cargo" "+1.99.0-beta.8" "metadata" "--manifest-path" "Cargo.toml" "--no-deps", kill_on_drop: false }`
[INFO] crate crates.io crate crossplatform_path 4.1.9 already has a lockfile, it will not be regenerated
[INFO] running `Command { std: CARGO_HOME="/workspace/cargo-home" RUSTUP_HOME="/workspace/rustup-home" "/workspace/cargo-home/bin/cargo" "+1.99.0-beta.8" "fetch" "--manifest-path" "Cargo.toml", kill_on_drop: false }`
[INFO] [stderr]  Downloading crates ...
[INFO] [stderr]   Downloaded filetime v0.2.27
[INFO] [stderr]   Downloaded redox_syscall v0.7.3
[INFO] [stderr]   Downloaded tar v0.4.45
[INFO] running `Command { std: "docker" "create" "-v" "/var/lib/crater-agent-workspace/builds/worker-2-tc1/source:/opt/rustwide/workdir:ro,Z" "-v" "/var/lib/crater-agent-workspace/builds/worker-2-tc1/target:/opt/rustwide/target:rw,Z" "-v" "/var/lib/crater-agent-workspace/cargo-home:/opt/rustwide/cargo-home:ro,Z" "-v" "/var/lib/crater-agent-workspace/rustup-home:/opt/rustwide/rustup-home:ro,Z" "-m" "1610612736" "--network" "none" "ghcr.io/rust-lang/crates-build-env/linux@sha256:77db811e55d90add9212f6832c23229e3de5f1c1f9905e8cb07319ea15df73ac" "sleep" "infinity", kill_on_drop: false }`
[INFO] [stdout] 665b6d339af0d08307a263d4e5c86a74c1f609f2dbc10d41ea2133bc62540d2c
[INFO] running `Command { std: "docker" "start" "665b6d339af0d08307a263d4e5c86a74c1f609f2dbc10d41ea2133bc62540d2c", kill_on_drop: false }`
[INFO] running `Command { std: "docker" "inspect" "665b6d339af0d08307a263d4e5c86a74c1f609f2dbc10d41ea2133bc62540d2c", kill_on_drop: false }`
[INFO] running `Command { std: "docker" "exec" "-e" "SOURCE_DIR=/opt/rustwide/workdir" "-e" "CARGO_HOME=/opt/rustwide/cargo-home" "-e" "RUSTUP_HOME=/opt/rustwide/rustup-home" "-e" "CARGO_TARGET_DIR=/opt/rustwide/target" "-w" "/opt/rustwide/workdir" "--user" "0:0" "665b6d339af0d08307a263d4e5c86a74c1f609f2dbc10d41ea2133bc62540d2c" "/opt/rustwide/cargo-home/bin/cargo" "+1.99.0-beta.8" "metadata" "--no-deps" "--format-version=1", kill_on_drop: false }`
[INFO] running `Command { std: "docker" "inspect" "665b6d339af0d08307a263d4e5c86a74c1f609f2dbc10d41ea2133bc62540d2c", kill_on_drop: false }`
[INFO] running `Command { std: "docker" "exec" "-e" "SOURCE_DIR=/opt/rustwide/workdir" "-e" "CARGO_HOME=/opt/rustwide/cargo-home" "-e" "RUSTUP_HOME=/opt/rustwide/rustup-home" "-e" "CARGO_TARGET_DIR=/opt/rustwide/target" "-e" "CARGO_INCREMENTAL=0" "-e" "RUST_BACKTRACE=full" "-e" "RUSTFLAGS=--cap-lints=warn" "-e" "RUSTDOCFLAGS=--cap-lints=warn" "-w" "/opt/rustwide/workdir" "--user" "0:0" "665b6d339af0d08307a263d4e5c86a74c1f609f2dbc10d41ea2133bc62540d2c" "/opt/rustwide/cargo-home/bin/cargo" "+1.99.0-beta.8" "build" "--frozen" "--message-format=json" "--release", kill_on_drop: false }`
[INFO] [stderr]    Compiling libc v0.2.184
[INFO] [stderr]    Compiling crc32fast v1.5.0
[INFO] [stderr]    Compiling bitflags v2.11.0
[INFO] [stderr]    Compiling simd-adler32 v0.3.9
[INFO] [stderr]    Compiling num-traits v0.2.19
[INFO] [stderr]    Compiling syn v2.0.117
[INFO] [stderr]    Compiling rustix v1.1.4
[INFO] [stderr]    Compiling miniz_oxide v0.8.9
[INFO] [stderr]    Compiling flate2 v1.1.9
[INFO] [stderr]    Compiling chrono v0.4.44
[INFO] [stderr]    Compiling filetime v0.2.27
[INFO] [stderr]    Compiling thiserror-impl v2.0.18
[INFO] [stderr]    Compiling thiserror v2.0.18
[INFO] [stderr]    Compiling xattr v1.6.1
[INFO] [stderr]    Compiling tar v0.4.45
[INFO] [stderr]    Compiling crossplatform_path v4.1.9 (/opt/rustwide/workdir)
[INFO] [stderr]     Finished `release` profile [optimized] target(s) in 11.33s
[INFO] running `Command { std: "docker" "inspect" "665b6d339af0d08307a263d4e5c86a74c1f609f2dbc10d41ea2133bc62540d2c", kill_on_drop: false }`
[INFO] running `Command { std: "docker" "exec" "-e" "SOURCE_DIR=/opt/rustwide/workdir" "-e" "CARGO_HOME=/opt/rustwide/cargo-home" "-e" "RUSTUP_HOME=/opt/rustwide/rustup-home" "-e" "CARGO_TARGET_DIR=/opt/rustwide/target" "-e" "CARGO_INCREMENTAL=0" "-e" "RUST_BACKTRACE=full" "-e" "RUSTFLAGS=--cap-lints=warn" "-e" "RUSTDOCFLAGS=--cap-lints=warn" "-w" "/opt/rustwide/workdir" "--user" "0:0" "665b6d339af0d08307a263d4e5c86a74c1f609f2dbc10d41ea2133bc62540d2c" "/opt/rustwide/cargo-home/bin/cargo" "+1.99.0-beta.8" "test" "--frozen" "--no-run" "--message-format=json" "--release", kill_on_drop: false }`
[INFO] [stderr]    Compiling crossplatform_path v4.1.9 (/opt/rustwide/workdir)
[INFO] [stderr]     Finished `release` profile [optimized] target(s) in 0.92s
[INFO] running `Command { std: "docker" "inspect" "665b6d339af0d08307a263d4e5c86a74c1f609f2dbc10d41ea2133bc62540d2c", kill_on_drop: false }`
[INFO] running `Command { std: "docker" "exec" "-e" "SOURCE_DIR=/opt/rustwide/workdir" "-e" "CARGO_HOME=/opt/rustwide/cargo-home" "-e" "RUSTUP_HOME=/opt/rustwide/rustup-home" "-e" "CARGO_TARGET_DIR=/opt/rustwide/target" "-e" "CARGO_INCREMENTAL=0" "-e" "RUST_BACKTRACE=full" "-e" "RUSTFLAGS=--cap-lints=warn" "-e" "RUSTDOCFLAGS=--cap-lints=warn" "-w" "/opt/rustwide/workdir" "--user" "0:0" "665b6d339af0d08307a263d4e5c86a74c1f609f2dbc10d41ea2133bc62540d2c" "/opt/rustwide/cargo-home/bin/cargo" "+1.99.0-beta.8" "test" "--frozen" "--release", kill_on_drop: false }`
[INFO] [stderr]     Finished `release` profile [optimized] target(s) in 0.05s
[INFO] [stderr]      Running unittests src/lib.rs (/opt/rustwide/target/release/deps/crossplatform_path-6c30b01c2f01bf19)
[INFO] [stdout] 
[INFO] [stdout] running 9 tests
[INFO] [stdout] test tests::test_03_c_drive_backslash ... ok
[INFO] [stdout] test tests::test_01_slash ... ok
[INFO] [stdout] test tests::test_02_backslash ... ok
[INFO] [stdout] test tests::test_06_join_relative ... ok
[INFO] [stdout] test tests::test_05_home ... FAILED
[INFO] [stdout] test tests::test_04_invalid_character ... ok
[INFO] [stdout] test tests::test_07_trim_add ... ok
[INFO] [stdout] test tests::test_03_c_drive_slash ... ok
[INFO] [stdout] test tests::test_07_file_name ... ok
[INFO] [stdout] 
[INFO] [stdout] failures:
[INFO] [stdout] 
[INFO] [stdout] ---- tests::test_05_home stdout ----
[INFO] [stdout] 
[INFO] [stdout] thread 'tests::test_05_home' (457) panicked at src/tests.rs:57:5:
[INFO] [stdout] assertion `left == right` failed
[INFO] [stdout]   left: "/root/test/path"
[INFO] [stdout]  right: "/home/rustdevuser/test/path"
[INFO] [stdout] stack backtrace:
[INFO] [stdout]    0:     0x5e3de2fbd1a1 - <<std[70759c8f55707aa4]::sys::backtrace::BacktraceLock>::print::DisplayBacktrace as core[df12db4294e9bfd3]::fmt::Display>::fmt
[INFO] [stdout]    1:     0x5e3de2fd205a - core[df12db4294e9bfd3]::fmt::write
[INFO] [stdout]    2:     0x5e3de2fc163c - <alloc[2182bb758b4b3781]::vec::Vec<u8> as core[df12db4294e9bfd3]::io::write::Write>::write_fmt
[INFO] [stdout]    3:     0x5e3de2f99476 - std[70759c8f55707aa4]::panicking::default_hook::{closure#0}
[INFO] [stdout]    4:     0x5e3de2fb5909 - std[70759c8f55707aa4]::panicking::default_hook
[INFO] [stdout]    5:     0x5e3de2f51a70 - test[9d35eded1c95d3be]::test_main_inner::<test[9d35eded1c95d3be]::test_main_static::{closure#0}>::{closure#0}
[INFO] [stdout]    6:     0x5e3de2fb5ac2 - std[70759c8f55707aa4]::panicking::panic_with_hook
[INFO] [stdout]    7:     0x5e3de2f99522 - std[70759c8f55707aa4]::panicking::panic_handler::{closure#0}
[INFO] [stdout]    8:     0x5e3de2f922a9 - std[70759c8f55707aa4]::sys::backtrace::__rust_end_short_backtrace::<std[70759c8f55707aa4]::panicking::panic_handler::{closure#0}, !>
[INFO] [stdout]    9:     0x5e3de2f9a11d - __rustc[8fa7c3cbc660c2b3]::rust_begin_unwind
[INFO] [stdout]   10:     0x5e3de2fd278c - core[df12db4294e9bfd3]::panicking::panic_fmt
[INFO] [stdout]   11:     0x5e3de2fd26a3 - core[df12db4294e9bfd3]::panicking::assert_failed_inner
[INFO] [stdout]   12:     0x5e3de2f41b3b - core[df12db4294e9bfd3]::panicking::assert_failed::<alloc[2182bb758b4b3781]::borrow::Cow<str>, &str>
[INFO] [stdout]   13:     0x5e3de2f41f0a - crossplatform_path[ca13f85faf05521b]::tests::test_05_home
[INFO] [stdout]   14:     0x5e3de2f411c9 - <crossplatform_path[ca13f85faf05521b]::tests::test_05_home::{closure#0} as core[df12db4294e9bfd3]::ops::function::FnOnce<()>>::call_once
[INFO] [stdout]   15:     0x5e3de2f44d5b - test[9d35eded1c95d3be]::__rust_begin_short_backtrace::<core[df12db4294e9bfd3]::result::Result<(), alloc[2182bb758b4b3781]::string::String>, fn() -> core[df12db4294e9bfd3]::result::Result<(), alloc[2182bb758b4b3781]::string::String>>
[INFO] [stdout]   16:     0x5e3de2f523c5 - test[9d35eded1c95d3be]::run_test::{closure#0}
[INFO] [stdout]   17:     0x5e3de2f4bc84 - std[70759c8f55707aa4]::sys::backtrace::__rust_begin_short_backtrace::<test[9d35eded1c95d3be]::run_test::{closure#1}, ()>
[INFO] [stdout]   18:     0x5e3de2f55522 - <std[70759c8f55707aa4]::thread::lifecycle::spawn_unchecked<test[9d35eded1c95d3be]::run_test::{closure#1}, ()>::{closure#1} as core[df12db4294e9bfd3]::ops::function::FnOnce<()>>::call_once::{shim:vtable#0}
[INFO] [stdout]   19:     0x5e3de2fbca79 - <std[70759c8f55707aa4]::sys::thread::unix::Thread>::new::thread_start
[INFO] [stdout]   20:     0x7c5411f8edfa - <unknown>
[INFO] [stdout]   21:     0x7c54120223d4 - clone
[INFO] [stdout]   22:                0x0 - <unknown>
[INFO] [stdout] 
[INFO] [stdout] 
[INFO] [stdout] failures:
[INFO] [stdout]     tests::test_05_home
[INFO] [stdout] 
[INFO] [stdout] test result: FAILED. 8 passed; 1 failed; 0 ignored; 0 measured; 0 filtered out; finished in 0.01s
[INFO] [stdout] 
[INFO] [stderr] error: test failed, to rerun pass `--lib`
[INFO] running `Command { std: "docker" "inspect" "665b6d339af0d08307a263d4e5c86a74c1f609f2dbc10d41ea2133bc62540d2c", kill_on_drop: false }`
[INFO] running `Command { std: "docker" "rm" "-f" "665b6d339af0d08307a263d4e5c86a74c1f609f2dbc10d41ea2133bc62540d2c", kill_on_drop: false }`
[INFO] [stdout] 665b6d339af0d08307a263d4e5c86a74c1f609f2dbc10d41ea2133bc62540d2c
