[INFO] fetching crate crossbuild-core 1.0.0...
[INFO] testing crossbuild-core-1.0.0 against 1.99.0-beta.8+cargoflags=--release for beta-release-1.100-2
[INFO] extracting crate crossbuild-core 1.0.0 into /workspace/builds/worker-5-tc1/source
[INFO] started tweaking crates.io crate crossbuild-core 1.0.0
[INFO] finished tweaking crates.io crate crossbuild-core 1.0.0
[INFO] tweaked toml for crates.io crate crossbuild-core 1.0.0 written to /workspace/builds/worker-5-tc1/source/Cargo.toml
[INFO] validating manifest of crates.io crate crossbuild-core 1.0.0 on toolchain 1.99.0-beta.8
[INFO] running `Command { std: CARGO_HOME="/workspace/cargo-home" RUSTUP_HOME="/workspace/rustup-home" "/workspace/cargo-home/bin/cargo" "+1.99.0-beta.8" "metadata" "--manifest-path" "Cargo.toml" "--no-deps", kill_on_drop: false }`
[INFO] crate crates.io crate crossbuild-core 1.0.0 already has a lockfile, it will not be regenerated
[INFO] running `Command { std: CARGO_HOME="/workspace/cargo-home" RUSTUP_HOME="/workspace/rustup-home" "/workspace/cargo-home/bin/cargo" "+1.99.0-beta.8" "fetch" "--manifest-path" "Cargo.toml", kill_on_drop: false }`
[INFO] [stderr]  Downloading crates ...
[INFO] [stderr]   Downloaded cc v1.2.66
[INFO] [stderr]   Downloaded regex-automata v0.4.15
[INFO] running `Command { std: "docker" "create" "-v" "/var/lib/crater-agent-workspace/builds/worker-5-tc1/source:/opt/rustwide/workdir:ro,Z" "-v" "/var/lib/crater-agent-workspace/builds/worker-5-tc1/target:/opt/rustwide/target:rw,Z" "-v" "/var/lib/crater-agent-workspace/cargo-home:/opt/rustwide/cargo-home:ro,Z" "-v" "/var/lib/crater-agent-workspace/rustup-home:/opt/rustwide/rustup-home:ro,Z" "-m" "1610612736" "--network" "none" "ghcr.io/rust-lang/crates-build-env/linux@sha256:77db811e55d90add9212f6832c23229e3de5f1c1f9905e8cb07319ea15df73ac" "sleep" "infinity", kill_on_drop: false }`
[INFO] [stdout] 0cd8eb8e579b8d86ecc0e2846f6cf0a503f0c606eb7efd88930c1af943a3728a
[INFO] running `Command { std: "docker" "start" "0cd8eb8e579b8d86ecc0e2846f6cf0a503f0c606eb7efd88930c1af943a3728a", kill_on_drop: false }`
[INFO] running `Command { std: "docker" "inspect" "0cd8eb8e579b8d86ecc0e2846f6cf0a503f0c606eb7efd88930c1af943a3728a", kill_on_drop: false }`
[INFO] running `Command { std: "docker" "exec" "-e" "SOURCE_DIR=/opt/rustwide/workdir" "-e" "CARGO_HOME=/opt/rustwide/cargo-home" "-e" "RUSTUP_HOME=/opt/rustwide/rustup-home" "-e" "CARGO_TARGET_DIR=/opt/rustwide/target" "-w" "/opt/rustwide/workdir" "--user" "0:0" "0cd8eb8e579b8d86ecc0e2846f6cf0a503f0c606eb7efd88930c1af943a3728a" "/opt/rustwide/cargo-home/bin/cargo" "+1.99.0-beta.8" "metadata" "--no-deps" "--format-version=1", kill_on_drop: false }`
[INFO] running `Command { std: "docker" "inspect" "0cd8eb8e579b8d86ecc0e2846f6cf0a503f0c606eb7efd88930c1af943a3728a", kill_on_drop: false }`
[INFO] running `Command { std: "docker" "exec" "-e" "SOURCE_DIR=/opt/rustwide/workdir" "-e" "CARGO_HOME=/opt/rustwide/cargo-home" "-e" "RUSTUP_HOME=/opt/rustwide/rustup-home" "-e" "CARGO_TARGET_DIR=/opt/rustwide/target" "-e" "CARGO_INCREMENTAL=0" "-e" "RUST_BACKTRACE=full" "-e" "RUSTFLAGS=--cap-lints=warn" "-e" "RUSTDOCFLAGS=--cap-lints=warn" "-w" "/opt/rustwide/workdir" "--user" "0:0" "0cd8eb8e579b8d86ecc0e2846f6cf0a503f0c606eb7efd88930c1af943a3728a" "/opt/rustwide/cargo-home/bin/cargo" "+1.99.0-beta.8" "build" "--frozen" "--message-format=json" "--release", kill_on_drop: false }`
[INFO] [stderr]    Compiling quote v1.0.46
[INFO] [stderr]    Compiling smallvec v1.15.2
[INFO] [stderr]    Compiling cc v1.2.66
[INFO] [stderr]    Compiling http v1.4.2
[INFO] [stderr]    Compiling zeroize v1.9.0
[INFO] [stderr]    Compiling futures-io v0.3.32
[INFO] [stderr]    Compiling getrandom v0.2.17
[INFO] [stderr]    Compiling openssl v0.10.81
[INFO] [stderr]    Compiling log v0.4.33
[INFO] [stderr]    Compiling futures-util v0.3.32
[INFO] [stderr]    Compiling rustls-pki-types v1.15.0
[INFO] [stderr]    Compiling futures-channel v0.3.32
[INFO] [stderr]    Compiling rustls v0.23.41
[INFO] [stderr]    Compiling parking_lot_core v0.9.12
[INFO] [stderr]    Compiling syn v2.0.118
[INFO] [stderr]    Compiling regex-syntax v0.8.11
[INFO] [stderr]    Compiling rustix v0.38.44
[INFO] [stderr]    Compiling parking_lot v0.12.5
[INFO] [stderr]    Compiling webpki-roots v1.0.8
[INFO] [stderr]    Compiling anyhow v1.0.103
[INFO] [stderr]    Compiling http-body v1.0.1
[INFO] [stderr]    Compiling linux-raw-sys v0.4.15
[INFO] [stderr]    Compiling http-body-util v0.1.3
[INFO] [stderr]    Compiling getrandom v0.4.3
[INFO] [stderr]    Compiling tracing-log v0.2.0
[INFO] [stderr]    Compiling half v1.8.3
[INFO] [stderr]    Compiling openssl-sys v0.9.117
[INFO] [stderr]    Compiling ring v0.17.14
[INFO] [stderr]    Compiling blake3 v1.8.5
[INFO] [stderr]    Compiling native-tls v0.2.18
[INFO] [stderr]    Compiling regex-automata v0.4.15
[INFO] [stderr]    Compiling home v0.5.12
[INFO] [stderr]    Compiling either v1.16.0
[INFO] [stderr]    Compiling arrayvec v0.7.8
[INFO] [stderr]    Compiling tempfile v3.27.0
[INFO] [stderr]    Compiling serde_json v1.0.150
[INFO] [stderr]    Compiling which v6.0.3
[INFO] [stderr]    Compiling xxhash-rust v0.8.16
[INFO] [stderr]    Compiling semver v1.0.28
[INFO] [stderr]    Compiling synstructure v0.13.2
[INFO] [stderr]    Compiling matchers v0.2.0
[INFO] [stderr]    Compiling zerofrom-derive v0.1.7
[INFO] [stderr]    Compiling yoke-derive v0.8.2
[INFO] [stderr]    Compiling zerovec-derive v0.11.3
[INFO] [stderr]    Compiling displaydoc v0.2.6
[INFO] [stderr]    Compiling tokio-macros v2.7.0
[INFO] [stderr]    Compiling serde_derive v1.0.228
[INFO] [stderr]    Compiling tracing-attributes v0.1.31
[INFO] [stderr]    Compiling openssl-macros v0.1.1
[INFO] [stderr]    Compiling zerofrom v0.1.8
[INFO] [stderr]    Compiling yoke v0.8.3
[INFO] [stderr]    Compiling tokio v1.52.3
[INFO] [stderr]    Compiling zerotrie v0.2.4
[INFO] [stderr]    Compiling zerovec v0.11.6
[INFO] [stderr]    Compiling thiserror-impl v1.0.69
[INFO] [stderr]    Compiling tracing v0.1.44
[INFO] [stderr]    Compiling tinystr v0.8.3
[INFO] [stderr]    Compiling potential_utf v0.1.5
[INFO] [stderr]    Compiling icu_collections v2.2.0
[INFO] [stderr]    Compiling icu_locale_core v2.2.0
[INFO] [stderr]    Compiling clap_derive v4.6.1
[INFO] [stderr]    Compiling thiserror v1.0.69
[INFO] [stderr]    Compiling tracing-subscriber v0.3.23
[INFO] [stderr]    Compiling serde v1.0.228
[INFO] [stderr]    Compiling icu_provider v2.2.0
[INFO] [stderr]    Compiling toml_datetime v0.6.11
[INFO] [stderr]    Compiling icu_normalizer v2.2.0
[INFO] [stderr]    Compiling icu_properties v2.2.0
[INFO] [stderr]    Compiling serde_spanned v0.6.9
[INFO] [stderr]    Compiling toml_edit v0.22.27
[INFO] [stderr]    Compiling serde_urlencoded v0.7.1
[INFO] [stderr]    Compiling idna_adapter v1.2.2
[INFO] [stderr]    Compiling idna v1.1.0
[INFO] [stderr]    Compiling serde_cbor v0.11.2
[INFO] [stderr]    Compiling tokio-util v0.7.18
[INFO] [stderr]    Compiling tokio-native-tls v0.3.1
[INFO] [stderr]    Compiling tower v0.5.3
[INFO] [stderr]    Compiling h2 v0.4.15
[INFO] [stderr]    Compiling rustls-webpki v0.103.13
[INFO] [stderr]    Compiling url v2.5.8
[INFO] [stderr]    Compiling toml v0.8.23
[INFO] [stderr]    Compiling tower-http v0.6.11
[INFO] [stderr]    Compiling bincode v1.3.3
[INFO] [stderr]    Compiling chrono v0.4.45
[INFO] [stderr]    Compiling clap v4.6.1
[INFO] [stderr]    Compiling hyper v1.10.1
[INFO] [stderr]    Compiling hyper-util v0.1.20
[INFO] [stderr]    Compiling tokio-rustls v0.26.4
[INFO] [stderr]    Compiling hyper-tls v0.6.0
[INFO] [stderr]    Compiling hyper-rustls v0.27.9
[INFO] [stderr]    Compiling reqwest v0.12.28
[INFO] [stderr]    Compiling crossbuild-core v1.0.0 (/opt/rustwide/workdir)
[INFO] [stderr]     Finished `release` profile [optimized] target(s) in 3m 35s
[INFO] running `Command { std: "docker" "inspect" "0cd8eb8e579b8d86ecc0e2846f6cf0a503f0c606eb7efd88930c1af943a3728a", kill_on_drop: false }`
[INFO] running `Command { std: "docker" "exec" "-e" "SOURCE_DIR=/opt/rustwide/workdir" "-e" "CARGO_HOME=/opt/rustwide/cargo-home" "-e" "RUSTUP_HOME=/opt/rustwide/rustup-home" "-e" "CARGO_TARGET_DIR=/opt/rustwide/target" "-e" "CARGO_INCREMENTAL=0" "-e" "RUST_BACKTRACE=full" "-e" "RUSTFLAGS=--cap-lints=warn" "-e" "RUSTDOCFLAGS=--cap-lints=warn" "-w" "/opt/rustwide/workdir" "--user" "0:0" "0cd8eb8e579b8d86ecc0e2846f6cf0a503f0c606eb7efd88930c1af943a3728a" "/opt/rustwide/cargo-home/bin/cargo" "+1.99.0-beta.8" "test" "--frozen" "--no-run" "--message-format=json" "--release", kill_on_drop: false }`
[INFO] [stderr]    Compiling crossbuild-core v1.0.0 (/opt/rustwide/workdir)
[INFO] [stderr]     Finished `release` profile [optimized] target(s) in 10.46s
[INFO] running `Command { std: "docker" "inspect" "0cd8eb8e579b8d86ecc0e2846f6cf0a503f0c606eb7efd88930c1af943a3728a", kill_on_drop: false }`
[INFO] running `Command { std: "docker" "exec" "-e" "SOURCE_DIR=/opt/rustwide/workdir" "-e" "CARGO_HOME=/opt/rustwide/cargo-home" "-e" "RUSTUP_HOME=/opt/rustwide/rustup-home" "-e" "CARGO_TARGET_DIR=/opt/rustwide/target" "-e" "CARGO_INCREMENTAL=0" "-e" "RUST_BACKTRACE=full" "-e" "RUSTFLAGS=--cap-lints=warn" "-e" "RUSTDOCFLAGS=--cap-lints=warn" "-w" "/opt/rustwide/workdir" "--user" "0:0" "0cd8eb8e579b8d86ecc0e2846f6cf0a503f0c606eb7efd88930c1af943a3728a" "/opt/rustwide/cargo-home/bin/cargo" "+1.99.0-beta.8" "test" "--frozen" "--release", kill_on_drop: false }`
[INFO] [stderr]     Finished `release` profile [optimized] target(s) in 0.25s
[INFO] [stderr]      Running unittests src/lib.rs (/opt/rustwide/target/release/deps/crossbuild_core-2a119fde26016c54)
[INFO] [stdout] 
[INFO] [stdout] running 31 tests
[INFO] [stdout] test cargo_config::tests::creates_cross_config ... ok
[INFO] [stdout] test cache::tests::cache_key_generation ... ok
[INFO] [stdout] test cache::tests::cache_manager_creation ... ok
[INFO] [stdout] test downloader::tests::checksum_algorithms ... ok
[INFO] [stdout] test cache::tests::sysroot_caching ... ok
[INFO] [stdout] test cache::tests::cache_policy_default ... ok
[INFO] [stdout] test downloader::tests::download_request_with_checksum ... ok
[INFO] [stdout] test cache::tests::cleanup_removes_old_entries ... ok
[INFO] [stdout] test cargo_config::tests::generates_basic_config ... ok
[INFO] [stdout] test downloader::tests::provenance_label ... ok
[INFO] [stdout] test cargo_config::tests::generates_runner_config ... ok
[INFO] [stdout] test cargo_config::tests::merges_configs ... ok
[INFO] [stdout] test downloader::tests::download_request_creation ... ok
[INFO] [stdout] test cache::tests::download_caching ... ok
[INFO] [stdout] test model::tests::cache_manager_creation ... ok
[INFO] [stdout] test model::tests::cache_key_generation ... ok
[INFO] [stdout] test model::tests::cache_policy_default ... ok
[INFO] [stdout] test model::tests::download_caching ... ok
[INFO] [stdout] test planner::tests::planner_creation ... ok
[INFO] [stdout] test model::tests::sysroot_caching ... ok
[INFO] [stdout] test model::tests::cleanup_removes_old_entries ... ok
[INFO] [stdout] test platform::tests::capability_matrix_works ... ok
[INFO] [stdout] test platform::tests::detects_host ... ok
[INFO] [stdout] test provider::tests::zig_target_conversion ... ok
[INFO] [stdout] test platform::tests::assesses_tier2_targets ... ok
[INFO] [stdout] test platform::tests::assesses_tier1_targets ... ok
[INFO] [stdout] test platform::tests::suggests_lld_for_cross_linux ... FAILED
[INFO] [stdout] test platform::tests::suggests_linker_for_windows_msvc ... ok
[INFO] [stdout] test provider::tests::rustup_provider_native ... ok
[INFO] [stdout] test platform::tests::suggests_rustup_for_native ... ok
[INFO] [stdout] test planner::tests::planner_resolves_native_target ... ok
[INFO] [stdout] 
[INFO] [stdout] failures:
[INFO] [stdout] 
[INFO] [stdout] ---- platform::tests::suggests_lld_for_cross_linux stdout ----
[INFO] [stdout] 
[INFO] [stdout] thread 'platform::tests::suggests_lld_for_cross_linux' (2018) panicked at src/platform.rs:412:9:
[INFO] [stdout] assertion `left == right` failed
[INFO] [stdout]   left: SystemDefault
[INFO] [stdout]  right: Lld
[INFO] [stdout] stack backtrace:
[INFO] [stdout]    0:     0x5c6bb159d5d1 - <<std[70759c8f55707aa4]::sys::backtrace::BacktraceLock>::print::DisplayBacktrace as core[df12db4294e9bfd3]::fmt::Display>::fmt
[INFO] [stdout]    1:     0x5c6bb15b31da - core[df12db4294e9bfd3]::fmt::write
[INFO] [stdout]    2:     0x5c6bb15a1dfc - <alloc[2182bb758b4b3781]::vec::Vec<u8> as core[df12db4294e9bfd3]::io::write::Write>::write_fmt
[INFO] [stdout]    3:     0x5c6bb1576da6 - std[70759c8f55707aa4]::panicking::default_hook::{closure#0}
[INFO] [stdout]    4:     0x5c6bb15940d9 - std[70759c8f55707aa4]::panicking::default_hook
[INFO] [stdout]    5:     0x5c6bb1529670 - test[9d35eded1c95d3be]::test_main_inner::<test[9d35eded1c95d3be]::test_main_static::{closure#0}>::{closure#0}
[INFO] [stdout]    6:     0x5c6bb1594292 - std[70759c8f55707aa4]::panicking::panic_with_hook
[INFO] [stdout]    7:     0x5c6bb1576e52 - std[70759c8f55707aa4]::panicking::panic_handler::{closure#0}
[INFO] [stdout]    8:     0x5c6bb156f889 - std[70759c8f55707aa4]::sys::backtrace::__rust_end_short_backtrace::<std[70759c8f55707aa4]::panicking::panic_handler::{closure#0}, !>
[INFO] [stdout]    9:     0x5c6bb1577a4d - __rustc[8fa7c3cbc660c2b3]::rust_begin_unwind
[INFO] [stdout]   10:     0x5c6bb15b390c - core[df12db4294e9bfd3]::panicking::panic_fmt
[INFO] [stdout]   11:     0x5c6bb15b3823 - core[df12db4294e9bfd3]::panicking::assert_failed_inner
[INFO] [stdout]   12:     0x5c6bb150795c - core[df12db4294e9bfd3]::panicking::assert_failed::<crossbuild_core[76fd892b90982c15]::model::LinkerHint, crossbuild_core[76fd892b90982c15]::model::LinkerHint>
[INFO] [stdout]   13:     0x5c6bb1516707 - crossbuild_core[76fd892b90982c15]::platform::tests::suggests_lld_for_cross_linux
[INFO] [stdout]   14:     0x5c6bb150ba89 - <crossbuild_core[76fd892b90982c15]::platform::tests::suggests_lld_for_cross_linux::{closure#0} as core[df12db4294e9bfd3]::ops::function::FnOnce<()>>::call_once
[INFO] [stdout]   15:     0x5c6bb151c95b - test[9d35eded1c95d3be]::__rust_begin_short_backtrace::<core[df12db4294e9bfd3]::result::Result<(), alloc[2182bb758b4b3781]::string::String>, fn() -> core[df12db4294e9bfd3]::result::Result<(), alloc[2182bb758b4b3781]::string::String>>
[INFO] [stdout]   16:     0x5c6bb1529fc5 - test[9d35eded1c95d3be]::run_test::{closure#0}
[INFO] [stdout]   17:     0x5c6bb1523884 - std[70759c8f55707aa4]::sys::backtrace::__rust_begin_short_backtrace::<test[9d35eded1c95d3be]::run_test::{closure#1}, ()>
[INFO] [stdout]   18:     0x5c6bb152d122 - <std[70759c8f55707aa4]::thread::lifecycle::spawn_unchecked<test[9d35eded1c95d3be]::run_test::{closure#1}, ()>::{closure#1} as core[df12db4294e9bfd3]::ops::function::FnOnce<()>>::call_once::{shim:vtable#0}
[INFO] [stdout]   19:     0x5c6bb159c889 - <std[70759c8f55707aa4]::sys::thread::unix::Thread>::new::thread_start
[INFO] [stdout]   20:     0x720875532dfa - <unknown>
[INFO] [stdout]   21:     0x7208755c63d4 - clone
[INFO] [stdout]   22:                0x0 - <unknown>
[INFO] [stdout] 
[INFO] [stdout] 
[INFO] [stdout] failures:
[INFO] [stdout]     platform::tests::suggests_lld_for_cross_linux
[INFO] [stdout] 
[INFO] [stdout] test result: FAILED. 30 passed; 1 failed; 0 ignored; 0 measured; 0 filtered out; finished in 0.64s
[INFO] [stdout] 
[INFO] [stderr] error: test failed, to rerun pass `--lib`
[INFO] running `Command { std: "docker" "inspect" "0cd8eb8e579b8d86ecc0e2846f6cf0a503f0c606eb7efd88930c1af943a3728a", kill_on_drop: false }`
[INFO] running `Command { std: "docker" "rm" "-f" "0cd8eb8e579b8d86ecc0e2846f6cf0a503f0c606eb7efd88930c1af943a3728a", kill_on_drop: false }`
[INFO] [stdout] 0cd8eb8e579b8d86ecc0e2846f6cf0a503f0c606eb7efd88930c1af943a3728a
