[INFO] fetching crate cross_usb_versionbump 0.4.1...
[INFO] testing cross_usb_versionbump-0.4.1 against 1.99.0-beta.8+cargoflags=--release for beta-release-1.100-2
[INFO] extracting crate cross_usb_versionbump 0.4.1 into /workspace/builds/worker-1-tc1/source
[INFO] removed /workspace/builds/worker-1-tc1/source/.cargo/config.toml
[INFO] started tweaking crates.io crate cross_usb_versionbump 0.4.1
[INFO] finished tweaking crates.io crate cross_usb_versionbump 0.4.1
[INFO] tweaked toml for crates.io crate cross_usb_versionbump 0.4.1 written to /workspace/builds/worker-1-tc1/source/Cargo.toml
[INFO] validating manifest of crates.io crate cross_usb_versionbump 0.4.1 on toolchain 1.99.0-beta.8
[INFO] running `Command { std: CARGO_HOME="/workspace/cargo-home" RUSTUP_HOME="/workspace/rustup-home" "/workspace/cargo-home/bin/cargo" "+1.99.0-beta.8" "metadata" "--manifest-path" "Cargo.toml" "--no-deps", kill_on_drop: false }`
[INFO] crate crates.io crate cross_usb_versionbump 0.4.1 already has a lockfile, it will not be regenerated
[INFO] running `Command { std: CARGO_HOME="/workspace/cargo-home" RUSTUP_HOME="/workspace/rustup-home" "/workspace/cargo-home/bin/cargo" "+1.99.0-beta.8" "fetch" "--manifest-path" "Cargo.toml", kill_on_drop: false }`
[INFO] [stderr]     Updating crates.io index
[INFO] [stderr]  Downloading crates ...
[INFO] [stderr]   Downloaded log v0.4.32
[INFO] [stderr]   Downloaded nusb v0.1.14
[INFO] running `Command { std: "docker" "create" "-v" "/var/lib/crater-agent-workspace/builds/worker-1-tc1/source:/opt/rustwide/workdir:ro,Z" "-v" "/var/lib/crater-agent-workspace/builds/worker-1-tc1/target:/opt/rustwide/target:rw,Z" "-v" "/var/lib/crater-agent-workspace/cargo-home:/opt/rustwide/cargo-home:ro,Z" "-v" "/var/lib/crater-agent-workspace/rustup-home:/opt/rustwide/rustup-home:ro,Z" "-m" "1610612736" "--network" "none" "ghcr.io/rust-lang/crates-build-env/linux@sha256:77db811e55d90add9212f6832c23229e3de5f1c1f9905e8cb07319ea15df73ac" "sleep" "infinity", kill_on_drop: false }`
[INFO] [stdout] 18e4efa0cd98f8a06baafe4f42871355eba490fe4334945c23801bd478f75858
[INFO] running `Command { std: "docker" "start" "18e4efa0cd98f8a06baafe4f42871355eba490fe4334945c23801bd478f75858", kill_on_drop: false }`
[INFO] running `Command { std: "docker" "inspect" "18e4efa0cd98f8a06baafe4f42871355eba490fe4334945c23801bd478f75858", kill_on_drop: false }`
[INFO] running `Command { std: "docker" "exec" "-e" "SOURCE_DIR=/opt/rustwide/workdir" "-e" "CARGO_HOME=/opt/rustwide/cargo-home" "-e" "RUSTUP_HOME=/opt/rustwide/rustup-home" "-e" "CARGO_TARGET_DIR=/opt/rustwide/target" "-w" "/opt/rustwide/workdir" "--user" "0:0" "18e4efa0cd98f8a06baafe4f42871355eba490fe4334945c23801bd478f75858" "/opt/rustwide/cargo-home/bin/cargo" "+1.99.0-beta.8" "metadata" "--no-deps" "--format-version=1", kill_on_drop: false }`
[INFO] running `Command { std: "docker" "inspect" "18e4efa0cd98f8a06baafe4f42871355eba490fe4334945c23801bd478f75858", kill_on_drop: false }`
[INFO] running `Command { std: "docker" "exec" "-e" "SOURCE_DIR=/opt/rustwide/workdir" "-e" "CARGO_HOME=/opt/rustwide/cargo-home" "-e" "RUSTUP_HOME=/opt/rustwide/rustup-home" "-e" "CARGO_TARGET_DIR=/opt/rustwide/target" "-e" "CARGO_INCREMENTAL=0" "-e" "RUST_BACKTRACE=full" "-e" "RUSTFLAGS=--cap-lints=warn" "-e" "RUSTDOCFLAGS=--cap-lints=warn" "-w" "/opt/rustwide/workdir" "--user" "0:0" "18e4efa0cd98f8a06baafe4f42871355eba490fe4334945c23801bd478f75858" "/opt/rustwide/cargo-home/bin/cargo" "+1.99.0-beta.8" "build" "--frozen" "--message-format=json" "--release", kill_on_drop: false }`
[INFO] [stderr]    Compiling rustix v0.38.44
[INFO] [stderr]    Compiling bitflags v2.13.0
[INFO] [stderr]    Compiling linux-raw-sys v0.4.15
[INFO] [stderr]    Compiling syn v2.0.117
[INFO] [stderr]    Compiling log v0.4.32
[INFO] [stderr]    Compiling thiserror-impl v2.0.18
[INFO] [stderr]    Compiling thiserror v2.0.18
[INFO] [stderr]    Compiling nusb v0.1.14
[INFO] [stderr]    Compiling cross_usb_versionbump v0.4.1 (/opt/rustwide/workdir)
[INFO] [stderr]     Finished `release` profile [optimized] target(s) in 14.46s
[INFO] running `Command { std: "docker" "inspect" "18e4efa0cd98f8a06baafe4f42871355eba490fe4334945c23801bd478f75858", kill_on_drop: false }`
[INFO] running `Command { std: "docker" "exec" "-e" "SOURCE_DIR=/opt/rustwide/workdir" "-e" "CARGO_HOME=/opt/rustwide/cargo-home" "-e" "RUSTUP_HOME=/opt/rustwide/rustup-home" "-e" "CARGO_TARGET_DIR=/opt/rustwide/target" "-e" "CARGO_INCREMENTAL=0" "-e" "RUST_BACKTRACE=full" "-e" "RUSTFLAGS=--cap-lints=warn" "-e" "RUSTDOCFLAGS=--cap-lints=warn" "-w" "/opt/rustwide/workdir" "--user" "0:0" "18e4efa0cd98f8a06baafe4f42871355eba490fe4334945c23801bd478f75858" "/opt/rustwide/cargo-home/bin/cargo" "+1.99.0-beta.8" "test" "--frozen" "--no-run" "--message-format=json" "--release", kill_on_drop: false }`
[INFO] [stderr]    Compiling tokio v1.52.3
[INFO] [stderr]    Compiling tokio-stream v0.1.18
[INFO] [stderr]    Compiling tokio-test v0.4.5
[INFO] [stderr]    Compiling cross_usb_versionbump v0.4.1 (/opt/rustwide/workdir)
[INFO] [stderr]     Finished `release` profile [optimized] target(s) in 7.20s
[INFO] running `Command { std: "docker" "inspect" "18e4efa0cd98f8a06baafe4f42871355eba490fe4334945c23801bd478f75858", kill_on_drop: false }`
[INFO] running `Command { std: "docker" "exec" "-e" "SOURCE_DIR=/opt/rustwide/workdir" "-e" "CARGO_HOME=/opt/rustwide/cargo-home" "-e" "RUSTUP_HOME=/opt/rustwide/rustup-home" "-e" "CARGO_TARGET_DIR=/opt/rustwide/target" "-e" "CARGO_INCREMENTAL=0" "-e" "RUST_BACKTRACE=full" "-e" "RUSTFLAGS=--cap-lints=warn" "-e" "RUSTDOCFLAGS=--cap-lints=warn" "-w" "/opt/rustwide/workdir" "--user" "0:0" "18e4efa0cd98f8a06baafe4f42871355eba490fe4334945c23801bd478f75858" "/opt/rustwide/cargo-home/bin/cargo" "+1.99.0-beta.8" "test" "--frozen" "--release", kill_on_drop: false }`
[INFO] [stderr]     Finished `release` profile [optimized] target(s) in 0.07s
[INFO] [stderr]      Running unittests src/lib.rs (/opt/rustwide/target/release/deps/cross_usb_versionbump-a32263f5e74e6db1)
[INFO] [stdout] 
[INFO] [stdout] running 0 tests
[INFO] [stdout] 
[INFO] [stdout] test result: ok. 0 passed; 0 failed; 0 ignored; 0 measured; 0 filtered out; finished in 0.00s
[INFO] [stdout] 
[INFO] [stderr]    Doc-tests cross_usb_versionbump
[INFO] [stdout] 
[INFO] [stdout] running 5 tests
[INFO] [stdout] test src/lib.rs - get_device (line 110) - compile ... FAILED
[INFO] [stdout] test src/lib.rs - device_filter (line 153) ... FAILED
[INFO] [stdout] test src/lib.rs - get_device_list (line 128) - compile ... FAILED
[INFO] [stdout] test src/lib.rs - (line 24) - compile ... FAILED
[INFO] [stdout] test src/lib.rs - prelude (line 62) ... FAILED
[INFO] [stdout] 
[INFO] [stdout] failures:
[INFO] [stdout] 
[INFO] [stdout] ---- src/lib.rs - get_device (line 110) stdout ----
[INFO] [stdout] error[E0432]: unresolved import `cross_usb`
[INFO] [stdout]    --> src/lib.rs:112:5
[INFO] [stdout]     |
[INFO] [stdout] 112 | use cross_usb::{get_device, DeviceFilter, device_filter};
[INFO] [stdout]     |     ^^^^^^^^^ use of unresolved module or unlinked crate `cross_usb`
[INFO] [stdout]     |
[INFO] [stdout]     = help: if you wanted to use a crate named `cross_usb`, use `cargo add cross_usb` to add it to your `Cargo.toml`
[INFO] [stdout] 
[INFO] [stdout] error: aborting due to 1 previous error
[INFO] [stdout] 
[INFO] [stdout] For more information about this error, try `rustc --explain E0432`.
[INFO] [stdout] Couldn't compile the test.
[INFO] [stdout] ---- src/lib.rs - device_filter (line 153) stdout ----
[INFO] [stdout] error[E0432]: unresolved import `cross_usb`
[INFO] [stdout]    --> src/lib.rs:154:5
[INFO] [stdout]     |
[INFO] [stdout] 154 | use cross_usb::device_filter;
[INFO] [stdout]     |     ^^^^^^^^^ use of unresolved module or unlinked crate `cross_usb`
[INFO] [stdout]     |
[INFO] [stdout]     = help: if you wanted to use a crate named `cross_usb`, use `cargo add cross_usb` to add it to your `Cargo.toml`
[INFO] [stdout] 
[INFO] [stdout] error: aborting due to 1 previous error
[INFO] [stdout] 
[INFO] [stdout] For more information about this error, try `rustc --explain E0432`.
[INFO] [stdout] Couldn't compile the test.
[INFO] [stdout] ---- src/lib.rs - get_device_list (line 128) stdout ----
[INFO] [stdout] error[E0432]: unresolved import `cross_usb`
[INFO] [stdout]    --> src/lib.rs:130:5
[INFO] [stdout]     |
[INFO] [stdout] 130 | use cross_usb::{get_device_list, DeviceFilter, device_filter};
[INFO] [stdout]     |     ^^^^^^^^^ use of unresolved module or unlinked crate `cross_usb`
[INFO] [stdout]     |
[INFO] [stdout]     = help: if you wanted to use a crate named `cross_usb`, use `cargo add cross_usb` to add it to your `Cargo.toml`
[INFO] [stdout] 
[INFO] [stdout] error: aborting due to 1 previous error
[INFO] [stdout] 
[INFO] [stdout] For more information about this error, try `rustc --explain E0432`.
[INFO] [stdout] Couldn't compile the test.
[INFO] [stdout] ---- src/lib.rs - (line 24) stdout ----
[INFO] [stdout] error[E0433]: cannot find module or crate `cross_usb` in this scope
[INFO] [stdout]   --> src/lib.rs:26:5
[INFO] [stdout]    |
[INFO] [stdout] 26 | use cross_usb::prelude::*;
[INFO] [stdout]    |     ^^^^^^^^^ use of unresolved module or unlinked crate `cross_usb`
[INFO] [stdout]    |
[INFO] [stdout]    = help: if you wanted to use a crate named `cross_usb`, use `cargo add cross_usb` to add it to your `Cargo.toml`
[INFO] [stdout] 
[INFO] [stdout] error[E0433]: cannot find module or crate `cross_usb` in this scope
[INFO] [stdout]   --> src/lib.rs:27:5
[INFO] [stdout]    |
[INFO] [stdout] 27 | use cross_usb::usb::{Recipient, ControlType, ControlIn};
[INFO] [stdout]    |     ^^^^^^^^^ use of unresolved module or unlinked crate `cross_usb`
[INFO] [stdout]    |
[INFO] [stdout]    = help: if you wanted to use a crate named `cross_usb`, use `cargo add cross_usb` to add it to your `Cargo.toml`
[INFO] [stdout] 
[INFO] [stdout] error[E0432]: unresolved import `cross_usb`
[INFO] [stdout]   --> src/lib.rs:28:5
[INFO] [stdout]    |
[INFO] [stdout] 28 | use cross_usb::device_filter;
[INFO] [stdout]    |     ^^^^^^^^^ use of unresolved module or unlinked crate `cross_usb`
[INFO] [stdout]    |
[INFO] [stdout]    = help: if you wanted to use a crate named `cross_usb`, use `cargo add cross_usb` to add it to your `Cargo.toml`
[INFO] [stdout] 
[INFO] [stdout] error[E0433]: cannot find module or crate `cross_usb` in this scope
[INFO] [stdout]   --> src/lib.rs:35:22
[INFO] [stdout]    |
[INFO] [stdout] 35 | let dev_descriptor = cross_usb::get_device(filters).await.expect("Failed to find device");
[INFO] [stdout]    |                      ^^^^^^^^^ use of unresolved module or unlinked crate `cross_usb`
[INFO] [stdout]    |
[INFO] [stdout]    = help: if you wanted to use a crate named `cross_usb`, use `cargo add cross_usb` to add it to your `Cargo.toml`
[INFO] [stdout] 
[INFO] [stdout] error: aborting due to 4 previous errors
[INFO] [stdout] 
[INFO] [stdout] Some errors have detailed explanations: E0432, E0433.
[INFO] [stdout] For more information about an error, try `rustc --explain E0432`.
[INFO] [stdout] Couldn't compile the test.
[INFO] [stdout] ---- src/lib.rs - prelude (line 62) stdout ----
[INFO] [stdout] error[E0433]: cannot find module or crate `cross_usb` in this scope
[INFO] [stdout]   --> src/lib.rs:63:5
[INFO] [stdout]    |
[INFO] [stdout] 63 | use cross_usb::prelude::*;
[INFO] [stdout]    |     ^^^^^^^^^ use of unresolved module or unlinked crate `cross_usb`
[INFO] [stdout]    |
[INFO] [stdout]    = help: if you wanted to use a crate named `cross_usb`, use `cargo add cross_usb` to add it to your `Cargo.toml`
[INFO] [stdout] 
[INFO] [stdout] error: aborting due to 1 previous error
[INFO] [stdout] 
[INFO] [stdout] For more information about this error, try `rustc --explain E0433`.
[INFO] [stdout] Couldn't compile the test.
[INFO] [stdout] 
[INFO] [stdout] failures:
[INFO] [stdout]     src/lib.rs - (line 24)
[INFO] [stdout]     src/lib.rs - device_filter (line 153)
[INFO] [stdout]     src/lib.rs - get_device (line 110)
[INFO] [stdout]     src/lib.rs - get_device_list (line 128)
[INFO] [stdout]     src/lib.rs - prelude (line 62)
[INFO] [stdout] 
[INFO] [stdout] test result: FAILED. 0 passed; 5 failed; 0 ignored; 0 measured; 0 filtered out; finished in 0.15s
[INFO] [stdout] 
[INFO] [stdout] all doctests ran in 0.29s; merged doctests compilation took 0.14s
[INFO] [stderr] error: doctest failed, to rerun pass `--doc`
[INFO] running `Command { std: "docker" "inspect" "18e4efa0cd98f8a06baafe4f42871355eba490fe4334945c23801bd478f75858", kill_on_drop: false }`
[INFO] running `Command { std: "docker" "rm" "-f" "18e4efa0cd98f8a06baafe4f42871355eba490fe4334945c23801bd478f75858", kill_on_drop: false }`
[INFO] [stdout] 18e4efa0cd98f8a06baafe4f42871355eba490fe4334945c23801bd478f75858
